[INFO] cloning repository https://github.com/illegalprime/cbat
[INFO] running `Command { std: "git" "-c" "credential.helper=" "-c" "credential.helper=/workspace/cargo-home/bin/git-credential-null" "clone" "--bare" "https://github.com/illegalprime/cbat" "/workspace/cache/git-repos/https%3A%2F%2Fgithub.com%2Fillegalprime%2Fcbat", kill_on_drop: false }`
[INFO] [stderr] Cloning into bare repository '/workspace/cache/git-repos/https%3A%2F%2Fgithub.com%2Fillegalprime%2Fcbat'...
[INFO] running `Command { std: "git" "rev-parse" "HEAD", kill_on_drop: false }`
[INFO] [stdout] c03b702fe012b6da70a04529ba85ba1b4de731ce
[INFO] documenting illegalprime/cbat against 1.100.0-beta.1 for beta-rustdoc-1.100
[INFO] running `Command { std: "git" "clone" "/workspace/cache/git-repos/https%3A%2F%2Fgithub.com%2Fillegalprime%2Fcbat" "/workspace/builds/worker-6-tc2/source", kill_on_drop: false }`
[INFO] [stderr] Cloning into '/workspace/builds/worker-6-tc2/source'...
[INFO] [stderr] done.
[INFO] removed /workspace/builds/worker-6-tc2/source/.cargo/config
[INFO] started tweaking git repo https://github.com/illegalprime/cbat
[INFO] finished tweaking git repo https://github.com/illegalprime/cbat
[INFO] tweaked toml for git repo https://github.com/illegalprime/cbat written to /workspace/builds/worker-6-tc2/source/Cargo.toml
[INFO] validating manifest of git repo https://github.com/illegalprime/cbat on toolchain 1.100.0-beta.1
[INFO] running `Command { std: CARGO_HOME="/workspace/cargo-home" RUSTUP_HOME="/workspace/rustup-home" "/workspace/cargo-home/bin/cargo" "+1.100.0-beta.1" "metadata" "--manifest-path" "Cargo.toml" "--no-deps", kill_on_drop: false }`
[INFO] crate git repo https://github.com/illegalprime/cbat already has a lockfile, it will not be regenerated
[INFO] running `Command { std: CARGO_HOME="/workspace/cargo-home" RUSTUP_HOME="/workspace/rustup-home" "/workspace/cargo-home/bin/cargo" "+1.100.0-beta.1" "fetch" "--manifest-path" "Cargo.toml", kill_on_drop: false }`
[INFO] running `Command { std: "docker" "create" "-v" "/var/lib/crater-agent-workspace/builds/worker-6-tc2/source:/opt/rustwide/workdir:ro,Z" "-v" "/var/lib/crater-agent-workspace/builds/worker-6-tc2/target:/opt/rustwide/target:rw,Z" "-v" "/var/lib/crater-agent-workspace/cargo-home:/opt/rustwide/cargo-home:ro,Z" "-v" "/var/lib/crater-agent-workspace/rustup-home:/opt/rustwide/rustup-home:ro,Z" "-m" "1610612736" "--network" "none" "ghcr.io/rust-lang/crates-build-env/linux@sha256:3111399a4047eeb3a02b7a90e478d715f38a8c6669b5c4b49d30a17385265909" "sleep" "infinity", kill_on_drop: false }`
[INFO] [stdout] 43db9c4816751697ab36a0fb862fcca41ece79b3808913e7405413af4d57f437
[INFO] running `Command { std: "docker" "start" "43db9c4816751697ab36a0fb862fcca41ece79b3808913e7405413af4d57f437", kill_on_drop: false }`
[INFO] running `Command { std: "docker" "inspect" "43db9c4816751697ab36a0fb862fcca41ece79b3808913e7405413af4d57f437", kill_on_drop: false }`
[INFO] running `Command { std: "docker" "exec" "-e" "SOURCE_DIR=/opt/rustwide/workdir" "-e" "CARGO_HOME=/opt/rustwide/cargo-home" "-e" "RUSTUP_HOME=/opt/rustwide/rustup-home" "-e" "CARGO_TARGET_DIR=/opt/rustwide/target" "-w" "/opt/rustwide/workdir" "--user" "0:0" "43db9c4816751697ab36a0fb862fcca41ece79b3808913e7405413af4d57f437" "/opt/rustwide/cargo-home/bin/cargo" "+1.100.0-beta.1" "metadata" "--no-deps" "--format-version=1", kill_on_drop: false }`
[INFO] running `Command { std: "docker" "inspect" "43db9c4816751697ab36a0fb862fcca41ece79b3808913e7405413af4d57f437", kill_on_drop: false }`
[INFO] running `Command { std: "docker" "exec" "-e" "SOURCE_DIR=/opt/rustwide/workdir" "-e" "CARGO_HOME=/opt/rustwide/cargo-home" "-e" "RUSTUP_HOME=/opt/rustwide/rustup-home" "-e" "CARGO_TARGET_DIR=/opt/rustwide/target" "-e" "CARGO_INCREMENTAL=0" "-e" "RUST_BACKTRACE=full" "-e" "RUSTFLAGS=--cap-lints=warn" "-e" "RUSTDOCFLAGS=--cap-lints=warn" "-w" "/opt/rustwide/workdir" "--user" "0:0" "43db9c4816751697ab36a0fb862fcca41ece79b3808913e7405413af4d57f437" "/opt/rustwide/cargo-home/bin/cargo" "+1.100.0-beta.1" "doc" "--frozen" "--no-deps" "--document-private-items" "--message-format=json", kill_on_drop: false }`
[INFO] [stderr]    Compiling proc-macro2 v1.0.46
[INFO] [stderr]    Compiling syn v1.0.102
[INFO] [stderr]    Compiling semver-parser v0.7.0
[INFO] [stderr]     Checking nb v1.0.0
[INFO] [stderr]    Compiling cortex-m-rt v0.7.1
[INFO] [stderr]    Compiling cortex-m v0.7.6
[INFO] [stderr]     Checking vcell v0.1.3
[INFO] [stderr]     Checking bytemuck v1.12.1
[INFO] [stderr]     Checking bitfield v0.13.2
[INFO] [stderr]    Compiling atsamd21g v0.11.0
[INFO] [stderr]     Checking rand_core v0.5.1
[INFO] [stderr]    Compiling seq-macro v0.2.2
[INFO] [stderr]     Checking replace_with v0.1.7
[INFO] [stderr]    Compiling paste v1.0.9
[INFO] [stderr]    Compiling itsybitsy_m0 v0.13.0
[INFO] [stderr]     Checking panic-halt v0.2.0
[INFO] [stderr]     Checking nb v0.1.3
[INFO] [stderr]     Checking volatile-register v0.2.1
[INFO] [stderr]     Checking embedded-hal v0.2.7
[INFO] [stderr]     Checking bitbang-hal v0.3.2
[INFO] [stderr]    Compiling semver v0.9.0
[INFO] [stderr]     Checking rgb v0.8.34
[INFO] [stderr]    Compiling rustc_version v0.2.3
[INFO] [stderr]    Compiling quote v1.0.21
[INFO] [stderr]     Checking smart-leds-trait v0.2.1
[INFO] [stderr]     Checking apa102-spi v0.3.2
[INFO] [stderr]     Checking smart-leds v0.3.0
[INFO] [stderr]    Compiling bare-metal v0.2.5
[INFO] [stderr]    Compiling cortex-m-rt-macros v0.7.0
[INFO] [stderr]    Compiling modular-bitfield-impl v0.11.2
[INFO] [stderr]     Checking modular-bitfield v0.11.2
[INFO] [stderr]     Checking atsamd-hal v0.14.0
[INFO] [stdout] error[E0271]: type mismatch resolving `<! as TryFrom<Status>>::Error == Error`
[INFO] [stdout]    --> /opt/rustwide/cargo-home/registry/src/index.crates.io-1949cf8c6b5b557f/atsamd-hal-0.14.0/src/sercom/v2/spi/reg.rs:343:28
[INFO] [stdout]     |
[INFO] [stdout] 343 |         self.read_status().try_into()?;
[INFO] [stdout]     |                            ^^^^^^^^ expected `Error`, found `!`
[INFO] [stdout]     |
[INFO] [stdout]     = note: expected enum `sercom::v2::spi::Error`
[INFO] [stdout]                found type `!`
[INFO] [stdout] 
[INFO] [stdout] 
[INFO] [stdout] error[E0277]: the trait bound `!: core::convert::TryFrom<sercom::v2::spi::Status>` is not satisfied
[INFO] [stdout]    --> /opt/rustwide/cargo-home/registry/src/index.crates.io-1949cf8c6b5b557f/atsamd-hal-0.14.0/src/sercom/v2/spi/reg.rs:343:28
[INFO] [stdout]     |
[INFO] [stdout] 343 |         self.read_status().try_into()?;
[INFO] [stdout]     |                            ^^^^^^^^ the trait `From<sercom::v2::spi::Status>` is not implemented for `!`
[INFO] [stdout]     |
[INFO] [stdout]     = note: required for `sercom::v2::spi::Status` to implement `Into<!>`
[INFO] [stdout]     = note: required for `!` to implement `core::convert::TryFrom<sercom::v2::spi::Status>`
[INFO] [stdout]     = note: required for `sercom::v2::spi::Status` to implement `TryInto<!>`
[INFO] [stdout] 
[INFO] [stdout] 
[INFO] [stdout] error[E0271]: type mismatch resolving `<! as TryFrom<Status>>::Error == Error`
[INFO] [stdout]    --> /opt/rustwide/cargo-home/registry/src/index.crates.io-1949cf8c6b5b557f/atsamd-hal-0.14.0/src/sercom/v2/uart.rs:916:28
[INFO] [stdout]     |
[INFO] [stdout] 916 |         self.read_status().try_into()?;
[INFO] [stdout]     |                            ^^^^^^^^ expected `Error`, found `!`
[INFO] [stdout]     |
[INFO] [stdout]     = note: expected enum `flags::Error`
[INFO] [stdout]                found type `!`
[INFO] [stdout] 
[INFO] [stdout] 
[INFO] [stdout] error[E0277]: the trait bound `!: core::convert::TryFrom<flags::Status>` is not satisfied
[INFO] [stdout]    --> /opt/rustwide/cargo-home/registry/src/index.crates.io-1949cf8c6b5b557f/atsamd-hal-0.14.0/src/sercom/v2/uart.rs:916:28
[INFO] [stdout]     |
[INFO] [stdout] 916 |         self.read_status().try_into()?;
[INFO] [stdout]     |                            ^^^^^^^^ the trait `From<flags::Status>` is not implemented for `!`
[INFO] [stdout]     |
[INFO] [stdout]     = note: required for `flags::Status` to implement `Into<!>`
[INFO] [stdout]     = note: required for `!` to implement `core::convert::TryFrom<flags::Status>`
[INFO] [stdout]     = note: required for `flags::Status` to implement `TryInto<!>`
[INFO] [stdout] 
[INFO] [stdout] 
[INFO] [stdout] Some errors have detailed explanations: E0271, E0277.
[INFO] [stdout] 
[INFO] [stdout] For more information about an error, try `rustc --explain E0271`.
[INFO] [stdout] 
[INFO] [stderr] error: could not compile `atsamd-hal` (lib) due to 4 previous errors
[INFO] running `Command { std: "docker" "inspect" "43db9c4816751697ab36a0fb862fcca41ece79b3808913e7405413af4d57f437", kill_on_drop: false }`
[INFO] running `Command { std: "docker" "rm" "-f" "43db9c4816751697ab36a0fb862fcca41ece79b3808913e7405413af4d57f437", kill_on_drop: false }`
[INFO] [stdout] 43db9c4816751697ab36a0fb862fcca41ece79b3808913e7405413af4d57f437
