[INFO] cloning repository https://github.com/fmckeogh/star_fc
[INFO] running `Command { std: "git" "-c" "credential.helper=" "-c" "credential.helper=/workspace/cargo-home/bin/git-credential-null" "clone" "--bare" "https://github.com/fmckeogh/star_fc" "/workspace/cache/git-repos/https%3A%2F%2Fgithub.com%2Ffmckeogh%2Fstar_fc", kill_on_drop: false }`
[INFO] [stderr] Cloning into bare repository '/workspace/cache/git-repos/https%3A%2F%2Fgithub.com%2Ffmckeogh%2Fstar_fc'...
[INFO] running `Command { std: "git" "rev-parse" "HEAD", kill_on_drop: false }`
[INFO] [stdout] 419bb07dda78175b43ff4f38cb9b9a33500a0b08
[INFO] documenting fmckeogh/star_fc against 1.100.0-beta.1 for beta-rustdoc-1.100
[INFO] running `Command { std: "git" "clone" "/workspace/cache/git-repos/https%3A%2F%2Fgithub.com%2Ffmckeogh%2Fstar_fc" "/workspace/builds/worker-7-tc2/source", kill_on_drop: false }`
[INFO] [stderr] Cloning into '/workspace/builds/worker-7-tc2/source'...
[INFO] [stderr] done.
[INFO] removed /workspace/builds/worker-7-tc2/source/.cargo/config.toml
[INFO] started tweaking git repo https://github.com/fmckeogh/star_fc
[INFO] finished tweaking git repo https://github.com/fmckeogh/star_fc
[INFO] tweaked toml for git repo https://github.com/fmckeogh/star_fc written to /workspace/builds/worker-7-tc2/source/Cargo.toml
[INFO] validating manifest of git repo https://github.com/fmckeogh/star_fc on toolchain 1.100.0-beta.1
[INFO] running `Command { std: CARGO_HOME="/workspace/cargo-home" RUSTUP_HOME="/workspace/rustup-home" "/workspace/cargo-home/bin/cargo" "+1.100.0-beta.1" "metadata" "--manifest-path" "Cargo.toml" "--no-deps", kill_on_drop: false }`
[INFO] crate git repo https://github.com/fmckeogh/star_fc already has a lockfile, it will not be regenerated
[INFO] running `Command { std: CARGO_HOME="/workspace/cargo-home" RUSTUP_HOME="/workspace/rustup-home" "/workspace/cargo-home/bin/cargo" "+1.100.0-beta.1" "fetch" "--manifest-path" "Cargo.toml", kill_on_drop: false }`
[INFO] running `Command { std: "docker" "create" "-v" "/var/lib/crater-agent-workspace/builds/worker-7-tc2/source:/opt/rustwide/workdir:ro,Z" "-v" "/var/lib/crater-agent-workspace/builds/worker-7-tc2/target:/opt/rustwide/target:rw,Z" "-v" "/var/lib/crater-agent-workspace/cargo-home:/opt/rustwide/cargo-home:ro,Z" "-v" "/var/lib/crater-agent-workspace/rustup-home:/opt/rustwide/rustup-home:ro,Z" "-m" "1610612736" "--network" "none" "ghcr.io/rust-lang/crates-build-env/linux@sha256:77db811e55d90add9212f6832c23229e3de5f1c1f9905e8cb07319ea15df73ac" "sleep" "infinity", kill_on_drop: false }`
[INFO] [stdout] 1b4d04cefb10f3e014298ec99145172cc3c0aefe3eab7b0e6026aefee930e6ea
[INFO] running `Command { std: "docker" "start" "1b4d04cefb10f3e014298ec99145172cc3c0aefe3eab7b0e6026aefee930e6ea", kill_on_drop: false }`
[INFO] running `Command { std: "docker" "inspect" "1b4d04cefb10f3e014298ec99145172cc3c0aefe3eab7b0e6026aefee930e6ea", kill_on_drop: false }`
[INFO] running `Command { std: "docker" "exec" "-e" "SOURCE_DIR=/opt/rustwide/workdir" "-e" "CARGO_HOME=/opt/rustwide/cargo-home" "-e" "RUSTUP_HOME=/opt/rustwide/rustup-home" "-e" "CARGO_TARGET_DIR=/opt/rustwide/target" "-w" "/opt/rustwide/workdir" "--user" "0:0" "1b4d04cefb10f3e014298ec99145172cc3c0aefe3eab7b0e6026aefee930e6ea" "/opt/rustwide/cargo-home/bin/cargo" "+1.100.0-beta.1" "metadata" "--no-deps" "--format-version=1", kill_on_drop: false }`
[INFO] running `Command { std: "docker" "inspect" "1b4d04cefb10f3e014298ec99145172cc3c0aefe3eab7b0e6026aefee930e6ea", kill_on_drop: false }`
[INFO] running `Command { std: "docker" "exec" "-e" "SOURCE_DIR=/opt/rustwide/workdir" "-e" "CARGO_HOME=/opt/rustwide/cargo-home" "-e" "RUSTUP_HOME=/opt/rustwide/rustup-home" "-e" "CARGO_TARGET_DIR=/opt/rustwide/target" "-e" "CARGO_INCREMENTAL=0" "-e" "RUST_BACKTRACE=full" "-e" "RUSTFLAGS=--cap-lints=warn" "-e" "RUSTDOCFLAGS=--cap-lints=warn" "-w" "/opt/rustwide/workdir" "--user" "0:0" "1b4d04cefb10f3e014298ec99145172cc3c0aefe3eab7b0e6026aefee930e6ea" "/opt/rustwide/cargo-home/bin/cargo" "+1.100.0-beta.1" "doc" "--frozen" "--no-deps" "--document-private-items" "--message-format=json", kill_on_drop: false }`
[INFO] [stderr]    Compiling proc-macro2 v1.0.54
[INFO] [stderr]    Compiling num-traits v0.2.15
[INFO] [stderr]    Compiling cortex-m v0.7.7
[INFO] [stderr]    Compiling cortex-m-rt v0.7.3
[INFO] [stderr]    Compiling semver v1.0.17
[INFO] [stderr]     Checking critical-section v1.1.1
[INFO] [stderr]     Checking volatile-register v0.2.1
[INFO] [stderr]    Compiling thiserror v1.0.40
[INFO] [stderr]    Compiling defmt v0.3.3
[INFO] [stderr]    Compiling hashbrown v0.12.3
[INFO] [stderr]     Checking gcd v2.3.0
[INFO] [stderr]    Compiling defmt-macros v0.3.4
[INFO] [stderr]    Compiling atsamd21g v0.12.0
[INFO] [stderr]     Checking rtic-monotonic v1.0.0
[INFO] [stderr]    Compiling libm v0.2.6
[INFO] [stderr]     Checking spin v0.9.7
[INFO] [stderr]    Compiling cortex-m-rtic v1.1.4
[INFO] [stderr]     Checking fugit v0.3.6
[INFO] [stderr]    Compiling defmt-rtt v0.4.0
[INFO] [stderr]    Compiling seq-macro v0.3.3
[INFO] [stderr]    Compiling feather_m0 v0.12.1
[INFO] [stderr]     Checking rtic-core v1.0.0
[INFO] [stderr]    Compiling starfc v0.1.0 (/opt/rustwide/workdir)
[INFO] [stderr]     Checking bare-metal v1.0.0
[INFO] [stderr]     Checking systick-monotonic v1.0.1
[INFO] [stderr]    Compiling rustc_version v0.4.0
[INFO] [stderr]    Compiling indexmap v1.9.3
[INFO] [stderr]    Compiling heapless v0.7.16
[INFO] [stderr]    Compiling quote v1.0.26
[INFO] [stderr]    Compiling syn v1.0.109
[INFO] [stderr]    Compiling syn v2.0.12
[INFO] [stderr]    Compiling proc-macro-error-attr v1.0.4
[INFO] [stderr]     Checking approx v0.5.1
[INFO] [stderr]     Checking num-integer v0.1.45
[INFO] [stderr]     Checking num-complex v0.4.3
[INFO] [stderr]     Checking num-rational v0.4.1
[INFO] [stderr]     Checking simba v0.7.3
[INFO] [stderr]    Compiling thiserror-impl v1.0.40
[INFO] [stderr]    Compiling defmt-parser v0.3.2
[INFO] [stderr]    Compiling proc-macro-error v1.0.4
[INFO] [stderr]    Compiling rtic-syntax v1.0.3
[INFO] [stderr]    Compiling cortex-m-rt-macros v0.7.0
[INFO] [stderr]    Compiling modular-bitfield-impl v0.11.2
[INFO] [stderr]    Compiling cortex-m-rtic-macros v1.1.6
[INFO] [stderr]     Checking modular-bitfield v0.11.2
[INFO] [stderr]     Checking nalgebra v0.31.4
[INFO] [stderr]     Checking atsamd-hal v0.15.1
[INFO] [stderr]     Checking mpu6050 v0.1.6
[INFO] [stdout] error[E0271]: type mismatch resolving `<! as TryFrom<Status>>::Error == Error`
[INFO] [stdout]    --> /opt/rustwide/cargo-home/registry/src/index.crates.io-1949cf8c6b5b557f/atsamd-hal-0.15.1/src/sercom/spi/reg.rs:343:28
[INFO] [stdout]     |
[INFO] [stdout] 343 |         self.read_status().try_into()?;
[INFO] [stdout]     |                            ^^^^^^^^ expected `Error`, found `!`
[INFO] [stdout]     |
[INFO] [stdout]     = note: expected enum `sercom::spi::Error`
[INFO] [stdout]                found type `!`
[INFO] [stdout] 
[INFO] [stdout] 
[INFO] [stdout] error[E0277]: the trait bound `!: core::convert::TryFrom<sercom::spi::Status>` is not satisfied
[INFO] [stdout]    --> /opt/rustwide/cargo-home/registry/src/index.crates.io-1949cf8c6b5b557f/atsamd-hal-0.15.1/src/sercom/spi/reg.rs:343:28
[INFO] [stdout]     |
[INFO] [stdout] 343 |         self.read_status().try_into()?;
[INFO] [stdout]     |                            ^^^^^^^^ the trait `From<sercom::spi::Status>` is not implemented for `!`
[INFO] [stdout]     |
[INFO] [stdout]     = note: required for `sercom::spi::Status` to implement `Into<!>`
[INFO] [stdout]     = note: required for `!` to implement `core::convert::TryFrom<sercom::spi::Status>`
[INFO] [stdout]     = note: required for `sercom::spi::Status` to implement `TryInto<!>`
[INFO] [stdout] 
[INFO] [stdout] 
[INFO] [stdout] error[E0271]: type mismatch resolving `<! as TryFrom<Status>>::Error == Error`
[INFO] [stdout]    --> /opt/rustwide/cargo-home/registry/src/index.crates.io-1949cf8c6b5b557f/atsamd-hal-0.15.1/src/sercom/uart.rs:918:28
[INFO] [stdout]     |
[INFO] [stdout] 918 |         self.read_status().try_into()?;
[INFO] [stdout]     |                            ^^^^^^^^ expected `Error`, found `!`
[INFO] [stdout]     |
[INFO] [stdout]     = note: expected enum `uart::flags::Error`
[INFO] [stdout]                found type `!`
[INFO] [stdout] 
[INFO] [stdout] 
[INFO] [stdout] error[E0277]: the trait bound `!: core::convert::TryFrom<uart::flags::Status>` is not satisfied
[INFO] [stdout]    --> /opt/rustwide/cargo-home/registry/src/index.crates.io-1949cf8c6b5b557f/atsamd-hal-0.15.1/src/sercom/uart.rs:918:28
[INFO] [stdout]     |
[INFO] [stdout] 918 |         self.read_status().try_into()?;
[INFO] [stdout]     |                            ^^^^^^^^ the trait `From<uart::flags::Status>` is not implemented for `!`
[INFO] [stdout]     |
[INFO] [stdout]     = note: required for `uart::flags::Status` to implement `Into<!>`
[INFO] [stdout]     = note: required for `!` to implement `core::convert::TryFrom<uart::flags::Status>`
[INFO] [stdout]     = note: required for `uart::flags::Status` to implement `TryInto<!>`
[INFO] [stdout] 
[INFO] [stdout] 
[INFO] [stdout] Some errors have detailed explanations: E0271, E0277.
[INFO] [stdout] 
[INFO] [stdout] For more information about an error, try `rustc --explain E0271`.
[INFO] [stdout] 
[INFO] [stderr] error: could not compile `atsamd-hal` (lib) due to 4 previous errors
[INFO] running `Command { std: "docker" "inspect" "1b4d04cefb10f3e014298ec99145172cc3c0aefe3eab7b0e6026aefee930e6ea", kill_on_drop: false }`
[INFO] running `Command { std: "docker" "rm" "-f" "1b4d04cefb10f3e014298ec99145172cc3c0aefe3eab7b0e6026aefee930e6ea", kill_on_drop: false }`
[INFO] [stdout] 1b4d04cefb10f3e014298ec99145172cc3c0aefe3eab7b0e6026aefee930e6ea
