[INFO] cloning repository https://github.com/cubetastic33/sakubun
[INFO] running `Command { std: "git" "-c" "credential.helper=" "-c" "credential.helper=/workspace/cargo-home/bin/git-credential-null" "clone" "--bare" "https://github.com/cubetastic33/sakubun" "/workspace/cache/git-repos/https%3A%2F%2Fgithub.com%2Fcubetastic33%2Fsakubun", kill_on_drop: false }`
[INFO] [stderr] Cloning into bare repository '/workspace/cache/git-repos/https%3A%2F%2Fgithub.com%2Fcubetastic33%2Fsakubun'...
[INFO] running `Command { std: "git" "rev-parse" "HEAD", kill_on_drop: false }`
[INFO] [stdout] e19847aeb9d44c0a0bc8ea4ca49855e18a2624ed
[INFO] documenting cubetastic33/sakubun against 1.100.0-beta.1 for beta-rustdoc-1.100
[INFO] running `Command { std: "git" "clone" "/workspace/cache/git-repos/https%3A%2F%2Fgithub.com%2Fcubetastic33%2Fsakubun" "/workspace/builds/worker-4-tc2/source", kill_on_drop: false }`
[INFO] [stderr] Cloning into '/workspace/builds/worker-4-tc2/source'...
[INFO] [stderr] done.
[INFO] started tweaking git repo https://github.com/cubetastic33/sakubun
[INFO] finished tweaking git repo https://github.com/cubetastic33/sakubun
[INFO] tweaked toml for git repo https://github.com/cubetastic33/sakubun written to /workspace/builds/worker-4-tc2/source/Cargo.toml
[INFO] validating manifest of git repo https://github.com/cubetastic33/sakubun on toolchain 1.100.0-beta.1
[INFO] running `Command { std: CARGO_HOME="/workspace/cargo-home" RUSTUP_HOME="/workspace/rustup-home" "/workspace/cargo-home/bin/cargo" "+1.100.0-beta.1" "metadata" "--manifest-path" "Cargo.toml" "--no-deps", kill_on_drop: false }`
[INFO] crate git repo https://github.com/cubetastic33/sakubun already has a lockfile, it will not be regenerated
[INFO] running `Command { std: CARGO_HOME="/workspace/cargo-home" RUSTUP_HOME="/workspace/rustup-home" "/workspace/cargo-home/bin/cargo" "+1.100.0-beta.1" "fetch" "--manifest-path" "Cargo.toml", kill_on_drop: false }`
[INFO] running `Command { std: "docker" "create" "-v" "/var/lib/crater-agent-workspace/builds/worker-4-tc2/source:/opt/rustwide/workdir:ro,Z" "-v" "/var/lib/crater-agent-workspace/builds/worker-4-tc2/target:/opt/rustwide/target:rw,Z" "-v" "/var/lib/crater-agent-workspace/cargo-home:/opt/rustwide/cargo-home:ro,Z" "-v" "/var/lib/crater-agent-workspace/rustup-home:/opt/rustwide/rustup-home:ro,Z" "-m" "1610612736" "--network" "none" "ghcr.io/rust-lang/crates-build-env/linux@sha256:3111399a4047eeb3a02b7a90e478d715f38a8c6669b5c4b49d30a17385265909" "sleep" "infinity", kill_on_drop: false }`
[INFO] [stdout] 0d3cd80a8c9377c456b76b43fd5cb249a07df0bc3c369ca2eef39bfbbda28c21
[INFO] running `Command { std: "docker" "start" "0d3cd80a8c9377c456b76b43fd5cb249a07df0bc3c369ca2eef39bfbbda28c21", kill_on_drop: false }`
[INFO] running `Command { std: "docker" "inspect" "0d3cd80a8c9377c456b76b43fd5cb249a07df0bc3c369ca2eef39bfbbda28c21", kill_on_drop: false }`
[INFO] running `Command { std: "docker" "exec" "-e" "SOURCE_DIR=/opt/rustwide/workdir" "-e" "CARGO_HOME=/opt/rustwide/cargo-home" "-e" "RUSTUP_HOME=/opt/rustwide/rustup-home" "-e" "CARGO_TARGET_DIR=/opt/rustwide/target" "-w" "/opt/rustwide/workdir" "--user" "0:0" "0d3cd80a8c9377c456b76b43fd5cb249a07df0bc3c369ca2eef39bfbbda28c21" "/opt/rustwide/cargo-home/bin/cargo" "+1.100.0-beta.1" "metadata" "--no-deps" "--format-version=1", kill_on_drop: false }`
[INFO] running `Command { std: "docker" "inspect" "0d3cd80a8c9377c456b76b43fd5cb249a07df0bc3c369ca2eef39bfbbda28c21", kill_on_drop: false }`
[INFO] running `Command { std: "docker" "exec" "-e" "SOURCE_DIR=/opt/rustwide/workdir" "-e" "CARGO_HOME=/opt/rustwide/cargo-home" "-e" "RUSTUP_HOME=/opt/rustwide/rustup-home" "-e" "CARGO_TARGET_DIR=/opt/rustwide/target" "-e" "CARGO_INCREMENTAL=0" "-e" "RUST_BACKTRACE=full" "-e" "RUSTFLAGS=--cap-lints=warn" "-e" "RUSTDOCFLAGS=--cap-lints=warn" "-w" "/opt/rustwide/workdir" "--user" "0:0" "0d3cd80a8c9377c456b76b43fd5cb249a07df0bc3c369ca2eef39bfbbda28c21" "/opt/rustwide/cargo-home/bin/cargo" "+1.100.0-beta.1" "doc" "--frozen" "--no-deps" "--document-private-items" "--message-format=json", kill_on_drop: false }`
[INFO] [stderr]    Compiling libc v0.2.190
[INFO] [stderr]    Compiling proc-macro2 v1.0.107
[INFO] [stderr]    Compiling unicode-ident v1.0.26
[INFO] [stderr]    Compiling quote v1.0.47
[INFO] [stderr]     Checking cfg-if v1.0.5
[INFO] [stderr]     Checking typenum v1.20.1
[INFO] [stderr]     Checking zeroize v1.9.0
[INFO] [stderr]    Compiling shlex v2.0.1
[INFO] [stderr]    Compiling find-msvc-tools v0.1.14
[INFO] [stderr]     Checking memchr v2.8.3
[INFO] [stderr]     Checking const-oid v0.9.6
[INFO] [stderr]    Compiling serde_core v1.0.229
[INFO] [stderr]     Checking futures-core v0.3.34
[INFO] [stderr]    Compiling generic-array v0.14.7
[INFO] [stderr]     Checking bytes v1.12.1
[INFO] [stderr]    Compiling getrandom v0.4.3
[INFO] [stderr]    Compiling pkg-config v0.3.34
[INFO] [stderr]     Checking rand_core v0.10.1
[INFO] [stderr]     Checking log v0.4.34
[INFO] [stderr]     Checking futures-sink v0.3.34
[INFO] [stderr]     Checking futures-io v0.3.34
[INFO] [stderr]     Checking smallvec v1.16.2
[INFO] [stderr]    Compiling serde v1.0.229
[INFO] [stderr]    Compiling zerocopy v0.8.60
[INFO] [stderr]     Checking futures-channel v0.3.34
[INFO] [stderr]     Checking hashbrown v0.17.1
[INFO] [stderr]     Checking cmov v0.5.4
[INFO] [stderr]    Compiling num-traits v0.2.19
[INFO] [stderr]     Checking futures-task v0.3.34
[INFO] [stderr]     Checking bitflags v2.13.2
[INFO] [stderr]     Checking ctutils v0.4.3
[INFO] [stderr]     Checking base64ct v1.8.3
[INFO] [stderr]    Compiling proc-macro2-diagnostics v0.10.1
[INFO] [stderr]     Checking cpufeatures v0.3.1
[INFO] [stderr]    Compiling crossbeam-utils v0.8.23
[INFO] [stderr]     Checking spin v0.9.9
[INFO] [stderr]     Checking futures-util v0.3.34
[INFO] [stderr]    Compiling yansi v1.0.1
[INFO] [stderr]     Checking writeable v0.6.4
[INFO] [stderr]     Checking pem-rfc7468 v0.7.0
[INFO] [stderr]     Checking litemap v0.8.3
[INFO] [stderr]     Checking der v0.7.10
[INFO] [stderr]    Compiling zmij v1.0.23
[INFO] [stderr]    Compiling icu_normalizer_data v2.3.0
[INFO] [stderr]    Compiling syn v3.0.6
[INFO] [stderr]    Compiling syn v2.0.119
[INFO] [stderr]    Compiling icu_properties_data v2.3.0
[INFO] [stderr]    Compiling serde_json v1.0.151
[INFO] [stderr]     Checking http v1.5.0
[INFO] [stderr]     Checking want v0.3.2
[INFO] [stderr]    Compiling time-core v0.1.9
[INFO] [stderr]    Compiling num-conv v0.2.2
[INFO] [stderr]     Checking aho-corasick v1.1.5
[INFO] [stderr]     Checking regex-syntax v0.8.11
[INFO] [stderr]    Compiling time-macros v0.2.32
[INFO] [stderr]    Compiling siphasher v1.0.4
[INFO] [stderr]     Checking chrono v0.4.45
[INFO] [stderr]    Compiling rustversion v1.0.23
[INFO] [stderr]     Checking hybrid-array v0.4.15
[INFO] [stderr]    Compiling getrandom v0.3.4
[INFO] [stderr]     Checking spki v0.7.3
[INFO] [stderr]     Checking getrandom v0.2.17
[INFO] [stderr]     Checking errno v0.3.14
[INFO] [stderr]    Compiling jobserver v0.1.35
[INFO] [stderr]     Checking mio v1.2.4
[INFO] [stderr]     Checking signal-hook-registry v1.4.8
[INFO] [stderr]     Checking rand_core v0.6.4
[INFO] [stderr]     Checking socket2 v0.6.5
[INFO] [stderr]     Checking pkcs8 v0.10.2
[INFO] [stderr]     Checking ff v0.13.1
[INFO] [stderr]     Checking crypto-common v0.1.7
[INFO] [stderr]    Compiling cc v1.6.0
[INFO] [stderr]     Checking block-buffer v0.10.4
[INFO] [stderr]     Checking inout v0.1.4
[INFO] [stderr]     Checking parking_lot_core v0.9.12
[INFO] [stderr]    Compiling phf_shared v0.11.3
[INFO] [stderr]     Checking http v0.2.12
[INFO] [stderr]    Compiling ahash v0.8.12
[INFO] [stderr]     Checking digest v0.10.7
[INFO] [stderr]     Checking base16ct v0.2.0
[INFO] [stderr]    Compiling openssl v0.10.81
[INFO] [stderr]    Compiling ref-cast v1.0.27
[INFO] [stderr]     Checking parking_lot v0.12.5
[INFO] [stderr]     Checking hmac v0.12.1
[INFO] [stderr]     Checking sha2 v0.10.9
[INFO] [stderr]     Checking signature v2.2.0
[INFO] [stderr]     Checking hkdf v0.12.4
[INFO] [stderr]     Checking sec1 v0.7.3
[INFO] [stderr]    Compiling rand v0.8.8
[INFO] [stderr]     Checking cipher v0.4.4
[INFO] [stderr]     Checking universal-hash v0.5.1
[INFO] [stderr]     Checking group v0.13.0
[INFO] [stderr]     Checking crypto-bigint v0.5.5
[INFO] [stderr]     Checking lazy_static v1.5.1
[INFO] [stderr]     Checking cpubits v0.1.1
[INFO] [stderr]     Checking indexmap v2.14.2
[INFO] [stderr]     Checking polyval v0.6.2
[INFO] [stderr]    Compiling encoding_rs v0.8.42
[INFO] [stderr]     Checking http-body v0.4.6
[INFO] [stderr]    Compiling phf_generator v0.11.3
[INFO] [stderr]     Checking socket2 v0.5.10
[INFO] [stderr]     Checking crypto-common v0.2.2
[INFO] [stderr]     Checking inout v0.2.2
[INFO] [stderr]     Checking block-buffer v0.12.1
[INFO] [stderr]     Checking is-terminal v0.4.17
[INFO] [stderr]     Checking regex-automata v0.4.18
[INFO] [stderr]     Checking chacha20 v0.10.2
[INFO] [stderr]    Compiling cookie v0.18.2
[INFO] [stderr]    Compiling uncased v0.9.10
[INFO] [stderr]    Compiling deranged v0.5.8
[INFO] [stderr]    Compiling rustls v0.21.12
[INFO] [stderr]     Checking minimal-lexical v0.2.1
[INFO] [stderr]    Compiling syn v1.0.109
[INFO] [stderr]    Compiling powerfmt v0.2.1
[INFO] [stderr]     Checking const-oid v0.10.2
[INFO] [stderr]    Compiling crossbeam-epoch v0.9.21
[INFO] [stderr]     Checking nom v7.1.3
[INFO] [stderr]     Checking cipher v0.5.2
[INFO] [stderr]     Checking universal-hash v0.6.1
[INFO] [stderr]     Checking digest v0.11.3
[INFO] [stderr]     Checking rand v0.10.3
[INFO] [stderr]    Compiling tokio v1.53.2
[INFO] [stderr]     Checking elliptic-curve v0.13.8
[INFO] [stderr]    Compiling phf_codegen v0.11.3
[INFO] [stderr]    Compiling tracing v0.1.44
[INFO] [stderr]    Compiling openssl-sys v0.9.117
[INFO] [stderr]    Compiling ring v0.17.14
[INFO] [stderr]    Compiling zstd-sys v2.1.0+zstd.1.5.7
[INFO] [stderr]     Checking ghash v0.5.1
[INFO] [stderr]     Checking aes v0.8.4
[INFO] [stderr]     Checking ppv-lite86 v0.2.21
[INFO] [stderr]     Checking ctr v0.9.2
[INFO] [stderr]    Compiling native-tls v0.2.18
[INFO] [stderr]     Checking rfc6979 v0.4.0
[INFO] [stderr]     Checking rand_chacha v0.3.1
[INFO] [stderr]    Compiling phf v0.11.3
[INFO] [stderr]     Checking aead v0.5.2
[INFO] [stderr]     Checking hashbrown v0.14.5
[INFO] [stderr]     Checking http-body v1.1.0
[INFO] [stderr]    Compiling time v0.3.55
[INFO] [stderr]     Checking num-integer v0.1.47
[INFO] [stderr]    Compiling synstructure v0.14.0
[INFO] [stderr]     Checking crc-catalog v2.5.0
[INFO] [stderr]    Compiling thiserror v2.0.21
[INFO] [stderr]    Compiling num-bigint-dig v0.8.6
[INFO] [stderr]     Checking same-file v1.0.6
[INFO] [stderr]    Compiling multiversion_no_op v1.0.0
[INFO] [stderr]    Compiling rustix v1.1.5
[INFO] [stderr]     Checking fastrand v2.5.0
[INFO] [stderr]     Checking simdutf8 v0.1.5
[INFO] [stderr]     Checking core_detect v1.0.0
[INFO] [stderr]    Compiling devise_core v0.4.2
[INFO] [stderr]    Compiling crossbeam-deque v0.8.8
[INFO] [stderr]     Checking winnow v0.7.15
[INFO] [stderr]    Compiling inlinable_string v0.1.15
[INFO] [stderr]     Checking unicode_categories v0.1.1
[INFO] [stderr]    Compiling crc32fast v1.5.2
[INFO] [stderr]     Checking toml_write v0.1.2
[INFO] [stderr]     Checking sqlformat v0.2.6
[INFO] [stderr]    Compiling pest v2.9.2
[INFO] [stderr]    Compiling regex v1.13.1
[INFO] [stderr]    Compiling parse-zoneinfo v0.3.1
[INFO] [stderr]    Compiling chrono-tz-build v0.3.0
[INFO] [stderr]    Compiling futures v0.3.34
[INFO] [stderr]     Checking walkdir v2.5.0
[INFO] [stderr]     Checking der v0.8.2
[INFO] [stderr]     Checking hashlink v0.8.4
[INFO] [stderr]     Checking crc v3.4.0
[INFO] [stderr]     Checking num-iter v0.1.46
[INFO] [stderr]     Checking aes-gcm v0.10.3
[INFO] [stderr]     Checking ecdsa v0.16.9
[INFO] [stderr]     Checking uuid v1.27.0
[INFO] [stderr]    Compiling libsqlite3-sys v0.27.0
[INFO] [stderr]     Checking aes v0.9.3
[INFO] [stderr]    Compiling tokio-macros v2.7.2
[INFO] [stderr]    Compiling serde_derive v1.0.229
[INFO] [stderr]    Compiling zerofrom-derive v0.1.8
[INFO] [stderr]    Compiling yoke-derive v0.8.4
[INFO] [stderr]    Compiling displaydoc v0.2.7
[INFO] [stderr]    Compiling zerovec-derive v0.11.6
[INFO] [stderr]    Compiling ref-cast-impl v1.0.27
[INFO] [stderr]    Compiling hyper v0.14.32
[INFO] [stderr]    Compiling thiserror-impl v2.0.21
[INFO] [stderr]     Checking spki v0.8.1
[INFO] [stderr]    Compiling tracing-attributes v0.1.31
[INFO] [stderr]    Compiling pear_codegen v0.2.9
[INFO] [stderr]    Compiling thiserror-impl v1.0.69
[INFO] [stderr]    Compiling openssl-macros v0.1.1
[INFO] [stderr]    Compiling devise_codegen v0.4.2
[INFO] [stderr]    Compiling pear v0.2.9
[INFO] [stderr]    Compiling devise v0.4.2
[INFO] [stderr]     Checking polyval v0.7.3
[INFO] [stderr]     Checking zerofrom v0.1.8
[INFO] [stderr]     Checking yoke v0.8.3
[INFO] [stderr]     Checking zerovec v0.11.8
[INFO] [stderr]     Checking zerotrie v0.2.5
[INFO] [stderr]     Checking futures-intrusive v0.5.0
[INFO] [stderr]    Compiling stable-pattern v0.1.0
[INFO] [stderr]     Checking atoi v2.0.0
[INFO] [stderr]     Checking crossbeam-queue v0.3.14
[INFO] [stderr]     Checking bstr v1.13.1
[INFO] [stderr]     Checking keccak v0.2.2
[INFO] [stderr]    Compiling multer v3.1.0
[INFO] [stderr]     Checking tinystr v0.8.4
[INFO] [stderr]     Checking potential_utf v0.1.6
[INFO] [stderr]    Compiling figment v0.10.19
[INFO] [stderr]     Checking icu_collections v2.3.0
[INFO] [stderr]    Compiling state v0.6.0
[INFO] [stderr]     Checking tinyvec v1.13.3
[INFO] [stderr]     Checking icu_locale_core v2.3.0
[INFO] [stderr]     Checking linux-raw-sys v0.12.1
[INFO] [stderr]    Compiling inotify-sys v0.1.8
[INFO] [stderr]     Checking sponge-cursor v0.1.0
[INFO] [stderr]     Checking rustls-webpki v0.101.7
[INFO] [stderr]     Checking sct v0.7.1
[INFO] [stderr]     Checking event-listener v2.5.3
[INFO] [stderr]     Checking thiserror v1.0.69
[INFO] [stderr]     Checking webpki-roots v0.25.4
[INFO] [stderr]    Compiling zstd-safe v8.0.0
[INFO] [stderr]    Compiling either v1.18.0
[INFO] [stderr]     Checking shake v0.1.0
[INFO] [stderr]     Checking unicode-normalization v0.1.25
[INFO] [stderr]     Checking globset v0.4.20
[INFO] [stderr]     Checking ghash v0.6.0
[INFO] [stderr]     Checking pkcs8 v0.11.0
[INFO] [stderr]    Compiling async-stream-impl v0.3.6
[INFO] [stderr]    Compiling pest_meta v2.9.2
[INFO] [stderr]    Compiling async-trait v0.1.92
[INFO] [stderr]    Compiling rocket_http v0.5.1
[INFO] [stderr]    Compiling chrono-tz v0.9.0
[INFO] [stderr]     Checking icu_provider v2.3.1
[INFO] [stderr]     Checking primeorder v0.13.6
[INFO] [stderr]     Checking icu_normalizer v2.3.0
[INFO] [stderr]     Checking icu_properties v2.3.0
[INFO] [stderr]     Checking ctr v0.10.1
[INFO] [stderr]     Checking signature v3.0.0
[INFO] [stderr]     Checking aead v0.6.1
[INFO] [stderr]     Checking module-lattice v0.2.3
[INFO] [stderr]     Checking pkcs1 v0.7.5
[INFO] [stderr]    Compiling rocket v0.5.1
[INFO] [stderr]     Checking unicode-properties v0.1.4
[INFO] [stderr]    Compiling glob v0.3.4
[INFO] [stderr]    Compiling synstructure v0.12.6
[INFO] [stderr]     Checking unicode-bidi v0.3.18
[INFO] [stderr]    Compiling anyhow v1.0.104
[INFO] [stderr]     Checking simd-adler32 v0.3.10
[INFO] [stderr]     Checking stringprep v0.1.5
[INFO] [stderr]     Checking rsa v0.9.10
[INFO] [stderr]     Checking idna_adapter v1.2.2
[INFO] [stderr]    Compiling pest_generator v2.9.2
[INFO] [stderr]     Checking idna v1.1.0
[INFO] [stderr]     Checking aes-gcm v0.11.1
[INFO] [stderr]     Checking ml-dsa v0.1.1
[INFO] [stderr]     Checking async-stream v0.3.6
[INFO] [stderr]     Checking ignore v0.4.33
[INFO] [stderr]     Checking url v2.5.8
[INFO] [stderr]     Checking aes-keywrap v0.9.1
[INFO] [stderr]     Checking futures-executor v0.3.34
[INFO] [stderr]     Checking hmac-sha512 v1.1.13
[INFO] [stderr]     Checking hmac-sha1-compact v1.1.8
[INFO] [stderr]     Checking hmac-sha256 v1.1.15
[INFO] [stderr]     Checking md-5 v0.10.6
[INFO] [stderr]     Checking num_cpus v1.17.0
[INFO] [stderr]     Checking flume v0.11.1
[INFO] [stderr]     Checking sync_wrapper v1.0.2
[INFO] [stderr]     Checking base64 v0.13.1
[INFO] [stderr]     Checking ipnet v2.12.2
[INFO] [stderr]     Checking binascii v0.1.4
[INFO] [stderr]     Checking whoami v1.6.1
[INFO] [stderr]     Checking ucd-trie v0.1.7
[INFO] [stderr]     Checking tempfile v3.27.0
[INFO] [stderr]     Checking constant_time_eq v0.4.2
[INFO] [stderr]     Checking deunicode v1.6.2
[INFO] [stderr]     Checking atomic v0.5.3
[INFO] [stderr]     Checking arrayvec v0.7.8
[INFO] [stderr]     Checking const-oid v0.6.2
[INFO] [stderr]     Checking serde_spanned v0.6.9
[INFO] [stderr]     Checking toml_datetime v0.6.11
[INFO] [stderr]    Compiling rocket_codegen v0.5.1
[INFO] [stderr]     Checking ubyte v0.10.4
[INFO] [stderr]    Compiling zstd-safe v7.3.0
[INFO] [stderr]     Checking base64 v0.23.1
[INFO] [stderr]     Checking home v0.5.12
[INFO] [stderr]    Compiling der_derive v0.4.1
[INFO] [stderr]     Checking toml_edit v0.22.27
[INFO] [stderr]     Checking ct-codecs v1.1.8
[INFO] [stderr]     Checking miniz_oxide v0.9.1
[INFO] [stderr]     Checking globwalk v0.9.1
[INFO] [stderr]     Checking blake2b_simd v1.0.5
[INFO] [stderr]    Compiling pest_derive v2.9.2
[INFO] [stderr]     Checking slug v0.1.6
[INFO] [stderr]     Checking pem v0.8.3
[INFO] [stderr]     Checking ed25519-compact v2.6.0
[INFO] [stderr]     Checking inotify v0.9.6
[INFO] [stderr]     Checking tokio-util v0.7.19
[INFO] [stderr]     Checking tokio-stream v0.1.19
[INFO] [stderr]     Checking tokio-native-tls v0.3.1
[INFO] [stderr]     Checking tower v0.5.3
[INFO] [stderr]     Checking p256 v0.13.2
[INFO] [stderr]     Checking p384 v0.13.1
[INFO] [stderr]     Checking der v0.4.5
[INFO] [stderr]    Compiling pin-project-internal v1.1.13
[INFO] [stderr]     Checking k256 v0.13.4
[INFO] [stderr]     Checking http-body-util v0.1.5
[INFO] [stderr]     Checking sqlx-core v0.7.4
[INFO] [stderr]     Checking superboring v0.1.17
[INFO] [stderr]     Checking phf_shared v0.12.1
[INFO] [stderr]     Checking filetime v0.2.29
[INFO] [stderr]     Checking mio v0.8.11
[INFO] [stderr]     Checking coarsetime v0.1.38
[INFO] [stderr]     Checking crossbeam-channel v0.5.17
[INFO] [stderr]     Checking h2 v0.3.27
[INFO] [stderr]     Checking h2 v0.4.19
[INFO] [stderr]     Checking humansize v2.1.3
[INFO] [stderr]     Checking binstring v0.1.8
[INFO] [stderr]     Checking bumpalo v3.20.3
[INFO] [stderr]    Compiling zip v2.4.2
[INFO] [stderr]     Checking unicode-segmentation v1.13.3
[INFO] [stderr]    Compiling chrono-tz v0.10.4
[INFO] [stderr]     Checking compression-core v0.4.33
[INFO] [stderr]     Checking futures-lite v2.6.1
[INFO] [stderr]     Checking serde_urlencoded v0.7.1
[INFO] [stderr]     Checking notify v6.1.1
[INFO] [stderr]     Checking zopfli v0.8.3
[INFO] [stderr]     Checking sec1_decode v0.1.0
[INFO] [stderr]     Checking phf v0.12.1
[INFO] [stderr]     Checking flate2 v1.1.10
[INFO] [stderr]     Checking tower-http v0.6.11
[INFO] [stderr]     Checking pin-project v1.1.13
[INFO] [stderr]     Checking ece v2.4.2
[INFO] [stderr]     Checking jwt-simple v0.12.17
[INFO] [stderr]    Compiling rocket_db_pools_codegen v0.2.0
[INFO] [stderr]     Checking blake2 v0.10.6
[INFO] [stderr]     Checking pem v3.0.6
[INFO] [stderr]     Checking password-hash v0.5.0
[INFO] [stderr]     Checking rustls-pki-types v1.15.1
[INFO] [stderr]     Checking normpath v1.5.2
[INFO] [stderr]     Checking argon2 v0.5.3
[INFO] [stderr]     Checking toml v0.8.23
[INFO] [stderr]     Checking async_zip v0.0.17
[INFO] [stderr]     Checking dotenv v0.15.0
[INFO] [stderr]     Checking sqlx-postgres v0.7.4
[INFO] [stderr]     Checking zstd v0.13.3
[INFO] [stderr]     Checking zstd v0.14.0
[INFO] [stderr]     Checking compression-codecs v0.4.45
[INFO] [stdout] error[E0277]: the trait bound `!: sqlx_core::io::Decode<'_>` is not satisfied
[INFO] [stdout]   --> /opt/rustwide/cargo-home/registry/src/index.crates.io-1949cf8c6b5b557f/sqlx-postgres-0.7.4/src/connection/executor.rs:68:10
[INFO] [stdout]    |
[INFO] [stdout] 68 |         .recv_expect(MessageFormat::ParseComplete)
[INFO] [stdout]    |          ^^^^^^^^^^^ the trait `sqlx_core::io::Decode<'_>` is not implemented for `!`
[INFO] [stdout]    |
[INFO] [stdout]    = help: the following other types implement trait `sqlx_core::io::Decode<'de, Context>`:
[INFO] [stdout]              ()
[INFO] [stdout]              Authentication
[INFO] [stdout]              AuthenticationSaslContinue
[INFO] [stdout]              AuthenticationSaslFinal
[INFO] [stdout]              BackendKeyData
[INFO] [stdout]              CommandComplete
[INFO] [stdout]              CopyData<sqlx_core::bytes::Bytes>
[INFO] [stdout]              CopyDone
[INFO] [stdout]            and 10 others
[INFO] [stdout]    = note: this error might have been caused by changes to Rust's type-inference algorithm (see issue #148922 <https://github.com/rust-lang/rust/issues/148922> for more information)
[INFO] [stdout]    = help: you might have intended to use the type `()` here instead
[INFO] [stdout] note: required by a bound in `PgStream::recv_expect`
[INFO] [stdout]   --> /opt/rustwide/cargo-home/registry/src/index.crates.io-1949cf8c6b5b557f/sqlx-postgres-0.7.4/src/connection/stream.rs:68:45
[INFO] [stdout]    |
[INFO] [stdout] 41 | impl PgStream {
[INFO] [stdout] ...
[INFO] [stdout] 68 |     pub(crate) async fn recv_expect<'de, T: Decode<'de>>(
[INFO] [stdout]    |                                             ^^^^^^^^^^^ required by this bound in `PgStream::recv_expect`
[INFO] [stdout] 
[INFO] [stdout] 
[INFO] [stdout] error[E0277]: the trait bound `!: sqlx_core::io::Decode<'_>` is not satisfied
[INFO] [stdout]   --> /opt/rustwide/cargo-home/registry/src/index.crates.io-1949cf8c6b5b557f/sqlx-postgres-0.7.4/src/connection/executor.rs:66:13
[INFO] [stdout]    |
[INFO] [stdout] 66 |       let _ = conn
[INFO] [stdout]    |  _____________^
[INFO] [stdout] 67 | |         .stream
[INFO] [stdout] 68 | |         .recv_expect(MessageFormat::ParseComplete)
[INFO] [stdout]    | |__________________________________________________^ the trait `sqlx_core::io::Decode<'_>` is not implemented for `!`
[INFO] [stdout]    |
[INFO] [stdout]    = help: the following other types implement trait `sqlx_core::io::Decode<'de, Context>`:
[INFO] [stdout]              ()
[INFO] [stdout]              Authentication
[INFO] [stdout]              AuthenticationSaslContinue
[INFO] [stdout]              AuthenticationSaslFinal
[INFO] [stdout]              BackendKeyData
[INFO] [stdout]              CommandComplete
[INFO] [stdout]              CopyData<sqlx_core::bytes::Bytes>
[INFO] [stdout]              CopyDone
[INFO] [stdout]            and 10 others
[INFO] [stdout]    = note: this error might have been caused by changes to Rust's type-inference algorithm (see issue #148922 <https://github.com/rust-lang/rust/issues/148922> for more information)
[INFO] [stdout]    = help: you might have intended to use the type `()` here instead
[INFO] [stdout] note: required by a bound in `PgStream::recv_expect`
[INFO] [stdout]   --> /opt/rustwide/cargo-home/registry/src/index.crates.io-1949cf8c6b5b557f/sqlx-postgres-0.7.4/src/connection/stream.rs:68:45
[INFO] [stdout]    |
[INFO] [stdout] 41 | impl PgStream {
[INFO] [stdout] ...
[INFO] [stdout] 68 |     pub(crate) async fn recv_expect<'de, T: Decode<'de>>(
[INFO] [stdout]    |                                             ^^^^^^^^^^^ required by this bound in `PgStream::recv_expect`
[INFO] [stdout] 
[INFO] [stdout] 
[INFO] [stdout] error[E0277]: the trait bound `!: sqlx_core::io::Decode<'_>` is not satisfied
[INFO] [stdout]   --> /opt/rustwide/cargo-home/registry/src/index.crates.io-1949cf8c6b5b557f/sqlx-postgres-0.7.4/src/connection/executor.rs:69:10
[INFO] [stdout]    |
[INFO] [stdout] 69 |         .await?;
[INFO] [stdout]    |          ^^^^^ the trait `sqlx_core::io::Decode<'_>` is not implemented for `!`
[INFO] [stdout]    |
[INFO] [stdout]    = help: the following other types implement trait `sqlx_core::io::Decode<'de, Context>`:
[INFO] [stdout]              ()
[INFO] [stdout]              Authentication
[INFO] [stdout]              AuthenticationSaslContinue
[INFO] [stdout]              AuthenticationSaslFinal
[INFO] [stdout]              BackendKeyData
[INFO] [stdout]              CommandComplete
[INFO] [stdout]              CopyData<sqlx_core::bytes::Bytes>
[INFO] [stdout]              CopyDone
[INFO] [stdout]            and 10 others
[INFO] [stdout]    = note: this error might have been caused by changes to Rust's type-inference algorithm (see issue #148922 <https://github.com/rust-lang/rust/issues/148922> for more information)
[INFO] [stdout]    = help: you might have intended to use the type `()` here instead
[INFO] [stdout] note: required by a bound in `PgStream::recv_expect`
[INFO] [stdout]   --> /opt/rustwide/cargo-home/registry/src/index.crates.io-1949cf8c6b5b557f/sqlx-postgres-0.7.4/src/connection/stream.rs:68:45
[INFO] [stdout]    |
[INFO] [stdout] 41 | impl PgStream {
[INFO] [stdout] ...
[INFO] [stdout] 68 |     pub(crate) async fn recv_expect<'de, T: Decode<'de>>(
[INFO] [stdout]    |                                             ^^^^^^^^^^^ required by this bound in `PgStream::recv_expect`
[INFO] [stdout] 
[INFO] [stdout] 
[INFO] [stderr]     Checking async-compression v0.4.50
[INFO] [stdout] error[E0277]: the trait bound `!: sqlx_core::io::Decode<'_>` is not satisfied
[INFO] [stdout]    --> /opt/rustwide/cargo-home/registry/src/index.crates.io-1949cf8c6b5b557f/sqlx-postgres-0.7.4/src/copy.rs:280:30
[INFO] [stdout]     |
[INFO] [stdout] 280 | ...                   .recv_expect(MessageFormat::ReadyForQuery)
[INFO] [stdout]     |                        ^^^^^^^^^^^ the trait `sqlx_core::io::Decode<'_>` is not implemented for `!`
[INFO] [stdout]     |
[INFO] [stdout]     = help: the following other types implement trait `sqlx_core::io::Decode<'de, Context>`:
[INFO] [stdout]               ()
[INFO] [stdout]               Authentication
[INFO] [stdout]               AuthenticationSaslContinue
[INFO] [stdout]               AuthenticationSaslFinal
[INFO] [stdout]               BackendKeyData
[INFO] [stdout]               CommandComplete
[INFO] [stdout]               CopyData<sqlx_core::bytes::Bytes>
[INFO] [stdout]               CopyDone
[INFO] [stdout]             and 10 others
[INFO] [stdout]     = note: this error might have been caused by changes to Rust's type-inference algorithm (see issue #148922 <https://github.com/rust-lang/rust/issues/148922> for more information)
[INFO] [stdout]     = help: you might have intended to use the type `()` here instead
[INFO] [stdout] note: required by a bound in `PgStream::recv_expect`
[INFO] [stdout]    --> /opt/rustwide/cargo-home/registry/src/index.crates.io-1949cf8c6b5b557f/sqlx-postgres-0.7.4/src/connection/stream.rs:68:45
[INFO] [stdout]     |
[INFO] [stdout]  41 | impl PgStream {
[INFO] [stdout] ...
[INFO] [stdout]  68 |     pub(crate) async fn recv_expect<'de, T: Decode<'de>>(
[INFO] [stdout]     |                                             ^^^^^^^^^^^ required by this bound in `PgStream::recv_expect`
[INFO] [stdout] 
[INFO] [stdout] 
[INFO] [stdout] error[E0277]: the trait bound `!: sqlx_core::io::Decode<'_>` is not satisfied
[INFO] [stdout]    --> /opt/rustwide/cargo-home/registry/src/index.crates.io-1949cf8c6b5b557f/sqlx-postgres-0.7.4/src/copy.rs:279:25
[INFO] [stdout]     |
[INFO] [stdout] 279 | /                         conn.stream
[INFO] [stdout] 280 | |                             .recv_expect(MessageFormat::ReadyForQuery)
[INFO] [stdout]     | |______________________________________________________________________^ the trait `sqlx_core::io::Decode<'_>` is not implemented for `!`
[INFO] [stdout]     |
[INFO] [stdout]     = help: the following other types implement trait `sqlx_core::io::Decode<'de, Context>`:
[INFO] [stdout]               ()
[INFO] [stdout]               Authentication
[INFO] [stdout]               AuthenticationSaslContinue
[INFO] [stdout]               AuthenticationSaslFinal
[INFO] [stdout]               BackendKeyData
[INFO] [stdout]               CommandComplete
[INFO] [stdout]               CopyData<sqlx_core::bytes::Bytes>
[INFO] [stdout]               CopyDone
[INFO] [stdout]             and 10 others
[INFO] [stdout]     = note: this error might have been caused by changes to Rust's type-inference algorithm (see issue #148922 <https://github.com/rust-lang/rust/issues/148922> for more information)
[INFO] [stdout]     = help: you might have intended to use the type `()` here instead
[INFO] [stdout] note: required by a bound in `PgStream::recv_expect`
[INFO] [stdout]    --> /opt/rustwide/cargo-home/registry/src/index.crates.io-1949cf8c6b5b557f/sqlx-postgres-0.7.4/src/connection/stream.rs:68:45
[INFO] [stdout]     |
[INFO] [stdout]  41 | impl PgStream {
[INFO] [stdout] ...
[INFO] [stdout]  68 |     pub(crate) async fn recv_expect<'de, T: Decode<'de>>(
[INFO] [stdout]     |                                             ^^^^^^^^^^^ required by this bound in `PgStream::recv_expect`
[INFO] [stdout] 
[INFO] [stdout] 
[INFO] [stdout] error[E0277]: the trait bound `!: sqlx_core::io::Decode<'_>` is not satisfied
[INFO] [stdout]    --> /opt/rustwide/cargo-home/registry/src/index.crates.io-1949cf8c6b5b557f/sqlx-postgres-0.7.4/src/copy.rs:281:30
[INFO] [stdout]     |
[INFO] [stdout] 281 | ...                   .await?;
[INFO] [stdout]     |                        ^^^^^ the trait `sqlx_core::io::Decode<'_>` is not implemented for `!`
[INFO] [stdout]     |
[INFO] [stdout]     = help: the following other types implement trait `sqlx_core::io::Decode<'de, Context>`:
[INFO] [stdout]               ()
[INFO] [stdout]               Authentication
[INFO] [stdout]               AuthenticationSaslContinue
[INFO] [stdout]               AuthenticationSaslFinal
[INFO] [stdout]               BackendKeyData
[INFO] [stdout]               CommandComplete
[INFO] [stdout]               CopyData<sqlx_core::bytes::Bytes>
[INFO] [stdout]               CopyDone
[INFO] [stdout]             and 10 others
[INFO] [stdout]     = note: this error might have been caused by changes to Rust's type-inference algorithm (see issue #148922 <https://github.com/rust-lang/rust/issues/148922> for more information)
[INFO] [stdout]     = help: you might have intended to use the type `()` here instead
[INFO] [stdout] note: required by a bound in `PgStream::recv_expect`
[INFO] [stdout]    --> /opt/rustwide/cargo-home/registry/src/index.crates.io-1949cf8c6b5b557f/sqlx-postgres-0.7.4/src/connection/stream.rs:68:45
[INFO] [stdout]     |
[INFO] [stdout]  41 | impl PgStream {
[INFO] [stdout] ...
[INFO] [stdout]  68 |     pub(crate) async fn recv_expect<'de, T: Decode<'de>>(
[INFO] [stdout]     |                                             ^^^^^^^^^^^ required by this bound in `PgStream::recv_expect`
[INFO] [stdout] 
[INFO] [stdout] 
[INFO] [stdout] error[E0277]: the trait bound `!: sqlx_core::io::Decode<'_>` is not satisfied
[INFO] [stdout]    --> /opt/rustwide/cargo-home/registry/src/index.crates.io-1949cf8c6b5b557f/sqlx-postgres-0.7.4/src/copy.rs:314:14
[INFO] [stdout]     |
[INFO] [stdout] 314 |             .recv_expect(MessageFormat::ReadyForQuery)
[INFO] [stdout]     |              ^^^^^^^^^^^ the trait `sqlx_core::io::Decode<'_>` is not implemented for `!`
[INFO] [stdout]     |
[INFO] [stdout]     = help: the following other types implement trait `sqlx_core::io::Decode<'de, Context>`:
[INFO] [stdout]               ()
[INFO] [stdout]               Authentication
[INFO] [stdout]               AuthenticationSaslContinue
[INFO] [stdout]               AuthenticationSaslFinal
[INFO] [stdout]               BackendKeyData
[INFO] [stdout]               CommandComplete
[INFO] [stdout]               CopyData<sqlx_core::bytes::Bytes>
[INFO] [stdout]               CopyDone
[INFO] [stdout]             and 10 others
[INFO] [stdout]     = note: this error might have been caused by changes to Rust's type-inference algorithm (see issue #148922 <https://github.com/rust-lang/rust/issues/148922> for more information)
[INFO] [stdout]     = help: you might have intended to use the type `()` here instead
[INFO] [stdout] note: required by a bound in `PgStream::recv_expect`
[INFO] [stdout]    --> /opt/rustwide/cargo-home/registry/src/index.crates.io-1949cf8c6b5b557f/sqlx-postgres-0.7.4/src/connection/stream.rs:68:45
[INFO] [stdout]     |
[INFO] [stdout]  41 | impl PgStream {
[INFO] [stdout] ...
[INFO] [stdout]  68 |     pub(crate) async fn recv_expect<'de, T: Decode<'de>>(
[INFO] [stdout]     |                                             ^^^^^^^^^^^ required by this bound in `PgStream::recv_expect`
[INFO] [stdout] 
[INFO] [stdout] 
[INFO] [stdout] error[E0277]: the trait bound `!: sqlx_core::io::Decode<'_>` is not satisfied
[INFO] [stdout]    --> /opt/rustwide/cargo-home/registry/src/index.crates.io-1949cf8c6b5b557f/sqlx-postgres-0.7.4/src/copy.rs:313:9
[INFO] [stdout]     |
[INFO] [stdout] 313 | /         conn.stream
[INFO] [stdout] 314 | |             .recv_expect(MessageFormat::ReadyForQuery)
[INFO] [stdout]     | |______________________________________________________^ the trait `sqlx_core::io::Decode<'_>` is not implemented for `!`
[INFO] [stdout]     |
[INFO] [stdout]     = help: the following other types implement trait `sqlx_core::io::Decode<'de, Context>`:
[INFO] [stdout]               ()
[INFO] [stdout]               Authentication
[INFO] [stdout]               AuthenticationSaslContinue
[INFO] [stdout]               AuthenticationSaslFinal
[INFO] [stdout]               BackendKeyData
[INFO] [stdout]               CommandComplete
[INFO] [stdout]               CopyData<sqlx_core::bytes::Bytes>
[INFO] [stdout]               CopyDone
[INFO] [stdout]             and 10 others
[INFO] [stdout]     = note: this error might have been caused by changes to Rust's type-inference algorithm (see issue #148922 <https://github.com/rust-lang/rust/issues/148922> for more information)
[INFO] [stdout]     = help: you might have intended to use the type `()` here instead
[INFO] [stdout] note: required by a bound in `PgStream::recv_expect`
[INFO] [stdout]    --> /opt/rustwide/cargo-home/registry/src/index.crates.io-1949cf8c6b5b557f/sqlx-postgres-0.7.4/src/connection/stream.rs:68:45
[INFO] [stdout]     |
[INFO] [stdout]  41 | impl PgStream {
[INFO] [stdout] ...
[INFO] [stdout]  68 |     pub(crate) async fn recv_expect<'de, T: Decode<'de>>(
[INFO] [stdout]     |                                             ^^^^^^^^^^^ required by this bound in `PgStream::recv_expect`
[INFO] [stdout] 
[INFO] [stdout] 
[INFO] [stdout] error[E0277]: the trait bound `!: sqlx_core::io::Decode<'_>` is not satisfied
[INFO] [stdout]    --> /opt/rustwide/cargo-home/registry/src/index.crates.io-1949cf8c6b5b557f/sqlx-postgres-0.7.4/src/copy.rs:315:14
[INFO] [stdout]     |
[INFO] [stdout] 315 |             .await?;
[INFO] [stdout]     |              ^^^^^ the trait `sqlx_core::io::Decode<'_>` is not implemented for `!`
[INFO] [stdout]     |
[INFO] [stdout]     = help: the following other types implement trait `sqlx_core::io::Decode<'de, Context>`:
[INFO] [stdout]               ()
[INFO] [stdout]               Authentication
[INFO] [stdout]               AuthenticationSaslContinue
[INFO] [stdout]               AuthenticationSaslFinal
[INFO] [stdout]               BackendKeyData
[INFO] [stdout]               CommandComplete
[INFO] [stdout]               CopyData<sqlx_core::bytes::Bytes>
[INFO] [stdout]               CopyDone
[INFO] [stdout]             and 10 others
[INFO] [stdout]     = note: this error might have been caused by changes to Rust's type-inference algorithm (see issue #148922 <https://github.com/rust-lang/rust/issues/148922> for more information)
[INFO] [stdout]     = help: you might have intended to use the type `()` here instead
[INFO] [stdout] note: required by a bound in `PgStream::recv_expect`
[INFO] [stdout]    --> /opt/rustwide/cargo-home/registry/src/index.crates.io-1949cf8c6b5b557f/sqlx-postgres-0.7.4/src/connection/stream.rs:68:45
[INFO] [stdout]     |
[INFO] [stdout]  41 | impl PgStream {
[INFO] [stdout] ...
[INFO] [stdout]  68 |     pub(crate) async fn recv_expect<'de, T: Decode<'de>>(
[INFO] [stdout]     |                                             ^^^^^^^^^^^ required by this bound in `PgStream::recv_expect`
[INFO] [stdout] 
[INFO] [stdout] 
[INFO] [stdout] error[E0277]: the trait bound `!: sqlx_core::io::Decode<'_>` is not satisfied
[INFO] [stdout]    --> /opt/rustwide/cargo-home/registry/src/index.crates.io-1949cf8c6b5b557f/sqlx-postgres-0.7.4/src/copy.rs:350:33
[INFO] [stdout]     |
[INFO] [stdout] 350 |                     conn.stream.recv_expect(MessageFormat::CommandComplete).await?;
[INFO] [stdout]     |                                 ^^^^^^^^^^^ the trait `sqlx_core::io::Decode<'_>` is not implemented for `!`
[INFO] [stdout]     |
[INFO] [stdout]     = help: the following other types implement trait `sqlx_core::io::Decode<'de, Context>`:
[INFO] [stdout]               ()
[INFO] [stdout]               Authentication
[INFO] [stdout]               AuthenticationSaslContinue
[INFO] [stdout]               AuthenticationSaslFinal
[INFO] [stdout]               BackendKeyData
[INFO] [stdout]               CommandComplete
[INFO] [stdout]               CopyData<sqlx_core::bytes::Bytes>
[INFO] [stdout]               CopyDone
[INFO] [stdout]             and 10 others
[INFO] [stdout]     = note: this error might have been caused by changes to Rust's type-inference algorithm (see issue #148922 <https://github.com/rust-lang/rust/issues/148922> for more information)
[INFO] [stdout]     = help: you might have intended to use the type `()` here instead
[INFO] [stdout] note: required by a bound in `PgStream::recv_expect`
[INFO] [stdout]    --> /opt/rustwide/cargo-home/registry/src/index.crates.io-1949cf8c6b5b557f/sqlx-postgres-0.7.4/src/connection/stream.rs:68:45
[INFO] [stdout]     |
[INFO] [stdout]  41 | impl PgStream {
[INFO] [stdout] ...
[INFO] [stdout]  68 |     pub(crate) async fn recv_expect<'de, T: Decode<'de>>(
[INFO] [stdout]     |                                             ^^^^^^^^^^^ required by this bound in `PgStream::recv_expect`
[INFO] [stdout] 
[INFO] [stdout] 
[INFO] [stdout] error[E0277]: the trait bound `!: sqlx_core::io::Decode<'_>` is not satisfied
[INFO] [stdout]    --> /opt/rustwide/cargo-home/registry/src/index.crates.io-1949cf8c6b5b557f/sqlx-postgres-0.7.4/src/copy.rs:350:21
[INFO] [stdout]     |
[INFO] [stdout] 350 |                     conn.stream.recv_expect(MessageFormat::CommandComplete).await?;
[INFO] [stdout]     |                     ^^^^^^^^^^^^^^^^^^^^^^^^^^^^^^^^^^^^^^^^^^^^^^^^^^^^^^^ the trait `sqlx_core::io::Decode<'_>` is not implemented for `!`
[INFO] [stdout]     |
[INFO] [stdout]     = help: the following other types implement trait `sqlx_core::io::Decode<'de, Context>`:
[INFO] [stdout]               ()
[INFO] [stdout]               Authentication
[INFO] [stdout]               AuthenticationSaslContinue
[INFO] [stdout]               AuthenticationSaslFinal
[INFO] [stdout]               BackendKeyData
[INFO] [stdout]               CommandComplete
[INFO] [stdout]               CopyData<sqlx_core::bytes::Bytes>
[INFO] [stdout]               CopyDone
[INFO] [stdout]             and 10 others
[INFO] [stdout]     = note: this error might have been caused by changes to Rust's type-inference algorithm (see issue #148922 <https://github.com/rust-lang/rust/issues/148922> for more information)
[INFO] [stdout]     = help: you might have intended to use the type `()` here instead
[INFO] [stdout] note: required by a bound in `PgStream::recv_expect`
[INFO] [stdout]    --> /opt/rustwide/cargo-home/registry/src/index.crates.io-1949cf8c6b5b557f/sqlx-postgres-0.7.4/src/connection/stream.rs:68:45
[INFO] [stdout]     |
[INFO] [stdout]  41 | impl PgStream {
[INFO] [stdout] ...
[INFO] [stdout]  68 |     pub(crate) async fn recv_expect<'de, T: Decode<'de>>(
[INFO] [stdout]     |                                             ^^^^^^^^^^^ required by this bound in `PgStream::recv_expect`
[INFO] [stdout] 
[INFO] [stdout] 
[INFO] [stdout] error[E0277]: the trait bound `!: sqlx_core::io::Decode<'_>` is not satisfied
[INFO] [stdout]    --> /opt/rustwide/cargo-home/registry/src/index.crates.io-1949cf8c6b5b557f/sqlx-postgres-0.7.4/src/copy.rs:351:33
[INFO] [stdout]     |
[INFO] [stdout] 351 |                     conn.stream.recv_expect(MessageFormat::ReadyForQuery).await?;
[INFO] [stdout]     |                                 ^^^^^^^^^^^ the trait `sqlx_core::io::Decode<'_>` is not implemented for `!`
[INFO] [stdout]     |
[INFO] [stdout]     = help: the following other types implement trait `sqlx_core::io::Decode<'de, Context>`:
[INFO] [stdout]               ()
[INFO] [stdout]               Authentication
[INFO] [stdout]               AuthenticationSaslContinue
[INFO] [stdout]               AuthenticationSaslFinal
[INFO] [stdout]               BackendKeyData
[INFO] [stdout]               CommandComplete
[INFO] [stdout]               CopyData<sqlx_core::bytes::Bytes>
[INFO] [stdout]               CopyDone
[INFO] [stdout]             and 10 others
[INFO] [stdout]     = note: this error might have been caused by changes to Rust's type-inference algorithm (see issue #148922 <https://github.com/rust-lang/rust/issues/148922> for more information)
[INFO] [stdout]     = help: you might have intended to use the type `()` here instead
[INFO] [stdout] note: required by a bound in `PgStream::recv_expect`
[INFO] [stdout]    --> /opt/rustwide/cargo-home/registry/src/index.crates.io-1949cf8c6b5b557f/sqlx-postgres-0.7.4/src/connection/stream.rs:68:45
[INFO] [stdout]     |
[INFO] [stdout]  41 | impl PgStream {
[INFO] [stdout] ...
[INFO] [stdout]  68 |     pub(crate) async fn recv_expect<'de, T: Decode<'de>>(
[INFO] [stdout]     |                                             ^^^^^^^^^^^ required by this bound in `PgStream::recv_expect`
[INFO] [stdout] 
[INFO] [stdout] 
[INFO] [stdout] error[E0277]: the trait bound `!: sqlx_core::io::Decode<'_>` is not satisfied
[INFO] [stdout]    --> /opt/rustwide/cargo-home/registry/src/index.crates.io-1949cf8c6b5b557f/sqlx-postgres-0.7.4/src/copy.rs:351:21
[INFO] [stdout]     |
[INFO] [stdout] 351 |                     conn.stream.recv_expect(MessageFormat::ReadyForQuery).await?;
[INFO] [stdout]     |                     ^^^^^^^^^^^^^^^^^^^^^^^^^^^^^^^^^^^^^^^^^^^^^^^^^^^^^ the trait `sqlx_core::io::Decode<'_>` is not implemented for `!`
[INFO] [stdout]     |
[INFO] [stdout]     = help: the following other types implement trait `sqlx_core::io::Decode<'de, Context>`:
[INFO] [stdout]               ()
[INFO] [stdout]               Authentication
[INFO] [stdout]               AuthenticationSaslContinue
[INFO] [stdout]               AuthenticationSaslFinal
[INFO] [stdout]               BackendKeyData
[INFO] [stdout]               CommandComplete
[INFO] [stdout]               CopyData<sqlx_core::bytes::Bytes>
[INFO] [stdout]               CopyDone
[INFO] [stdout]             and 10 others
[INFO] [stdout]     = note: this error might have been caused by changes to Rust's type-inference algorithm (see issue #148922 <https://github.com/rust-lang/rust/issues/148922> for more information)
[INFO] [stdout]     = help: you might have intended to use the type `()` here instead
[INFO] [stdout] note: required by a bound in `PgStream::recv_expect`
[INFO] [stdout]    --> /opt/rustwide/cargo-home/registry/src/index.crates.io-1949cf8c6b5b557f/sqlx-postgres-0.7.4/src/connection/stream.rs:68:45
[INFO] [stdout]     |
[INFO] [stdout]  41 | impl PgStream {
[INFO] [stdout] ...
[INFO] [stdout]  68 |     pub(crate) async fn recv_expect<'de, T: Decode<'de>>(
[INFO] [stdout]     |                                             ^^^^^^^^^^^ required by this bound in `PgStream::recv_expect`
[INFO] [stdout] 
[INFO] [stdout] 
[INFO] [stdout] error[E0277]: the trait bound `!: sqlx_core::io::Decode<'_>` is not satisfied
[INFO] [stdout]    --> /opt/rustwide/cargo-home/registry/src/index.crates.io-1949cf8c6b5b557f/sqlx-postgres-0.7.4/src/copy.rs:350:77
[INFO] [stdout]     |
[INFO] [stdout] 350 |                     conn.stream.recv_expect(MessageFormat::CommandComplete).await?;
[INFO] [stdout]     |                                                                             ^^^^^ the trait `sqlx_core::io::Decode<'_>` is not implemented for `!`
[INFO] [stdout]     |
[INFO] [stdout]     = help: the following other types implement trait `sqlx_core::io::Decode<'de, Context>`:
[INFO] [stdout]               ()
[INFO] [stdout]               Authentication
[INFO] [stdout]               AuthenticationSaslContinue
[INFO] [stdout]               AuthenticationSaslFinal
[INFO] [stdout]               BackendKeyData
[INFO] [stdout]               CommandComplete
[INFO] [stdout]               CopyData<sqlx_core::bytes::Bytes>
[INFO] [stdout]               CopyDone
[INFO] [stdout]             and 10 others
[INFO] [stdout]     = note: this error might have been caused by changes to Rust's type-inference algorithm (see issue #148922 <https://github.com/rust-lang/rust/issues/148922> for more information)
[INFO] [stdout]     = help: you might have intended to use the type `()` here instead
[INFO] [stdout] note: required by a bound in `PgStream::recv_expect`
[INFO] [stdout]    --> /opt/rustwide/cargo-home/registry/src/index.crates.io-1949cf8c6b5b557f/sqlx-postgres-0.7.4/src/connection/stream.rs:68:45
[INFO] [stdout]     |
[INFO] [stdout]  41 | impl PgStream {
[INFO] [stdout] ...
[INFO] [stdout]  68 |     pub(crate) async fn recv_expect<'de, T: Decode<'de>>(
[INFO] [stdout]     |                                             ^^^^^^^^^^^ required by this bound in `PgStream::recv_expect`
[INFO] [stdout] 
[INFO] [stdout] 
[INFO] [stdout] error[E0277]: the trait bound `!: sqlx_core::io::Decode<'_>` is not satisfied
[INFO] [stdout]    --> /opt/rustwide/cargo-home/registry/src/index.crates.io-1949cf8c6b5b557f/sqlx-postgres-0.7.4/src/copy.rs:351:75
[INFO] [stdout]     |
[INFO] [stdout] 351 |                     conn.stream.recv_expect(MessageFormat::ReadyForQuery).await?;
[INFO] [stdout]     |                                                                           ^^^^^ the trait `sqlx_core::io::Decode<'_>` is not implemented for `!`
[INFO] [stdout]     |
[INFO] [stdout]     = help: the following other types implement trait `sqlx_core::io::Decode<'de, Context>`:
[INFO] [stdout]               ()
[INFO] [stdout]               Authentication
[INFO] [stdout]               AuthenticationSaslContinue
[INFO] [stdout]               AuthenticationSaslFinal
[INFO] [stdout]               BackendKeyData
[INFO] [stdout]               CommandComplete
[INFO] [stdout]               CopyData<sqlx_core::bytes::Bytes>
[INFO] [stdout]               CopyDone
[INFO] [stdout]             and 10 others
[INFO] [stdout]     = note: this error might have been caused by changes to Rust's type-inference algorithm (see issue #148922 <https://github.com/rust-lang/rust/issues/148922> for more information)
[INFO] [stdout]     = help: you might have intended to use the type `()` here instead
[INFO] [stdout] note: required by a bound in `PgStream::recv_expect`
[INFO] [stdout]    --> /opt/rustwide/cargo-home/registry/src/index.crates.io-1949cf8c6b5b557f/sqlx-postgres-0.7.4/src/connection/stream.rs:68:45
[INFO] [stdout]     |
[INFO] [stdout]  41 | impl PgStream {
[INFO] [stdout] ...
[INFO] [stdout]  68 |     pub(crate) async fn recv_expect<'de, T: Decode<'de>>(
[INFO] [stdout]     |                                             ^^^^^^^^^^^ required by this bound in `PgStream::recv_expect`
[INFO] [stdout] 
[INFO] [stdout] 
[INFO] [stderr]     Checking tera v1.20.1
[INFO] [stderr]     Checking hyper v1.11.1
[INFO] [stdout] For more information about this error, try `rustc --explain E0277`.
[INFO] [stdout] 
[INFO] [stderr] error: could not compile `sqlx-postgres` (lib) due to 15 previous errors
[INFO] [stderr] warning: build failed, waiting for other jobs to finish...
[INFO] running `Command { std: "docker" "inspect" "0d3cd80a8c9377c456b76b43fd5cb249a07df0bc3c369ca2eef39bfbbda28c21", kill_on_drop: false }`
[INFO] running `Command { std: "docker" "rm" "-f" "0d3cd80a8c9377c456b76b43fd5cb249a07df0bc3c369ca2eef39bfbbda28c21", kill_on_drop: false }`
[INFO] [stdout] 0d3cd80a8c9377c456b76b43fd5cb249a07df0bc3c369ca2eef39bfbbda28c21
