[INFO] cloning repository https://github.com/coinzero/image_tools
[INFO] running `Command { std: "git" "-c" "credential.helper=" "-c" "credential.helper=/workspace/cargo-home/bin/git-credential-null" "clone" "--bare" "https://github.com/coinzero/image_tools" "/workspace/cache/git-repos/https%3A%2F%2Fgithub.com%2Fcoinzero%2Fimage_tools", kill_on_drop: false }`
[INFO] [stderr] Cloning into bare repository '/workspace/cache/git-repos/https%3A%2F%2Fgithub.com%2Fcoinzero%2Fimage_tools'...
[INFO] running `Command { std: "git" "rev-parse" "HEAD", kill_on_drop: false }`
[INFO] [stdout] c139425c5da6aab097ea0c9275aee10c7a233bb1
[INFO] documenting coinzero/image_tools against 1.100.0-beta.1 for beta-rustdoc-1.100
[INFO] running `Command { std: "git" "clone" "/workspace/cache/git-repos/https%3A%2F%2Fgithub.com%2Fcoinzero%2Fimage_tools" "/workspace/builds/worker-4-tc2/source", kill_on_drop: false }`
[INFO] [stderr] Cloning into '/workspace/builds/worker-4-tc2/source'...
[INFO] [stderr] done.
[INFO] started tweaking git repo https://github.com/coinzero/image_tools
[INFO] finished tweaking git repo https://github.com/coinzero/image_tools
[INFO] tweaked toml for git repo https://github.com/coinzero/image_tools written to /workspace/builds/worker-4-tc2/source/Cargo.toml
[INFO] validating manifest of git repo https://github.com/coinzero/image_tools on toolchain 1.100.0-beta.1
[INFO] running `Command { std: CARGO_HOME="/workspace/cargo-home" RUSTUP_HOME="/workspace/rustup-home" "/workspace/cargo-home/bin/cargo" "+1.100.0-beta.1" "metadata" "--manifest-path" "Cargo.toml" "--no-deps", kill_on_drop: false }`
[INFO] crate git repo https://github.com/coinzero/image_tools already has a lockfile, it will not be regenerated
[INFO] running `Command { std: CARGO_HOME="/workspace/cargo-home" RUSTUP_HOME="/workspace/rustup-home" "/workspace/cargo-home/bin/cargo" "+1.100.0-beta.1" "fetch" "--manifest-path" "Cargo.toml", kill_on_drop: false }`
[INFO] running `Command { std: "docker" "create" "-v" "/var/lib/crater-agent-workspace/builds/worker-4-tc2/source:/opt/rustwide/workdir:ro,Z" "-v" "/var/lib/crater-agent-workspace/builds/worker-4-tc2/target:/opt/rustwide/target:rw,Z" "-v" "/var/lib/crater-agent-workspace/cargo-home:/opt/rustwide/cargo-home:ro,Z" "-v" "/var/lib/crater-agent-workspace/rustup-home:/opt/rustwide/rustup-home:ro,Z" "-m" "1610612736" "--network" "none" "ghcr.io/rust-lang/crates-build-env/linux@sha256:3111399a4047eeb3a02b7a90e478d715f38a8c6669b5c4b49d30a17385265909" "sleep" "infinity", kill_on_drop: false }`
[INFO] [stdout] b6acbcd7d7ea05464527ae8e699a36b9c9f8e10b495c13286d9972fb1dccfc6e
[INFO] running `Command { std: "docker" "start" "b6acbcd7d7ea05464527ae8e699a36b9c9f8e10b495c13286d9972fb1dccfc6e", kill_on_drop: false }`
[INFO] running `Command { std: "docker" "inspect" "b6acbcd7d7ea05464527ae8e699a36b9c9f8e10b495c13286d9972fb1dccfc6e", kill_on_drop: false }`
[INFO] running `Command { std: "docker" "exec" "-e" "SOURCE_DIR=/opt/rustwide/workdir" "-e" "CARGO_HOME=/opt/rustwide/cargo-home" "-e" "RUSTUP_HOME=/opt/rustwide/rustup-home" "-e" "CARGO_TARGET_DIR=/opt/rustwide/target" "-w" "/opt/rustwide/workdir" "--user" "0:0" "b6acbcd7d7ea05464527ae8e699a36b9c9f8e10b495c13286d9972fb1dccfc6e" "/opt/rustwide/cargo-home/bin/cargo" "+1.100.0-beta.1" "metadata" "--no-deps" "--format-version=1", kill_on_drop: false }`
[INFO] running `Command { std: "docker" "inspect" "b6acbcd7d7ea05464527ae8e699a36b9c9f8e10b495c13286d9972fb1dccfc6e", kill_on_drop: false }`
[INFO] running `Command { std: "docker" "exec" "-e" "SOURCE_DIR=/opt/rustwide/workdir" "-e" "CARGO_HOME=/opt/rustwide/cargo-home" "-e" "RUSTUP_HOME=/opt/rustwide/rustup-home" "-e" "CARGO_TARGET_DIR=/opt/rustwide/target" "-e" "CARGO_INCREMENTAL=0" "-e" "RUST_BACKTRACE=full" "-e" "RUSTFLAGS=--cap-lints=warn" "-e" "RUSTDOCFLAGS=--cap-lints=warn" "-w" "/opt/rustwide/workdir" "--user" "0:0" "b6acbcd7d7ea05464527ae8e699a36b9c9f8e10b495c13286d9972fb1dccfc6e" "/opt/rustwide/cargo-home/bin/cargo" "+1.100.0-beta.1" "doc" "--frozen" "--no-deps" "--document-private-items" "--message-format=json", kill_on_drop: false }`
[INFO] [stderr]    Compiling libc v0.2.139
[INFO] [stderr]    Compiling proc-macro2 v1.0.50
[INFO] [stderr]    Compiling syn v1.0.107
[INFO] [stderr]     Checking once_cell v1.17.0
[INFO] [stderr]    Compiling log v0.4.17
[INFO] [stderr]    Compiling cfg-if v1.0.0
[INFO] [stderr]    Compiling ahash v0.7.6
[INFO] [stderr]    Compiling xml-rs v0.8.4
[INFO] [stderr]    Compiling crossbeam-utils v0.8.14
[INFO] [stderr]    Compiling futures-core v0.3.26
[INFO] [stderr]    Compiling serde_derive v1.0.152
[INFO] [stderr]    Compiling serde v1.0.152
[INFO] [stderr]    Compiling indexmap v1.9.2
[INFO] [stderr]    Compiling wayland-sys v0.29.5
[INFO] [stderr]     Checking libloading v0.7.4
[INFO] [stderr]    Compiling nom8 v0.2.0
[INFO] [stderr]    Compiling quote v1.0.23
[INFO] [stderr]     Checking dlib v0.5.0
[INFO] [stderr]    Compiling slab v0.4.7
[INFO] [stderr]    Compiling toml_datetime v0.5.1
[INFO] [stderr]     Checking futures-io v0.3.26
[INFO] [stderr]    Compiling wayland-scanner v0.29.5
[INFO] [stderr]    Compiling futures-task v0.3.26
[INFO] [stderr]    Compiling futures-channel v0.3.26
[INFO] [stderr]    Compiling khronos_api v3.1.0
[INFO] [stderr]     Checking byteorder v1.4.3
[INFO] [stderr]     Checking tracing-core v0.1.30
[INFO] [stderr]    Compiling memoffset v0.7.1
[INFO] [stderr]    Compiling typenum v1.16.0
[INFO] [stderr]     Checking fastrand v1.8.0
[INFO] [stderr]     Checking getrandom v0.2.8
[INFO] [stderr]     Checking parking_lot_core v0.9.7
[INFO] [stderr]     Checking nix v0.24.3
[INFO] [stderr]     Checking waker-fn v1.1.0
[INFO] [stderr]     Checking parking v2.0.0
[INFO] [stderr]     Checking parking_lot v0.12.1
[INFO] [stderr]     Checking futures-sink v0.3.26
[INFO] [stderr]    Compiling futures-util v0.3.26
[INFO] [stderr]     Checking futures-lite v1.12.0
[INFO] [stderr]     Checking nom v7.1.3
[INFO] [stderr]    Compiling hashbrown v0.12.3
[INFO] [stderr]    Compiling wayland-client v0.29.5
[INFO] [stderr]    Compiling wayland-protocols v0.29.5
[INFO] [stderr]     Checking concurrent-queue v2.1.0
[INFO] [stderr]    Compiling aho-corasick v0.7.20
[INFO] [stderr]    Compiling generic-array v0.14.6
[INFO] [stderr]    Compiling polling v2.5.2
[INFO] [stderr]     Checking wayland-commons v0.29.5
[INFO] [stderr]    Compiling crossbeam-epoch v0.9.13
[INFO] [stderr]    Compiling semver v1.0.16
[INFO] [stderr]    Compiling regex-syntax v0.6.28
[INFO] [stderr]    Compiling gl_generator v0.14.0
[INFO] [stderr]     Checking async-lock v2.6.0
[INFO] [stderr]    Compiling toml_edit v0.18.1
[INFO] [stderr]     Checking xcursor v0.3.4
[INFO] [stderr]     Checking rand_core v0.6.4
[INFO] [stderr]     Checking nix v0.22.3
[INFO] [stderr]    Compiling async-io v1.12.0
[INFO] [stderr]    Compiling async-trait v0.1.64
[INFO] [stderr]     Checking rand_chacha v0.3.1
[INFO] [stderr]     Checking wayland-cursor v0.29.5
[INFO] [stderr]     Checking socket2 v0.4.7
[INFO] [stderr]     Checking dirs-sys v0.3.7
[INFO] [stderr]    Compiling x11-dl v2.21.0
[INFO] [stderr]    Compiling rayon-core v1.10.2
[INFO] [stderr]    Compiling parking_lot_core v0.8.6
[INFO] [stderr]     Checking async-task v4.3.0
[INFO] [stderr]     Checking ttf-parser v0.18.1
[INFO] [stderr]    Compiling thiserror v1.0.38
[INFO] [stderr]     Checking async-executor v1.5.0
[INFO] [stderr]     Checking dirs v4.0.0
[INFO] [stderr]    Compiling rustc_version v0.4.0
[INFO] [stderr]    Compiling proc-macro-crate v1.3.0
[INFO] [stderr]    Compiling regex v1.7.1
[INFO] [stderr]     Checking crossbeam-deque v0.8.2
[INFO] [stderr]     Checking rand v0.8.5
[INFO] [stderr]     Checking num_cpus v1.15.0
[INFO] [stderr]     Checking crossbeam-channel v0.5.6
[INFO] [stderr]    Compiling smithay-client-toolkit v0.15.4
[INFO] [stderr]     Checking instant v0.1.12
[INFO] [stderr]     Checking ab_glyph_rasterizer v0.1.8
[INFO] [stderr]     Checking calloop v0.9.3
[INFO] [stderr]     Checking block-buffer v0.10.3
[INFO] [stderr]     Checking crypto-common v0.1.6
[INFO] [stderr]     Checking memmap2 v0.3.1
[INFO] [stderr]    Compiling smithay-client-toolkit v0.16.0
[INFO] [stderr]     Checking unicode-bidi v0.3.10
[INFO] [stderr]     Checking either v1.8.1
[INFO] [stderr]    Compiling winit v0.26.1
[INFO] [stderr]     Checking rayon v1.6.1
[INFO] [stderr]     Checking owned_ttf_parser v0.18.1
[INFO] [stderr]     Checking ab_glyph v0.2.20
[INFO] [stderr]     Checking digest v0.10.6
[INFO] [stderr]     Checking idna v0.3.0
[INFO] [stderr]     Checking parking_lot v0.11.2
[INFO] [stderr]    Compiling glutin_glx_sys v0.1.8
[INFO] [stderr]    Compiling glutin_egl_sys v0.1.6
[INFO] [stderr]     Checking gethostname v0.2.3
[INFO] [stderr]     Checking mio v0.8.5
[INFO] [stderr]     Checking memmap2 v0.5.8
[INFO] [stderr]     Checking dlv-list v0.3.0
[INFO] [stderr]     Checking cpufeatures v0.2.5
[INFO] [stderr]    Compiling build_const v0.2.2
[INFO] [stderr]     Checking miniz_oxide v0.6.2
[INFO] [stderr]     Checking sha1 v0.10.5
[INFO] [stderr]     Checking ordered-multimap v0.4.3
[INFO] [stderr]    Compiling crc v1.8.1
[INFO] [stderr]     Checking x11rb v0.9.0
[INFO] [stderr]    Compiling tracing-attributes v0.1.23
[INFO] [stderr]    Compiling futures-macro v0.3.26
[INFO] [stderr]    Compiling enumflags2_derive v0.7.4
[INFO] [stderr]    Compiling zvariant_derive v3.10.0
[INFO] [stderr]    Compiling bytemuck_derive v1.4.0
[INFO] [stderr]     Checking tracing v0.1.37
[INFO] [stderr]    Compiling thiserror-impl v1.0.38
[INFO] [stderr]    Compiling serde_repr v0.1.10
[INFO] [stderr]     Checking bytemuck v1.13.0
[INFO] [stderr]    Compiling derivative v2.2.0
[INFO] [stderr]     Checking emath v0.18.0 (https://github.com/cessen/egui?branch=plot_fix#43d52b49)
[INFO] [stderr]     Checking epaint v0.18.1 (https://github.com/cessen/egui?branch=plot_fix#43d52b49)
[INFO] [stderr]    Compiling async-recursion v1.0.2
[INFO] [stderr]    Compiling zbus_macros v3.8.0
[INFO] [stderr]     Checking url v2.3.1
[INFO] [stderr]     Checking egui v0.18.1 (https://github.com/cessen/egui?branch=plot_fix#43d52b49)
[INFO] [stderr]     Checking async-broadcast v0.5.0
[INFO] [stderr]     Checking shared_library v0.1.9
[INFO] [stderr]     Checking nix v0.25.1
[INFO] [stderr]     Checking ordered-stream v0.1.4
[INFO] [stderr]    Compiling num-traits v0.2.15
[INFO] [stderr]     Checking sha1_smol v1.0.0
[INFO] [stderr]    Compiling dark-light v0.2.3
[INFO] [stderr]     Checking sha1 v0.6.1
[INFO] [stderr]     Checking futures-executor v0.3.26
[INFO] [stderr]     Checking osmesa-sys v0.1.2
[INFO] [stderr]     Checking flate2 v1.0.25
[INFO] [stderr]     Checking webbrowser v0.7.1
[INFO] [stderr]     Checking arboard v2.1.1
[INFO] [stderr]     Checking rust-ini v0.18.0
[INFO] [stderr]    Compiling zbus_macros v2.3.2
[INFO] [stderr]    Compiling async-recursion v0.3.2
[INFO] [stderr]     Checking wayland-egl v0.29.5
[INFO] [stderr]     Checking async-channel v1.8.0
[INFO] [stderr]     Checking async-broadcast v0.4.1
[INFO] [stderr]     Checking nix v0.23.2
[INFO] [stderr]     Checking ordered-stream v0.0.1
[INFO] [stderr]     Checking dconf_rs v0.3.0
[INFO] [stderr]     Checking glow v0.11.2
[INFO] [stderr]    Compiling glob v0.3.1
[INFO] [stderr]     Checking detect-desktop-environment v0.2.0
[INFO] [stderr]     Checking futures v0.3.26
[INFO] [stderr]     Checking jpeg-decoder v0.3.0
[INFO] [stderr]     Checking egui_glow v0.18.1 (https://github.com/cessen/egui?branch=plot_fix#43d52b49)
[INFO] [stderr]     Checking enumflags2 v0.7.5
[INFO] [stderr]     Checking scheduled-thread-pool v0.2.6
[INFO] [stderr]     Checking shared_data v0.3.1 (/opt/rustwide/workdir/sub_crates/shared_data)
[INFO] [stderr]    Compiling sensor_analysis v0.3.1 (/opt/rustwide/workdir/sub_crates/sensor_analysis)
[INFO] [stdout] warning: hiding a lifetime that's elided elsewhere is confusing
[INFO] [stdout]   --> sub_crates/shared_data/src/lib.rs:17:17
[INFO] [stdout]    |
[INFO] [stdout] 17 |     pub fn lock(&self) -> std::sync::RwLockReadGuard<T> {
[INFO] [stdout]    |                 ^^^^^     ^^^^^^^^^^^^^^^^^^^^^^^^^^^^^ the same lifetime is hidden here
[INFO] [stdout]    |                 |
[INFO] [stdout]    |                 the lifetime is elided here
[INFO] [stdout]    |
[INFO] [stdout]    = help: the same lifetime is referred to in inconsistent ways, making the signature confusing
[INFO] [stdout]    = note: `#[warn(mismatched_lifetime_syntaxes)]` on by default
[INFO] [stdout] help: use `'_` for type paths
[INFO] [stdout]    |
[INFO] [stdout] 17 |     pub fn lock(&self) -> std::sync::RwLockReadGuard<'_, T> {
[INFO] [stdout]    |                                                      +++
[INFO] [stdout] 
[INFO] [stdout] 
[INFO] [stdout] warning: hiding a lifetime that's elided elsewhere is confusing
[INFO] [stdout]   --> sub_crates/shared_data/src/lib.rs:26:21
[INFO] [stdout]    |
[INFO] [stdout] 26 |     pub fn try_lock(&self) -> Option<std::sync::RwLockReadGuard<T>> {
[INFO] [stdout]    |                     ^^^^^            ^^^^^^^^^^^^^^^^^^^^^^^^^^^^^ the same lifetime is hidden here
[INFO] [stdout]    |                     |
[INFO] [stdout]    |                     the lifetime is elided here
[INFO] [stdout]    |
[INFO] [stdout]    = help: the same lifetime is referred to in inconsistent ways, making the signature confusing
[INFO] [stdout] help: use `'_` for type paths
[INFO] [stdout]    |
[INFO] [stdout] 26 |     pub fn try_lock(&self) -> Option<std::sync::RwLockReadGuard<'_, T>> {
[INFO] [stdout]    |                                                                 +++
[INFO] [stdout] 
[INFO] [stdout] 
[INFO] [stdout] warning: hiding a lifetime that's elided elsewhere is confusing
[INFO] [stdout]   --> sub_crates/shared_data/src/lib.rs:34:21
[INFO] [stdout]    |
[INFO] [stdout] 34 |     pub fn lock_mut(&self) -> std::sync::RwLockWriteGuard<T> {
[INFO] [stdout]    |                     ^^^^^     ^^^^^^^^^^^^^^^^^^^^^^^^^^^^^^ the same lifetime is hidden here
[INFO] [stdout]    |                     |
[INFO] [stdout]    |                     the lifetime is elided here
[INFO] [stdout]    |
[INFO] [stdout]    = help: the same lifetime is referred to in inconsistent ways, making the signature confusing
[INFO] [stdout] help: use `'_` for type paths
[INFO] [stdout]    |
[INFO] [stdout] 34 |     pub fn lock_mut(&self) -> std::sync::RwLockWriteGuard<'_, T> {
[INFO] [stdout]    |                                                           +++
[INFO] [stdout] 
[INFO] [stdout] 
[INFO] [stdout] warning: hiding a lifetime that's elided elsewhere is confusing
[INFO] [stdout]   --> sub_crates/shared_data/src/lib.rs:43:25
[INFO] [stdout]    |
[INFO] [stdout] 43 |     pub fn try_lock_mut(&self) -> Option<std::sync::RwLockWriteGuard<T>> {
[INFO] [stdout]    |                         ^^^^^            ^^^^^^^^^^^^^^^^^^^^^^^^^^^^^^ the same lifetime is hidden here
[INFO] [stdout]    |                         |
[INFO] [stdout]    |                         the lifetime is elided here
[INFO] [stdout]    |
[INFO] [stdout]    = help: the same lifetime is referred to in inconsistent ways, making the signature confusing
[INFO] [stdout] help: use `'_` for type paths
[INFO] [stdout]    |
[INFO] [stdout] 43 |     pub fn try_lock_mut(&self) -> Option<std::sync::RwLockWriteGuard<'_, T>> {
[INFO] [stdout]    |                                                                      +++
[INFO] [stdout] 
[INFO] [stdout] 
[INFO] [stderr]     Checking job_queue v0.3.1 (/opt/rustwide/workdir/sub_crates/job_queue)
[INFO] [stderr]     Checking zvariant v3.10.0
[INFO] [stderr]     Checking fast_image_resize v2.5.0
[INFO] [stderr]     Checking tiff v0.8.0 (https://github.com/image-rs/image-tiff?rev=aa42fcb1bb1fa267507166e55d52b7428f15041f#aa42fcb1)
[INFO] [stderr]     Checking toml v0.5.11
[INFO] [stderr]     Checking lzma-rs v0.2.0
[INFO] [stderr]     Checking png v0.17.7
[INFO] [stderr]    Compiling enumn v0.1.6
[INFO] [stderr]     Checking atty v0.2.14
[INFO] [stderr]     Checking mutate_once v0.1.1
[INFO] [stderr]     Checking urlencoding v2.1.2
[INFO] [stderr]     Checking colorbox v0.3.0 (https://github.com/cessen/colorbox?branch=master#91e60cd3)
[INFO] [stderr]     Checking randomize v3.0.1
[INFO] [stderr]     Checking pollster v0.2.5
[INFO] [stderr]     Checking clap v2.34.0
[INFO] [stderr]     Checking kamadak-exif v0.5.5
[INFO] [stderr]     Checking ocio_gen v0.3.1 (/opt/rustwide/workdir/sub_crates/ocio_gen)
[INFO] [stdout] warning: use of deprecated constant `std::f32::INFINITY`: replaced by the `INFINITY` associated constant on `f32`
[INFO] [stdout]   --> sub_crates/sensor_analysis/src/lib.rs:31:23
[INFO] [stdout]    |
[INFO] [stdout] 31 |             std::f32::INFINITY,
[INFO] [stdout]    |                       ^^^^^^^^
[INFO] [stdout]    |
[INFO] [stdout]    = note: `#[warn(deprecated)]` on by default
[INFO] [stdout] 
[INFO] [stdout] 
[INFO] [stdout] warning: use of deprecated constant `std::f32::INFINITY`: replaced by the `INFINITY` associated constant on `f32`
[INFO] [stdout]   --> sub_crates/sensor_analysis/src/lib.rs:51:50
[INFO] [stdout]    |
[INFO] [stdout] 51 |             let mut best_ratio: f32 = -std::f32::INFINITY;
[INFO] [stdout]    |                                                  ^^^^^^^^
[INFO] [stdout] 
[INFO] [stdout] 
[INFO] [stdout] warning: unused import: `chroma`
[INFO] [stdout]    --> sub_crates/ocio_gen/src/tone_map.rs:186:17
[INFO] [stdout]     |
[INFO] [stdout] 186 |                 chroma,
[INFO] [stdout]     |                 ^^^^^^
[INFO] [stdout]     |
[INFO] [stdout]     = note: `#[warn(unused_imports)]` (part of `#[warn(unused)]`) on by default
[INFO] [stdout] 
[INFO] [stdout] 
[INFO] [stdout] warning: unused import: `crate::hsv_lut::make_hsv_lut`
[INFO] [stdout]    --> sub_crates/ocio_gen/src/tone_map.rs:228:13
[INFO] [stdout]     |
[INFO] [stdout] 228 |         use crate::hsv_lut::make_hsv_lut;
[INFO] [stdout]     |             ^^^^^^^^^^^^^^^^^^^^^^^^^^^^
[INFO] [stdout] 
[INFO] [stdout] 
[INFO] [stdout] warning: unused imports: `hsv_to_rgb` and `rgb_to_hsv`
[INFO] [stdout]    --> sub_crates/ocio_gen/src/tone_map.rs:229:42
[INFO] [stdout]     |
[INFO] [stdout] 229 |         use colorbox::transforms::ocio::{hsv_to_rgb, rgb_to_hsv};
[INFO] [stdout]     |                                          ^^^^^^^^^^  ^^^^^^^^^^
[INFO] [stdout] 
[INFO] [stdout] 
[INFO] [stdout] warning: use of deprecated constant `std::f64::INFINITY`: replaced by the `INFINITY` associated constant on `f64`
[INFO] [stdout]    --> sub_crates/ocio_gen/src/tone_map.rs:578:26
[INFO] [stdout]     |
[INFO] [stdout] 578 |         return std::f64::INFINITY;
[INFO] [stdout]     |                          ^^^^^^^^
[INFO] [stdout]     |
[INFO] [stdout]     = note: `#[warn(deprecated)]` on by default
[INFO] [stdout] 
[INFO] [stdout] 
[INFO] [stdout] warning: use of deprecated constant `std::f64::INFINITY`: replaced by the `INFINITY` associated constant on `f64`
[INFO] [stdout]    --> sub_crates/ocio_gen/src/tone_map.rs:395:24
[INFO] [stdout]     |
[INFO] [stdout] 395 |             -std::f64::INFINITY
[INFO] [stdout]     |                        ^^^^^^^^
[INFO] [stdout] 
[INFO] [stdout] 
[INFO] [stdout] warning: use of deprecated constant `std::f64::INFINITY`: replaced by the `INFINITY` associated constant on `f64`
[INFO] [stdout]    --> sub_crates/ocio_gen/src/tone_map.rs:397:23
[INFO] [stdout]     |
[INFO] [stdout] 397 |             std::f64::INFINITY
[INFO] [stdout]     |                       ^^^^^^^^
[INFO] [stdout] 
[INFO] [stdout] 
[INFO] [stdout] warning: field `lut_points` is never read
[INFO] [stdout]     --> sub_crates/ocio_gen/src/config.rs:1150:5
[INFO] [stdout]      |
[INFO] [stdout] 1147 | pub struct ExponentLUTMapper {
[INFO] [stdout]      |            ----------------- field in this struct
[INFO] [stdout] ...
[INFO] [stdout] 1150 |     lut_points: usize,
[INFO] [stdout]      |     ^^^^^^^^^^
[INFO] [stdout]      |
[INFO] [stdout]      = note: `ExponentLUTMapper` has derived impls for the traits `Clone` and `Debug`, but these are intentionally ignored during dead code analysis
[INFO] [stdout]      = note: `#[warn(dead_code)]` (part of `#[warn(unused)]`) on by default
[INFO] [stdout] 
[INFO] [stdout] 
[INFO] [stdout] warning: function `to_hsv` is never used
[INFO] [stdout]    --> sub_crates/ocio_gen/src/hsv_lut.rs:121:8
[INFO] [stdout]     |
[INFO] [stdout] 121 | pub fn to_hsv(rgb: (f64, f64, f64)) -> (f64, f64, f64) {
[INFO] [stdout]     |        ^^^^^^
[INFO] [stdout] 
[INFO] [stdout] 
[INFO] [stdout] warning: function `from_hsv` is never used
[INFO] [stdout]    --> sub_crates/ocio_gen/src/hsv_lut.rs:127:8
[INFO] [stdout]     |
[INFO] [stdout] 127 | pub fn from_hsv(hsv: (f64, f64, f64)) -> (f64, f64, f64) {
[INFO] [stdout]     |        ^^^^^^^^
[INFO] [stdout] 
[INFO] [stdout] 
[INFO] [stdout] warning: constant `SATURATION_THRESHOLD` is never used
[INFO] [stdout]    --> sub_crates/ocio_gen/src/tone_map.rs:463:7
[INFO] [stdout]     |
[INFO] [stdout] 463 | const SATURATION_THRESHOLD: f64 = 0.000_000_000_000_1;
[INFO] [stdout]     |       ^^^^^^^^^^^^^^^^^^^^
[INFO] [stdout] 
[INFO] [stdout] 
[INFO] [stdout] warning: function `saturation` is never used
[INFO] [stdout]    --> sub_crates/ocio_gen/src/tone_map.rs:468:4
[INFO] [stdout]     |
[INFO] [stdout] 468 | fn saturation(rgb: [f64; 3], gray_point: [f64; 3]) -> Option<f64> {
[INFO] [stdout]     |    ^^^^^^^^^^
[INFO] [stdout] 
[INFO] [stdout] 
[INFO] [stdout] warning: function `set_saturation` is never used
[INFO] [stdout]    --> sub_crates/ocio_gen/src/tone_map.rs:483:4
[INFO] [stdout]     |
[INFO] [stdout] 483 | fn set_saturation(rgb: [f64; 3], gray_point: [f64; 3], saturation: f64) -> [f64; 3] {
[INFO] [stdout]     |    ^^^^^^^^^^^^^^
[INFO] [stdout] 
[INFO] [stdout] 
[INFO] [stdout] warning: function `gamut_boundary_fac` is never used
[INFO] [stdout]    --> sub_crates/ocio_gen/src/tone_map.rs:499:4
[INFO] [stdout]     |
[INFO] [stdout] 499 | fn gamut_boundary_fac(from: [f64; 3], dir: [f64; 3]) -> Option<f64> {
[INFO] [stdout]     |    ^^^^^^^^^^^^^^^^^^
[INFO] [stdout] 
[INFO] [stdout] 
[INFO] [stdout] warning: function `smoothstep` is never used
[INFO] [stdout]    --> sub_crates/ocio_gen/src/tone_map.rs:606:4
[INFO] [stdout]     |
[INFO] [stdout] 606 | fn smoothstep(x: f64) -> f64 {
[INFO] [stdout]     |    ^^^^^^^^^^
[INFO] [stdout] 
[INFO] [stdout] 
[INFO] [stdout] warning: function `smootherstep` is never used
[INFO] [stdout]    --> sub_crates/ocio_gen/src/tone_map.rs:616:4
[INFO] [stdout]     |
[INFO] [stdout] 616 | fn smootherstep(x: f64) -> f64 {
[INFO] [stdout]     |    ^^^^^^^^^^^^
[INFO] [stdout] 
[INFO] [stdout] 
[INFO] [stdout] warning: function `vadd` is never used
[INFO] [stdout]    --> sub_crates/ocio_gen/src/tone_map.rs:626:4
[INFO] [stdout]     |
[INFO] [stdout] 626 | fn vadd(a: [f64; 3], b: [f64; 3]) -> [f64; 3] {
[INFO] [stdout]     |    ^^^^
[INFO] [stdout] 
[INFO] [stdout] 
[INFO] [stdout] warning: function `vsub` is never used
[INFO] [stdout]    --> sub_crates/ocio_gen/src/tone_map.rs:630:4
[INFO] [stdout]     |
[INFO] [stdout] 630 | fn vsub(a: [f64; 3], b: [f64; 3]) -> [f64; 3] {
[INFO] [stdout]     |    ^^^^
[INFO] [stdout] 
[INFO] [stdout] 
[INFO] [stdout] warning: function `vlen` is never used
[INFO] [stdout]    --> sub_crates/ocio_gen/src/tone_map.rs:638:4
[INFO] [stdout]     |
[INFO] [stdout] 638 | fn vlen(a: [f64; 3]) -> f64 {
[INFO] [stdout]     |    ^^^^
[INFO] [stdout] 
[INFO] [stdout] 
[INFO] [stdout] warning: function `vmax` is never used
[INFO] [stdout]    --> sub_crates/ocio_gen/src/tone_map.rs:642:4
[INFO] [stdout]     |
[INFO] [stdout] 642 | fn vmax(a: [f64; 3]) -> f64 {
[INFO] [stdout]     |    ^^^^
[INFO] [stdout] 
[INFO] [stdout] 
[INFO] [stderr]     Checking image_fmt v0.1.0 (/opt/rustwide/workdir/sub_crates/image_fmt)
[INFO] [stderr]     Checking zbus_names v2.5.0
[INFO] [stdout] warning: use of deprecated constant `std::u8::MAX`: replaced by the `MAX` associated constant on this type
[INFO] [stdout]    --> sub_crates/image_fmt/src/lib.rs:155:43
[INFO] [stdout]     |
[INFO] [stdout] 155 |                     data[to_i] = std::u8::MAX;
[INFO] [stdout]     |                                           ^^^
[INFO] [stdout]     |
[INFO] [stdout]     = note: `#[warn(deprecated)]` on by default
[INFO] [stdout] 
[INFO] [stdout] 
[INFO] [stdout] warning: use of deprecated constant `std::u16::MAX`: replaced by the `MAX` associated constant on this type
[INFO] [stdout]    --> sub_crates/image_fmt/src/lib.rs:173:44
[INFO] [stdout]     |
[INFO] [stdout] 173 |                     data[to_i] = std::u16::MAX;
[INFO] [stdout]     |                                            ^^^
[INFO] [stdout] 
[INFO] [stdout] 
[INFO] [stdout] warning: use of deprecated constant `std::usize::MAX`: replaced by the `MAX` associated constant on this type
[INFO] [stdout]  --> sub_crates/image_fmt/src/png_fmt.rs:9:32
[INFO] [stdout]   |
[INFO] [stdout] 9 |             bytes: std::usize::MAX,
[INFO] [stdout]   |                                ^^^
[INFO] [stdout] 
[INFO] [stdout] 
[INFO] [stderr]     Checking pathdiff v0.2.1
[INFO] [stderr]     Checking hdr v0.3.1 (/opt/rustwide/workdir/sub_crates/hdr)
[INFO] [stderr]    Compiling embed-resource v1.8.0
[INFO] [stderr]    Compiling rfd v0.9.1
[INFO] [stderr]    Compiling rawloader v0.37.1
[INFO] [stderr]     Checking zbus v3.8.0
[INFO] [stderr]     Checking zbus v2.3.2
[INFO] [stderr]     Checking ashpd v0.3.2
[INFO] [stdout] error[E0277]: the trait bound `for<'de> !: Deserialize<'de>` is not satisfied
[INFO] [stdout]    --> /opt/rustwide/cargo-home/registry/src/index.crates.io-1949cf8c6b5b557f/ashpd-0.3.2/src/desktop/dynamic_launcher.rs:213:9
[INFO] [stdout]     |
[INFO] [stdout] 213 | /         call_method(
[INFO] [stdout] 214 | |             self.inner(),
[INFO] [stdout] 215 | |             "Install",
[INFO] [stdout] 216 | |             &(token, desktop_file_id, desktop_entry, options),
[INFO] [stdout] 217 | |         )
[INFO] [stdout]     | |_________^ the trait `for<'de> Deserialize<'de>` is not implemented for `!`
[INFO] [stdout]     |
[INFO] [stdout]     = help: the following other types implement trait `Deserialize<'de>`:
[INFO] [stdout]               `&'a [u8]` implements `Deserialize<'de>`
[INFO] [stdout]               `&'a std::path::Path` implements `Deserialize<'de>`
[INFO] [stdout]               `&'a str` implements `Deserialize<'de>`
[INFO] [stdout]               `()` implements `Deserialize<'de>`
[INFO] [stdout]               `(T0, T1)` implements `Deserialize<'de>`
[INFO] [stdout]               `(T0, T1, T2)` implements `Deserialize<'de>`
[INFO] [stdout]               `(T0, T1, T2, T3)` implements `Deserialize<'de>`
[INFO] [stdout]               `(T0, T1, T2, T3, T4)` implements `Deserialize<'de>`
[INFO] [stdout]             and 210 others
[INFO] [stdout]     = note: this error might have been caused by changes to Rust's type-inference algorithm (see issue #148922 <https://github.com/rust-lang/rust/issues/148922> for more information)
[INFO] [stdout]     = help: you might have intended to use the type `()` here instead
[INFO] [stdout] note: required by a bound in `call_method`
[INFO] [stdout]    --> /opt/rustwide/cargo-home/registry/src/index.crates.io-1949cf8c6b5b557f/ashpd-0.3.2/src/helpers.rs:129:8
[INFO] [stdout]     |
[INFO] [stdout] 123 | pub(crate) async fn call_method<R, B>(
[INFO] [stdout] ...
[INFO] [stdout] 129 |     R: for<'de> Deserialize<'de> + Type,
[INFO] [stdout]     |        ^^^^^^^^^^^^^^^^^^^^^^^^^ required by this bound in `call_method`
[INFO] [stdout] 
[INFO] [stdout] 
[INFO] [stdout] error[E0277]: the trait bound `!: zbus::zvariant::Type` is not satisfied
[INFO] [stdout]    --> /opt/rustwide/cargo-home/registry/src/index.crates.io-1949cf8c6b5b557f/ashpd-0.3.2/src/desktop/dynamic_launcher.rs:213:9
[INFO] [stdout]     |
[INFO] [stdout] 213 | /         call_method(
[INFO] [stdout] 214 | |             self.inner(),
[INFO] [stdout] 215 | |             "Install",
[INFO] [stdout] 216 | |             &(token, desktop_file_id, desktop_entry, options),
[INFO] [stdout] 217 | |         )
[INFO] [stdout]     | |_________^ the trait `zbus::zvariant::Type` is not implemented for `!`
[INFO] [stdout]     |
[INFO] [stdout]     = help: the following other types implement trait `zbus::zvariant::Type`:
[INFO] [stdout]               &T
[INFO] [stdout]               &mut T
[INFO] [stdout]               ()
[INFO] [stdout]               (T0, T1)
[INFO] [stdout]               (T0, T1, T2)
[INFO] [stdout]               (T0, T1, T2, T3)
[INFO] [stdout]               (T0, T1, T2, T3, T4)
[INFO] [stdout]               (T0, T1, T2, T3, T4, T5)
[INFO] [stdout]             and 150 others
[INFO] [stdout]     = note: this error might have been caused by changes to Rust's type-inference algorithm (see issue #148922 <https://github.com/rust-lang/rust/issues/148922> for more information)
[INFO] [stdout]     = help: you might have intended to use the type `()` here instead
[INFO] [stdout] note: required by a bound in `call_method`
[INFO] [stdout]    --> /opt/rustwide/cargo-home/registry/src/index.crates.io-1949cf8c6b5b557f/ashpd-0.3.2/src/helpers.rs:129:36
[INFO] [stdout]     |
[INFO] [stdout] 123 | pub(crate) async fn call_method<R, B>(
[INFO] [stdout] ...
[INFO] [stdout] 129 |     R: for<'de> Deserialize<'de> + Type,
[INFO] [stdout]     |                                    ^^^^ required by this bound in `call_method`
[INFO] [stdout] 
[INFO] [stdout] 
[INFO] [stdout] error[E0277]: the trait bound `for<'de> !: Deserialize<'de>` is not satisfied
[INFO] [stdout]    --> /opt/rustwide/cargo-home/registry/src/index.crates.io-1949cf8c6b5b557f/ashpd-0.3.2/src/desktop/dynamic_launcher.rs:230:9
[INFO] [stdout]     |
[INFO] [stdout] 230 |         call_method(self.inner(), "Uninstall", &(desktop_file_id, options)).await?;
[INFO] [stdout]     |         ^^^^^^^^^^^^^^^^^^^^^^^^^^^^^^^^^^^^^^^^^^^^^^^^^^^^^^^^^^^^^^^^^^^ the trait `for<'de> Deserialize<'de>` is not implemented for `!`
[INFO] [stdout]     |
[INFO] [stdout]     = help: the following other types implement trait `Deserialize<'de>`:
[INFO] [stdout]               `&'a [u8]` implements `Deserialize<'de>`
[INFO] [stdout]               `&'a std::path::Path` implements `Deserialize<'de>`
[INFO] [stdout]               `&'a str` implements `Deserialize<'de>`
[INFO] [stdout]               `()` implements `Deserialize<'de>`
[INFO] [stdout]               `(T0, T1)` implements `Deserialize<'de>`
[INFO] [stdout]               `(T0, T1, T2)` implements `Deserialize<'de>`
[INFO] [stdout]               `(T0, T1, T2, T3)` implements `Deserialize<'de>`
[INFO] [stdout]               `(T0, T1, T2, T3, T4)` implements `Deserialize<'de>`
[INFO] [stdout]             and 210 others
[INFO] [stdout]     = note: this error might have been caused by changes to Rust's type-inference algorithm (see issue #148922 <https://github.com/rust-lang/rust/issues/148922> for more information)
[INFO] [stdout]     = help: you might have intended to use the type `()` here instead
[INFO] [stdout] note: required by a bound in `call_method`
[INFO] [stdout]    --> /opt/rustwide/cargo-home/registry/src/index.crates.io-1949cf8c6b5b557f/ashpd-0.3.2/src/helpers.rs:129:8
[INFO] [stdout]     |
[INFO] [stdout] 123 | pub(crate) async fn call_method<R, B>(
[INFO] [stdout] ...
[INFO] [stdout] 129 |     R: for<'de> Deserialize<'de> + Type,
[INFO] [stdout]     |        ^^^^^^^^^^^^^^^^^^^^^^^^^ required by this bound in `call_method`
[INFO] [stdout] 
[INFO] [stdout] 
[INFO] [stdout] error[E0277]: the trait bound `!: zbus::zvariant::Type` is not satisfied
[INFO] [stdout]    --> /opt/rustwide/cargo-home/registry/src/index.crates.io-1949cf8c6b5b557f/ashpd-0.3.2/src/desktop/dynamic_launcher.rs:230:9
[INFO] [stdout]     |
[INFO] [stdout] 230 |         call_method(self.inner(), "Uninstall", &(desktop_file_id, options)).await?;
[INFO] [stdout]     |         ^^^^^^^^^^^^^^^^^^^^^^^^^^^^^^^^^^^^^^^^^^^^^^^^^^^^^^^^^^^^^^^^^^^ the trait `zbus::zvariant::Type` is not implemented for `!`
[INFO] [stdout]     |
[INFO] [stdout]     = help: the following other types implement trait `zbus::zvariant::Type`:
[INFO] [stdout]               &T
[INFO] [stdout]               &mut T
[INFO] [stdout]               ()
[INFO] [stdout]               (T0, T1)
[INFO] [stdout]               (T0, T1, T2)
[INFO] [stdout]               (T0, T1, T2, T3)
[INFO] [stdout]               (T0, T1, T2, T3, T4)
[INFO] [stdout]               (T0, T1, T2, T3, T4, T5)
[INFO] [stdout]             and 150 others
[INFO] [stdout]     = note: this error might have been caused by changes to Rust's type-inference algorithm (see issue #148922 <https://github.com/rust-lang/rust/issues/148922> for more information)
[INFO] [stdout]     = help: you might have intended to use the type `()` here instead
[INFO] [stdout] note: required by a bound in `call_method`
[INFO] [stdout]    --> /opt/rustwide/cargo-home/registry/src/index.crates.io-1949cf8c6b5b557f/ashpd-0.3.2/src/helpers.rs:129:36
[INFO] [stdout]     |
[INFO] [stdout] 123 | pub(crate) async fn call_method<R, B>(
[INFO] [stdout] ...
[INFO] [stdout] 129 |     R: for<'de> Deserialize<'de> + Type,
[INFO] [stdout]     |                                    ^^^^ required by this bound in `call_method`
[INFO] [stdout] 
[INFO] [stdout] 
[INFO] [stderr]     Checking smithay-clipboard v0.6.6
[INFO] [stdout] For more information about this error, try `rustc --explain E0277`.
[INFO] [stdout] 
[INFO] [stderr] error: could not compile `ashpd` (lib) due to 4 previous errors
[INFO] [stderr] warning: build failed, waiting for other jobs to finish...
[INFO] running `Command { std: "docker" "inspect" "b6acbcd7d7ea05464527ae8e699a36b9c9f8e10b495c13286d9972fb1dccfc6e", kill_on_drop: false }`
[INFO] running `Command { std: "docker" "rm" "-f" "b6acbcd7d7ea05464527ae8e699a36b9c9f8e10b495c13286d9972fb1dccfc6e", kill_on_drop: false }`
[INFO] [stdout] b6acbcd7d7ea05464527ae8e699a36b9c9f8e10b495c13286d9972fb1dccfc6e
