[INFO] cloning repository https://github.com/bnjbvr/rustatouille
[INFO] running `Command { std: "git" "-c" "credential.helper=" "-c" "credential.helper=/workspace/cargo-home/bin/git-credential-null" "clone" "--bare" "https://github.com/bnjbvr/rustatouille" "/workspace/cache/git-repos/https%3A%2F%2Fgithub.com%2Fbnjbvr%2Frustatouille", kill_on_drop: false }`
[INFO] [stderr] Cloning into bare repository '/workspace/cache/git-repos/https%3A%2F%2Fgithub.com%2Fbnjbvr%2Frustatouille'...
[INFO] running `Command { std: "git" "rev-parse" "HEAD", kill_on_drop: false }`
[INFO] [stdout] 17619559e23601e2f51a8cb954a94f75f7dae10d
[INFO] documenting bnjbvr/rustatouille against 1.100.0-beta.1 for beta-rustdoc-1.100
[INFO] running `Command { std: "git" "clone" "/workspace/cache/git-repos/https%3A%2F%2Fgithub.com%2Fbnjbvr%2Frustatouille" "/workspace/builds/worker-2-tc2/source", kill_on_drop: false }`
[INFO] [stderr] Cloning into '/workspace/builds/worker-2-tc2/source'...
[INFO] [stderr] done.
[INFO] removed /workspace/builds/worker-2-tc2/source/.cargo/config.toml
[INFO] started tweaking git repo https://github.com/bnjbvr/rustatouille
[INFO] finished tweaking git repo https://github.com/bnjbvr/rustatouille
[INFO] tweaked toml for git repo https://github.com/bnjbvr/rustatouille written to /workspace/builds/worker-2-tc2/source/Cargo.toml
[INFO] validating manifest of git repo https://github.com/bnjbvr/rustatouille on toolchain 1.100.0-beta.1
[INFO] running `Command { std: CARGO_HOME="/workspace/cargo-home" RUSTUP_HOME="/workspace/rustup-home" "/workspace/cargo-home/bin/cargo" "+1.100.0-beta.1" "metadata" "--manifest-path" "Cargo.toml" "--no-deps", kill_on_drop: false }`
[INFO] crate git repo https://github.com/bnjbvr/rustatouille already has a lockfile, it will not be regenerated
[INFO] running `Command { std: CARGO_HOME="/workspace/cargo-home" RUSTUP_HOME="/workspace/rustup-home" "/workspace/cargo-home/bin/cargo" "+1.100.0-beta.1" "fetch" "--manifest-path" "Cargo.toml", kill_on_drop: false }`
[INFO] running `Command { std: "docker" "create" "-v" "/var/lib/crater-agent-workspace/builds/worker-2-tc2/source:/opt/rustwide/workdir:ro,Z" "-v" "/var/lib/crater-agent-workspace/builds/worker-2-tc2/target:/opt/rustwide/target:rw,Z" "-v" "/var/lib/crater-agent-workspace/cargo-home:/opt/rustwide/cargo-home:ro,Z" "-v" "/var/lib/crater-agent-workspace/rustup-home:/opt/rustwide/rustup-home:ro,Z" "-m" "1610612736" "--network" "none" "ghcr.io/rust-lang/crates-build-env/linux@sha256:3111399a4047eeb3a02b7a90e478d715f38a8c6669b5c4b49d30a17385265909" "sleep" "infinity", kill_on_drop: false }`
[INFO] [stdout] b43967c03daa2060c6519203fcf87d89f731d8083412f1b9ad21c29fe3c2f9dc
[INFO] running `Command { std: "docker" "start" "b43967c03daa2060c6519203fcf87d89f731d8083412f1b9ad21c29fe3c2f9dc", kill_on_drop: false }`
[INFO] running `Command { std: "docker" "inspect" "b43967c03daa2060c6519203fcf87d89f731d8083412f1b9ad21c29fe3c2f9dc", kill_on_drop: false }`
[INFO] running `Command { std: "docker" "exec" "-e" "SOURCE_DIR=/opt/rustwide/workdir" "-e" "CARGO_HOME=/opt/rustwide/cargo-home" "-e" "RUSTUP_HOME=/opt/rustwide/rustup-home" "-e" "CARGO_TARGET_DIR=/opt/rustwide/target" "-w" "/opt/rustwide/workdir" "--user" "0:0" "b43967c03daa2060c6519203fcf87d89f731d8083412f1b9ad21c29fe3c2f9dc" "/opt/rustwide/cargo-home/bin/cargo" "+1.100.0-beta.1" "metadata" "--no-deps" "--format-version=1", kill_on_drop: false }`
[INFO] running `Command { std: "docker" "inspect" "b43967c03daa2060c6519203fcf87d89f731d8083412f1b9ad21c29fe3c2f9dc", kill_on_drop: false }`
[INFO] running `Command { std: "docker" "exec" "-e" "SOURCE_DIR=/opt/rustwide/workdir" "-e" "CARGO_HOME=/opt/rustwide/cargo-home" "-e" "RUSTUP_HOME=/opt/rustwide/rustup-home" "-e" "CARGO_TARGET_DIR=/opt/rustwide/target" "-e" "CARGO_INCREMENTAL=0" "-e" "RUST_BACKTRACE=full" "-e" "RUSTFLAGS=--cap-lints=warn" "-e" "RUSTDOCFLAGS=--cap-lints=warn" "-w" "/opt/rustwide/workdir" "--user" "0:0" "b43967c03daa2060c6519203fcf87d89f731d8083412f1b9ad21c29fe3c2f9dc" "/opt/rustwide/cargo-home/bin/cargo" "+1.100.0-beta.1" "doc" "--frozen" "--no-deps" "--document-private-items" "--message-format=json", kill_on_drop: false }`
[INFO] [stderr]    Compiling libc v0.2.152
[INFO] [stderr]    Compiling lock_api v0.4.11
[INFO] [stderr]    Compiling libm v0.2.8
[INFO] [stderr]    Compiling num-traits v0.2.17
[INFO] [stderr]    Compiling typenum v1.17.0
[INFO] [stderr]    Compiling memchr v2.7.1
[INFO] [stderr]     Checking smallvec v1.12.0
[INFO] [stderr]    Compiling syn v2.0.48
[INFO] [stderr]    Compiling serde v1.0.195
[INFO] [stderr]    Compiling crossbeam-utils v0.8.19
[INFO] [stderr]    Compiling num-integer v0.1.45
[INFO] [stderr]    Compiling subtle v2.5.0
[INFO] [stderr]    Compiling generic-array v0.14.7
[INFO] [stderr]    Compiling ppv-lite86 v0.2.17
[INFO] [stderr]     Checking itoa v1.0.10
[INFO] [stderr]    Compiling cc v1.0.83
[INFO] [stderr]    Compiling getrandom v0.2.12
[INFO] [stderr]    Compiling rand_core v0.6.4
[INFO] [stderr]    Compiling ahash v0.8.7
[INFO] [stderr]    Compiling parking_lot_core v0.9.9
[INFO] [stderr]    Compiling thiserror v1.0.56
[INFO] [stderr]    Compiling rand_chacha v0.3.1
[INFO] [stderr]     Checking futures-sink v0.3.30
[INFO] [stderr]     Checking mio v0.8.11
[INFO] [stderr]    Compiling spin v0.9.8
[INFO] [stderr]    Compiling aho-corasick v1.1.2
[INFO] [stderr]    Compiling rand v0.8.6
[INFO] [stderr]    Compiling num-iter v0.1.43
[INFO] [stderr]    Compiling regex-syntax v0.8.2
[INFO] [stderr]    Compiling rustls v0.20.9
[INFO] [stderr]    Compiling block-buffer v0.10.4
[INFO] [stderr]    Compiling crypto-common v0.1.6
[INFO] [stderr]     Checking parking_lot v0.12.1
[INFO] [stderr]    Compiling ring v0.17.7
[INFO] [stderr]    Compiling ring v0.16.20
[INFO] [stderr]     Checking signal-hook-registry v1.4.1
[INFO] [stderr]     Checking socket2 v0.5.5
[INFO] [stderr]     Checking num_cpus v1.16.0
[INFO] [stderr]    Compiling serde_json v1.0.111
[INFO] [stderr]    Compiling untrusted v0.9.0
[INFO] [stderr]     Checking futures-util v0.3.30
[INFO] [stderr]    Compiling digest v0.10.7
[INFO] [stderr]    Compiling futures-core v0.3.30
[INFO] [stderr]    Compiling num-bigint-dig v0.8.4
[INFO] [stderr]    Compiling base64ct v1.6.0
[INFO] [stderr]    Compiling crypto-bigint v0.3.2
[INFO] [stderr]    Compiling pem-rfc7468 v0.3.1
[INFO] [stderr]    Compiling pkg-config v0.3.28
[INFO] [stderr]    Compiling regex-automata v0.4.3
[INFO] [stderr]    Compiling const-oid v0.7.1
[INFO] [stderr]     Checking ryu v1.0.16
[INFO] [stderr]    Compiling libsqlite3-sys v0.24.2
[INFO] [stderr]    Compiling der v0.5.1
[INFO] [stderr]     Checking lazy_static v1.4.0
[INFO] [stderr]     Checking tracing-core v0.1.34
[INFO] [stderr]    Compiling num-bigint v0.4.4
[INFO] [stderr]    Compiling ahash v0.7.7
[INFO] [stderr]    Compiling indexmap v1.9.3
[INFO] [stderr]    Compiling zeroize v1.7.0
[INFO] [stderr]    Compiling serde_derive v1.0.195
[INFO] [stderr]    Compiling thiserror-impl v1.0.56
[INFO] [stderr]    Compiling pin-project-internal v1.1.3
[INFO] [stderr]    Compiling tokio-macros v2.3.0
[INFO] [stderr]     Checking zerocopy v0.7.32
[INFO] [stderr]    Compiling webpki v0.22.4
[INFO] [stderr]     Checking tokio v1.38.2
[INFO] [stderr]    Compiling bytes v1.11.1
[INFO] [stderr]    Compiling regex v1.10.2
[INFO] [stderr]     Checking pin-project v1.1.3
[INFO] [stderr]    Compiling sct v0.7.1
[INFO] [stderr]     Checking http v0.2.11
[INFO] [stderr]    Compiling spki v0.5.4
[INFO] [stderr]    Compiling phf_generator v0.11.2
[INFO] [stderr]    Compiling unicode-bidi v0.3.14
[INFO] [stderr]     Checking allocator-api2 v0.2.16
[INFO] [stderr]     Checking hashbrown v0.14.3
[INFO] [stderr]    Compiling parking_lot_core v0.8.6
[INFO] [stderr]    Compiling phf_codegen v0.11.2
[INFO] [stderr]    Compiling pkcs8 v0.8.0
[INFO] [stderr]     Checking http-body v0.4.6
[INFO] [stderr]    Compiling parse-zoneinfo v0.3.0
[INFO] [stderr]    Compiling tracing-attributes v0.1.27
[INFO] [stderr]    Compiling phf v0.11.2
[INFO] [stderr]     Checking futures-channel v0.3.30
[INFO] [stderr]    Compiling slab v0.4.9
[INFO] [stderr]    Compiling cpufeatures v0.2.12
[INFO] [stderr]    Compiling async-trait v0.1.77
[INFO] [stderr]    Compiling futures-task v0.3.30
[INFO] [stderr]    Compiling percent-encoding v2.3.1
[INFO] [stderr]    Compiling either v1.9.0
[INFO] [stderr]     Checking iana-time-zone v0.1.59
[INFO] [stderr]    Compiling nom v7.1.3
[INFO] [stderr]    Compiling itertools v0.12.0
[INFO] [stderr]     Checking tracing v0.1.40
[INFO] [stderr]    Compiling pest v2.7.6
[INFO] [stderr]     Checking chrono v0.4.31
[INFO] [stderr]    Compiling tokio-rustls v0.23.4
[INFO] [stderr]     Checking walkdir v2.4.0
[INFO] [stderr]    Compiling form_urlencoded v1.2.1
[INFO] [stderr]    Compiling chrono-tz-build v0.2.1
[INFO] [stderr]    Compiling pkcs1 v0.3.3
[INFO] [stderr]    Compiling parking_lot v0.11.2
[INFO] [stderr]    Compiling idna v0.5.0
[INFO] [stderr]    Compiling hmac v0.12.1
[INFO] [stderr]     Checking crossbeam-epoch v0.9.18
[INFO] [stderr]     Checking bstr v1.9.0
[INFO] [stderr]    Compiling dirs-sys v0.3.7
[INFO] [stderr]    Compiling syn v1.0.109
[INFO] [stderr]    Compiling finl_unicode v1.2.0
[INFO] [stderr]    Compiling base64 v0.21.7
[INFO] [stderr]    Compiling sqlformat v0.2.3
[INFO] [stderr]    Compiling stringprep v0.1.4
[INFO] [stderr]    Compiling rustls-pemfile v1.0.4
[INFO] [stderr]    Compiling rsa v0.6.1
[INFO] [stderr]    Compiling crc v3.0.1
[INFO] [stderr]     Checking globset v0.4.14
[INFO] [stderr]    Compiling crossbeam-queue v0.3.11
[INFO] [stderr]     Checking crossbeam-deque v0.8.5
[INFO] [stderr]    Compiling url v2.5.0
[INFO] [stderr]    Compiling dirs v4.0.0
[INFO] [stderr]    Compiling hkdf v0.12.4
[INFO] [stderr]    Compiling flume v0.10.14
[INFO] [stderr]    Compiling chrono-tz v0.8.5
[INFO] [stderr]    Compiling futures-intrusive v0.4.2
[INFO] [stderr]    Compiling futures-executor v0.3.30
[INFO] [stderr]    Compiling pest_meta v2.7.6
[INFO] [stderr]    Compiling sqlx-rt v0.6.3
[INFO] [stderr]    Compiling tokio-stream v0.1.14
[INFO] [stderr]    Compiling hashlink v0.8.4
[INFO] [stderr]    Compiling sha2 v0.10.8
[INFO] [stderr]    Compiling sha1 v0.10.6
[INFO] [stderr]    Compiling webpki-roots v0.22.6
[INFO] [stderr]    Compiling md-5 v0.10.6
[INFO] [stderr]    Compiling atoi v1.0.0
[INFO] [stderr]    Compiling encoding_rs v0.8.33
[INFO] [stderr]    Compiling whoami v1.5.1
[INFO] [stderr]    Compiling base64 v0.13.1
[INFO] [stderr]    Compiling uuid v1.6.1
[INFO] [stderr]     Checking hyper v0.14.28
[INFO] [stderr]     Checking axum-core v0.3.4
[INFO] [stderr]    Compiling pest_generator v2.7.6
[INFO] [stderr]    Compiling sqlx-core v0.6.3
[INFO] [stderr]     Checking ignore v0.4.22
[INFO] [stderr]     Checking serde_path_to_error v0.1.15
[INFO] [stderr]     Checking serde_urlencoded v0.7.1
[INFO] [stderr]     Checking tower v0.4.13
[INFO] [stderr]     Checking inotify-sys v0.1.5
[INFO] [stderr]     Checking deunicode v1.4.2
[INFO] [stderr]     Checking ucd-trie v0.1.6
[INFO] [stderr]    Compiling anyhow v1.0.79
[INFO] [stderr]     Checking slug v0.1.5
[INFO] [stderr]     Checking indexmap v2.1.0
[INFO] [stderr]     Checking axum v0.6.20
[INFO] [stderr]     Checking inotify v0.9.6
[INFO] [stderr]     Checking globwalk v0.8.1
[INFO] [stderr]    Compiling pest_derive v2.7.6
[INFO] [stderr]     Checking tracing-log v0.2.0
[INFO] [stderr]     Checking sharded-slab v0.1.7
[INFO] [stderr]     Checking crossbeam-channel v0.5.15
[INFO] [stdout] error[E0277]: the trait bound `!: io::decode::Decode<'_>` is not satisfied
[INFO] [stdout]   --> /opt/rustwide/cargo-home/registry/src/index.crates.io-1949cf8c6b5b557f/sqlx-core-0.6.3/src/postgres/connection/executor.rs:68:10
[INFO] [stdout]    |
[INFO] [stdout] 68 |         .recv_expect(MessageFormat::ParseComplete)
[INFO] [stdout]    |          ^^^^^^^^^^^ the trait `io::decode::Decode<'_>` is not implemented for `!`
[INFO] [stdout]    |
[INFO] [stdout]    = help: the following other types implement trait `io::decode::Decode<'de, Context>`:
[INFO] [stdout]              `()` implements `io::decode::Decode<'_>`
[INFO] [stdout]              `AuthSwitchRequest` implements `io::decode::Decode<'_>`
[INFO] [stdout]              `Authentication` implements `io::decode::Decode<'_>`
[INFO] [stdout]              `AuthenticationSaslContinue` implements `io::decode::Decode<'_>`
[INFO] [stdout]              `AuthenticationSaslFinal` implements `io::decode::Decode<'_>`
[INFO] [stdout]              `BackendKeyData` implements `io::decode::Decode<'_>`
[INFO] [stdout]              `BinaryRow` implements `io::decode::Decode<'de, &'de [MySqlColumn]>`
[INFO] [stdout]              `ColumnDefinition` implements `io::decode::Decode<'_, Capabilities>`
[INFO] [stdout]            and 21 others
[INFO] [stdout]    = note: this error might have been caused by changes to Rust's type-inference algorithm (see issue #148922 <https://github.com/rust-lang/rust/issues/148922> for more information)
[INFO] [stdout]    = help: you might have intended to use the type `()` here instead
[INFO] [stdout] note: required by a bound in `PgStream::recv_expect`
[INFO] [stdout]   --> /opt/rustwide/cargo-home/registry/src/index.crates.io-1949cf8c6b5b557f/sqlx-core-0.6.3/src/postgres/connection/stream.rs:64:45
[INFO] [stdout]    |
[INFO] [stdout] 38 | impl PgStream {
[INFO] [stdout] ...
[INFO] [stdout] 64 |     pub(crate) async fn recv_expect<'de, T: Decode<'de>>(
[INFO] [stdout]    |                                             ^^^^^^^^^^^ required by this bound in `PgStream::recv_expect`
[INFO] [stdout] 
[INFO] [stdout] 
[INFO] [stdout] error[E0277]: the trait bound `!: io::decode::Decode<'_>` is not satisfied
[INFO] [stdout]   --> /opt/rustwide/cargo-home/registry/src/index.crates.io-1949cf8c6b5b557f/sqlx-core-0.6.3/src/postgres/connection/executor.rs:66:13
[INFO] [stdout]    |
[INFO] [stdout] 66 |       let _ = conn
[INFO] [stdout]    |  _____________^
[INFO] [stdout] 67 | |         .stream
[INFO] [stdout] 68 | |         .recv_expect(MessageFormat::ParseComplete)
[INFO] [stdout]    | |__________________________________________________^ the trait `io::decode::Decode<'_>` is not implemented for `!`
[INFO] [stdout]    |
[INFO] [stdout]    = help: the following other types implement trait `io::decode::Decode<'de, Context>`:
[INFO] [stdout]              `()` implements `io::decode::Decode<'_>`
[INFO] [stdout]              `AuthSwitchRequest` implements `io::decode::Decode<'_>`
[INFO] [stdout]              `Authentication` implements `io::decode::Decode<'_>`
[INFO] [stdout]              `AuthenticationSaslContinue` implements `io::decode::Decode<'_>`
[INFO] [stdout]              `AuthenticationSaslFinal` implements `io::decode::Decode<'_>`
[INFO] [stdout]              `BackendKeyData` implements `io::decode::Decode<'_>`
[INFO] [stdout]              `BinaryRow` implements `io::decode::Decode<'de, &'de [MySqlColumn]>`
[INFO] [stdout]              `ColumnDefinition` implements `io::decode::Decode<'_, Capabilities>`
[INFO] [stdout]            and 21 others
[INFO] [stdout]    = note: this error might have been caused by changes to Rust's type-inference algorithm (see issue #148922 <https://github.com/rust-lang/rust/issues/148922> for more information)
[INFO] [stdout]    = help: you might have intended to use the type `()` here instead
[INFO] [stdout] note: required by a bound in `PgStream::recv_expect`
[INFO] [stdout]   --> /opt/rustwide/cargo-home/registry/src/index.crates.io-1949cf8c6b5b557f/sqlx-core-0.6.3/src/postgres/connection/stream.rs:64:45
[INFO] [stdout]    |
[INFO] [stdout] 38 | impl PgStream {
[INFO] [stdout] ...
[INFO] [stdout] 64 |     pub(crate) async fn recv_expect<'de, T: Decode<'de>>(
[INFO] [stdout]    |                                             ^^^^^^^^^^^ required by this bound in `PgStream::recv_expect`
[INFO] [stdout] 
[INFO] [stdout] 
[INFO] [stdout] error[E0277]: the trait bound `!: io::decode::Decode<'_>` is not satisfied
[INFO] [stdout]   --> /opt/rustwide/cargo-home/registry/src/index.crates.io-1949cf8c6b5b557f/sqlx-core-0.6.3/src/postgres/connection/executor.rs:69:10
[INFO] [stdout]    |
[INFO] [stdout] 69 |         .await?;
[INFO] [stdout]    |          ^^^^^ the trait `io::decode::Decode<'_>` is not implemented for `!`
[INFO] [stdout]    |
[INFO] [stdout]    = help: the following other types implement trait `io::decode::Decode<'de, Context>`:
[INFO] [stdout]              `()` implements `io::decode::Decode<'_>`
[INFO] [stdout]              `AuthSwitchRequest` implements `io::decode::Decode<'_>`
[INFO] [stdout]              `Authentication` implements `io::decode::Decode<'_>`
[INFO] [stdout]              `AuthenticationSaslContinue` implements `io::decode::Decode<'_>`
[INFO] [stdout]              `AuthenticationSaslFinal` implements `io::decode::Decode<'_>`
[INFO] [stdout]              `BackendKeyData` implements `io::decode::Decode<'_>`
[INFO] [stdout]              `BinaryRow` implements `io::decode::Decode<'de, &'de [MySqlColumn]>`
[INFO] [stdout]              `ColumnDefinition` implements `io::decode::Decode<'_, Capabilities>`
[INFO] [stdout]            and 21 others
[INFO] [stdout]    = note: this error might have been caused by changes to Rust's type-inference algorithm (see issue #148922 <https://github.com/rust-lang/rust/issues/148922> for more information)
[INFO] [stdout]    = help: you might have intended to use the type `()` here instead
[INFO] [stdout] note: required by a bound in `PgStream::recv_expect`
[INFO] [stdout]   --> /opt/rustwide/cargo-home/registry/src/index.crates.io-1949cf8c6b5b557f/sqlx-core-0.6.3/src/postgres/connection/stream.rs:64:45
[INFO] [stdout]    |
[INFO] [stdout] 38 | impl PgStream {
[INFO] [stdout] ...
[INFO] [stdout] 64 |     pub(crate) async fn recv_expect<'de, T: Decode<'de>>(
[INFO] [stdout]    |                                             ^^^^^^^^^^^ required by this bound in `PgStream::recv_expect`
[INFO] [stdout] 
[INFO] [stdout] 
[INFO] [stderr]     Checking humansize v2.1.3
[INFO] [stderr]     Checking filetime v0.2.23
[INFO] [stderr]     Checking thread_local v1.1.7
[INFO] [stderr]     Checking nu-ansi-term v0.50.1
[INFO] [stdout] error[E0277]: the trait bound `!: io::decode::Decode<'_>` is not satisfied
[INFO] [stdout]    --> /opt/rustwide/cargo-home/registry/src/index.crates.io-1949cf8c6b5b557f/sqlx-core-0.6.3/src/postgres/copy.rs:260:30
[INFO] [stdout]     |
[INFO] [stdout] 260 | ...                   .recv_expect(MessageFormat::ReadyForQuery)
[INFO] [stdout]     |                        ^^^^^^^^^^^ the trait `io::decode::Decode<'_>` is not implemented for `!`
[INFO] [stdout]     |
[INFO] [stdout]     = help: the following other types implement trait `io::decode::Decode<'de, Context>`:
[INFO] [stdout]               `()` implements `io::decode::Decode<'_>`
[INFO] [stdout]               `AuthSwitchRequest` implements `io::decode::Decode<'_>`
[INFO] [stdout]               `Authentication` implements `io::decode::Decode<'_>`
[INFO] [stdout]               `AuthenticationSaslContinue` implements `io::decode::Decode<'_>`
[INFO] [stdout]               `AuthenticationSaslFinal` implements `io::decode::Decode<'_>`
[INFO] [stdout]               `BackendKeyData` implements `io::decode::Decode<'_>`
[INFO] [stdout]               `BinaryRow` implements `io::decode::Decode<'de, &'de [MySqlColumn]>`
[INFO] [stdout]               `ColumnDefinition` implements `io::decode::Decode<'_, Capabilities>`
[INFO] [stdout]             and 21 others
[INFO] [stdout]     = note: this error might have been caused by changes to Rust's type-inference algorithm (see issue #148922 <https://github.com/rust-lang/rust/issues/148922> for more information)
[INFO] [stdout]     = help: you might have intended to use the type `()` here instead
[INFO] [stdout] note: required by a bound in `PgStream::recv_expect`
[INFO] [stdout]    --> /opt/rustwide/cargo-home/registry/src/index.crates.io-1949cf8c6b5b557f/sqlx-core-0.6.3/src/postgres/connection/stream.rs:64:45
[INFO] [stdout]     |
[INFO] [stdout]  38 | impl PgStream {
[INFO] [stdout] ...
[INFO] [stdout]  64 |     pub(crate) async fn recv_expect<'de, T: Decode<'de>>(
[INFO] [stdout]     |                                             ^^^^^^^^^^^ required by this bound in `PgStream::recv_expect`
[INFO] [stdout] 
[INFO] [stdout] 
[INFO] [stdout] error[E0277]: the trait bound `!: io::decode::Decode<'_>` is not satisfied
[INFO] [stdout]    --> /opt/rustwide/cargo-home/registry/src/index.crates.io-1949cf8c6b5b557f/sqlx-core-0.6.3/src/postgres/copy.rs:259:25
[INFO] [stdout]     |
[INFO] [stdout] 259 | /                         conn.stream
[INFO] [stdout] 260 | |                             .recv_expect(MessageFormat::ReadyForQuery)
[INFO] [stdout]     | |______________________________________________________________________^ the trait `io::decode::Decode<'_>` is not implemented for `!`
[INFO] [stdout]     |
[INFO] [stdout]     = help: the following other types implement trait `io::decode::Decode<'de, Context>`:
[INFO] [stdout]               `()` implements `io::decode::Decode<'_>`
[INFO] [stdout]               `AuthSwitchRequest` implements `io::decode::Decode<'_>`
[INFO] [stdout]               `Authentication` implements `io::decode::Decode<'_>`
[INFO] [stdout]               `AuthenticationSaslContinue` implements `io::decode::Decode<'_>`
[INFO] [stdout]               `AuthenticationSaslFinal` implements `io::decode::Decode<'_>`
[INFO] [stdout]               `BackendKeyData` implements `io::decode::Decode<'_>`
[INFO] [stdout]               `BinaryRow` implements `io::decode::Decode<'de, &'de [MySqlColumn]>`
[INFO] [stdout]               `ColumnDefinition` implements `io::decode::Decode<'_, Capabilities>`
[INFO] [stdout]             and 21 others
[INFO] [stdout]     = note: this error might have been caused by changes to Rust's type-inference algorithm (see issue #148922 <https://github.com/rust-lang/rust/issues/148922> for more information)
[INFO] [stdout]     = help: you might have intended to use the type `()` here instead
[INFO] [stdout] note: required by a bound in `PgStream::recv_expect`
[INFO] [stdout]    --> /opt/rustwide/cargo-home/registry/src/index.crates.io-1949cf8c6b5b557f/sqlx-core-0.6.3/src/postgres/connection/stream.rs:64:45
[INFO] [stdout]     |
[INFO] [stdout]  38 | impl PgStream {
[INFO] [stdout] ...
[INFO] [stdout]  64 |     pub(crate) async fn recv_expect<'de, T: Decode<'de>>(
[INFO] [stdout]     |                                             ^^^^^^^^^^^ required by this bound in `PgStream::recv_expect`
[INFO] [stdout] 
[INFO] [stdout] 
[INFO] [stdout] error[E0277]: the trait bound `!: io::decode::Decode<'_>` is not satisfied
[INFO] [stdout]    --> /opt/rustwide/cargo-home/registry/src/index.crates.io-1949cf8c6b5b557f/sqlx-core-0.6.3/src/postgres/copy.rs:261:30
[INFO] [stdout]     |
[INFO] [stdout] 261 | ...                   .await?;
[INFO] [stdout]     |                        ^^^^^ the trait `io::decode::Decode<'_>` is not implemented for `!`
[INFO] [stdout]     |
[INFO] [stdout]     = help: the following other types implement trait `io::decode::Decode<'de, Context>`:
[INFO] [stdout]               `()` implements `io::decode::Decode<'_>`
[INFO] [stdout]               `AuthSwitchRequest` implements `io::decode::Decode<'_>`
[INFO] [stdout]               `Authentication` implements `io::decode::Decode<'_>`
[INFO] [stdout]               `AuthenticationSaslContinue` implements `io::decode::Decode<'_>`
[INFO] [stdout]               `AuthenticationSaslFinal` implements `io::decode::Decode<'_>`
[INFO] [stdout]               `BackendKeyData` implements `io::decode::Decode<'_>`
[INFO] [stdout]               `BinaryRow` implements `io::decode::Decode<'de, &'de [MySqlColumn]>`
[INFO] [stdout]               `ColumnDefinition` implements `io::decode::Decode<'_, Capabilities>`
[INFO] [stdout]             and 21 others
[INFO] [stdout]     = note: this error might have been caused by changes to Rust's type-inference algorithm (see issue #148922 <https://github.com/rust-lang/rust/issues/148922> for more information)
[INFO] [stdout]     = help: you might have intended to use the type `()` here instead
[INFO] [stdout] note: required by a bound in `PgStream::recv_expect`
[INFO] [stdout]    --> /opt/rustwide/cargo-home/registry/src/index.crates.io-1949cf8c6b5b557f/sqlx-core-0.6.3/src/postgres/connection/stream.rs:64:45
[INFO] [stdout]     |
[INFO] [stdout]  38 | impl PgStream {
[INFO] [stdout] ...
[INFO] [stdout]  64 |     pub(crate) async fn recv_expect<'de, T: Decode<'de>>(
[INFO] [stdout]     |                                             ^^^^^^^^^^^ required by this bound in `PgStream::recv_expect`
[INFO] [stdout] 
[INFO] [stdout] 
[INFO] [stderr]     Checking tower-http v0.4.4
[INFO] [stdout] error[E0277]: the trait bound `!: io::decode::Decode<'_>` is not satisfied
[INFO] [stdout]    --> /opt/rustwide/cargo-home/registry/src/index.crates.io-1949cf8c6b5b557f/sqlx-core-0.6.3/src/postgres/copy.rs:287:14
[INFO] [stdout]     |
[INFO] [stdout] 287 |             .recv_expect(MessageFormat::ReadyForQuery)
[INFO] [stdout]     |              ^^^^^^^^^^^ the trait `io::decode::Decode<'_>` is not implemented for `!`
[INFO] [stdout]     |
[INFO] [stdout]     = help: the following other types implement trait `io::decode::Decode<'de, Context>`:
[INFO] [stdout]               `()` implements `io::decode::Decode<'_>`
[INFO] [stdout]               `AuthSwitchRequest` implements `io::decode::Decode<'_>`
[INFO] [stdout]               `Authentication` implements `io::decode::Decode<'_>`
[INFO] [stdout]               `AuthenticationSaslContinue` implements `io::decode::Decode<'_>`
[INFO] [stdout]               `AuthenticationSaslFinal` implements `io::decode::Decode<'_>`
[INFO] [stdout]               `BackendKeyData` implements `io::decode::Decode<'_>`
[INFO] [stdout]               `BinaryRow` implements `io::decode::Decode<'de, &'de [MySqlColumn]>`
[INFO] [stdout]               `ColumnDefinition` implements `io::decode::Decode<'_, Capabilities>`
[INFO] [stdout]             and 21 others
[INFO] [stdout]     = note: this error might have been caused by changes to Rust's type-inference algorithm (see issue #148922 <https://github.com/rust-lang/rust/issues/148922> for more information)
[INFO] [stdout]     = help: you might have intended to use the type `()` here instead
[INFO] [stdout] note: required by a bound in `PgStream::recv_expect`
[INFO] [stdout]    --> /opt/rustwide/cargo-home/registry/src/index.crates.io-1949cf8c6b5b557f/sqlx-core-0.6.3/src/postgres/connection/stream.rs:64:45
[INFO] [stdout]     |
[INFO] [stdout]  38 | impl PgStream {
[INFO] [stdout] ...
[INFO] [stdout]  64 |     pub(crate) async fn recv_expect<'de, T: Decode<'de>>(
[INFO] [stdout]     |                                             ^^^^^^^^^^^ required by this bound in `PgStream::recv_expect`
[INFO] [stdout] 
[INFO] [stdout] 
[INFO] [stdout] error[E0277]: the trait bound `!: io::decode::Decode<'_>` is not satisfied
[INFO] [stdout]    --> /opt/rustwide/cargo-home/registry/src/index.crates.io-1949cf8c6b5b557f/sqlx-core-0.6.3/src/postgres/copy.rs:286:9
[INFO] [stdout]     |
[INFO] [stdout] 286 | /         conn.stream
[INFO] [stdout] 287 | |             .recv_expect(MessageFormat::ReadyForQuery)
[INFO] [stdout]     | |______________________________________________________^ the trait `io::decode::Decode<'_>` is not implemented for `!`
[INFO] [stdout]     |
[INFO] [stdout]     = help: the following other types implement trait `io::decode::Decode<'de, Context>`:
[INFO] [stdout]               `()` implements `io::decode::Decode<'_>`
[INFO] [stdout]               `AuthSwitchRequest` implements `io::decode::Decode<'_>`
[INFO] [stdout]               `Authentication` implements `io::decode::Decode<'_>`
[INFO] [stdout]               `AuthenticationSaslContinue` implements `io::decode::Decode<'_>`
[INFO] [stdout]               `AuthenticationSaslFinal` implements `io::decode::Decode<'_>`
[INFO] [stdout]               `BackendKeyData` implements `io::decode::Decode<'_>`
[INFO] [stdout]               `BinaryRow` implements `io::decode::Decode<'de, &'de [MySqlColumn]>`
[INFO] [stdout]               `ColumnDefinition` implements `io::decode::Decode<'_, Capabilities>`
[INFO] [stdout]             and 21 others
[INFO] [stdout]     = note: this error might have been caused by changes to Rust's type-inference algorithm (see issue #148922 <https://github.com/rust-lang/rust/issues/148922> for more information)
[INFO] [stdout]     = help: you might have intended to use the type `()` here instead
[INFO] [stdout] note: required by a bound in `PgStream::recv_expect`
[INFO] [stdout]    --> /opt/rustwide/cargo-home/registry/src/index.crates.io-1949cf8c6b5b557f/sqlx-core-0.6.3/src/postgres/connection/stream.rs:64:45
[INFO] [stdout]     |
[INFO] [stdout]  38 | impl PgStream {
[INFO] [stdout] ...
[INFO] [stdout]  64 |     pub(crate) async fn recv_expect<'de, T: Decode<'de>>(
[INFO] [stdout]     |                                             ^^^^^^^^^^^ required by this bound in `PgStream::recv_expect`
[INFO] [stdout] 
[INFO] [stdout] 
[INFO] [stdout] error[E0277]: the trait bound `!: io::decode::Decode<'_>` is not satisfied
[INFO] [stdout]    --> /opt/rustwide/cargo-home/registry/src/index.crates.io-1949cf8c6b5b557f/sqlx-core-0.6.3/src/postgres/copy.rs:288:14
[INFO] [stdout]     |
[INFO] [stdout] 288 |             .await?;
[INFO] [stdout]     |              ^^^^^ the trait `io::decode::Decode<'_>` is not implemented for `!`
[INFO] [stdout]     |
[INFO] [stdout]     = help: the following other types implement trait `io::decode::Decode<'de, Context>`:
[INFO] [stdout]               `()` implements `io::decode::Decode<'_>`
[INFO] [stdout]               `AuthSwitchRequest` implements `io::decode::Decode<'_>`
[INFO] [stdout]               `Authentication` implements `io::decode::Decode<'_>`
[INFO] [stdout]               `AuthenticationSaslContinue` implements `io::decode::Decode<'_>`
[INFO] [stdout]               `AuthenticationSaslFinal` implements `io::decode::Decode<'_>`
[INFO] [stdout]               `BackendKeyData` implements `io::decode::Decode<'_>`
[INFO] [stdout]               `BinaryRow` implements `io::decode::Decode<'de, &'de [MySqlColumn]>`
[INFO] [stdout]               `ColumnDefinition` implements `io::decode::Decode<'_, Capabilities>`
[INFO] [stdout]             and 21 others
[INFO] [stdout]     = note: this error might have been caused by changes to Rust's type-inference algorithm (see issue #148922 <https://github.com/rust-lang/rust/issues/148922> for more information)
[INFO] [stdout]     = help: you might have intended to use the type `()` here instead
[INFO] [stdout] note: required by a bound in `PgStream::recv_expect`
[INFO] [stdout]    --> /opt/rustwide/cargo-home/registry/src/index.crates.io-1949cf8c6b5b557f/sqlx-core-0.6.3/src/postgres/connection/stream.rs:64:45
[INFO] [stdout]     |
[INFO] [stdout]  38 | impl PgStream {
[INFO] [stdout] ...
[INFO] [stdout]  64 |     pub(crate) async fn recv_expect<'de, T: Decode<'de>>(
[INFO] [stdout]     |                                             ^^^^^^^^^^^ required by this bound in `PgStream::recv_expect`
[INFO] [stdout] 
[INFO] [stdout] 
[INFO] [stdout] error[E0277]: the trait bound `!: io::decode::Decode<'_>` is not satisfied
[INFO] [stdout]    --> /opt/rustwide/cargo-home/registry/src/index.crates.io-1949cf8c6b5b557f/sqlx-core-0.6.3/src/postgres/copy.rs:323:33
[INFO] [stdout]     |
[INFO] [stdout] 323 |                     conn.stream.recv_expect(MessageFormat::CommandComplete).await?;
[INFO] [stdout]     |                                 ^^^^^^^^^^^ the trait `io::decode::Decode<'_>` is not implemented for `!`
[INFO] [stdout]     |
[INFO] [stdout]     = help: the following other types implement trait `io::decode::Decode<'de, Context>`:
[INFO] [stdout]               `()` implements `io::decode::Decode<'_>`
[INFO] [stdout]               `AuthSwitchRequest` implements `io::decode::Decode<'_>`
[INFO] [stdout]               `Authentication` implements `io::decode::Decode<'_>`
[INFO] [stdout]               `AuthenticationSaslContinue` implements `io::decode::Decode<'_>`
[INFO] [stdout]               `AuthenticationSaslFinal` implements `io::decode::Decode<'_>`
[INFO] [stdout]               `BackendKeyData` implements `io::decode::Decode<'_>`
[INFO] [stdout]               `BinaryRow` implements `io::decode::Decode<'de, &'de [MySqlColumn]>`
[INFO] [stdout]               `ColumnDefinition` implements `io::decode::Decode<'_, Capabilities>`
[INFO] [stdout]             and 21 others
[INFO] [stdout]     = note: this error might have been caused by changes to Rust's type-inference algorithm (see issue #148922 <https://github.com/rust-lang/rust/issues/148922> for more information)
[INFO] [stdout]     = help: you might have intended to use the type `()` here instead
[INFO] [stdout] note: required by a bound in `PgStream::recv_expect`
[INFO] [stdout]    --> /opt/rustwide/cargo-home/registry/src/index.crates.io-1949cf8c6b5b557f/sqlx-core-0.6.3/src/postgres/connection/stream.rs:64:45
[INFO] [stdout]     |
[INFO] [stdout]  38 | impl PgStream {
[INFO] [stdout] ...
[INFO] [stdout]  64 |     pub(crate) async fn recv_expect<'de, T: Decode<'de>>(
[INFO] [stdout]     |                                             ^^^^^^^^^^^ required by this bound in `PgStream::recv_expect`
[INFO] [stdout] 
[INFO] [stdout] 
[INFO] [stdout] error[E0277]: the trait bound `!: io::decode::Decode<'_>` is not satisfied
[INFO] [stdout]    --> /opt/rustwide/cargo-home/registry/src/index.crates.io-1949cf8c6b5b557f/sqlx-core-0.6.3/src/postgres/copy.rs:323:21
[INFO] [stdout]     |
[INFO] [stdout] 323 |                     conn.stream.recv_expect(MessageFormat::CommandComplete).await?;
[INFO] [stdout]     |                     ^^^^^^^^^^^^^^^^^^^^^^^^^^^^^^^^^^^^^^^^^^^^^^^^^^^^^^^ the trait `io::decode::Decode<'_>` is not implemented for `!`
[INFO] [stdout]     |
[INFO] [stdout]     = help: the following other types implement trait `io::decode::Decode<'de, Context>`:
[INFO] [stdout]               `()` implements `io::decode::Decode<'_>`
[INFO] [stdout]               `AuthSwitchRequest` implements `io::decode::Decode<'_>`
[INFO] [stdout]               `Authentication` implements `io::decode::Decode<'_>`
[INFO] [stdout]               `AuthenticationSaslContinue` implements `io::decode::Decode<'_>`
[INFO] [stdout]               `AuthenticationSaslFinal` implements `io::decode::Decode<'_>`
[INFO] [stdout]               `BackendKeyData` implements `io::decode::Decode<'_>`
[INFO] [stdout]               `BinaryRow` implements `io::decode::Decode<'de, &'de [MySqlColumn]>`
[INFO] [stdout]               `ColumnDefinition` implements `io::decode::Decode<'_, Capabilities>`
[INFO] [stdout]             and 21 others
[INFO] [stdout]     = note: this error might have been caused by changes to Rust's type-inference algorithm (see issue #148922 <https://github.com/rust-lang/rust/issues/148922> for more information)
[INFO] [stdout]     = help: you might have intended to use the type `()` here instead
[INFO] [stdout] note: required by a bound in `PgStream::recv_expect`
[INFO] [stdout]    --> /opt/rustwide/cargo-home/registry/src/index.crates.io-1949cf8c6b5b557f/sqlx-core-0.6.3/src/postgres/connection/stream.rs:64:45
[INFO] [stdout]     |
[INFO] [stdout]  38 | impl PgStream {
[INFO] [stdout] ...
[INFO] [stdout]  64 |     pub(crate) async fn recv_expect<'de, T: Decode<'de>>(
[INFO] [stdout]     |                                             ^^^^^^^^^^^ required by this bound in `PgStream::recv_expect`
[INFO] [stdout] 
[INFO] [stdout] 
[INFO] [stdout] error[E0277]: the trait bound `!: io::decode::Decode<'_>` is not satisfied
[INFO] [stdout]    --> /opt/rustwide/cargo-home/registry/src/index.crates.io-1949cf8c6b5b557f/sqlx-core-0.6.3/src/postgres/copy.rs:324:33
[INFO] [stdout]     |
[INFO] [stdout] 324 |                     conn.stream.recv_expect(MessageFormat::ReadyForQuery).await?;
[INFO] [stdout]     |                                 ^^^^^^^^^^^ the trait `io::decode::Decode<'_>` is not implemented for `!`
[INFO] [stdout]     |
[INFO] [stdout]     = help: the following other types implement trait `io::decode::Decode<'de, Context>`:
[INFO] [stdout]               `()` implements `io::decode::Decode<'_>`
[INFO] [stdout]               `AuthSwitchRequest` implements `io::decode::Decode<'_>`
[INFO] [stdout]               `Authentication` implements `io::decode::Decode<'_>`
[INFO] [stdout]               `AuthenticationSaslContinue` implements `io::decode::Decode<'_>`
[INFO] [stdout]               `AuthenticationSaslFinal` implements `io::decode::Decode<'_>`
[INFO] [stdout]               `BackendKeyData` implements `io::decode::Decode<'_>`
[INFO] [stdout]               `BinaryRow` implements `io::decode::Decode<'de, &'de [MySqlColumn]>`
[INFO] [stdout]               `ColumnDefinition` implements `io::decode::Decode<'_, Capabilities>`
[INFO] [stdout]             and 21 others
[INFO] [stdout]     = note: this error might have been caused by changes to Rust's type-inference algorithm (see issue #148922 <https://github.com/rust-lang/rust/issues/148922> for more information)
[INFO] [stdout]     = help: you might have intended to use the type `()` here instead
[INFO] [stdout] note: required by a bound in `PgStream::recv_expect`
[INFO] [stdout]    --> /opt/rustwide/cargo-home/registry/src/index.crates.io-1949cf8c6b5b557f/sqlx-core-0.6.3/src/postgres/connection/stream.rs:64:45
[INFO] [stdout]     |
[INFO] [stdout]  38 | impl PgStream {
[INFO] [stdout] ...
[INFO] [stdout]  64 |     pub(crate) async fn recv_expect<'de, T: Decode<'de>>(
[INFO] [stdout]     |                                             ^^^^^^^^^^^ required by this bound in `PgStream::recv_expect`
[INFO] [stdout] 
[INFO] [stdout] 
[INFO] [stdout] error[E0277]: the trait bound `!: io::decode::Decode<'_>` is not satisfied
[INFO] [stdout]    --> /opt/rustwide/cargo-home/registry/src/index.crates.io-1949cf8c6b5b557f/sqlx-core-0.6.3/src/postgres/copy.rs:324:21
[INFO] [stdout]     |
[INFO] [stdout] 324 |                     conn.stream.recv_expect(MessageFormat::ReadyForQuery).await?;
[INFO] [stdout]     |                     ^^^^^^^^^^^^^^^^^^^^^^^^^^^^^^^^^^^^^^^^^^^^^^^^^^^^^ the trait `io::decode::Decode<'_>` is not implemented for `!`
[INFO] [stdout]     |
[INFO] [stdout]     = help: the following other types implement trait `io::decode::Decode<'de, Context>`:
[INFO] [stdout]               `()` implements `io::decode::Decode<'_>`
[INFO] [stdout]               `AuthSwitchRequest` implements `io::decode::Decode<'_>`
[INFO] [stdout]               `Authentication` implements `io::decode::Decode<'_>`
[INFO] [stdout]               `AuthenticationSaslContinue` implements `io::decode::Decode<'_>`
[INFO] [stdout]               `AuthenticationSaslFinal` implements `io::decode::Decode<'_>`
[INFO] [stdout]               `BackendKeyData` implements `io::decode::Decode<'_>`
[INFO] [stdout]               `BinaryRow` implements `io::decode::Decode<'de, &'de [MySqlColumn]>`
[INFO] [stdout]               `ColumnDefinition` implements `io::decode::Decode<'_, Capabilities>`
[INFO] [stdout]             and 21 others
[INFO] [stdout]     = note: this error might have been caused by changes to Rust's type-inference algorithm (see issue #148922 <https://github.com/rust-lang/rust/issues/148922> for more information)
[INFO] [stdout]     = help: you might have intended to use the type `()` here instead
[INFO] [stdout] note: required by a bound in `PgStream::recv_expect`
[INFO] [stdout]    --> /opt/rustwide/cargo-home/registry/src/index.crates.io-1949cf8c6b5b557f/sqlx-core-0.6.3/src/postgres/connection/stream.rs:64:45
[INFO] [stdout]     |
[INFO] [stdout]  38 | impl PgStream {
[INFO] [stdout] ...
[INFO] [stdout]  64 |     pub(crate) async fn recv_expect<'de, T: Decode<'de>>(
[INFO] [stdout]     |                                             ^^^^^^^^^^^ required by this bound in `PgStream::recv_expect`
[INFO] [stdout] 
[INFO] [stdout] 
[INFO] [stdout] error[E0277]: the trait bound `!: io::decode::Decode<'_>` is not satisfied
[INFO] [stdout]    --> /opt/rustwide/cargo-home/registry/src/index.crates.io-1949cf8c6b5b557f/sqlx-core-0.6.3/src/postgres/copy.rs:323:77
[INFO] [stdout]     |
[INFO] [stdout] 323 |                     conn.stream.recv_expect(MessageFormat::CommandComplete).await?;
[INFO] [stdout]     |                                                                             ^^^^^ the trait `io::decode::Decode<'_>` is not implemented for `!`
[INFO] [stdout]     |
[INFO] [stdout]     = help: the following other types implement trait `io::decode::Decode<'de, Context>`:
[INFO] [stdout]               `()` implements `io::decode::Decode<'_>`
[INFO] [stdout]               `AuthSwitchRequest` implements `io::decode::Decode<'_>`
[INFO] [stdout]               `Authentication` implements `io::decode::Decode<'_>`
[INFO] [stdout]               `AuthenticationSaslContinue` implements `io::decode::Decode<'_>`
[INFO] [stdout]               `AuthenticationSaslFinal` implements `io::decode::Decode<'_>`
[INFO] [stdout]               `BackendKeyData` implements `io::decode::Decode<'_>`
[INFO] [stdout]               `BinaryRow` implements `io::decode::Decode<'de, &'de [MySqlColumn]>`
[INFO] [stdout]               `ColumnDefinition` implements `io::decode::Decode<'_, Capabilities>`
[INFO] [stdout]             and 21 others
[INFO] [stdout]     = note: this error might have been caused by changes to Rust's type-inference algorithm (see issue #148922 <https://github.com/rust-lang/rust/issues/148922> for more information)
[INFO] [stdout]     = help: you might have intended to use the type `()` here instead
[INFO] [stdout] note: required by a bound in `PgStream::recv_expect`
[INFO] [stdout]    --> /opt/rustwide/cargo-home/registry/src/index.crates.io-1949cf8c6b5b557f/sqlx-core-0.6.3/src/postgres/connection/stream.rs:64:45
[INFO] [stdout]     |
[INFO] [stdout]  38 | impl PgStream {
[INFO] [stdout] ...
[INFO] [stdout]  64 |     pub(crate) async fn recv_expect<'de, T: Decode<'de>>(
[INFO] [stdout]     |                                             ^^^^^^^^^^^ required by this bound in `PgStream::recv_expect`
[INFO] [stdout] 
[INFO] [stdout] 
[INFO] [stdout] error[E0277]: the trait bound `!: io::decode::Decode<'_>` is not satisfied
[INFO] [stdout]    --> /opt/rustwide/cargo-home/registry/src/index.crates.io-1949cf8c6b5b557f/sqlx-core-0.6.3/src/postgres/copy.rs:324:75
[INFO] [stdout]     |
[INFO] [stdout] 324 |                     conn.stream.recv_expect(MessageFormat::ReadyForQuery).await?;
[INFO] [stdout]     |                                                                           ^^^^^ the trait `io::decode::Decode<'_>` is not implemented for `!`
[INFO] [stdout]     |
[INFO] [stdout]     = help: the following other types implement trait `io::decode::Decode<'de, Context>`:
[INFO] [stdout]               `()` implements `io::decode::Decode<'_>`
[INFO] [stdout]               `AuthSwitchRequest` implements `io::decode::Decode<'_>`
[INFO] [stdout]               `Authentication` implements `io::decode::Decode<'_>`
[INFO] [stdout]               `AuthenticationSaslContinue` implements `io::decode::Decode<'_>`
[INFO] [stdout]               `AuthenticationSaslFinal` implements `io::decode::Decode<'_>`
[INFO] [stdout]               `BackendKeyData` implements `io::decode::Decode<'_>`
[INFO] [stdout]               `BinaryRow` implements `io::decode::Decode<'de, &'de [MySqlColumn]>`
[INFO] [stdout]               `ColumnDefinition` implements `io::decode::Decode<'_, Capabilities>`
[INFO] [stdout]             and 21 others
[INFO] [stdout]     = note: this error might have been caused by changes to Rust's type-inference algorithm (see issue #148922 <https://github.com/rust-lang/rust/issues/148922> for more information)
[INFO] [stdout]     = help: you might have intended to use the type `()` here instead
[INFO] [stdout] note: required by a bound in `PgStream::recv_expect`
[INFO] [stdout]    --> /opt/rustwide/cargo-home/registry/src/index.crates.io-1949cf8c6b5b557f/sqlx-core-0.6.3/src/postgres/connection/stream.rs:64:45
[INFO] [stdout]     |
[INFO] [stdout]  38 | impl PgStream {
[INFO] [stdout] ...
[INFO] [stdout]  64 |     pub(crate) async fn recv_expect<'de, T: Decode<'de>>(
[INFO] [stdout]     |                                             ^^^^^^^^^^^ required by this bound in `PgStream::recv_expect`
[INFO] [stdout] 
[INFO] [stdout] 
[INFO] [stderr]     Checking notify v6.1.1
[INFO] [stderr]     Checking tracing-subscriber v0.3.20
[INFO] [stderr]     Checking serde_html_form v0.2.3
[INFO] [stderr]     Checking tera v1.19.1
[INFO] [stderr]     Checking axum-extra v0.7.7
[INFO] [stdout] error[E0277]: the trait bound `!: io::decode::Decode<'_>` is not satisfied
[INFO] [stdout]   --> /opt/rustwide/cargo-home/registry/src/index.crates.io-1949cf8c6b5b557f/sqlx-core-0.6.3/src/postgres/connection/executor.rs:68:10
[INFO] [stdout]    |
[INFO] [stdout] 68 |         .recv_expect(MessageFormat::ParseComplete)
[INFO] [stdout]    |          ^^^^^^^^^^^ the trait `io::decode::Decode<'_>` is not implemented for `!`
[INFO] [stdout]    |
[INFO] [stdout]    = help: the following other types implement trait `io::decode::Decode<'de, Context>`:
[INFO] [stdout]              `()` implements `io::decode::Decode<'_>`
[INFO] [stdout]              `AuthSwitchRequest` implements `io::decode::Decode<'_>`
[INFO] [stdout]              `Authentication` implements `io::decode::Decode<'_>`
[INFO] [stdout]              `AuthenticationSaslContinue` implements `io::decode::Decode<'_>`
[INFO] [stdout]              `AuthenticationSaslFinal` implements `io::decode::Decode<'_>`
[INFO] [stdout]              `BackendKeyData` implements `io::decode::Decode<'_>`
[INFO] [stdout]              `BinaryRow` implements `io::decode::Decode<'de, &'de [MySqlColumn]>`
[INFO] [stdout]              `ColumnDefinition` implements `io::decode::Decode<'_, Capabilities>`
[INFO] [stdout]            and 21 others
[INFO] [stdout]    = note: this error might have been caused by changes to Rust's type-inference algorithm (see issue #148922 <https://github.com/rust-lang/rust/issues/148922> for more information)
[INFO] [stdout]    = help: you might have intended to use the type `()` here instead
[INFO] [stdout] note: required by a bound in `PgStream::recv_expect`
[INFO] [stdout]   --> /opt/rustwide/cargo-home/registry/src/index.crates.io-1949cf8c6b5b557f/sqlx-core-0.6.3/src/postgres/connection/stream.rs:64:45
[INFO] [stdout]    |
[INFO] [stdout] 38 | impl PgStream {
[INFO] [stdout] ...
[INFO] [stdout] 64 |     pub(crate) async fn recv_expect<'de, T: Decode<'de>>(
[INFO] [stdout]    |                                             ^^^^^^^^^^^ required by this bound in `PgStream::recv_expect`
[INFO] [stdout] 
[INFO] [stdout] 
[INFO] [stdout] error[E0277]: the trait bound `!: io::decode::Decode<'_>` is not satisfied
[INFO] [stdout]   --> /opt/rustwide/cargo-home/registry/src/index.crates.io-1949cf8c6b5b557f/sqlx-core-0.6.3/src/postgres/connection/executor.rs:66:13
[INFO] [stdout]    |
[INFO] [stdout] 66 |       let _ = conn
[INFO] [stdout]    |  _____________^
[INFO] [stdout] 67 | |         .stream
[INFO] [stdout] 68 | |         .recv_expect(MessageFormat::ParseComplete)
[INFO] [stdout]    | |__________________________________________________^ the trait `io::decode::Decode<'_>` is not implemented for `!`
[INFO] [stdout]    |
[INFO] [stdout]    = help: the following other types implement trait `io::decode::Decode<'de, Context>`:
[INFO] [stdout]              `()` implements `io::decode::Decode<'_>`
[INFO] [stdout]              `AuthSwitchRequest` implements `io::decode::Decode<'_>`
[INFO] [stdout]              `Authentication` implements `io::decode::Decode<'_>`
[INFO] [stdout]              `AuthenticationSaslContinue` implements `io::decode::Decode<'_>`
[INFO] [stdout]              `AuthenticationSaslFinal` implements `io::decode::Decode<'_>`
[INFO] [stdout]              `BackendKeyData` implements `io::decode::Decode<'_>`
[INFO] [stdout]              `BinaryRow` implements `io::decode::Decode<'de, &'de [MySqlColumn]>`
[INFO] [stdout]              `ColumnDefinition` implements `io::decode::Decode<'_, Capabilities>`
[INFO] [stdout]            and 21 others
[INFO] [stdout]    = note: this error might have been caused by changes to Rust's type-inference algorithm (see issue #148922 <https://github.com/rust-lang/rust/issues/148922> for more information)
[INFO] [stdout]    = help: you might have intended to use the type `()` here instead
[INFO] [stdout] note: required by a bound in `PgStream::recv_expect`
[INFO] [stdout]   --> /opt/rustwide/cargo-home/registry/src/index.crates.io-1949cf8c6b5b557f/sqlx-core-0.6.3/src/postgres/connection/stream.rs:64:45
[INFO] [stdout]    |
[INFO] [stdout] 38 | impl PgStream {
[INFO] [stdout] ...
[INFO] [stdout] 64 |     pub(crate) async fn recv_expect<'de, T: Decode<'de>>(
[INFO] [stdout]    |                                             ^^^^^^^^^^^ required by this bound in `PgStream::recv_expect`
[INFO] [stdout] 
[INFO] [stdout] 
[INFO] [stdout] error[E0277]: the trait bound `!: io::decode::Decode<'_>` is not satisfied
[INFO] [stdout]   --> /opt/rustwide/cargo-home/registry/src/index.crates.io-1949cf8c6b5b557f/sqlx-core-0.6.3/src/postgres/connection/executor.rs:69:10
[INFO] [stdout]    |
[INFO] [stdout] 69 |         .await?;
[INFO] [stdout]    |          ^^^^^ the trait `io::decode::Decode<'_>` is not implemented for `!`
[INFO] [stdout]    |
[INFO] [stdout]    = help: the following other types implement trait `io::decode::Decode<'de, Context>`:
[INFO] [stdout]              `()` implements `io::decode::Decode<'_>`
[INFO] [stdout]              `AuthSwitchRequest` implements `io::decode::Decode<'_>`
[INFO] [stdout]              `Authentication` implements `io::decode::Decode<'_>`
[INFO] [stdout]              `AuthenticationSaslContinue` implements `io::decode::Decode<'_>`
[INFO] [stdout]              `AuthenticationSaslFinal` implements `io::decode::Decode<'_>`
[INFO] [stdout]              `BackendKeyData` implements `io::decode::Decode<'_>`
[INFO] [stdout]              `BinaryRow` implements `io::decode::Decode<'de, &'de [MySqlColumn]>`
[INFO] [stdout]              `ColumnDefinition` implements `io::decode::Decode<'_, Capabilities>`
[INFO] [stdout]            and 21 others
[INFO] [stdout]    = note: this error might have been caused by changes to Rust's type-inference algorithm (see issue #148922 <https://github.com/rust-lang/rust/issues/148922> for more information)
[INFO] [stdout]    = help: you might have intended to use the type `()` here instead
[INFO] [stdout] note: required by a bound in `PgStream::recv_expect`
[INFO] [stdout]   --> /opt/rustwide/cargo-home/registry/src/index.crates.io-1949cf8c6b5b557f/sqlx-core-0.6.3/src/postgres/connection/stream.rs:64:45
[INFO] [stdout]    |
[INFO] [stdout] 38 | impl PgStream {
[INFO] [stdout] ...
[INFO] [stdout] 64 |     pub(crate) async fn recv_expect<'de, T: Decode<'de>>(
[INFO] [stdout]    |                                             ^^^^^^^^^^^ required by this bound in `PgStream::recv_expect`
[INFO] [stdout] 
[INFO] [stdout] 
[INFO] [stdout] error[E0277]: the trait bound `!: io::decode::Decode<'_>` is not satisfied
[INFO] [stdout]    --> /opt/rustwide/cargo-home/registry/src/index.crates.io-1949cf8c6b5b557f/sqlx-core-0.6.3/src/postgres/copy.rs:260:30
[INFO] [stdout]     |
[INFO] [stdout] 260 | ...                   .recv_expect(MessageFormat::ReadyForQuery)
[INFO] [stdout]     |                        ^^^^^^^^^^^ the trait `io::decode::Decode<'_>` is not implemented for `!`
[INFO] [stdout]     |
[INFO] [stdout]     = help: the following other types implement trait `io::decode::Decode<'de, Context>`:
[INFO] [stdout]               `()` implements `io::decode::Decode<'_>`
[INFO] [stdout]               `AuthSwitchRequest` implements `io::decode::Decode<'_>`
[INFO] [stdout]               `Authentication` implements `io::decode::Decode<'_>`
[INFO] [stdout]               `AuthenticationSaslContinue` implements `io::decode::Decode<'_>`
[INFO] [stdout]               `AuthenticationSaslFinal` implements `io::decode::Decode<'_>`
[INFO] [stdout]               `BackendKeyData` implements `io::decode::Decode<'_>`
[INFO] [stdout]               `BinaryRow` implements `io::decode::Decode<'de, &'de [MySqlColumn]>`
[INFO] [stdout]               `ColumnDefinition` implements `io::decode::Decode<'_, Capabilities>`
[INFO] [stdout]             and 21 others
[INFO] [stdout]     = note: this error might have been caused by changes to Rust's type-inference algorithm (see issue #148922 <https://github.com/rust-lang/rust/issues/148922> for more information)
[INFO] [stdout]     = help: you might have intended to use the type `()` here instead
[INFO] [stdout] note: required by a bound in `PgStream::recv_expect`
[INFO] [stdout]    --> /opt/rustwide/cargo-home/registry/src/index.crates.io-1949cf8c6b5b557f/sqlx-core-0.6.3/src/postgres/connection/stream.rs:64:45
[INFO] [stdout]     |
[INFO] [stdout]  38 | impl PgStream {
[INFO] [stdout] ...
[INFO] [stdout]  64 |     pub(crate) async fn recv_expect<'de, T: Decode<'de>>(
[INFO] [stdout]     |                                             ^^^^^^^^^^^ required by this bound in `PgStream::recv_expect`
[INFO] [stdout] 
[INFO] [stdout] 
[INFO] [stdout] error[E0277]: the trait bound `!: io::decode::Decode<'_>` is not satisfied
[INFO] [stdout]    --> /opt/rustwide/cargo-home/registry/src/index.crates.io-1949cf8c6b5b557f/sqlx-core-0.6.3/src/postgres/copy.rs:259:25
[INFO] [stdout]     |
[INFO] [stdout] 259 | /                         conn.stream
[INFO] [stdout] 260 | |                             .recv_expect(MessageFormat::ReadyForQuery)
[INFO] [stdout]     | |______________________________________________________________________^ the trait `io::decode::Decode<'_>` is not implemented for `!`
[INFO] [stdout]     |
[INFO] [stdout]     = help: the following other types implement trait `io::decode::Decode<'de, Context>`:
[INFO] [stdout]               `()` implements `io::decode::Decode<'_>`
[INFO] [stdout]               `AuthSwitchRequest` implements `io::decode::Decode<'_>`
[INFO] [stdout]               `Authentication` implements `io::decode::Decode<'_>`
[INFO] [stdout]               `AuthenticationSaslContinue` implements `io::decode::Decode<'_>`
[INFO] [stdout]               `AuthenticationSaslFinal` implements `io::decode::Decode<'_>`
[INFO] [stdout]               `BackendKeyData` implements `io::decode::Decode<'_>`
[INFO] [stdout]               `BinaryRow` implements `io::decode::Decode<'de, &'de [MySqlColumn]>`
[INFO] [stdout]               `ColumnDefinition` implements `io::decode::Decode<'_, Capabilities>`
[INFO] [stdout]             and 21 others
[INFO] [stdout]     = note: this error might have been caused by changes to Rust's type-inference algorithm (see issue #148922 <https://github.com/rust-lang/rust/issues/148922> for more information)
[INFO] [stdout]     = help: you might have intended to use the type `()` here instead
[INFO] [stdout] note: required by a bound in `PgStream::recv_expect`
[INFO] [stdout]    --> /opt/rustwide/cargo-home/registry/src/index.crates.io-1949cf8c6b5b557f/sqlx-core-0.6.3/src/postgres/connection/stream.rs:64:45
[INFO] [stdout]     |
[INFO] [stdout]  38 | impl PgStream {
[INFO] [stdout] ...
[INFO] [stdout]  64 |     pub(crate) async fn recv_expect<'de, T: Decode<'de>>(
[INFO] [stdout]     |                                             ^^^^^^^^^^^ required by this bound in `PgStream::recv_expect`
[INFO] [stdout] 
[INFO] [stdout] 
[INFO] [stdout] error[E0277]: the trait bound `!: io::decode::Decode<'_>` is not satisfied
[INFO] [stdout]    --> /opt/rustwide/cargo-home/registry/src/index.crates.io-1949cf8c6b5b557f/sqlx-core-0.6.3/src/postgres/copy.rs:261:30
[INFO] [stdout]     |
[INFO] [stdout] 261 | ...                   .await?;
[INFO] [stdout]     |                        ^^^^^ the trait `io::decode::Decode<'_>` is not implemented for `!`
[INFO] [stdout]     |
[INFO] [stdout]     = help: the following other types implement trait `io::decode::Decode<'de, Context>`:
[INFO] [stdout]               `()` implements `io::decode::Decode<'_>`
[INFO] [stdout]               `AuthSwitchRequest` implements `io::decode::Decode<'_>`
[INFO] [stdout]               `Authentication` implements `io::decode::Decode<'_>`
[INFO] [stdout]               `AuthenticationSaslContinue` implements `io::decode::Decode<'_>`
[INFO] [stdout]               `AuthenticationSaslFinal` implements `io::decode::Decode<'_>`
[INFO] [stdout]               `BackendKeyData` implements `io::decode::Decode<'_>`
[INFO] [stdout]               `BinaryRow` implements `io::decode::Decode<'de, &'de [MySqlColumn]>`
[INFO] [stdout]               `ColumnDefinition` implements `io::decode::Decode<'_, Capabilities>`
[INFO] [stdout]             and 21 others
[INFO] [stdout]     = note: this error might have been caused by changes to Rust's type-inference algorithm (see issue #148922 <https://github.com/rust-lang/rust/issues/148922> for more information)
[INFO] [stdout]     = help: you might have intended to use the type `()` here instead
[INFO] [stdout] note: required by a bound in `PgStream::recv_expect`
[INFO] [stdout]    --> /opt/rustwide/cargo-home/registry/src/index.crates.io-1949cf8c6b5b557f/sqlx-core-0.6.3/src/postgres/connection/stream.rs:64:45
[INFO] [stdout]     |
[INFO] [stdout]  38 | impl PgStream {
[INFO] [stdout] ...
[INFO] [stdout]  64 |     pub(crate) async fn recv_expect<'de, T: Decode<'de>>(
[INFO] [stdout]     |                                             ^^^^^^^^^^^ required by this bound in `PgStream::recv_expect`
[INFO] [stdout] 
[INFO] [stdout] 
[INFO] [stdout] error[E0277]: the trait bound `!: io::decode::Decode<'_>` is not satisfied
[INFO] [stdout]    --> /opt/rustwide/cargo-home/registry/src/index.crates.io-1949cf8c6b5b557f/sqlx-core-0.6.3/src/postgres/copy.rs:287:14
[INFO] [stdout]     |
[INFO] [stdout] 287 |             .recv_expect(MessageFormat::ReadyForQuery)
[INFO] [stdout]     |              ^^^^^^^^^^^ the trait `io::decode::Decode<'_>` is not implemented for `!`
[INFO] [stdout]     |
[INFO] [stdout]     = help: the following other types implement trait `io::decode::Decode<'de, Context>`:
[INFO] [stdout]               `()` implements `io::decode::Decode<'_>`
[INFO] [stdout]               `AuthSwitchRequest` implements `io::decode::Decode<'_>`
[INFO] [stdout]               `Authentication` implements `io::decode::Decode<'_>`
[INFO] [stdout]               `AuthenticationSaslContinue` implements `io::decode::Decode<'_>`
[INFO] [stdout]               `AuthenticationSaslFinal` implements `io::decode::Decode<'_>`
[INFO] [stdout]               `BackendKeyData` implements `io::decode::Decode<'_>`
[INFO] [stdout]               `BinaryRow` implements `io::decode::Decode<'de, &'de [MySqlColumn]>`
[INFO] [stdout]               `ColumnDefinition` implements `io::decode::Decode<'_, Capabilities>`
[INFO] [stdout]             and 21 others
[INFO] [stdout]     = note: this error might have been caused by changes to Rust's type-inference algorithm (see issue #148922 <https://github.com/rust-lang/rust/issues/148922> for more information)
[INFO] [stdout]     = help: you might have intended to use the type `()` here instead
[INFO] [stdout] note: required by a bound in `PgStream::recv_expect`
[INFO] [stdout]    --> /opt/rustwide/cargo-home/registry/src/index.crates.io-1949cf8c6b5b557f/sqlx-core-0.6.3/src/postgres/connection/stream.rs:64:45
[INFO] [stdout]     |
[INFO] [stdout]  38 | impl PgStream {
[INFO] [stdout] ...
[INFO] [stdout]  64 |     pub(crate) async fn recv_expect<'de, T: Decode<'de>>(
[INFO] [stdout]     |                                             ^^^^^^^^^^^ required by this bound in `PgStream::recv_expect`
[INFO] [stdout] 
[INFO] [stdout] 
[INFO] [stdout] error[E0277]: the trait bound `!: io::decode::Decode<'_>` is not satisfied
[INFO] [stdout]    --> /opt/rustwide/cargo-home/registry/src/index.crates.io-1949cf8c6b5b557f/sqlx-core-0.6.3/src/postgres/copy.rs:286:9
[INFO] [stdout]     |
[INFO] [stdout] 286 | /         conn.stream
[INFO] [stdout] 287 | |             .recv_expect(MessageFormat::ReadyForQuery)
[INFO] [stdout]     | |______________________________________________________^ the trait `io::decode::Decode<'_>` is not implemented for `!`
[INFO] [stdout]     |
[INFO] [stdout]     = help: the following other types implement trait `io::decode::Decode<'de, Context>`:
[INFO] [stdout]               `()` implements `io::decode::Decode<'_>`
[INFO] [stdout]               `AuthSwitchRequest` implements `io::decode::Decode<'_>`
[INFO] [stdout]               `Authentication` implements `io::decode::Decode<'_>`
[INFO] [stdout]               `AuthenticationSaslContinue` implements `io::decode::Decode<'_>`
[INFO] [stdout]               `AuthenticationSaslFinal` implements `io::decode::Decode<'_>`
[INFO] [stdout]               `BackendKeyData` implements `io::decode::Decode<'_>`
[INFO] [stdout]               `BinaryRow` implements `io::decode::Decode<'de, &'de [MySqlColumn]>`
[INFO] [stdout]               `ColumnDefinition` implements `io::decode::Decode<'_, Capabilities>`
[INFO] [stdout]             and 21 others
[INFO] [stdout]     = note: this error might have been caused by changes to Rust's type-inference algorithm (see issue #148922 <https://github.com/rust-lang/rust/issues/148922> for more information)
[INFO] [stdout]     = help: you might have intended to use the type `()` here instead
[INFO] [stdout] note: required by a bound in `PgStream::recv_expect`
[INFO] [stdout]    --> /opt/rustwide/cargo-home/registry/src/index.crates.io-1949cf8c6b5b557f/sqlx-core-0.6.3/src/postgres/connection/stream.rs:64:45
[INFO] [stdout]     |
[INFO] [stdout]  38 | impl PgStream {
[INFO] [stdout] ...
[INFO] [stdout]  64 |     pub(crate) async fn recv_expect<'de, T: Decode<'de>>(
[INFO] [stdout]     |                                             ^^^^^^^^^^^ required by this bound in `PgStream::recv_expect`
[INFO] [stdout] 
[INFO] [stdout] 
[INFO] [stdout] error[E0277]: the trait bound `!: io::decode::Decode<'_>` is not satisfied
[INFO] [stdout]    --> /opt/rustwide/cargo-home/registry/src/index.crates.io-1949cf8c6b5b557f/sqlx-core-0.6.3/src/postgres/copy.rs:288:14
[INFO] [stdout]     |
[INFO] [stdout] 288 |             .await?;
[INFO] [stdout]     |              ^^^^^ the trait `io::decode::Decode<'_>` is not implemented for `!`
[INFO] [stdout]     |
[INFO] [stdout]     = help: the following other types implement trait `io::decode::Decode<'de, Context>`:
[INFO] [stdout]               `()` implements `io::decode::Decode<'_>`
[INFO] [stdout]               `AuthSwitchRequest` implements `io::decode::Decode<'_>`
[INFO] [stdout]               `Authentication` implements `io::decode::Decode<'_>`
[INFO] [stdout]               `AuthenticationSaslContinue` implements `io::decode::Decode<'_>`
[INFO] [stdout]               `AuthenticationSaslFinal` implements `io::decode::Decode<'_>`
[INFO] [stdout]               `BackendKeyData` implements `io::decode::Decode<'_>`
[INFO] [stdout]               `BinaryRow` implements `io::decode::Decode<'de, &'de [MySqlColumn]>`
[INFO] [stdout]               `ColumnDefinition` implements `io::decode::Decode<'_, Capabilities>`
[INFO] [stdout]             and 21 others
[INFO] [stdout]     = note: this error might have been caused by changes to Rust's type-inference algorithm (see issue #148922 <https://github.com/rust-lang/rust/issues/148922> for more information)
[INFO] [stdout]     = help: you might have intended to use the type `()` here instead
[INFO] [stdout] note: required by a bound in `PgStream::recv_expect`
[INFO] [stdout]    --> /opt/rustwide/cargo-home/registry/src/index.crates.io-1949cf8c6b5b557f/sqlx-core-0.6.3/src/postgres/connection/stream.rs:64:45
[INFO] [stdout]     |
[INFO] [stdout]  38 | impl PgStream {
[INFO] [stdout] ...
[INFO] [stdout]  64 |     pub(crate) async fn recv_expect<'de, T: Decode<'de>>(
[INFO] [stdout]     |                                             ^^^^^^^^^^^ required by this bound in `PgStream::recv_expect`
[INFO] [stdout] 
[INFO] [stdout] 
[INFO] [stdout] error[E0277]: the trait bound `!: io::decode::Decode<'_>` is not satisfied
[INFO] [stdout]    --> /opt/rustwide/cargo-home/registry/src/index.crates.io-1949cf8c6b5b557f/sqlx-core-0.6.3/src/postgres/copy.rs:323:33
[INFO] [stdout]     |
[INFO] [stdout] 323 |                     conn.stream.recv_expect(MessageFormat::CommandComplete).await?;
[INFO] [stdout]     |                                 ^^^^^^^^^^^ the trait `io::decode::Decode<'_>` is not implemented for `!`
[INFO] [stdout]     |
[INFO] [stdout]     = help: the following other types implement trait `io::decode::Decode<'de, Context>`:
[INFO] [stdout]               `()` implements `io::decode::Decode<'_>`
[INFO] [stdout]               `AuthSwitchRequest` implements `io::decode::Decode<'_>`
[INFO] [stdout]               `Authentication` implements `io::decode::Decode<'_>`
[INFO] [stdout]               `AuthenticationSaslContinue` implements `io::decode::Decode<'_>`
[INFO] [stdout]               `AuthenticationSaslFinal` implements `io::decode::Decode<'_>`
[INFO] [stdout]               `BackendKeyData` implements `io::decode::Decode<'_>`
[INFO] [stdout]               `BinaryRow` implements `io::decode::Decode<'de, &'de [MySqlColumn]>`
[INFO] [stdout]               `ColumnDefinition` implements `io::decode::Decode<'_, Capabilities>`
[INFO] [stdout]             and 21 others
[INFO] [stdout]     = note: this error might have been caused by changes to Rust's type-inference algorithm (see issue #148922 <https://github.com/rust-lang/rust/issues/148922> for more information)
[INFO] [stdout]     = help: you might have intended to use the type `()` here instead
[INFO] [stdout] note: required by a bound in `PgStream::recv_expect`
[INFO] [stdout]    --> /opt/rustwide/cargo-home/registry/src/index.crates.io-1949cf8c6b5b557f/sqlx-core-0.6.3/src/postgres/connection/stream.rs:64:45
[INFO] [stdout]     |
[INFO] [stdout]  38 | impl PgStream {
[INFO] [stdout] ...
[INFO] [stdout]  64 |     pub(crate) async fn recv_expect<'de, T: Decode<'de>>(
[INFO] [stdout]     |                                             ^^^^^^^^^^^ required by this bound in `PgStream::recv_expect`
[INFO] [stdout] 
[INFO] [stdout] 
[INFO] [stdout] error[E0277]: the trait bound `!: io::decode::Decode<'_>` is not satisfied
[INFO] [stdout]    --> /opt/rustwide/cargo-home/registry/src/index.crates.io-1949cf8c6b5b557f/sqlx-core-0.6.3/src/postgres/copy.rs:323:21
[INFO] [stdout]     |
[INFO] [stdout] 323 |                     conn.stream.recv_expect(MessageFormat::CommandComplete).await?;
[INFO] [stdout]     |                     ^^^^^^^^^^^^^^^^^^^^^^^^^^^^^^^^^^^^^^^^^^^^^^^^^^^^^^^ the trait `io::decode::Decode<'_>` is not implemented for `!`
[INFO] [stdout]     |
[INFO] [stdout]     = help: the following other types implement trait `io::decode::Decode<'de, Context>`:
[INFO] [stdout]               `()` implements `io::decode::Decode<'_>`
[INFO] [stdout]               `AuthSwitchRequest` implements `io::decode::Decode<'_>`
[INFO] [stdout]               `Authentication` implements `io::decode::Decode<'_>`
[INFO] [stdout]               `AuthenticationSaslContinue` implements `io::decode::Decode<'_>`
[INFO] [stdout]               `AuthenticationSaslFinal` implements `io::decode::Decode<'_>`
[INFO] [stdout]               `BackendKeyData` implements `io::decode::Decode<'_>`
[INFO] [stdout]               `BinaryRow` implements `io::decode::Decode<'de, &'de [MySqlColumn]>`
[INFO] [stdout]               `ColumnDefinition` implements `io::decode::Decode<'_, Capabilities>`
[INFO] [stdout]             and 21 others
[INFO] [stdout]     = note: this error might have been caused by changes to Rust's type-inference algorithm (see issue #148922 <https://github.com/rust-lang/rust/issues/148922> for more information)
[INFO] [stdout]     = help: you might have intended to use the type `()` here instead
[INFO] [stdout] note: required by a bound in `PgStream::recv_expect`
[INFO] [stdout]    --> /opt/rustwide/cargo-home/registry/src/index.crates.io-1949cf8c6b5b557f/sqlx-core-0.6.3/src/postgres/connection/stream.rs:64:45
[INFO] [stdout]     |
[INFO] [stdout]  38 | impl PgStream {
[INFO] [stdout] ...
[INFO] [stdout]  64 |     pub(crate) async fn recv_expect<'de, T: Decode<'de>>(
[INFO] [stdout]     |                                             ^^^^^^^^^^^ required by this bound in `PgStream::recv_expect`
[INFO] [stdout] 
[INFO] [stdout] 
[INFO] [stdout] error[E0277]: the trait bound `!: io::decode::Decode<'_>` is not satisfied
[INFO] [stdout]    --> /opt/rustwide/cargo-home/registry/src/index.crates.io-1949cf8c6b5b557f/sqlx-core-0.6.3/src/postgres/copy.rs:324:33
[INFO] [stdout]     |
[INFO] [stdout] 324 |                     conn.stream.recv_expect(MessageFormat::ReadyForQuery).await?;
[INFO] [stdout]     |                                 ^^^^^^^^^^^ the trait `io::decode::Decode<'_>` is not implemented for `!`
[INFO] [stdout]     |
[INFO] [stdout]     = help: the following other types implement trait `io::decode::Decode<'de, Context>`:
[INFO] [stdout]               `()` implements `io::decode::Decode<'_>`
[INFO] [stdout]               `AuthSwitchRequest` implements `io::decode::Decode<'_>`
[INFO] [stdout]               `Authentication` implements `io::decode::Decode<'_>`
[INFO] [stdout]               `AuthenticationSaslContinue` implements `io::decode::Decode<'_>`
[INFO] [stdout]               `AuthenticationSaslFinal` implements `io::decode::Decode<'_>`
[INFO] [stdout]               `BackendKeyData` implements `io::decode::Decode<'_>`
[INFO] [stdout]               `BinaryRow` implements `io::decode::Decode<'de, &'de [MySqlColumn]>`
[INFO] [stdout]               `ColumnDefinition` implements `io::decode::Decode<'_, Capabilities>`
[INFO] [stdout]             and 21 others
[INFO] [stdout]     = note: this error might have been caused by changes to Rust's type-inference algorithm (see issue #148922 <https://github.com/rust-lang/rust/issues/148922> for more information)
[INFO] [stdout]     = help: you might have intended to use the type `()` here instead
[INFO] [stdout] note: required by a bound in `PgStream::recv_expect`
[INFO] [stdout]    --> /opt/rustwide/cargo-home/registry/src/index.crates.io-1949cf8c6b5b557f/sqlx-core-0.6.3/src/postgres/connection/stream.rs:64:45
[INFO] [stdout]     |
[INFO] [stdout]  38 | impl PgStream {
[INFO] [stdout] ...
[INFO] [stdout]  64 |     pub(crate) async fn recv_expect<'de, T: Decode<'de>>(
[INFO] [stdout]     |                                             ^^^^^^^^^^^ required by this bound in `PgStream::recv_expect`
[INFO] [stdout] 
[INFO] [stdout] 
[INFO] [stdout] error[E0277]: the trait bound `!: io::decode::Decode<'_>` is not satisfied
[INFO] [stdout]    --> /opt/rustwide/cargo-home/registry/src/index.crates.io-1949cf8c6b5b557f/sqlx-core-0.6.3/src/postgres/copy.rs:324:21
[INFO] [stdout]     |
[INFO] [stdout] 324 |                     conn.stream.recv_expect(MessageFormat::ReadyForQuery).await?;
[INFO] [stdout]     |                     ^^^^^^^^^^^^^^^^^^^^^^^^^^^^^^^^^^^^^^^^^^^^^^^^^^^^^ the trait `io::decode::Decode<'_>` is not implemented for `!`
[INFO] [stdout]     |
[INFO] [stdout]     = help: the following other types implement trait `io::decode::Decode<'de, Context>`:
[INFO] [stdout]               `()` implements `io::decode::Decode<'_>`
[INFO] [stdout]               `AuthSwitchRequest` implements `io::decode::Decode<'_>`
[INFO] [stdout]               `Authentication` implements `io::decode::Decode<'_>`
[INFO] [stdout]               `AuthenticationSaslContinue` implements `io::decode::Decode<'_>`
[INFO] [stdout]               `AuthenticationSaslFinal` implements `io::decode::Decode<'_>`
[INFO] [stdout]               `BackendKeyData` implements `io::decode::Decode<'_>`
[INFO] [stdout]               `BinaryRow` implements `io::decode::Decode<'de, &'de [MySqlColumn]>`
[INFO] [stdout]               `ColumnDefinition` implements `io::decode::Decode<'_, Capabilities>`
[INFO] [stdout]             and 21 others
[INFO] [stdout]     = note: this error might have been caused by changes to Rust's type-inference algorithm (see issue #148922 <https://github.com/rust-lang/rust/issues/148922> for more information)
[INFO] [stdout]     = help: you might have intended to use the type `()` here instead
[INFO] [stdout] note: required by a bound in `PgStream::recv_expect`
[INFO] [stdout]    --> /opt/rustwide/cargo-home/registry/src/index.crates.io-1949cf8c6b5b557f/sqlx-core-0.6.3/src/postgres/connection/stream.rs:64:45
[INFO] [stdout]     |
[INFO] [stdout]  38 | impl PgStream {
[INFO] [stdout] ...
[INFO] [stdout]  64 |     pub(crate) async fn recv_expect<'de, T: Decode<'de>>(
[INFO] [stdout]     |                                             ^^^^^^^^^^^ required by this bound in `PgStream::recv_expect`
[INFO] [stdout] 
[INFO] [stdout] 
[INFO] [stdout] error[E0277]: the trait bound `!: io::decode::Decode<'_>` is not satisfied
[INFO] [stdout]    --> /opt/rustwide/cargo-home/registry/src/index.crates.io-1949cf8c6b5b557f/sqlx-core-0.6.3/src/postgres/copy.rs:323:77
[INFO] [stdout]     |
[INFO] [stdout] 323 |                     conn.stream.recv_expect(MessageFormat::CommandComplete).await?;
[INFO] [stdout]     |                                                                             ^^^^^ the trait `io::decode::Decode<'_>` is not implemented for `!`
[INFO] [stdout]     |
[INFO] [stdout]     = help: the following other types implement trait `io::decode::Decode<'de, Context>`:
[INFO] [stdout]               `()` implements `io::decode::Decode<'_>`
[INFO] [stdout]               `AuthSwitchRequest` implements `io::decode::Decode<'_>`
[INFO] [stdout]               `Authentication` implements `io::decode::Decode<'_>`
[INFO] [stdout]               `AuthenticationSaslContinue` implements `io::decode::Decode<'_>`
[INFO] [stdout]               `AuthenticationSaslFinal` implements `io::decode::Decode<'_>`
[INFO] [stdout]               `BackendKeyData` implements `io::decode::Decode<'_>`
[INFO] [stdout]               `BinaryRow` implements `io::decode::Decode<'de, &'de [MySqlColumn]>`
[INFO] [stdout]               `ColumnDefinition` implements `io::decode::Decode<'_, Capabilities>`
[INFO] [stdout]             and 21 others
[INFO] [stdout]     = note: this error might have been caused by changes to Rust's type-inference algorithm (see issue #148922 <https://github.com/rust-lang/rust/issues/148922> for more information)
[INFO] [stdout]     = help: you might have intended to use the type `()` here instead
[INFO] [stdout] note: required by a bound in `PgStream::recv_expect`
[INFO] [stdout]    --> /opt/rustwide/cargo-home/registry/src/index.crates.io-1949cf8c6b5b557f/sqlx-core-0.6.3/src/postgres/connection/stream.rs:64:45
[INFO] [stdout]     |
[INFO] [stdout]  38 | impl PgStream {
[INFO] [stdout] ...
[INFO] [stdout]  64 |     pub(crate) async fn recv_expect<'de, T: Decode<'de>>(
[INFO] [stdout]     |                                             ^^^^^^^^^^^ required by this bound in `PgStream::recv_expect`
[INFO] [stdout] 
[INFO] [stdout] 
[INFO] [stdout] error[E0277]: the trait bound `!: io::decode::Decode<'_>` is not satisfied
[INFO] [stdout]    --> /opt/rustwide/cargo-home/registry/src/index.crates.io-1949cf8c6b5b557f/sqlx-core-0.6.3/src/postgres/copy.rs:324:75
[INFO] [stdout]     |
[INFO] [stdout] 324 |                     conn.stream.recv_expect(MessageFormat::ReadyForQuery).await?;
[INFO] [stdout]     |                                                                           ^^^^^ the trait `io::decode::Decode<'_>` is not implemented for `!`
[INFO] [stdout]     |
[INFO] [stdout]     = help: the following other types implement trait `io::decode::Decode<'de, Context>`:
[INFO] [stdout]               `()` implements `io::decode::Decode<'_>`
[INFO] [stdout]               `AuthSwitchRequest` implements `io::decode::Decode<'_>`
[INFO] [stdout]               `Authentication` implements `io::decode::Decode<'_>`
[INFO] [stdout]               `AuthenticationSaslContinue` implements `io::decode::Decode<'_>`
[INFO] [stdout]               `AuthenticationSaslFinal` implements `io::decode::Decode<'_>`
[INFO] [stdout]               `BackendKeyData` implements `io::decode::Decode<'_>`
[INFO] [stdout]               `BinaryRow` implements `io::decode::Decode<'de, &'de [MySqlColumn]>`
[INFO] [stdout]               `ColumnDefinition` implements `io::decode::Decode<'_, Capabilities>`
[INFO] [stdout]             and 21 others
[INFO] [stdout]     = note: this error might have been caused by changes to Rust's type-inference algorithm (see issue #148922 <https://github.com/rust-lang/rust/issues/148922> for more information)
[INFO] [stdout]     = help: you might have intended to use the type `()` here instead
[INFO] [stdout] note: required by a bound in `PgStream::recv_expect`
[INFO] [stdout]    --> /opt/rustwide/cargo-home/registry/src/index.crates.io-1949cf8c6b5b557f/sqlx-core-0.6.3/src/postgres/connection/stream.rs:64:45
[INFO] [stdout]     |
[INFO] [stdout]  38 | impl PgStream {
[INFO] [stdout] ...
[INFO] [stdout]  64 |     pub(crate) async fn recv_expect<'de, T: Decode<'de>>(
[INFO] [stdout]     |                                             ^^^^^^^^^^^ required by this bound in `PgStream::recv_expect`
[INFO] [stdout] 
[INFO] [stdout] 
[INFO] [stdout] For more information about this error, try `rustc --explain E0277`.
[INFO] [stdout] 
[INFO] [stderr] error: could not compile `sqlx-core` (lib) due to 15 previous errors
[INFO] [stderr] warning: build failed, waiting for other jobs to finish...
[INFO] [stdout] For more information about this error, try `rustc --explain E0277`.
[INFO] [stdout] 
[INFO] [stderr] error: could not compile `sqlx-core` (lib) due to 15 previous errors
[INFO] running `Command { std: "docker" "inspect" "b43967c03daa2060c6519203fcf87d89f731d8083412f1b9ad21c29fe3c2f9dc", kill_on_drop: false }`
[INFO] running `Command { std: "docker" "rm" "-f" "b43967c03daa2060c6519203fcf87d89f731d8083412f1b9ad21c29fe3c2f9dc", kill_on_drop: false }`
[INFO] [stdout] b43967c03daa2060c6519203fcf87d89f731d8083412f1b9ad21c29fe3c2f9dc
