[INFO] cloning repository https://github.com/barnex/pygamer-playground
[INFO] running `Command { std: "git" "-c" "credential.helper=" "-c" "credential.helper=/workspace/cargo-home/bin/git-credential-null" "clone" "--bare" "https://github.com/barnex/pygamer-playground" "/workspace/cache/git-repos/https%3A%2F%2Fgithub.com%2Fbarnex%2Fpygamer-playground", kill_on_drop: false }`
[INFO] [stderr] Cloning into bare repository '/workspace/cache/git-repos/https%3A%2F%2Fgithub.com%2Fbarnex%2Fpygamer-playground'...
[INFO] running `Command { std: "git" "rev-parse" "HEAD", kill_on_drop: false }`
[INFO] [stdout] b989703721305fc2c0d18ddfc4720afc7b6aa3b4
[INFO] documenting barnex/pygamer-playground against 1.100.0-beta.1 for beta-rustdoc-1.100
[INFO] running `Command { std: "git" "clone" "/workspace/cache/git-repos/https%3A%2F%2Fgithub.com%2Fbarnex%2Fpygamer-playground" "/workspace/builds/worker-6-tc2/source", kill_on_drop: false }`
[INFO] [stderr] Cloning into '/workspace/builds/worker-6-tc2/source'...
[INFO] [stderr] done.
[INFO] removed /workspace/builds/worker-6-tc2/source/.cargo/config
[INFO] started tweaking git repo https://github.com/barnex/pygamer-playground
[INFO] finished tweaking git repo https://github.com/barnex/pygamer-playground
[INFO] tweaked toml for git repo https://github.com/barnex/pygamer-playground written to /workspace/builds/worker-6-tc2/source/Cargo.toml
[INFO] validating manifest of git repo https://github.com/barnex/pygamer-playground on toolchain 1.100.0-beta.1
[INFO] running `Command { std: CARGO_HOME="/workspace/cargo-home" RUSTUP_HOME="/workspace/rustup-home" "/workspace/cargo-home/bin/cargo" "+1.100.0-beta.1" "metadata" "--manifest-path" "Cargo.toml" "--no-deps", kill_on_drop: false }`
[INFO] crate git repo https://github.com/barnex/pygamer-playground already has a lockfile, it will not be regenerated
[INFO] running `Command { std: CARGO_HOME="/workspace/cargo-home" RUSTUP_HOME="/workspace/rustup-home" "/workspace/cargo-home/bin/cargo" "+1.100.0-beta.1" "fetch" "--manifest-path" "Cargo.toml", kill_on_drop: false }`
[INFO] [stderr]     Blocking waiting for file lock on package cache
[INFO] [stderr]     Blocking waiting for file lock on package cache
[INFO] running `Command { std: "docker" "create" "-v" "/var/lib/crater-agent-workspace/builds/worker-6-tc2/source:/opt/rustwide/workdir:ro,Z" "-v" "/var/lib/crater-agent-workspace/builds/worker-6-tc2/target:/opt/rustwide/target:rw,Z" "-v" "/var/lib/crater-agent-workspace/cargo-home:/opt/rustwide/cargo-home:ro,Z" "-v" "/var/lib/crater-agent-workspace/rustup-home:/opt/rustwide/rustup-home:ro,Z" "-m" "1610612736" "--network" "none" "ghcr.io/rust-lang/crates-build-env/linux@sha256:3111399a4047eeb3a02b7a90e478d715f38a8c6669b5c4b49d30a17385265909" "sleep" "infinity", kill_on_drop: false }`
[INFO] [stdout] da454c1bf7d0acc0f5f2307521e557064fa902d1c21c52a60e66203dd4d6e981
[INFO] running `Command { std: "docker" "start" "da454c1bf7d0acc0f5f2307521e557064fa902d1c21c52a60e66203dd4d6e981", kill_on_drop: false }`
[INFO] running `Command { std: "docker" "inspect" "da454c1bf7d0acc0f5f2307521e557064fa902d1c21c52a60e66203dd4d6e981", kill_on_drop: false }`
[INFO] running `Command { std: "docker" "exec" "-e" "SOURCE_DIR=/opt/rustwide/workdir" "-e" "CARGO_HOME=/opt/rustwide/cargo-home" "-e" "RUSTUP_HOME=/opt/rustwide/rustup-home" "-e" "CARGO_TARGET_DIR=/opt/rustwide/target" "-w" "/opt/rustwide/workdir" "--user" "0:0" "da454c1bf7d0acc0f5f2307521e557064fa902d1c21c52a60e66203dd4d6e981" "/opt/rustwide/cargo-home/bin/cargo" "+1.100.0-beta.1" "metadata" "--no-deps" "--format-version=1", kill_on_drop: false }`
[INFO] running `Command { std: "docker" "inspect" "da454c1bf7d0acc0f5f2307521e557064fa902d1c21c52a60e66203dd4d6e981", kill_on_drop: false }`
[INFO] running `Command { std: "docker" "exec" "-e" "SOURCE_DIR=/opt/rustwide/workdir" "-e" "CARGO_HOME=/opt/rustwide/cargo-home" "-e" "RUSTUP_HOME=/opt/rustwide/rustup-home" "-e" "CARGO_TARGET_DIR=/opt/rustwide/target" "-e" "CARGO_INCREMENTAL=0" "-e" "RUST_BACKTRACE=full" "-e" "RUSTFLAGS=--cap-lints=warn" "-e" "RUSTDOCFLAGS=--cap-lints=warn" "-w" "/opt/rustwide/workdir" "--user" "0:0" "da454c1bf7d0acc0f5f2307521e557064fa902d1c21c52a60e66203dd4d6e981" "/opt/rustwide/cargo-home/bin/cargo" "+1.100.0-beta.1" "doc" "--frozen" "--no-deps" "--document-private-items" "--message-format=json", kill_on_drop: false }`
[INFO] [stderr]    Compiling unicode-ident v1.0.0
[INFO] [stderr]    Compiling syn v1.0.95
[INFO] [stderr]     Checking nb v1.0.0
[INFO] [stderr]    Compiling cortex-m-rt v0.7.1
[INFO] [stderr]     Checking byteorder v1.4.3
[INFO] [stderr]    Compiling az v1.2.0
[INFO] [stderr]    Compiling cortex-m v0.7.4
[INFO] [stderr]    Compiling semver v1.0.9
[INFO] [stderr]     Checking bytemuck v1.9.1
[INFO] [stderr]     Checking vcell v0.1.3
[INFO] [stderr]    Compiling lock_api v0.4.7
[INFO] [stderr]     Checking bitfield v0.13.2
[INFO] [stderr]    Compiling memchr v2.3.4
[INFO] [stderr]    Compiling bare-metal v0.2.5
[INFO] [stderr]     Checking float-cmp v0.8.0
[INFO] [stderr]     Checking micromath v1.1.1
[INFO] [stderr]     Checking nb v0.1.3
[INFO] [stderr]    Compiling proc-macro2 v1.0.39
[INFO] [stderr]     Checking volatile-register v0.2.1
[INFO] [stderr]     Checking embedded-hal v0.2.7
[INFO] [stderr]    Compiling atsamd51j v0.11.0
[INFO] [stderr]    Compiling nom v6.2.1
[INFO] [stderr]     Checking replace_with v0.1.7
[INFO] [stderr]    Compiling seq-macro v0.2.2
[INFO] [stderr]     Checking rgb v0.8.32
[INFO] [stderr]    Compiling paste v1.0.7
[INFO] [stderr]    Compiling pygamer v0.9.0 (https://github.com/atsamd-rs/atsamd#58ad0e0a)
[INFO] [stderr]    Compiling lis3dh v0.4.2
[INFO] [stderr]     Checking rand_core v0.5.1
[INFO] [stderr]    Compiling quote v1.0.18
[INFO] [stderr]     Checking spin v0.9.3
[INFO] [stderr]     Checking hash32 v0.2.1
[INFO] [stderr]     Checking stable_deref_trait v1.2.0
[INFO] [stderr]     Checking panic-halt v0.2.0
[INFO] [stderr]     Checking smart-leds-trait v0.2.1
[INFO] [stderr]     Checking ws2812-timer-delay v0.3.0
[INFO] [stderr]     Checking smart-leds v0.3.0
[INFO] [stderr]     Checking accelerometer v0.12.0
[INFO] [stderr]    Compiling rustc_version v0.4.0
[INFO] [stderr]    Compiling heapless v0.7.13
[INFO] [stderr]     Checking embedded-graphics-core v0.3.3
[INFO] [stderr]     Checking embedded-graphics v0.7.1
[INFO] [stderr]     Checking st7735-lcd v0.8.1
[INFO] [stderr]     Checking tinybmp v0.3.3
[INFO] [stderr]    Compiling cortex-m-rt-macros v0.7.0
[INFO] [stderr]    Compiling modular-bitfield-impl v0.11.2
[INFO] [stderr]    Compiling num_enum_derive v0.5.7
[INFO] [stderr]     Checking num_enum v0.5.7
[INFO] [stderr]     Checking modular-bitfield v0.11.2
[INFO] [stderr]     Checking atsamd-hal v0.14.0
[INFO] [stdout] error[E0271]: type mismatch resolving `<! as TryFrom<Status>>::Error == Error`
[INFO] [stdout]    --> /opt/rustwide/cargo-home/registry/src/index.crates.io-1949cf8c6b5b557f/atsamd-hal-0.14.0/src/sercom/v2/spi/reg.rs:343:28
[INFO] [stdout]     |
[INFO] [stdout] 343 |         self.read_status().try_into()?;
[INFO] [stdout]     |                            ^^^^^^^^ expected `Error`, found `!`
[INFO] [stdout]     |
[INFO] [stdout]     = note: expected enum `sercom::v2::spi::Error`
[INFO] [stdout]                found type `!`
[INFO] [stdout] 
[INFO] [stdout] 
[INFO] [stdout] error[E0277]: the trait bound `!: core::convert::TryFrom<sercom::v2::spi::Status>` is not satisfied
[INFO] [stdout]    --> /opt/rustwide/cargo-home/registry/src/index.crates.io-1949cf8c6b5b557f/atsamd-hal-0.14.0/src/sercom/v2/spi/reg.rs:343:28
[INFO] [stdout]     |
[INFO] [stdout] 343 |         self.read_status().try_into()?;
[INFO] [stdout]     |                            ^^^^^^^^ the trait `From<sercom::v2::spi::Status>` is not implemented for `!`
[INFO] [stdout]     |
[INFO] [stdout]     = note: required for `sercom::v2::spi::Status` to implement `Into<!>`
[INFO] [stdout]     = note: required for `!` to implement `core::convert::TryFrom<sercom::v2::spi::Status>`
[INFO] [stdout]     = note: required for `sercom::v2::spi::Status` to implement `TryInto<!>`
[INFO] [stdout] 
[INFO] [stdout] 
[INFO] [stdout] error[E0271]: type mismatch resolving `<! as TryFrom<Status>>::Error == Error`
[INFO] [stdout]    --> /opt/rustwide/cargo-home/registry/src/index.crates.io-1949cf8c6b5b557f/atsamd-hal-0.14.0/src/sercom/v2/uart.rs:916:28
[INFO] [stdout]     |
[INFO] [stdout] 916 |         self.read_status().try_into()?;
[INFO] [stdout]     |                            ^^^^^^^^ expected `Error`, found `!`
[INFO] [stdout]     |
[INFO] [stdout]     = note: expected enum `flags::Error`
[INFO] [stdout]                found type `!`
[INFO] [stdout] 
[INFO] [stdout] 
[INFO] [stdout] error[E0277]: the trait bound `!: core::convert::TryFrom<flags::Status>` is not satisfied
[INFO] [stdout]    --> /opt/rustwide/cargo-home/registry/src/index.crates.io-1949cf8c6b5b557f/atsamd-hal-0.14.0/src/sercom/v2/uart.rs:916:28
[INFO] [stdout]     |
[INFO] [stdout] 916 |         self.read_status().try_into()?;
[INFO] [stdout]     |                            ^^^^^^^^ the trait `From<flags::Status>` is not implemented for `!`
[INFO] [stdout]     |
[INFO] [stdout]     = note: required for `flags::Status` to implement `Into<!>`
[INFO] [stdout]     = note: required for `!` to implement `core::convert::TryFrom<flags::Status>`
[INFO] [stdout]     = note: required for `flags::Status` to implement `TryInto<!>`
[INFO] [stdout] 
[INFO] [stdout] 
[INFO] [stdout] Some errors have detailed explanations: E0271, E0277.
[INFO] [stdout] 
[INFO] [stdout] For more information about an error, try `rustc --explain E0271`.
[INFO] [stdout] 
[INFO] [stderr] error: could not compile `atsamd-hal` (lib) due to 4 previous errors
[INFO] running `Command { std: "docker" "inspect" "da454c1bf7d0acc0f5f2307521e557064fa902d1c21c52a60e66203dd4d6e981", kill_on_drop: false }`
[INFO] running `Command { std: "docker" "rm" "-f" "da454c1bf7d0acc0f5f2307521e557064fa902d1c21c52a60e66203dd4d6e981", kill_on_drop: false }`
[INFO] [stdout] da454c1bf7d0acc0f5f2307521e557064fa902d1c21c52a60e66203dd4d6e981
