[INFO] cloning repository https://github.com/Vinegret43/dispute
[INFO] running `Command { std: "git" "-c" "credential.helper=" "-c" "credential.helper=/workspace/cargo-home/bin/git-credential-null" "clone" "--bare" "https://github.com/Vinegret43/dispute" "/workspace/cache/git-repos/https%3A%2F%2Fgithub.com%2FVinegret43%2Fdispute", kill_on_drop: false }`
[INFO] [stderr] Cloning into bare repository '/workspace/cache/git-repos/https%3A%2F%2Fgithub.com%2FVinegret43%2Fdispute'...
[INFO] running `Command { std: "git" "rev-parse" "HEAD", kill_on_drop: false }`
[INFO] [stdout] f7a8d56c6da2325fbdd2ed5b56ad5316da8b9ae5
[INFO] documenting Vinegret43/dispute against 1.100.0-beta.1 for beta-rustdoc-1.100
[INFO] running `Command { std: "git" "clone" "/workspace/cache/git-repos/https%3A%2F%2Fgithub.com%2FVinegret43%2Fdispute" "/workspace/builds/worker-1-tc2/source", kill_on_drop: false }`
[INFO] [stderr] Cloning into '/workspace/builds/worker-1-tc2/source'...
[INFO] [stderr] done.
[INFO] started tweaking git repo https://github.com/Vinegret43/dispute
[INFO] finished tweaking git repo https://github.com/Vinegret43/dispute
[INFO] tweaked toml for git repo https://github.com/Vinegret43/dispute written to /workspace/builds/worker-1-tc2/source/Cargo.toml
[INFO] validating manifest of git repo https://github.com/Vinegret43/dispute on toolchain 1.100.0-beta.1
[INFO] running `Command { std: CARGO_HOME="/workspace/cargo-home" RUSTUP_HOME="/workspace/rustup-home" "/workspace/cargo-home/bin/cargo" "+1.100.0-beta.1" "metadata" "--manifest-path" "Cargo.toml" "--no-deps", kill_on_drop: false }`
[INFO] crate git repo https://github.com/Vinegret43/dispute already has a lockfile, it will not be regenerated
[INFO] running `Command { std: CARGO_HOME="/workspace/cargo-home" RUSTUP_HOME="/workspace/rustup-home" "/workspace/cargo-home/bin/cargo" "+1.100.0-beta.1" "fetch" "--manifest-path" "Cargo.toml", kill_on_drop: false }`
[INFO] [stderr]     Blocking waiting for file lock on package cache
[INFO] running `Command { std: "docker" "create" "-v" "/var/lib/crater-agent-workspace/builds/worker-1-tc2/source:/opt/rustwide/workdir:ro,Z" "-v" "/var/lib/crater-agent-workspace/builds/worker-1-tc2/target:/opt/rustwide/target:rw,Z" "-v" "/var/lib/crater-agent-workspace/cargo-home:/opt/rustwide/cargo-home:ro,Z" "-v" "/var/lib/crater-agent-workspace/rustup-home:/opt/rustwide/rustup-home:ro,Z" "-m" "1610612736" "--network" "none" "ghcr.io/rust-lang/crates-build-env/linux@sha256:3111399a4047eeb3a02b7a90e478d715f38a8c6669b5c4b49d30a17385265909" "sleep" "infinity", kill_on_drop: false }`
[INFO] [stdout] d0195c355c7ec1718e937d8e805288d4fb41b898f2fafbfa509ac692e31d4ac6
[INFO] running `Command { std: "docker" "start" "d0195c355c7ec1718e937d8e805288d4fb41b898f2fafbfa509ac692e31d4ac6", kill_on_drop: false }`
[INFO] running `Command { std: "docker" "inspect" "d0195c355c7ec1718e937d8e805288d4fb41b898f2fafbfa509ac692e31d4ac6", kill_on_drop: false }`
[INFO] running `Command { std: "docker" "exec" "-e" "SOURCE_DIR=/opt/rustwide/workdir" "-e" "CARGO_HOME=/opt/rustwide/cargo-home" "-e" "RUSTUP_HOME=/opt/rustwide/rustup-home" "-e" "CARGO_TARGET_DIR=/opt/rustwide/target" "-w" "/opt/rustwide/workdir" "--user" "0:0" "d0195c355c7ec1718e937d8e805288d4fb41b898f2fafbfa509ac692e31d4ac6" "/opt/rustwide/cargo-home/bin/cargo" "+1.100.0-beta.1" "metadata" "--no-deps" "--format-version=1", kill_on_drop: false }`
[INFO] running `Command { std: "docker" "inspect" "d0195c355c7ec1718e937d8e805288d4fb41b898f2fafbfa509ac692e31d4ac6", kill_on_drop: false }`
[INFO] running `Command { std: "docker" "exec" "-e" "SOURCE_DIR=/opt/rustwide/workdir" "-e" "CARGO_HOME=/opt/rustwide/cargo-home" "-e" "RUSTUP_HOME=/opt/rustwide/rustup-home" "-e" "CARGO_TARGET_DIR=/opt/rustwide/target" "-e" "CARGO_INCREMENTAL=0" "-e" "RUST_BACKTRACE=full" "-e" "RUSTFLAGS=--cap-lints=warn" "-e" "RUSTDOCFLAGS=--cap-lints=warn" "-w" "/opt/rustwide/workdir" "--user" "0:0" "d0195c355c7ec1718e937d8e805288d4fb41b898f2fafbfa509ac692e31d4ac6" "/opt/rustwide/cargo-home/bin/cargo" "+1.100.0-beta.1" "doc" "--frozen" "--no-deps" "--document-private-items" "--message-format=json", kill_on_drop: false }`
[INFO] [stderr]    Compiling crossbeam-utils v0.8.16
[INFO] [stderr]     Checking value-bag v1.4.1
[INFO] [stderr]    Compiling num-traits v0.2.17
[INFO] [stderr]    Compiling memoffset v0.9.0
[INFO] [stderr]    Compiling syn v1.0.109
[INFO] [stderr]     Checking critical-section v1.1.2
[INFO] [stderr]    Compiling slotmap v1.0.6
[INFO] [stderr]     Checking arrayvec v0.7.4
[INFO] [stderr]    Compiling atomic-polyfill v1.0.3
[INFO] [stderr]    Compiling unicode-general-category v0.6.0
[INFO] [stderr]     Checking bytemuck v1.14.0
[INFO] [stderr]    Compiling aho-corasick v1.1.2
[INFO] [stderr]    Compiling simd-adler32 v0.3.7
[INFO] [stderr]    Compiling syn v2.0.38
[INFO] [stderr]    Compiling futures-core v0.3.28
[INFO] [stderr]    Compiling winnow v0.5.17
[INFO] [stderr]     Checking log v0.4.20
[INFO] [stderr]    Compiling semver v1.0.20
[INFO] [stderr]    Compiling num-integer v0.1.45
[INFO] [stderr]     Checking once_cell v1.18.0
[INFO] [stderr]    Compiling regex-syntax v0.8.2
[INFO] [stderr]    Compiling adler v1.0.2
[INFO] [stderr]    Compiling crossbeam-epoch v0.9.15
[INFO] [stderr]    Compiling miniz_oxide v0.7.1
[INFO] [stderr]    Compiling tinyvec v1.6.0
[INFO] [stderr]    Compiling crc32fast v1.3.2
[INFO] [stderr]    Compiling num-rational v0.4.1
[INFO] [stderr]    Compiling float-cmp v0.9.0
[INFO] [stderr]    Compiling xmlparser v0.13.6
[INFO] [stderr]    Compiling strict-num v0.1.1
[INFO] [stderr]    Compiling arrayref v0.3.7
[INFO] [stderr]    Compiling rayon-core v1.12.0
[INFO] [stderr]     Checking futures-io v0.3.28
[INFO] [stderr]    Compiling tiny-skia-path v0.10.0
[INFO] [stderr]     Checking concurrent-queue v2.3.0
[INFO] [stderr]    Compiling kurbo v0.9.5
[INFO] [stderr]    Compiling roxmltree v0.18.1
[INFO] [stderr]     Checking parking v2.1.1
[INFO] [stderr]    Compiling flate2 v1.0.28
[INFO] [stderr]    Compiling memmap2 v0.6.2
[INFO] [stderr]    Compiling crossbeam-deque v0.8.3
[INFO] [stderr]    Compiling either v1.9.0
[INFO] [stderr]    Compiling fontconfig-parser v0.5.3
[INFO] [stderr]     Checking fastrand v1.9.0
[INFO] [stderr]     Checking waker-fn v1.1.1
[INFO] [stderr]    Compiling ttf-parser v0.19.2
[INFO] [stderr]    Compiling unicode-bidi v0.3.13
[INFO] [stderr]    Compiling rctree v0.5.0
[INFO] [stderr]     Checking futures-lite v1.13.0
[INFO] [stderr]    Compiling svgtypes v0.11.0
[INFO] [stderr]     Checking async-lock v2.8.0
[INFO] [stderr]    Compiling fdeflate v0.3.0
[INFO] [stderr]    Compiling libdbus-sys v0.2.5
[INFO] [stderr]    Compiling getrandom v0.2.10
[INFO] [stderr]    Compiling ahash v0.8.3
[INFO] [stderr]    Compiling unicode-ccc v0.1.2
[INFO] [stderr]    Compiling unicode-bidi-mirroring v0.1.0
[INFO] [stderr]    Compiling unicode-script v0.5.5
[INFO] [stderr]    Compiling ttf-parser v0.18.1
[INFO] [stderr]    Compiling usvg-tree v0.34.0
[INFO] [stderr]    Compiling io-lifetimes v1.0.11
[INFO] [stderr]     Checking siphasher v0.3.11
[INFO] [stderr]    Compiling nanorand v0.7.0
[INFO] [stderr]    Compiling spin v0.9.8
[INFO] [stderr]    Compiling rayon v1.8.0
[INFO] [stderr]    Compiling png v0.17.10
[INFO] [stderr]    Compiling euclid v0.22.9
[INFO] [stderr]    Compiling rustc_version v0.4.0
[INFO] [stderr]    Compiling simplecss v0.2.1
[INFO] [stderr]    Compiling toml_edit v0.19.15
[INFO] [stderr]    Compiling polling v2.8.0
[INFO] [stderr]    Compiling futures-sink v0.3.28
[INFO] [stderr]    Compiling data-url v0.2.0
[INFO] [stderr]    Compiling rustix v0.37.25
[INFO] [stderr]    Compiling imagesize v0.12.0
[INFO] [stderr]    Compiling unicode-vo v0.1.0
[INFO] [stderr]    Compiling weezl v0.1.7
[INFO] [stderr]     Checking fontdb v0.14.1
[INFO] [stderr]    Compiling usvg-parser v0.34.0
[INFO] [stderr]    Compiling field-offset v0.3.6
[INFO] [stderr]    Compiling regex-automata v0.4.2
[INFO] [stderr]    Compiling unicode-normalization v0.1.22
[INFO] [stderr]    Compiling lyon_geom v1.0.4
[INFO] [stderr]    Compiling zune-inflate v0.2.54
[INFO] [stderr]    Compiling half v2.3.1
[INFO] [stderr]    Compiling async-io v1.13.0
[INFO] [stderr]    Compiling xmlwriter v0.1.0
[INFO] [stderr]    Compiling pico-args v0.5.0
[INFO] [stderr]    Compiling serde v1.0.189
[INFO] [stderr]    Compiling base64 v0.21.4
[INFO] [stderr]    Compiling percent-encoding v2.3.0
[INFO] [stderr]     Checking linux-raw-sys v0.3.8
[INFO] [stderr]    Compiling color_quant v1.1.0
[INFO] [stderr]    Compiling bit_field v0.10.2
[INFO] [stderr]    Compiling cpp_common v0.5.9
[INFO] [stderr]     Checking fastrand v2.0.1
[INFO] [stderr]    Compiling lebe v0.5.2
[INFO] [stderr]    Compiling gif v0.12.0
[INFO] [stderr]    Compiling rustybuzz v0.7.0
[INFO] [stderr]    Compiling form_urlencoded v1.2.0
[INFO] [stderr]    Compiling idna v0.4.0
[INFO] [stderr]    Compiling tiny-skia v0.10.0
[INFO] [stderr]    Compiling lyon_path v1.0.4
[INFO] [stderr]    Compiling jpeg-decoder v0.3.0
[INFO] [stderr]    Compiling hashbrown v0.13.2
[INFO] [stderr]    Compiling rgb v0.8.36
[INFO] [stderr]    Compiling proc-macro-crate v1.3.1
[INFO] [stderr]    Compiling qoi v0.4.1
[INFO] [stderr]     Checking tracing-core v0.1.32
[INFO] [stderr]     Checking socket2 v0.4.9
[INFO] [stderr]    Compiling libloading v0.8.1
[INFO] [stderr]    Compiling ttf-parser v0.15.2
[INFO] [stderr]    Compiling text-size v1.1.1
[INFO] [stderr]    Compiling codemap v0.1.3
[INFO] [stderr]     Checking async-task v4.4.1
[INFO] [stderr]    Compiling hashbrown v0.12.3
[INFO] [stderr]    Compiling termcolor v1.3.0
[INFO] [stderr]    Compiling linked-hash-map v0.5.6
[INFO] [stderr]    Compiling portable-atomic v1.4.3
[INFO] [stderr]    Compiling countme v3.0.1
[INFO] [stderr]    Compiling regex v1.10.1
[INFO] [stderr]    Compiling pin-project-internal v1.1.3
[INFO] [stderr]    Compiling strum_macros v0.25.2
[INFO] [stderr]    Compiling thiserror-impl v1.0.49
[INFO] [stderr]    Compiling serde_derive v1.0.189
[INFO] [stderr]    Compiling tiff v0.9.0
[INFO] [stderr]    Compiling cpp_build v0.5.9
[INFO] [stderr]    Compiling tracing-attributes v0.1.27
[INFO] [stderr]    Compiling i-slint-compiler v1.2.2
[INFO] [stderr]    Compiling rowan v0.15.13
[INFO] [stderr]    Compiling fontdue v0.7.3
[INFO] [stderr]    Compiling codemap-diagnostic v0.1.2
[INFO] [stderr]    Compiling usvg-text-layout v0.34.0
[INFO] [stderr]    Compiling pin-project v1.1.3
[INFO] [stderr]    Compiling flume v0.10.14
[INFO] [stderr]    Compiling num_enum_derive v0.7.0
[INFO] [stderr]    Compiling usvg v0.34.1
[INFO] [stderr]    Compiling const-field-offset-macro v0.1.3
[INFO] [stderr]     Checking tracing v0.1.39
[INFO] [stderr]    Compiling linked_hash_set v0.1.4
[INFO] [stderr]    Compiling qttypes v0.2.9
[INFO] [stderr]    Compiling exr v1.6.4
[INFO] [stderr]    Compiling resvg v0.34.1
[INFO] [stderr]     Checking piper v0.2.1
[INFO] [stderr]    Compiling thiserror v1.0.49
[INFO] [stderr]    Compiling lyon_extra v1.0.1
[INFO] [stderr]    Compiling url v2.4.1
[INFO] [stderr]    Compiling zvariant_utils v1.0.1
[INFO] [stderr]    Compiling itertools v0.11.0
[INFO] [stderr]     Checking async-channel v1.9.0
[INFO] [stderr]    Compiling css-color-parser2 v1.0.1
[INFO] [stderr]    Compiling memoffset v0.7.1
[INFO] [stderr]    Compiling dunce v1.0.4
[INFO] [stderr]    Compiling num_enum v0.7.0
[INFO] [stderr]    Compiling by_address v1.1.0
[INFO] [stderr]    Compiling unicode-width v0.1.11
[INFO] [stderr]    Compiling smol_str v0.2.0
[INFO] [stderr]    Compiling spin_on v0.1.1
[INFO] [stderr]     Checking blocking v1.4.1
[INFO] [stderr]     Checking const-field-offset v0.1.3
[INFO] [stderr]    Compiling i-slint-backend-qt v1.2.2
[INFO] [stderr]    Compiling textwrap v0.11.0
[INFO] [stderr]    Compiling cpp_macros v0.5.9
[INFO] [stderr]    Compiling vtable-macro v0.1.10
[INFO] [stderr]    Compiling enumflags2_derive v0.7.8
[INFO] [stderr]    Compiling derive_more v0.99.17
[INFO] [stderr]    Compiling derive_utils v0.13.2
[INFO] [stderr]    Compiling atty v0.2.14
[INFO] [stderr]    Compiling futures-task v0.3.28
[INFO] [stderr]    Compiling clap v2.34.0
[INFO] [stderr]    Compiling strum v0.25.0
[INFO] [stderr]    Compiling dbus v0.9.7
[INFO] [stderr]    Compiling auto_enums v0.8.2
[INFO] [stderr]     Checking cpp v0.5.9
[INFO] [stderr]     Checking lyon_algorithms v1.0.3
[INFO] [stderr]    Compiling zvariant_derive v3.15.0
[INFO] [stderr]    Compiling i-slint-core-macros v1.2.2
[INFO] [stderr]     Checking async-executor v1.5.4
[INFO] [stderr]     Checking rand_core v0.6.4
[INFO] [stderr]     Checking integer-sqrt v0.1.5
[INFO] [stderr]    Compiling alsa-sys v0.3.1
[INFO] [stderr]     Checking instant v0.1.12
[INFO] [stderr]     Checking vtable v0.1.11
[INFO] [stderr]    Compiling async-fs v1.6.0
[INFO] [stderr]     Checking scoped-tls-hkt v0.1.4
[INFO] [stderr]    Compiling rustix v0.38.19
[INFO] [stderr]     Checking image v0.24.7
[INFO] [stderr]     Checking pin-weak v1.1.0
[INFO] [stderr]     Checking unicode-linebreak v0.1.5
[INFO] [stderr]    Compiling async-trait v0.1.74
[INFO] [stderr]     Checking clru v0.6.1
[INFO] [stderr]    Compiling futures-util v0.3.28
[INFO] [stderr]     Checking symphonia-core v0.5.3
[INFO] [stderr]     Checking rand_chacha v0.3.1
[INFO] [stderr]     Checking digest v0.10.7
[INFO] [stderr]     Checking nix v0.26.4
[INFO] [stderr]     Checking ahash v0.7.6
[INFO] [stderr]     Checking bitflags v2.4.0
[INFO] [stderr]     Checking cpufeatures v0.2.9
[INFO] [stderr]    Compiling i-slint-backend-selector v1.2.2
[INFO] [stderr]     Checking linux-raw-sys v0.4.10
[INFO] [stderr]     Checking sha1 v0.10.6
[INFO] [stderr]     Checking rand v0.8.5
[INFO] [stderr]     Checking symphonia-metadata v0.5.3
[INFO] [stderr]    Compiling derivative v2.2.0
[INFO] [stderr]    Compiling zbus_macros v3.14.1
[INFO] [stderr]    Compiling serde_repr v0.1.16
[INFO] [stderr]     Checking xdg-home v1.0.0
[INFO] [stderr]    Compiling async-recursion v1.0.5
[INFO] [stderr]     Checking async-broadcast v0.5.1
[INFO] [stderr]     Checking ordered-stream v0.2.0
[INFO] [stderr]    Compiling dbus-codegen v0.9.1
[INFO] [stderr]     Checking nix v0.24.3
[INFO] [stderr]     Checking signal-hook-registry v1.4.1
[INFO] [stderr]     Checking dlv-list v0.3.0
[INFO] [stderr]    Compiling cpal v0.15.2
[INFO] [stderr]    Compiling i-slint-common v1.2.2
[INFO] [stderr]     Checking ordered-multimap v0.4.3
[INFO] [stderr]     Checking alsa v0.7.1
[INFO] [stderr]     Checking parking_lot v0.12.1
[INFO] [stderr]     Checking i-slint-core v1.2.2
[INFO] [stderr]     Checking symphonia-bundle-mp3 v0.5.3
[INFO] [stderr]     Checking event-listener v3.0.0
[INFO] [stderr]     Checking dirs-sys v0.3.7
[INFO] [stderr]     Checking inotify-sys v0.1.5
[INFO] [stderr]     Checking dasp_sample v0.11.0
[INFO] [stderr]    Compiling dark-light v1.0.0
[INFO] [stderr]     Checking dbus-tree v0.9.2
[INFO] [stderr]     Checking hashbrown v0.14.1
[INFO] [stderr]     Checking dirs-sys v0.4.1
[INFO] [stderr]     Checking dirs v4.0.0
[INFO] [stderr]     Checking inotify v0.9.6
[INFO] [stderr]     Checking rust-ini v0.18.0
[INFO] [stderr]     Checking async-global-executor v2.3.1
[INFO] [stderr]     Checking crossbeam-channel v0.5.8
[INFO] [stderr]     Checking mio v0.8.8
[INFO] [stderr]     Checking symphonia v0.5.3
[INFO] [stderr]     Checking kv-log-macro v1.0.7
[INFO] [stderr]     Checking indexmap v2.0.2
[INFO] [stderr]     Checking filetime v0.2.22
[INFO] [stderr]    Compiling ksni v0.1.3
[INFO] [stderr]     Checking dconf_rs v0.3.0
[INFO] [stderr]     Checking detect-desktop-environment v0.2.0
[INFO] [stderr]     Checking unsafe-libyaml v0.2.9
[INFO] [stderr]    Compiling dispute v0.1.0 (/opt/rustwide/workdir)
[INFO] [stderr]     Checking directories v5.0.1
[INFO] [stderr]     Checking fslock v0.2.1
[INFO] [stderr]     Checking async-signal v0.2.4
[INFO] [stderr]     Checking notify v6.1.1
[INFO] [stderr]     Checking async-process v1.8.1
[INFO] [stderr]     Checking async-std v1.12.0
[INFO] [stderr]     Checking tray-item v0.8.0
[INFO] [stderr]     Checking rodio v0.17.1
[INFO] [stderr]     Checking enumflags2 v0.7.8
[INFO] [stderr]     Checking serde_yaml v0.9.25
[INFO] [stderr]     Checking zvariant v3.15.0
[INFO] [stderr]     Checking zbus_names v2.6.0
[INFO] [stderr]     Checking zbus v3.14.1
[INFO] [stderr]     Checking notify-rust v4.9.0
[INFO] [stderr]    Compiling slint-build v1.2.2
[INFO] [stderr]    Compiling ui v0.1.0 (/opt/rustwide/workdir/ui)
[INFO] [stderr]    Compiling slint-macros v1.2.2
[INFO] [stderr]     Checking slint v1.2.2
[INFO] [stderr] warning: ui@0.1.0: SLINT_STYLE not defined, defaulting to 'fluent', see https://github.com/slint-ui/slint/issues/83 for more info
[INFO] [stdout] warning: use of deprecated constant `std::usize::MAX`: replaced by the `MAX` associated constant on this type
[INFO] [stdout]    --> /opt/rustwide/target/debug/build/ui/b47d22706a36afe9/out/main.rs:996:31
[INFO] [stdout]     |
[INFO] [stdout] 996 |              core :: usize :: MAX }
[INFO] [stdout]     |                               ^^^
[INFO] [stdout]     |
[INFO] [stdout]     = note: `#[warn(deprecated)]` on by default
[INFO] [stdout] 
[INFO] [stdout] 
[INFO] [stdout] warning: use of deprecated constant `std::usize::MAX`: replaced by the `MAX` associated constant on this type
[INFO] [stdout]     --> /opt/rustwide/target/debug/build/ui/b47d22706a36afe9/out/main.rs:1712:31
[INFO] [stdout]      |
[INFO] [stdout] 1712 |              core :: usize :: MAX }
[INFO] [stdout]      |                               ^^^
[INFO] [stdout] 
[INFO] [stdout] 
[INFO] [stdout] warning: use of deprecated constant `std::usize::MAX`: replaced by the `MAX` associated constant on this type
[INFO] [stdout]     --> /opt/rustwide/target/debug/build/ui/b47d22706a36afe9/out/main.rs:2581:31
[INFO] [stdout]      |
[INFO] [stdout] 2581 |              core :: usize :: MAX }
[INFO] [stdout]      |                               ^^^
[INFO] [stdout] 
[INFO] [stdout] 
[INFO] [stdout] warning: use of deprecated constant `std::usize::MAX`: replaced by the `MAX` associated constant on this type
[INFO] [stdout]     --> /opt/rustwide/target/debug/build/ui/b47d22706a36afe9/out/main.rs:2789:31
[INFO] [stdout]      |
[INFO] [stdout] 2789 |              core :: usize :: MAX }
[INFO] [stdout]      |                               ^^^
[INFO] [stdout] 
[INFO] [stdout] 
[INFO] [stdout] warning: use of deprecated constant `std::usize::MAX`: replaced by the `MAX` associated constant on this type
[INFO] [stdout]     --> /opt/rustwide/target/debug/build/ui/b47d22706a36afe9/out/main.rs:3655:31
[INFO] [stdout]      |
[INFO] [stdout] 3655 |              core :: usize :: MAX }
[INFO] [stdout]      |                               ^^^
[INFO] [stdout] 
[INFO] [stdout] 
[INFO] [stdout] warning: use of deprecated constant `std::usize::MAX`: replaced by the `MAX` associated constant on this type
[INFO] [stdout]     --> /opt/rustwide/target/debug/build/ui/b47d22706a36afe9/out/main.rs:4279:31
[INFO] [stdout]      |
[INFO] [stdout] 4279 |              core :: usize :: MAX }
[INFO] [stdout]      |                               ^^^
[INFO] [stdout] 
[INFO] [stdout] 
[INFO] [stdout] warning: use of deprecated constant `std::usize::MAX`: replaced by the `MAX` associated constant on this type
[INFO] [stdout]     --> /opt/rustwide/target/debug/build/ui/b47d22706a36afe9/out/main.rs:4703:31
[INFO] [stdout]      |
[INFO] [stdout] 4703 |              core :: usize :: MAX }
[INFO] [stdout]      |                               ^^^
[INFO] [stdout] 
[INFO] [stdout] 
[INFO] [stdout] warning: use of deprecated constant `std::usize::MAX`: replaced by the `MAX` associated constant on this type
[INFO] [stdout]     --> /opt/rustwide/target/debug/build/ui/b47d22706a36afe9/out/main.rs:5087:31
[INFO] [stdout]      |
[INFO] [stdout] 5087 |              core :: usize :: MAX }
[INFO] [stdout]      |                               ^^^
[INFO] [stdout] 
[INFO] [stdout] 
[INFO] [stdout] warning: use of deprecated constant `std::usize::MAX`: replaced by the `MAX` associated constant on this type
[INFO] [stdout]      --> /opt/rustwide/target/debug/build/ui/b47d22706a36afe9/out/main.rs:11489:31
[INFO] [stdout]       |
[INFO] [stdout] 11489 |              core :: usize :: MAX }
[INFO] [stdout]       |                               ^^^
[INFO] [stdout] 
[INFO] [stdout] 
[INFO] [stdout] warning: use of deprecated constant `std::usize::MAX`: replaced by the `MAX` associated constant on this type
[INFO] [stdout]      --> /opt/rustwide/target/debug/build/ui/b47d22706a36afe9/out/main.rs:13315:31
[INFO] [stdout]       |
[INFO] [stdout] 13315 |              core :: usize :: MAX }
[INFO] [stdout]       |                               ^^^
[INFO] [stdout] 
[INFO] [stdout] 
[INFO] [stdout] warning: use of deprecated constant `std::usize::MAX`: replaced by the `MAX` associated constant on this type
[INFO] [stdout]      --> /opt/rustwide/target/debug/build/ui/b47d22706a36afe9/out/main.rs:13533:31
[INFO] [stdout]       |
[INFO] [stdout] 13533 |              core :: usize :: MAX }
[INFO] [stdout]       |                               ^^^
[INFO] [stdout] 
[INFO] [stdout] 
[INFO] [stdout] warning: use of deprecated constant `std::usize::MAX`: replaced by the `MAX` associated constant on this type
[INFO] [stdout]      --> /opt/rustwide/target/debug/build/ui/b47d22706a36afe9/out/main.rs:13854:31
[INFO] [stdout]       |
[INFO] [stdout] 13854 |              core :: usize :: MAX }
[INFO] [stdout]       |                               ^^^
[INFO] [stdout] 
[INFO] [stdout] 
[INFO] [stdout] error[E0605]: non-primitive cast: `()` as `!`
[INFO] [stdout]    --> /opt/rustwide/target/debug/build/ui/b47d22706a36afe9/out/main.rs:139:30
[INFO] [stdout]     |
[INFO] [stdout] 139 | / ...                    ({
[INFO] [stdout] 140 | | ...                        }
[INFO] [stdout] 141 | | ...                   ) as _ }
[INFO] [stdout]     | |____________________________^ an `as` expression can only be used to convert between primitive types or to coerce to a specific trait object
[INFO] [stdout] 
[INFO] [stdout] 
[INFO] [stdout] error[E0605]: non-primitive cast: `()` as `!`
[INFO] [stdout]    --> /opt/rustwide/target/debug/build/ui/b47d22706a36afe9/out/main.rs:830:34
[INFO] [stdout]     |
[INFO] [stdout] 830 | / ...                    ({
[INFO] [stdout] 831 | | ...                        }
[INFO] [stdout] 832 | | ...                   ) as _ }
[INFO] [stdout]     | |____________________________^ an `as` expression can only be used to convert between primitive types or to coerce to a specific trait object
[INFO] [stdout] 
[INFO] [stdout] 
[INFO] [stdout] error[E0605]: non-primitive cast: `()` as `!`
[INFO] [stdout]     --> /opt/rustwide/target/debug/build/ui/b47d22706a36afe9/out/main.rs:2712:58
[INFO] [stdout]      |
[INFO] [stdout] 2712 | / ...                    ({
[INFO] [stdout] 2713 | | ...                        }
[INFO] [stdout] 2714 | | ...                   ) as _ }
[INFO] [stdout]      | |____________________________^ an `as` expression can only be used to convert between primitive types or to coerce to a specific trait object
[INFO] [stdout] 
[INFO] [stdout] 
[INFO] [stdout] error[E0605]: non-primitive cast: `()` as `!`
[INFO] [stdout]      --> /opt/rustwide/target/debug/build/ui/b47d22706a36afe9/out/main.rs:12977:34
[INFO] [stdout]       |
[INFO] [stdout] 12977 | / ...                    ({
[INFO] [stdout] 12978 | | ...                        }
[INFO] [stdout] 12979 | | ...                   ) as _ }
[INFO] [stdout]       | |____________________________^ an `as` expression can only be used to convert between primitive types or to coerce to a specific trait object
[INFO] [stdout] 
[INFO] [stdout] 
[INFO] [stdout] error[E0605]: non-primitive cast: `()` as `!`
[INFO] [stdout]      --> /opt/rustwide/target/debug/build/ui/b47d22706a36afe9/out/main.rs:12992:34
[INFO] [stdout]       |
[INFO] [stdout] 12992 | / ...                    ({
[INFO] [stdout] 12993 | | ...                        }
[INFO] [stdout] 12994 | | ...                   ) as _ }
[INFO] [stdout]       | |____________________________^ an `as` expression can only be used to convert between primitive types or to coerce to a specific trait object
[INFO] [stdout] 
[INFO] [stdout] 
[INFO] [stdout] For more information about this error, try `rustc --explain E0605`.
[INFO] [stdout] 
[INFO] [stderr] warning: ui@0.1.0: SLINT_STYLE not defined, defaulting to 'fluent', see https://github.com/slint-ui/slint/issues/83 for more info
[INFO] [stderr] error: could not compile `ui` (lib) due to 5 previous errors; 12 warnings emitted
[INFO] running `Command { std: "docker" "inspect" "d0195c355c7ec1718e937d8e805288d4fb41b898f2fafbfa509ac692e31d4ac6", kill_on_drop: false }`
[INFO] running `Command { std: "docker" "rm" "-f" "d0195c355c7ec1718e937d8e805288d4fb41b898f2fafbfa509ac692e31d4ac6", kill_on_drop: false }`
[INFO] [stdout] d0195c355c7ec1718e937d8e805288d4fb41b898f2fafbfa509ac692e31d4ac6
