[INFO] cloning repository https://github.com/Bensge/spybot-rust
[INFO] running `Command { std: "git" "-c" "credential.helper=" "-c" "credential.helper=/workspace/cargo-home/bin/git-credential-null" "clone" "--bare" "https://github.com/Bensge/spybot-rust" "/workspace/cache/git-repos/https%3A%2F%2Fgithub.com%2FBensge%2Fspybot-rust", kill_on_drop: false }`
[INFO] [stderr] Cloning into bare repository '/workspace/cache/git-repos/https%3A%2F%2Fgithub.com%2FBensge%2Fspybot-rust'...
[INFO] running `Command { std: "git" "rev-parse" "HEAD", kill_on_drop: false }`
[INFO] [stdout] 48353f61a9f8e0034f166359236d559c09e0c4d5
[INFO] documenting Bensge/spybot-rust against 1.100.0-beta.1 for beta-rustdoc-1.100
[INFO] running `Command { std: "git" "clone" "/workspace/cache/git-repos/https%3A%2F%2Fgithub.com%2FBensge%2Fspybot-rust" "/workspace/builds/worker-3-tc2/source", kill_on_drop: false }`
[INFO] [stderr] Cloning into '/workspace/builds/worker-3-tc2/source'...
[INFO] [stderr] done.
[INFO] started tweaking git repo https://github.com/Bensge/spybot-rust
[INFO] finished tweaking git repo https://github.com/Bensge/spybot-rust
[INFO] tweaked toml for git repo https://github.com/Bensge/spybot-rust written to /workspace/builds/worker-3-tc2/source/Cargo.toml
[INFO] validating manifest of git repo https://github.com/Bensge/spybot-rust on toolchain 1.100.0-beta.1
[INFO] running `Command { std: CARGO_HOME="/workspace/cargo-home" RUSTUP_HOME="/workspace/rustup-home" "/workspace/cargo-home/bin/cargo" "+1.100.0-beta.1" "metadata" "--manifest-path" "Cargo.toml" "--no-deps", kill_on_drop: false }`
[INFO] crate git repo https://github.com/Bensge/spybot-rust already has a lockfile, it will not be regenerated
[INFO] running `Command { std: CARGO_HOME="/workspace/cargo-home" RUSTUP_HOME="/workspace/rustup-home" "/workspace/cargo-home/bin/cargo" "+1.100.0-beta.1" "fetch" "--manifest-path" "Cargo.toml", kill_on_drop: false }`
[INFO] running `Command { std: "docker" "create" "-v" "/var/lib/crater-agent-workspace/builds/worker-3-tc2/source:/opt/rustwide/workdir:ro,Z" "-v" "/var/lib/crater-agent-workspace/builds/worker-3-tc2/target:/opt/rustwide/target:rw,Z" "-v" "/var/lib/crater-agent-workspace/cargo-home:/opt/rustwide/cargo-home:ro,Z" "-v" "/var/lib/crater-agent-workspace/rustup-home:/opt/rustwide/rustup-home:ro,Z" "-m" "1610612736" "--network" "none" "ghcr.io/rust-lang/crates-build-env/linux@sha256:3111399a4047eeb3a02b7a90e478d715f38a8c6669b5c4b49d30a17385265909" "sleep" "infinity", kill_on_drop: false }`
[INFO] [stdout] 4b6eaba4457aeef9d988e813a230708c61fabb56fbd999da37cfc04d87a59916
[INFO] running `Command { std: "docker" "start" "4b6eaba4457aeef9d988e813a230708c61fabb56fbd999da37cfc04d87a59916", kill_on_drop: false }`
[INFO] running `Command { std: "docker" "inspect" "4b6eaba4457aeef9d988e813a230708c61fabb56fbd999da37cfc04d87a59916", kill_on_drop: false }`
[INFO] running `Command { std: "docker" "exec" "-e" "SOURCE_DIR=/opt/rustwide/workdir" "-e" "CARGO_HOME=/opt/rustwide/cargo-home" "-e" "RUSTUP_HOME=/opt/rustwide/rustup-home" "-e" "CARGO_TARGET_DIR=/opt/rustwide/target" "-w" "/opt/rustwide/workdir" "--user" "0:0" "4b6eaba4457aeef9d988e813a230708c61fabb56fbd999da37cfc04d87a59916" "/opt/rustwide/cargo-home/bin/cargo" "+1.100.0-beta.1" "metadata" "--no-deps" "--format-version=1", kill_on_drop: false }`
[INFO] running `Command { std: "docker" "inspect" "4b6eaba4457aeef9d988e813a230708c61fabb56fbd999da37cfc04d87a59916", kill_on_drop: false }`
[INFO] running `Command { std: "docker" "exec" "-e" "SOURCE_DIR=/opt/rustwide/workdir" "-e" "CARGO_HOME=/opt/rustwide/cargo-home" "-e" "RUSTUP_HOME=/opt/rustwide/rustup-home" "-e" "CARGO_TARGET_DIR=/opt/rustwide/target" "-e" "CARGO_INCREMENTAL=0" "-e" "RUST_BACKTRACE=full" "-e" "RUSTFLAGS=--cap-lints=warn" "-e" "RUSTDOCFLAGS=--cap-lints=warn" "-w" "/opt/rustwide/workdir" "--user" "0:0" "4b6eaba4457aeef9d988e813a230708c61fabb56fbd999da37cfc04d87a59916" "/opt/rustwide/cargo-home/bin/cargo" "+1.100.0-beta.1" "doc" "--frozen" "--no-deps" "--document-private-items" "--message-format=json", kill_on_drop: false }`
[INFO] [stderr]    Compiling quote v1.0.16
[INFO] [stderr]    Compiling syn v1.0.89
[INFO] [stderr]    Compiling libc v0.2.121
[INFO] [stderr]    Compiling libm v0.2.2
[INFO] [stderr]    Compiling num-traits v0.2.14
[INFO] [stderr]    Compiling log v0.4.16
[INFO] [stderr]    Compiling spin v0.5.2
[INFO] [stderr]    Compiling ring v0.16.20
[INFO] [stderr]    Compiling serde v1.0.136
[INFO] [stderr]     Checking smallvec v1.8.0
[INFO] [stderr]    Compiling memchr v2.4.1
[INFO] [stderr]    Compiling generic-array v0.14.5
[INFO] [stderr]     Checking lazy_static v1.4.0
[INFO] [stderr]    Compiling num-integer v0.1.44
[INFO] [stderr]    Compiling once_cell v1.10.0
[INFO] [stderr]    Compiling crossbeam-utils v0.8.8
[INFO] [stderr]    Compiling num-iter v0.1.42
[INFO] [stderr]     Checking pin-project-lite v0.2.8
[INFO] [stderr]     Checking lock_api v0.4.6
[INFO] [stderr]    Compiling serde_json v1.0.79
[INFO] [stderr]    Compiling untrusted v0.7.1
[INFO] [stderr]    Compiling parking_lot_core v0.9.1
[INFO] [stderr]    Compiling rust_decimal v1.22.0
[INFO] [stderr]    Compiling futures-channel v0.3.21
[INFO] [stderr]    Compiling num-bigint-dig v0.7.0
[INFO] [stderr]    Compiling subtle v2.4.1
[INFO] [stderr]    Compiling crossbeam-queue v0.3.5
[INFO] [stderr]    Compiling const-oid v0.6.2
[INFO] [stderr]    Compiling glob v0.3.0
[INFO] [stderr]     Checking tinyvec v1.5.1
[INFO] [stderr]     Checking lexical-util v0.8.3
[INFO] [stderr]    Compiling nom v7.1.1
[INFO] [stderr]    Compiling futures-core v0.3.21
[INFO] [stderr]    Compiling num-bigint v0.3.3
[INFO] [stderr]    Compiling indexmap v1.8.0
[INFO] [stderr]    Compiling base64ct v1.1.1
[INFO] [stderr]    Compiling ppv-lite86 v0.2.16
[INFO] [stderr]    Compiling futures-task v0.3.21
[INFO] [stderr]    Compiling clang-sys v1.3.1
[INFO] [stderr]    Compiling pem-rfc7468 v0.2.4
[INFO] [stderr]    Compiling digest v0.9.0
[INFO] [stderr]    Compiling openssl-sys v0.9.72
[INFO] [stderr]    Compiling instant v0.1.12
[INFO] [stderr]    Compiling frunk_core v0.4.0
[INFO] [stderr]    Compiling scopeguard v1.1.0
[INFO] [stderr]    Compiling proc-macro-hack v0.5.19
[INFO] [stderr]     Checking unicode-bidi v0.3.7
[INFO] [stderr]    Compiling unicode-normalization v0.1.19
[INFO] [stderr]    Compiling base64 v0.13.0
[INFO] [stderr]     Checking futures-sink v0.3.21
[INFO] [stderr]    Compiling getrandom v0.2.5
[INFO] [stderr]    Compiling num_cpus v1.13.1
[INFO] [stderr]    Compiling socket2 v0.4.4
[INFO] [stderr]    Compiling mio v0.8.2
[INFO] [stderr]    Compiling matches v0.1.9
[INFO] [stderr]    Compiling rand_core v0.6.3
[INFO] [stderr]    Compiling ahash v0.7.6
[INFO] [stderr]    Compiling crypto-bigint v0.2.11
[INFO] [stderr]    Compiling rand_chacha v0.3.1
[INFO] [stderr]    Compiling futures-util v0.3.21
[INFO] [stderr]    Compiling hashbrown v0.11.2
[INFO] [stderr]    Compiling parking_lot_core v0.8.5
[INFO] [stderr]    Compiling tokio v1.17.0
[INFO] [stderr]     Checking signal-hook-registry v1.4.0
[INFO] [stderr]    Compiling der v0.4.5
[INFO] [stderr]    Compiling rand v0.8.5
[INFO] [stderr]     Checking parking_lot v0.12.0
[INFO] [stderr]    Compiling proc-macro-error-attr v1.0.4
[INFO] [stderr]    Compiling block-buffer v0.9.0
[INFO] [stderr]    Compiling libloading v0.7.3
[INFO] [stderr]    Compiling cpufeatures v0.2.2
[INFO] [stderr]     Checking futures-io v0.3.21
[INFO] [stderr]    Compiling percent-encoding v2.1.0
[INFO] [stderr]    Compiling bindgen v0.59.2
[INFO] [stderr]    Compiling either v1.6.1
[INFO] [stderr]    Compiling byteorder v1.4.3
[INFO] [stderr]    Compiling regex-syntax v0.6.25
[INFO] [stderr]    Compiling itertools v0.10.3
[INFO] [stderr]    Compiling form_urlencoded v1.0.1
[INFO] [stderr]    Compiling spki v0.4.1
[INFO] [stderr]     Checking idna v0.2.3
[INFO] [stderr]    Compiling parking_lot v0.11.2
[INFO] [stderr]     Checking time v0.1.43
[INFO] [stderr]     Checking lexical-write-integer v0.8.3
[INFO] [stderr]     Checking lexical-parse-integer v0.8.3
[INFO] [stderr]    Compiling cexpr v0.6.0
[INFO] [stderr]     Checking webpki v0.21.4
[INFO] [stderr]     Checking sct v0.6.1
[INFO] [stderr]    Compiling libz-sys v1.1.5
[INFO] [stderr]     Checking crypto-common v0.1.3
[INFO] [stderr]    Compiling crossbeam-epoch v0.9.8
[INFO] [stderr]    Compiling num-bigint v0.4.3
[INFO] [stderr]    Compiling rustc-hash v1.1.0
[INFO] [stderr]    Compiling arrayvec v0.7.2
[INFO] [stderr]    Compiling paste v1.0.6
[INFO] [stderr]    Compiling radium v0.6.2
[INFO] [stderr]    Compiling peeking_take_while v0.1.2
[INFO] [stderr]     Checking rustls v0.19.1
[INFO] [stderr]    Compiling crc-catalog v1.1.1
[INFO] [stderr]    Compiling shlex v1.1.0
[INFO] [stderr]    Compiling unicode_categories v0.1.1
[INFO] [stderr]    Compiling lazycell v1.3.0
[INFO] [stderr]    Compiling crc v2.1.0
[INFO] [stderr]    Compiling webpki-roots v0.21.1
[INFO] [stderr]     Checking digest v0.10.3
[INFO] [stderr]     Checking lexical-parse-float v0.8.3
[INFO] [stderr]    Compiling url v2.2.2
[INFO] [stderr]     Checking lexical-write-float v0.8.4
[INFO] [stderr]    Compiling futures-intrusive v0.4.0
[INFO] [stderr]    Compiling sqlformat v0.1.8
[INFO] [stderr]    Compiling sha2 v0.9.9
[INFO] [stderr]    Compiling sha-1 v0.9.8
[INFO] [stderr]    Compiling hashlink v0.7.0
[INFO] [stderr]    Compiling chrono v0.4.19
[INFO] [stderr]    Compiling stringprep v0.1.2
[INFO] [stderr]    Compiling atoi v0.4.0
[INFO] [stderr]    Compiling regex v1.5.5
[INFO] [stderr]    Compiling subprocess v0.2.8
[INFO] [stderr]    Compiling cmake v0.1.48
[INFO] [stderr]    Compiling async-trait v0.1.52
[INFO] [stderr]    Compiling uuid v0.8.2
[INFO] [stderr]    Compiling openssl v0.10.38
[INFO] [stderr]     Checking wyz v0.4.0
[INFO] [stderr]     Checking lexical-core v0.8.3
[INFO] [stderr]    Compiling io-enum v1.0.1
[INFO] [stderr]    Compiling native-tls v0.2.10
[INFO] [stderr]     Checking num_threads v0.1.5
[INFO] [stderr]    Compiling Inflector v0.11.4
[INFO] [stderr]    Compiling dotenv v0.15.0
[INFO] [stderr]     Checking funty v1.2.0
[INFO] [stderr]    Compiling synstructure v0.12.6
[INFO] [stderr]    Compiling frunk_proc_macro_helpers v0.1.0
[INFO] [stderr]    Compiling proc-macro-error v1.0.4
[INFO] [stderr]     Checking bigdecimal v0.3.0
[INFO] [stderr]     Checking bitvec v0.22.3
[INFO] [stderr]    Compiling derive_utils v0.11.2
[INFO] [stderr]     Checking time v0.3.9
[INFO] [stderr]     Checking crossbeam-deque v0.8.1
[INFO] [stderr]     Checking flate2 v1.0.22
[INFO] [stderr]     Checking lexical v6.1.0
[INFO] [stderr]     Checking sha-1 v0.10.0
[INFO] [stderr]     Checking sha2 v0.10.2
[INFO] [stderr]     Checking crossbeam-channel v0.5.4
[INFO] [stderr]    Compiling tokio-rustls v0.22.0
[INFO] [stderr]    Compiling tokio-stream v0.1.8
[INFO] [stderr]     Checking tracing-core v0.1.23
[INFO] [stderr]     Checking saturating v0.1.0
[INFO] [stderr]    Compiling mysql v22.1.0
[INFO] [stderr]    Compiling sqlx-rt v0.5.11
[INFO] [stderr]     Checking stable_deref_trait v1.2.0
[INFO] [stderr]     Checking twox-hash v1.6.2
[INFO] [stderr]     Checking nix v0.23.1
[INFO] [stderr]     Checking lru v0.7.3
[INFO] [stderr]     Checking pem v1.0.2
[INFO] [stderr]     Checking bufstream v0.1.4
[INFO] [stderr]     Checking crossbeam v0.8.1
[INFO] [stderr]    Compiling serde_derive v1.0.136
[INFO] [stderr]    Compiling zeroize_derive v1.3.2
[INFO] [stderr]    Compiling thiserror-impl v1.0.30
[INFO] [stderr]    Compiling tokio-macros v1.7.0
[INFO] [stderr]    Compiling futures-macro v0.3.21
[INFO] [stderr]    Compiling frunk_proc_macros_impl v0.1.0
[INFO] [stderr]    Compiling frunk_derives v0.4.0
[INFO] [stderr]    Compiling bae v0.1.7
[INFO] [stderr]    Compiling tracing-attributes v0.1.20
[INFO] [stderr]    Compiling ouroboros_macro v0.14.2
[INFO] [stderr]     Checking frunk_proc_macros v0.1.0
[INFO] [stderr]    Compiling async-stream-impl v0.3.3
[INFO] [stderr]     Checking frunk v0.4.0
[INFO] [stderr]    Compiling zeroize v1.4.3
[INFO] [stderr]    Compiling pkcs1 v0.2.4
[INFO] [stderr]    Compiling pkcs8 v0.7.6
[INFO] [stderr]    Compiling sea-strum_macros v0.23.0
[INFO] [stderr]     Checking async-stream v0.3.3
[INFO] [stderr]    Compiling sea-orm-macros v0.6.0
[INFO] [stderr]     Checking tracing v0.1.32
[INFO] [stderr]     Checking ouroboros v0.14.2
[INFO] [stderr]    Compiling ts3_derive v0.2.0 (/opt/rustwide/workdir/ts3-rs/ts3_derive)
[INFO] [stderr]    Compiling thiserror v1.0.30
[INFO] [stderr]    Compiling sea-query-derive v0.2.0
[INFO] [stderr]     Checking rsa v0.5.0
[INFO] [stderr]     Checking sea-strum v0.23.0
[INFO] [stderr]    Compiling mysql_common v0.28.2
[INFO] [stderr]     Checking futures-executor v0.3.21
[INFO] [stderr]     Checking futures v0.3.21
[INFO] [stderr]     Checking ts3 v0.3.2 (/opt/rustwide/workdir/ts3-rs/ts3)
[INFO] [stdout] warning: unused import: `convert::TryFrom`
[INFO] [stdout]   --> ts3-rs/ts3/src/lib.rs:59:5
[INFO] [stdout]    |
[INFO] [stdout] 59 |     convert::TryFrom,
[INFO] [stdout]    |     ^^^^^^^^^^^^^^^^
[INFO] [stdout]    |
[INFO] [stdout]    = note: `#[warn(unused_imports)]` (part of `#[warn(unused)]`) on by default
[INFO] [stdout] 
[INFO] [stdout] 
[INFO] [stdout] error[E0277]: the trait bound `!: Decode<!>` is not satisfied
[INFO] [stdout]    --> ts3-rs/ts3/src/client.rs:425:14
[INFO] [stdout]     |
[INFO] [stdout] 425 |         self.send(
[INFO] [stdout]     |              ^^^^ the trait `Decode<!>` is not implemented for `!`
[INFO] [stdout]     |
[INFO] [stdout]     = help: the following other types implement trait `Decode<T>`:
[INFO] [stdout]               `()` implements `Decode<()>`
[INFO] [stdout]               `APIKey` implements `Decode<APIKey>`
[INFO] [stdout]               `APIKeyScope` implements `Decode<APIKeyScope>`
[INFO] [stdout]               `ChannelCreated` implements `Decode<ChannelCreated>`
[INFO] [stdout]               `ChannelDeleted` implements `Decode<ChannelDeleted>`
[INFO] [stdout]               `ChannelDescriptionChanged` implements `Decode<ChannelDescriptionChanged>`
[INFO] [stdout]               `ChannelEdited` implements `Decode<ChannelEdited>`
[INFO] [stdout]               `ChannelMoved` implements `Decode<ChannelMoved>`
[INFO] [stdout]             and 27 others
[INFO] [stdout] note: required by a bound in `client::Client::send`
[INFO] [stdout]    --> ts3-rs/ts3/src/client.rs:214:26
[INFO] [stdout]     |
[INFO] [stdout]  80 | impl Client {
[INFO] [stdout] ...
[INFO] [stdout] 214 |     pub async fn send<T: Decode<T>>(&self, cmd: String) -> Result<T> {
[INFO] [stdout]     |                          ^^^^^^^^^ required by this bound in `Client::send`
[INFO] [stdout] 
[INFO] [stdout] 
[INFO] [stdout] error[E0277]: the trait bound `!: Decode<!>` is not satisfied
[INFO] [stdout]    --> ts3-rs/ts3/src/client.rs:437:14
[INFO] [stdout]     |
[INFO] [stdout] 437 |         self.send("logout".to_owned()).await?;
[INFO] [stdout]     |              ^^^^ the trait `Decode<!>` is not implemented for `!`
[INFO] [stdout]     |
[INFO] [stdout]     = help: the following other types implement trait `Decode<T>`:
[INFO] [stdout]               `()` implements `Decode<()>`
[INFO] [stdout]               `APIKey` implements `Decode<APIKey>`
[INFO] [stdout]               `APIKeyScope` implements `Decode<APIKeyScope>`
[INFO] [stdout]               `ChannelCreated` implements `Decode<ChannelCreated>`
[INFO] [stdout]               `ChannelDeleted` implements `Decode<ChannelDeleted>`
[INFO] [stdout]               `ChannelDescriptionChanged` implements `Decode<ChannelDescriptionChanged>`
[INFO] [stdout]               `ChannelEdited` implements `Decode<ChannelEdited>`
[INFO] [stdout]               `ChannelMoved` implements `Decode<ChannelMoved>`
[INFO] [stdout]             and 27 others
[INFO] [stdout] note: required by a bound in `client::Client::send`
[INFO] [stdout]    --> ts3-rs/ts3/src/client.rs:214:26
[INFO] [stdout]     |
[INFO] [stdout]  80 | impl Client {
[INFO] [stdout] ...
[INFO] [stdout] 214 |     pub async fn send<T: Decode<T>>(&self, cmd: String) -> Result<T> {
[INFO] [stdout]     |                          ^^^^^^^^^ required by this bound in `Client::send`
[INFO] [stdout] 
[INFO] [stdout] 
[INFO] [stdout] error[E0277]: the trait bound `!: Decode<!>` is not satisfied
[INFO] [stdout]    --> ts3-rs/ts3/src/client.rs:443:14
[INFO] [stdout]     |
[INFO] [stdout] 443 |         self.send("quit".to_owned()).await?;
[INFO] [stdout]     |              ^^^^ the trait `Decode<!>` is not implemented for `!`
[INFO] [stdout]     |
[INFO] [stdout]     = help: the following other types implement trait `Decode<T>`:
[INFO] [stdout]               `()` implements `Decode<()>`
[INFO] [stdout]               `APIKey` implements `Decode<APIKey>`
[INFO] [stdout]               `APIKeyScope` implements `Decode<APIKeyScope>`
[INFO] [stdout]               `ChannelCreated` implements `Decode<ChannelCreated>`
[INFO] [stdout]               `ChannelDeleted` implements `Decode<ChannelDeleted>`
[INFO] [stdout]               `ChannelDescriptionChanged` implements `Decode<ChannelDescriptionChanged>`
[INFO] [stdout]               `ChannelEdited` implements `Decode<ChannelEdited>`
[INFO] [stdout]               `ChannelMoved` implements `Decode<ChannelMoved>`
[INFO] [stdout]             and 27 others
[INFO] [stdout] note: required by a bound in `client::Client::send`
[INFO] [stdout]    --> ts3-rs/ts3/src/client.rs:214:26
[INFO] [stdout]     |
[INFO] [stdout]  80 | impl Client {
[INFO] [stdout] ...
[INFO] [stdout] 214 |     pub async fn send<T: Decode<T>>(&self, cmd: String) -> Result<T> {
[INFO] [stdout]     |                          ^^^^^^^^^ required by this bound in `Client::send`
[INFO] [stdout] 
[INFO] [stdout] 
[INFO] [stdout] error[E0277]: the trait bound `!: Decode<!>` is not satisfied
[INFO] [stdout]    --> ts3-rs/ts3/src/client.rs:448:14
[INFO] [stdout]     |
[INFO] [stdout] 448 |         self.send(
[INFO] [stdout]     |              ^^^^ the trait `Decode<!>` is not implemented for `!`
[INFO] [stdout]     |
[INFO] [stdout]     = help: the following other types implement trait `Decode<T>`:
[INFO] [stdout]               `()` implements `Decode<()>`
[INFO] [stdout]               `APIKey` implements `Decode<APIKey>`
[INFO] [stdout]               `APIKeyScope` implements `Decode<APIKeyScope>`
[INFO] [stdout]               `ChannelCreated` implements `Decode<ChannelCreated>`
[INFO] [stdout]               `ChannelDeleted` implements `Decode<ChannelDeleted>`
[INFO] [stdout]               `ChannelDescriptionChanged` implements `Decode<ChannelDescriptionChanged>`
[INFO] [stdout]               `ChannelEdited` implements `Decode<ChannelEdited>`
[INFO] [stdout]               `ChannelMoved` implements `Decode<ChannelMoved>`
[INFO] [stdout]             and 27 others
[INFO] [stdout] note: required by a bound in `client::Client::send`
[INFO] [stdout]    --> ts3-rs/ts3/src/client.rs:214:26
[INFO] [stdout]     |
[INFO] [stdout]  80 | impl Client {
[INFO] [stdout] ...
[INFO] [stdout] 214 |     pub async fn send<T: Decode<T>>(&self, cmd: String) -> Result<T> {
[INFO] [stdout]     |                          ^^^^^^^^^ required by this bound in `Client::send`
[INFO] [stdout] 
[INFO] [stdout] 
[INFO] [stdout] error[E0277]: the trait bound `!: Decode<!>` is not satisfied
[INFO] [stdout]    --> ts3-rs/ts3/src/client.rs:461:14
[INFO] [stdout]     |
[INFO] [stdout] 461 |         self.send(
[INFO] [stdout]     |              ^^^^ the trait `Decode<!>` is not implemented for `!`
[INFO] [stdout]     |
[INFO] [stdout]     = help: the following other types implement trait `Decode<T>`:
[INFO] [stdout]               `()` implements `Decode<()>`
[INFO] [stdout]               `APIKey` implements `Decode<APIKey>`
[INFO] [stdout]               `APIKeyScope` implements `Decode<APIKeyScope>`
[INFO] [stdout]               `ChannelCreated` implements `Decode<ChannelCreated>`
[INFO] [stdout]               `ChannelDeleted` implements `Decode<ChannelDeleted>`
[INFO] [stdout]               `ChannelDescriptionChanged` implements `Decode<ChannelDescriptionChanged>`
[INFO] [stdout]               `ChannelEdited` implements `Decode<ChannelEdited>`
[INFO] [stdout]               `ChannelMoved` implements `Decode<ChannelMoved>`
[INFO] [stdout]             and 27 others
[INFO] [stdout] note: required by a bound in `client::Client::send`
[INFO] [stdout]    --> ts3-rs/ts3/src/client.rs:214:26
[INFO] [stdout]     |
[INFO] [stdout]  80 | impl Client {
[INFO] [stdout] ...
[INFO] [stdout] 214 |     pub async fn send<T: Decode<T>>(&self, cmd: String) -> Result<T> {
[INFO] [stdout]     |                          ^^^^^^^^^ required by this bound in `Client::send`
[INFO] [stdout] 
[INFO] [stdout] 
[INFO] [stdout] error[E0277]: the trait bound `!: Decode<!>` is not satisfied
[INFO] [stdout]    --> ts3-rs/ts3/src/client.rs:474:14
[INFO] [stdout]     |
[INFO] [stdout] 474 |         self.send(
[INFO] [stdout]     |              ^^^^ the trait `Decode<!>` is not implemented for `!`
[INFO] [stdout]     |
[INFO] [stdout]     = help: the following other types implement trait `Decode<T>`:
[INFO] [stdout]               `()` implements `Decode<()>`
[INFO] [stdout]               `APIKey` implements `Decode<APIKey>`
[INFO] [stdout]               `APIKeyScope` implements `Decode<APIKeyScope>`
[INFO] [stdout]               `ChannelCreated` implements `Decode<ChannelCreated>`
[INFO] [stdout]               `ChannelDeleted` implements `Decode<ChannelDeleted>`
[INFO] [stdout]               `ChannelDescriptionChanged` implements `Decode<ChannelDescriptionChanged>`
[INFO] [stdout]               `ChannelEdited` implements `Decode<ChannelEdited>`
[INFO] [stdout]               `ChannelMoved` implements `Decode<ChannelMoved>`
[INFO] [stdout]             and 27 others
[INFO] [stdout] note: required by a bound in `client::Client::send`
[INFO] [stdout]    --> ts3-rs/ts3/src/client.rs:214:26
[INFO] [stdout]     |
[INFO] [stdout]  80 | impl Client {
[INFO] [stdout] ...
[INFO] [stdout] 214 |     pub async fn send<T: Decode<T>>(&self, cmd: String) -> Result<T> {
[INFO] [stdout]     |                          ^^^^^^^^^ required by this bound in `Client::send`
[INFO] [stdout] 
[INFO] [stdout] 
[INFO] [stdout] error[E0277]: the trait bound `!: Decode<!>` is not satisfied
[INFO] [stdout]    --> ts3-rs/ts3/src/client.rs:492:14
[INFO] [stdout]     |
[INFO] [stdout] 492 |         self.send(format!("servernotifyregister event={}", event))
[INFO] [stdout]     |              ^^^^ the trait `Decode<!>` is not implemented for `!`
[INFO] [stdout]     |
[INFO] [stdout]     = help: the following other types implement trait `Decode<T>`:
[INFO] [stdout]               `()` implements `Decode<()>`
[INFO] [stdout]               `APIKey` implements `Decode<APIKey>`
[INFO] [stdout]               `APIKeyScope` implements `Decode<APIKeyScope>`
[INFO] [stdout]               `ChannelCreated` implements `Decode<ChannelCreated>`
[INFO] [stdout]               `ChannelDeleted` implements `Decode<ChannelDeleted>`
[INFO] [stdout]               `ChannelDescriptionChanged` implements `Decode<ChannelDescriptionChanged>`
[INFO] [stdout]               `ChannelEdited` implements `Decode<ChannelEdited>`
[INFO] [stdout]               `ChannelMoved` implements `Decode<ChannelMoved>`
[INFO] [stdout]             and 27 others
[INFO] [stdout] note: required by a bound in `client::Client::send`
[INFO] [stdout]    --> ts3-rs/ts3/src/client.rs:214:26
[INFO] [stdout]     |
[INFO] [stdout]  80 | impl Client {
[INFO] [stdout] ...
[INFO] [stdout] 214 |     pub async fn send<T: Decode<T>>(&self, cmd: String) -> Result<T> {
[INFO] [stdout]     |                          ^^^^^^^^^ required by this bound in `Client::send`
[INFO] [stdout] 
[INFO] [stdout] 
[INFO] [stdout] error[E0277]: the trait bound `!: Decode<!>` is not satisfied
[INFO] [stdout]    --> ts3-rs/ts3/src/client.rs:514:14
[INFO] [stdout]     |
[INFO] [stdout] 514 |         self.send(format!("use sid={}", sid)).await?;
[INFO] [stdout]     |              ^^^^ the trait `Decode<!>` is not implemented for `!`
[INFO] [stdout]     |
[INFO] [stdout]     = help: the following other types implement trait `Decode<T>`:
[INFO] [stdout]               `()` implements `Decode<()>`
[INFO] [stdout]               `APIKey` implements `Decode<APIKey>`
[INFO] [stdout]               `APIKeyScope` implements `Decode<APIKeyScope>`
[INFO] [stdout]               `ChannelCreated` implements `Decode<ChannelCreated>`
[INFO] [stdout]               `ChannelDeleted` implements `Decode<ChannelDeleted>`
[INFO] [stdout]               `ChannelDescriptionChanged` implements `Decode<ChannelDescriptionChanged>`
[INFO] [stdout]               `ChannelEdited` implements `Decode<ChannelEdited>`
[INFO] [stdout]               `ChannelMoved` implements `Decode<ChannelMoved>`
[INFO] [stdout]             and 27 others
[INFO] [stdout] note: required by a bound in `client::Client::send`
[INFO] [stdout]    --> ts3-rs/ts3/src/client.rs:214:26
[INFO] [stdout]     |
[INFO] [stdout]  80 | impl Client {
[INFO] [stdout] ...
[INFO] [stdout] 214 |     pub async fn send<T: Decode<T>>(&self, cmd: String) -> Result<T> {
[INFO] [stdout]     |                          ^^^^^^^^^ required by this bound in `Client::send`
[INFO] [stdout] 
[INFO] [stdout] 
[INFO] [stdout] error[E0277]: the trait bound `!: Decode<!>` is not satisfied
[INFO] [stdout]    --> ts3-rs/ts3/src/client.rs:520:14
[INFO] [stdout]     |
[INFO] [stdout] 520 |         self.send(format!("use port={}", port)).await?;
[INFO] [stdout]     |              ^^^^ the trait `Decode<!>` is not implemented for `!`
[INFO] [stdout]     |
[INFO] [stdout]     = help: the following other types implement trait `Decode<T>`:
[INFO] [stdout]               `()` implements `Decode<()>`
[INFO] [stdout]               `APIKey` implements `Decode<APIKey>`
[INFO] [stdout]               `APIKeyScope` implements `Decode<APIKeyScope>`
[INFO] [stdout]               `ChannelCreated` implements `Decode<ChannelCreated>`
[INFO] [stdout]               `ChannelDeleted` implements `Decode<ChannelDeleted>`
[INFO] [stdout]               `ChannelDescriptionChanged` implements `Decode<ChannelDescriptionChanged>`
[INFO] [stdout]               `ChannelEdited` implements `Decode<ChannelEdited>`
[INFO] [stdout]               `ChannelMoved` implements `Decode<ChannelMoved>`
[INFO] [stdout]             and 27 others
[INFO] [stdout] note: required by a bound in `client::Client::send`
[INFO] [stdout]    --> ts3-rs/ts3/src/client.rs:214:26
[INFO] [stdout]     |
[INFO] [stdout]  80 | impl Client {
[INFO] [stdout] ...
[INFO] [stdout] 214 |     pub async fn send<T: Decode<T>>(&self, cmd: String) -> Result<T> {
[INFO] [stdout]     |                          ^^^^^^^^^ required by this bound in `Client::send`
[INFO] [stdout] 
[INFO] [stdout] 
[INFO] [stdout] For more information about this error, try `rustc --explain E0277`.
[INFO] [stdout] 
[INFO] [stderr] error: could not compile `ts3` (lib) due to 9 previous errors; 1 warning emitted
[INFO] [stderr] warning: build failed, waiting for other jobs to finish...
[INFO] running `Command { std: "docker" "inspect" "4b6eaba4457aeef9d988e813a230708c61fabb56fbd999da37cfc04d87a59916", kill_on_drop: false }`
[INFO] running `Command { std: "docker" "rm" "-f" "4b6eaba4457aeef9d988e813a230708c61fabb56fbd999da37cfc04d87a59916", kill_on_drop: false }`
[INFO] [stdout] 4b6eaba4457aeef9d988e813a230708c61fabb56fbd999da37cfc04d87a59916
