[INFO] fetching crate a-gpt 0.4.0...
[INFO] documenting a-gpt-0.4.0 against 1.100.0-beta.1 for beta-rustdoc-1.100
[INFO] extracting crate a-gpt 0.4.0 into /workspace/builds/worker-5-tc2/source
[INFO] started tweaking crates.io crate a-gpt 0.4.0
[INFO] removed 0 missing tests
[INFO] finished tweaking crates.io crate a-gpt 0.4.0
[INFO] tweaked toml for crates.io crate a-gpt 0.4.0 written to /workspace/builds/worker-5-tc2/source/Cargo.toml
[INFO] validating manifest of crates.io crate a-gpt 0.4.0 on toolchain 1.100.0-beta.1
[INFO] running `Command { std: CARGO_HOME="/workspace/cargo-home" RUSTUP_HOME="/workspace/rustup-home" "/workspace/cargo-home/bin/cargo" "+1.100.0-beta.1" "metadata" "--manifest-path" "Cargo.toml" "--no-deps", kill_on_drop: false }`
[INFO] crate crates.io crate a-gpt 0.4.0 already has a lockfile, it will not be regenerated
[INFO] running `Command { std: CARGO_HOME="/workspace/cargo-home" RUSTUP_HOME="/workspace/rustup-home" "/workspace/cargo-home/bin/cargo" "+1.100.0-beta.1" "fetch" "--manifest-path" "Cargo.toml", kill_on_drop: false }`
[INFO] [stderr]     Blocking waiting for file lock on package cache
[INFO] [stderr]     Updating crates.io index
[INFO] [stderr]     Blocking waiting for file lock on package cache
[INFO] [stderr]  Downloading crates ...
[INFO] [stderr]   Downloaded copypasta-ext v0.4.4
[INFO] [stderr]   Downloaded security-framework-sys v2.13.0
[INFO] [stderr]   Downloaded winapi-wsapoll v0.1.2
[INFO] [stderr]   Downloaded xcursor v0.3.8
[INFO] [stderr]   Downloaded windows-result v0.1.2
[INFO] [stderr]   Downloaded shell-escape v0.1.5
[INFO] [stderr]   Downloaded git-version-macro v0.3.9
[INFO] [stderr]   Downloaded copypasta v0.8.2
[INFO] [stderr]   Downloaded lazy-bytes-cast v5.0.1
[INFO] [stderr]   Downloaded encoding_index_tests v0.1.4
[INFO] [stderr]   Downloaded terminal_size v0.2.6
[INFO] [stderr]   Downloaded clircle v0.3.0
[INFO] [stderr]   Downloaded x11-clipboard v0.7.1
[INFO] [stderr]   Downloaded wayland-cursor v0.29.5
[INFO] [stderr]   Downloaded windows-implement v0.57.0
[INFO] [stderr]   Downloaded git-version v0.3.9
[INFO] [stderr]   Downloaded objc-foundation v0.1.1
[INFO] [stderr]   Downloaded std_prelude v0.2.12
[INFO] [stderr]   Downloaded clipboard-win v3.1.1
[INFO] [stderr]   Downloaded dlib v0.5.2
[INFO] [stderr]   Downloaded wild v2.2.1
[INFO] [stderr]   Downloaded wayland-sys v0.29.5
[INFO] [stderr]   Downloaded os_str_bytes v6.6.1
[INFO] [stderr]   Downloaded smithay-clipboard v0.6.6
[INFO] [stderr]   Downloaded wayland-scanner v0.29.5
[INFO] [stderr]   Downloaded content_inspector v0.2.4
[INFO] [stderr]   Downloaded bugreport v0.5.1
[INFO] [stderr]   Downloaded rgb v0.8.50
[INFO] [stderr]   Downloaded wayland-commons v0.29.5
[INFO] [stderr]   Downloaded onig v6.4.0
[INFO] [stderr]   Downloaded globset v0.4.15
[INFO] [stderr]   Downloaded windows-interface v0.57.0
[INFO] [stderr]   Downloaded grep-cli v0.1.11
[INFO] [stderr]   Downloaded path_abs v0.5.1
[INFO] [stderr]   Downloaded encoding-index-singlebyte v1.20141219.5
[INFO] [stderr]   Downloaded ansi_colours v1.2.3
[INFO] [stderr]   Downloaded serde_yaml v0.8.26
[INFO] [stderr]   Downloaded textwrap v0.16.1
[INFO] [stderr]   Downloaded cc v1.2.7
[INFO] [stderr]   Downloaded xml-rs v0.8.24
[INFO] [stderr]   Downloaded windows-core v0.57.0
[INFO] [stderr]   Downloaded wayland-client v0.29.5
[INFO] [stderr]   Downloaded encoding v0.2.33
[INFO] [stderr]   Downloaded encoding-index-japanese v1.20141219.5
[INFO] [stderr]   Downloaded plist v1.7.0
[INFO] [stderr]   Downloaded encoding-index-tradchinese v1.20141219.5
[INFO] [stderr]   Downloaded encoding-index-simpchinese v1.20141219.5
[INFO] [stderr]   Downloaded encoding-index-korean v1.20141219.5
[INFO] [stderr]   Downloaded ntapi v0.4.1
[INFO] [stderr]   Downloaded smithay-client-toolkit v0.16.1
[INFO] [stderr]   Downloaded quick-xml v0.32.0
[INFO] [stderr]   Downloaded git2 v0.15.0
[INFO] [stderr]   Downloaded sysinfo v0.33.1
[INFO] [stderr]   Downloaded wayland-protocols v0.29.5
[INFO] [stderr]   Downloaded clap v3.2.25
[INFO] [stderr]   Downloaded x11rb v0.10.1
[INFO] [stderr]   Downloaded nix v0.24.3
[INFO] [stderr]   Downloaded rustix v0.38.42
[INFO] [stderr]   Downloaded bstr v1.11.3
[INFO] [stderr]   Downloaded x11rb-protocol v0.10.0
[INFO] [stderr]   Downloaded onig_sys v69.8.1
[INFO] [stderr]   Downloaded tokio v1.42.0
[INFO] [stderr]   Downloaded syntect v5.2.0
[INFO] [stderr]   Downloaded libz-sys v1.1.20
[INFO] [stderr]   Downloaded bat v0.22.1
[INFO] [stderr]   Downloaded libgit2-sys v0.14.2+1.5.1
[INFO] [stderr]   Downloaded windows v0.57.0
[INFO] running `Command { std: "docker" "create" "-v" "/var/lib/crater-agent-workspace/builds/worker-5-tc2/source:/opt/rustwide/workdir:ro,Z" "-v" "/var/lib/crater-agent-workspace/builds/worker-5-tc2/target:/opt/rustwide/target:rw,Z" "-v" "/var/lib/crater-agent-workspace/cargo-home:/opt/rustwide/cargo-home:ro,Z" "-v" "/var/lib/crater-agent-workspace/rustup-home:/opt/rustwide/rustup-home:ro,Z" "-m" "1610612736" "--network" "none" "ghcr.io/rust-lang/crates-build-env/linux@sha256:77db811e55d90add9212f6832c23229e3de5f1c1f9905e8cb07319ea15df73ac" "sleep" "infinity", kill_on_drop: false }`
[INFO] [stdout] a314e91426b3edbf139ea506014d424f5d74b46ba78d7a8ffe3ae8ac22b6e0e2
[INFO] running `Command { std: "docker" "start" "a314e91426b3edbf139ea506014d424f5d74b46ba78d7a8ffe3ae8ac22b6e0e2", kill_on_drop: false }`
[INFO] running `Command { std: "docker" "inspect" "a314e91426b3edbf139ea506014d424f5d74b46ba78d7a8ffe3ae8ac22b6e0e2", kill_on_drop: false }`
[INFO] running `Command { std: "docker" "exec" "-e" "SOURCE_DIR=/opt/rustwide/workdir" "-e" "CARGO_HOME=/opt/rustwide/cargo-home" "-e" "RUSTUP_HOME=/opt/rustwide/rustup-home" "-e" "CARGO_TARGET_DIR=/opt/rustwide/target" "-w" "/opt/rustwide/workdir" "--user" "0:0" "a314e91426b3edbf139ea506014d424f5d74b46ba78d7a8ffe3ae8ac22b6e0e2" "/opt/rustwide/cargo-home/bin/cargo" "+1.100.0-beta.1" "metadata" "--no-deps" "--format-version=1", kill_on_drop: false }`
[INFO] running `Command { std: "docker" "inspect" "a314e91426b3edbf139ea506014d424f5d74b46ba78d7a8ffe3ae8ac22b6e0e2", kill_on_drop: false }`
[INFO] running `Command { std: "docker" "exec" "-e" "SOURCE_DIR=/opt/rustwide/workdir" "-e" "CARGO_HOME=/opt/rustwide/cargo-home" "-e" "RUSTUP_HOME=/opt/rustwide/rustup-home" "-e" "CARGO_TARGET_DIR=/opt/rustwide/target" "-e" "CARGO_INCREMENTAL=0" "-e" "RUST_BACKTRACE=full" "-e" "RUSTFLAGS=--cap-lints=warn" "-e" "RUSTDOCFLAGS=--cap-lints=warn" "-w" "/opt/rustwide/workdir" "--user" "0:0" "a314e91426b3edbf139ea506014d424f5d74b46ba78d7a8ffe3ae8ac22b6e0e2" "/opt/rustwide/cargo-home/bin/cargo" "+1.100.0-beta.1" "doc" "--frozen" "--no-deps" "--document-private-items" "--message-format=json", kill_on_drop: false }`
[INFO] [stderr]    Compiling proc-macro2 v1.0.92
[INFO] [stderr]    Compiling unicode-ident v1.0.14
[INFO] [stderr]    Compiling libc v0.2.169
[INFO] [stderr]    Compiling pkg-config v0.3.31
[INFO] [stderr]    Compiling autocfg v1.4.0
[INFO] [stderr]    Compiling shlex v1.3.0
[INFO] [stderr]     Checking once_cell v1.20.2
[INFO] [stderr]     Checking memchr v2.7.4
[INFO] [stderr]    Compiling vcpkg v0.2.15
[INFO] [stderr]     Checking smallvec v1.13.2
[INFO] [stderr]     Checking stable_deref_trait v1.2.0
[INFO] [stderr]    Compiling xml-rs v0.8.24
[INFO] [stderr]     Checking itoa v1.0.14
[INFO] [stderr]     Checking log v0.4.22
[INFO] [stderr]    Compiling serde v1.0.217
[INFO] [stderr]     Checking writeable v0.5.5
[INFO] [stderr]     Checking litemap v0.7.4
[INFO] [stderr]     Checking libloading v0.8.6
[INFO] [stderr]     Checking pin-project-lite v0.2.16
[INFO] [stderr]     Checking icu_locid_transform_data v1.5.0
[INFO] [stderr]     Checking dlib v0.5.2
[INFO] [stderr]     Checking lazy_static v1.5.0
[INFO] [stderr]    Compiling crossbeam-utils v0.8.21
[INFO] [stderr]     Checking bytes v1.9.0
[INFO] [stderr]     Checking hashbrown v0.15.2
[INFO] [stderr]     Checking bitflags v2.6.0
[INFO] [stderr]     Checking icu_properties_data v1.5.0
[INFO] [stderr]     Checking write16 v1.0.0
[INFO] [stderr]     Checking regex-syntax v0.8.5
[INFO] [stderr]     Checking scoped-tls v1.0.1
[INFO] [stderr]     Checking icu_normalizer_data v1.5.0
[INFO] [stderr]    Compiling memoffset v0.6.5
[INFO] [stderr]    Compiling indexmap v1.9.3
[INFO] [stderr]    Compiling slab v0.4.9
[INFO] [stderr]    Compiling io-lifetimes v1.0.11
[INFO] [stderr]     Checking futures-core v0.3.31
[INFO] [stderr]     Checking utf16_iter v1.0.5
[INFO] [stderr]     Checking utf8_iter v1.0.4
[INFO] [stderr]    Compiling wayland-sys v0.29.5
[INFO] [stderr]     Checking downcast-rs v1.2.1
[INFO] [stderr]     Checking encoding_index_tests v0.1.4
[INFO] [stderr]     Checking aho-corasick v1.1.3
[INFO] [stderr]    Compiling rayon-core v1.12.1
[INFO] [stderr]     Checking percent-encoding v2.3.1
[INFO] [stderr]     Checking either v1.13.0
[INFO] [stderr]    Compiling quote v1.0.38
[INFO] [stderr]    Compiling openssl v0.10.68
[INFO] [stderr]     Checking indexmap v2.7.0
[INFO] [stderr]    Compiling rustix v0.37.27
[INFO] [stderr]     Checking foreign-types-shared v0.1.1
[INFO] [stderr]     Checking ryu v1.0.18
[INFO] [stderr]    Compiling syn v2.0.95
[INFO] [stderr]    Compiling wayland-scanner v0.29.5
[INFO] [stderr]     Checking crossbeam-epoch v0.9.18
[INFO] [stderr]     Checking foreign-types v0.3.2
[INFO] [stderr]    Compiling jobserver v0.1.32
[INFO] [stderr]     Checking form_urlencoded v1.2.1
[INFO] [stderr]     Checking crossbeam-deque v0.8.6
[INFO] [stderr]    Compiling smithay-client-toolkit v0.16.1
[INFO] [stderr]     Checking http v0.2.12
[INFO] [stderr]     Checking tracing-core v0.1.33
[INFO] [stderr]     Checking futures-task v0.3.31
[INFO] [stderr]     Checking linux-raw-sys v0.3.8
[INFO] [stderr]     Checking powerfmt v0.2.0
[INFO] [stderr]    Compiling hashbrown v0.12.3
[INFO] [stderr]    Compiling httparse v1.9.5
[INFO] [stderr]     Checking futures-sink v0.3.31
[INFO] [stderr]     Checking xcursor v0.3.8
[INFO] [stderr]     Checking futures-io v0.3.31
[INFO] [stderr]    Compiling os_str_bytes v6.6.1
[INFO] [stderr]    Compiling native-tls v0.2.12
[INFO] [stderr]     Checking futures-util v0.3.31
[INFO] [stderr]    Compiling cc v1.2.7
[INFO] [stderr]     Checking deranged v0.3.11
[INFO] [stderr]     Checking tracing v0.1.41
[INFO] [stderr]    Compiling clap_lex v0.2.4
[INFO] [stderr]    Compiling atty v0.2.14
[INFO] [stderr]     Checking adler2 v2.0.0
[INFO] [stderr]    Compiling rustix v0.38.42
[INFO] [stderr]     Checking openssl-probe v0.1.5
[INFO] [stderr]    Compiling textwrap v0.16.1
[INFO] [stderr]     Checking try-lock v0.2.5
[INFO] [stderr]    Compiling serde_json v1.0.135
[INFO] [stderr]     Checking nix v0.24.3
[INFO] [stderr]     Checking mio v1.0.3
[INFO] [stderr]     Checking socket2 v0.5.8
[INFO] [stderr]     Checking memmap2 v0.5.10
[INFO] [stderr]     Checking gethostname v0.2.3
[INFO] [stderr]     Checking linked-hash-map v0.5.6
[INFO] [stderr]    Compiling thiserror v1.0.69
[INFO] [stderr]     Checking time-core v0.1.2
[INFO] [stderr]    Compiling termcolor v1.4.1
[INFO] [stderr]     Checking num-conv v0.1.0
[INFO] [stderr]    Compiling strsim v0.10.0
[INFO] [stderr]     Checking regex-automata v0.4.9
[INFO] [stderr]    Compiling bitflags v1.3.2
[INFO] [stderr]     Checking tokio v1.42.0
[INFO] [stderr]     Checking yaml-rust v0.4.5
[INFO] [stderr]     Checking miniz_oxide v0.8.2
[INFO] [stderr]     Checking want v0.3.1
[INFO] [stderr]     Checking time v0.3.37
[INFO] [stderr]     Checking rayon v1.10.0
[INFO] [stderr]     Checking http-body v0.4.6
[INFO] [stderr]    Compiling wayland-client v0.29.5
[INFO] [stderr]    Compiling wayland-protocols v0.29.5
[INFO] [stderr]     Checking futures-channel v0.3.31
[INFO] [stderr]    Compiling clap v3.2.25
[INFO] [stderr]     Checking quick-xml v0.32.0
[INFO] [stderr]     Checking crc32fast v1.4.2
[INFO] [stderr]    Compiling semver v1.0.24
[INFO] [stderr]    Compiling bugreport v0.5.1
[INFO] [stderr]     Checking base64 v0.22.1
[INFO] [stderr]     Checking same-file v1.0.6
[INFO] [stderr]     Checking bytemuck v1.21.0
[INFO] [stderr]     Checking terminal_size v0.2.6
[INFO] [stderr]     Checking httpdate v1.0.3
[INFO] [stderr]     Checking tower-service v0.3.3
[INFO] [stderr]     Checking linux-raw-sys v0.4.14
[INFO] [stderr]     Checking rgb v0.8.50
[INFO] [stderr]     Checking walkdir v2.5.0
[INFO] [stderr]     Checking flate2 v1.0.35
[INFO] [stderr]     Checking dirs-sys-next v0.1.2
[INFO] [stderr]     Checking encoding-index-tradchinese v1.20141219.5
[INFO] [stderr]     Checking encoding-index-singlebyte v1.20141219.5
[INFO] [stderr]    Compiling openssl-sys v0.9.104
[INFO] [stderr]    Compiling libz-sys v1.1.20
[INFO] [stderr]    Compiling onig_sys v69.8.1
[INFO] [stderr]    Compiling libgit2-sys v0.14.2+1.5.1
[INFO] [stderr]     Checking encoding-index-simpchinese v1.20141219.5
[INFO] [stderr]     Checking encoding-index-korean v1.20141219.5
[INFO] [stderr]     Checking encoding-index-japanese v1.20141219.5
[INFO] [stderr]     Checking shell-escape v0.1.5
[INFO] [stderr]     Checking home v0.5.11
[INFO] [stderr]     Checking base64 v0.21.7
[INFO] [stderr]    Compiling anyhow v1.0.95
[INFO] [stderr]     Checking std_prelude v0.2.12
[INFO] [stderr]     Checking unicode-width v0.2.0
[INFO] [stderr]    Compiling copypasta-ext v0.4.4
[INFO] [stderr]     Checking path_abs v0.5.1
[INFO] [stderr]     Checking rustls-pemfile v1.0.4
[INFO] [stderr]     Checking encoding v0.2.33
[INFO] [stderr]     Checking console v0.15.10
[INFO] [stderr]     Checking ansi_colours v1.2.3
[INFO] [stderr]     Checking dirs-next v2.0.0
[INFO] [stderr]     Checking sysinfo v0.33.1
[INFO] [stderr]     Checking content_inspector v0.2.4
[INFO] [stderr]     Checking encoding_rs v0.8.35
[INFO] [stderr]     Checking wild v2.2.1
[INFO] [stderr]     Checking unicode-width v0.1.14
[INFO] [stderr]     Checking bytesize v1.3.0
[INFO] [stderr]     Checking mime v0.3.17
[INFO] [stderr]     Checking ipnet v2.10.1
[INFO] [stderr]     Checking sync_wrapper v0.1.2
[INFO] [stderr]     Checking shell-words v1.1.0
[INFO] [stderr] error: could not compile `nix` (lib)
[INFO] [stderr] 
[INFO] [stderr] Caused by:
[INFO] [stderr]   process didn't exit successfully: `/opt/rustwide/rustup-home/toolchains/1.100.0-beta.1-x86_64-unknown-linux-gnu/bin/rustc --crate-name nix --edition=2018 /opt/rustwide/cargo-home/registry/src/index.crates.io-1949cf8c6b5b557f/nix-0.24.3/src/lib.rs --error-format=json --json=diagnostic-rendered-ansi,artifacts,future-incompat,unused-externs-silent --crate-type lib --emit=dep-info,metadata -C embed-bitcode=no -C debuginfo=2 --cfg 'feature="acct"' --cfg 'feature="aio"' --cfg 'feature="default"' --cfg 'feature="dir"' --cfg 'feature="env"' --cfg 'feature="event"' --cfg 'feature="feature"' --cfg 'feature="fs"' --cfg 'feature="hostname"' --cfg 'feature="inotify"' --cfg 'feature="ioctl"' --cfg 'feature="kmod"' --cfg 'feature="memoffset"' --cfg 'feature="mman"' --cfg 'feature="mount"' --cfg 'feature="mqueue"' --cfg 'feature="net"' --cfg 'feature="personality"' --cfg 'feature="poll"' --cfg 'feature="process"' --cfg 'feature="pthread"' --cfg 'feature="ptrace"' --cfg 'feature="quota"' --cfg 'feature="reboot"' --cfg 'feature="resource"' --cfg 'feature="sched"' --cfg 'feature="signal"' --cfg 'feature="socket"' --cfg 'feature="term"' --cfg 'feature="time"' --cfg 'feature="ucontext"' --cfg 'feature="uio"' --cfg 'feature="user"' --cfg 'feature="zerocopy"' --check-cfg 'cfg(docsrs,test)' --check-cfg 'cfg(feature, values("acct", "aio", "default", "dir", "env", "event", "feature", "fs", "hostname", "inotify", "ioctl", "kmod", "memoffset", "mman", "mount", "mqueue", "net", "personality", "poll", "process", "pthread", "ptrace", "quota", "reboot", "resource", "sched", "signal", "socket", "term", "time", "ucontext", "uio", "user", "zerocopy"))' -C metadata=019402c87ac929b0 -C extra-filename=-055823a4ef91245d --out-dir /opt/rustwide/target/debug/build/nix/055823a4ef91245d/out --extern bitflags=/opt/rustwide/target/debug/build/bitflags/6ee610895838fb9b/out/libbitflags-6ee610895838fb9b.rmeta --extern cfg_if=/opt/rustwide/target/debug/build/cfg-if/fc02a6f63c7f72ea/out/libcfg_if-fc02a6f63c7f72ea.rmeta --extern libc=/opt/rustwide/target/debug/build/libc/a7b686510d8ec20b/out/liblibc-a7b686510d8ec20b.rmeta --extern memoffset=/opt/rustwide/target/debug/build/memoffset/dbc969b3ebac268f/out/libmemoffset-dbc969b3ebac268f.rmeta --cap-lints allow --cap-lints=warn --force-warn=unused_crate_dependencies` (signal: 9, SIGKILL: kill)
[INFO] [stderr] warning: build failed, waiting for other jobs to finish...
[INFO] [stderr] error: could not compile `syn` (lib)
[INFO] [stderr] 
[INFO] [stderr] Caused by:
[INFO] [stderr]   process didn't exit successfully: `/opt/rustwide/rustup-home/toolchains/1.100.0-beta.1-x86_64-unknown-linux-gnu/bin/rustc --crate-name syn --edition=2021 /opt/rustwide/cargo-home/registry/src/index.crates.io-1949cf8c6b5b557f/syn-2.0.95/src/lib.rs --error-format=json --json=diagnostic-rendered-ansi,artifacts,future-incompat,unused-externs-silent --crate-type lib --emit=dep-info,metadata,link -C embed-bitcode=no --cfg 'feature="clone-impls"' --cfg 'feature="default"' --cfg 'feature="derive"' --cfg 'feature="extra-traits"' --cfg 'feature="fold"' --cfg 'feature="full"' --cfg 'feature="parsing"' --cfg 'feature="printing"' --cfg 'feature="proc-macro"' --cfg 'feature="visit"' --check-cfg 'cfg(docsrs,test)' --check-cfg 'cfg(feature, values("clone-impls", "default", "derive", "extra-traits", "fold", "full", "parsing", "printing", "proc-macro", "test", "visit", "visit-mut"))' -C metadata=95403a898f2e281a -C extra-filename=-26df5d419def7f84 --out-dir /opt/rustwide/target/debug/build/syn/26df5d419def7f84/out -L dependency=/opt/rustwide/target/debug/build/proc-macro2/0fd35229a7aafef5/out -L dependency=/opt/rustwide/target/debug/build/unicode-ident/239eb5de21455cec/out --extern proc_macro2=/opt/rustwide/target/debug/build/proc-macro2/0fd35229a7aafef5/out/libproc_macro2-0fd35229a7aafef5.rmeta --extern quote=/opt/rustwide/target/debug/build/quote/b5051b384337e2a5/out/libquote-b5051b384337e2a5.rmeta --extern unicode_ident=/opt/rustwide/target/debug/build/unicode-ident/239eb5de21455cec/out/libunicode_ident-239eb5de21455cec.rmeta --cap-lints allow --cap-lints=warn --force-warn=unused_crate_dependencies` (signal: 9, SIGKILL: kill)
[INFO] [stderr] warning: onig_sys@69.8.1: oniguruma/src/regparse.c: In function 'onig_st_init_strend_table_with_size':
[INFO] [stderr] warning: onig_sys@69.8.1: oniguruma/src/regparse.c:588:5: error: initialization of 'int (*)(void)' from incompatible pointer type 'int (*)(st_str_end_key *, st_str_end_key *)' [-Wincompatible-pointer-types]
[INFO] [stderr] warning: onig_sys@69.8.1:   588 |     str_end_cmp,
[INFO] [stderr] warning: onig_sys@69.8.1:       |     ^~~~~~~~~~~
[INFO] [stderr] warning: onig_sys@69.8.1: oniguruma/src/regparse.c:588:5: note: (near initialization for 'hashType.compare')
[INFO] [stderr] warning: onig_sys@69.8.1: oniguruma/src/regparse.c:550:1: note: 'str_end_cmp' declared here
[INFO] [stderr] warning: onig_sys@69.8.1:   550 | str_end_cmp(st_str_end_key* x, st_str_end_key* y)
[INFO] [stderr] warning: onig_sys@69.8.1:       | ^~~~~~~~~~~
[INFO] [stderr] warning: onig_sys@69.8.1: oniguruma/src/regparse.c:589:5: error: initialization of 'int (*)(void)' from incompatible pointer type 'int (*)(st_str_end_key *)' [-Wincompatible-pointer-types]
[INFO] [stderr] warning: onig_sys@69.8.1:   589 |     str_end_hash,
[INFO] [stderr] warning: onig_sys@69.8.1:       |     ^~~~~~~~~~~~
[INFO] [stderr] warning: onig_sys@69.8.1: oniguruma/src/regparse.c:589:5: note: (near initialization for 'hashType.hash')
[INFO] [stderr] warning: onig_sys@69.8.1: oniguruma/src/regparse.c:571:1: note: 'str_end_hash' declared here
[INFO] [stderr] warning: onig_sys@69.8.1:   571 | str_end_hash(st_str_end_key* x)
[INFO] [stderr] warning: onig_sys@69.8.1:       | ^~~~~~~~~~~~
[INFO] [stderr] warning: onig_sys@69.8.1: oniguruma/src/regparse.c: In function 'onig_st_init_callout_name_table_with_size':
[INFO] [stderr] warning: onig_sys@69.8.1: oniguruma/src/regparse.c:678:5: error: initialization of 'int (*)(void)' from incompatible pointer type 'int (*)(st_callout_name_key *, st_callout_name_key *)' [-Wincompatible-pointer-types]
[INFO] [stderr] warning: onig_sys@69.8.1:   678 |     callout_name_table_cmp,
[INFO] [stderr] warning: onig_sys@69.8.1:       |     ^~~~~~~~~~~~~~~~~~~~~~
[INFO] [stderr] warning: onig_sys@69.8.1: oniguruma/src/regparse.c:678:5: note: (near initialization for 'hashType.compare')
[INFO] [stderr] warning: onig_sys@69.8.1: oniguruma/src/regparse.c:637:1: note: 'callout_name_table_cmp' declared here
[INFO] [stderr] warning: onig_sys@69.8.1:   637 | callout_name_table_cmp(st_callout_name_key* x, st_callout_name_key* y)
[INFO] [stderr] warning: onig_sys@69.8.1:       | ^~~~~~~~~~~~~~~~~~~~~~
[INFO] [stderr] warning: onig_sys@69.8.1: oniguruma/src/regparse.c:679:5: error: initialization of 'int (*)(void)' from incompatible pointer type 'int (*)(st_callout_name_key *)' [-Wincompatible-pointer-types]
[INFO] [stderr] warning: onig_sys@69.8.1:   679 |     callout_name_table_hash,
[INFO] [stderr] warning: onig_sys@69.8.1:       |     ^~~~~~~~~~~~~~~~~~~~~~~
[INFO] [stderr] warning: onig_sys@69.8.1: oniguruma/src/regparse.c:679:5: note: (near initialization for 'hashType.hash')
[INFO] [stderr] warning: onig_sys@69.8.1: oniguruma/src/regparse.c:660:1: note: 'callout_name_table_hash' declared here
[INFO] [stderr] warning: onig_sys@69.8.1:   660 | callout_name_table_hash(st_callout_name_key* x)
[INFO] [stderr] warning: onig_sys@69.8.1:       | ^~~~~~~~~~~~~~~~~~~~~~~
[INFO] [stderr] warning: onig_sys@69.8.1: oniguruma/src/regparse.c: In function 'names_clear':
[INFO] [stderr] warning: onig_sys@69.8.1: oniguruma/src/regparse.c:804:24: error: passing argument 2 of 'onig_st_foreach' from incompatible pointer type [-Wincompatible-pointer-types]
[INFO] [stderr] warning: onig_sys@69.8.1:   804 |     onig_st_foreach(t, i_free_name_entry, 0);
[INFO] [stderr] warning: onig_sys@69.8.1:       |                        ^~~~~~~~~~~~~~~~~
[INFO] [stderr] warning: onig_sys@69.8.1:       |                        |
[INFO] [stderr] warning: onig_sys@69.8.1:       |                        int (*)(OnigUChar *, NameEntry *, void *) {aka int (*)(unsigned char *, NameEntry *, void *)}
[INFO] [stderr] warning: onig_sys@69.8.1: In file included from oniguruma/src/regparse.c:37:
[INFO] [stderr] warning: onig_sys@69.8.1: oniguruma/src/st.h:55:31: note: expected 'int (*)(void)' but argument is of type 'int (*)(OnigUChar *, NameEntry *, void *)' {aka 'int (*)(unsigned char *, NameEntry *, void *)'}
[INFO] [stderr] warning: onig_sys@69.8.1:    55 | int st_foreach _((st_table *, int (*)(ANYARGS), st_data_t));
[INFO] [stderr] warning: onig_sys@69.8.1:       |                               ^~~~~~~~~~~~~~~~
[INFO] [stderr] warning: onig_sys@69.8.1: oniguruma/src/st.h:35:18: note: in definition of macro '_'
[INFO] [stderr] warning: onig_sys@69.8.1:    35 | # define _(args) args
[INFO] [stderr] warning: onig_sys@69.8.1:       |                  ^~~~
[INFO] [stderr] warning: onig_sys@69.8.1: oniguruma/src/regparse.c:789:1: note: 'i_free_name_entry' declared here
[INFO] [stderr] warning: onig_sys@69.8.1:   789 | i_free_name_entry(UChar* key, NameEntry* e, void* arg ARG_UNUSED)
[INFO] [stderr] warning: onig_sys@69.8.1:       | ^~~~~~~~~~~~~~~~~
[INFO] [stderr] warning: onig_sys@69.8.1: oniguruma/src/regparse.c: In function 'onig_foreach_name':
[INFO] [stderr] warning: onig_sys@69.8.1: oniguruma/src/regparse.c:873:24: error: passing argument 2 of 'onig_st_foreach' from incompatible pointer type [-Wincompatible-pointer-types]
[INFO] [stderr] warning: onig_sys@69.8.1:   873 |     onig_st_foreach(t, i_names, (HashDataType )&narg);
[INFO] [stderr] warning: onig_sys@69.8.1:       |                        ^~~~~~~
[INFO] [stderr] warning: onig_sys@69.8.1:       |                        |
[INFO] [stderr] warning: onig_sys@69.8.1:       |                        int (*)(OnigUChar *, NameEntry *, INamesArg *) {aka int (*)(unsigned char *, NameEntry *, INamesArg *)}
[INFO] [stderr] warning: onig_sys@69.8.1: oniguruma/src/st.h:55:31: note: expected 'int (*)(void)' but argument is of type 'int (*)(OnigUChar *, NameEntry *, INamesArg *)' {aka 'int (*)(unsigned char *, NameEntry *, INamesArg *)'}
[INFO] [stderr] warning: onig_sys@69.8.1:    55 | int st_foreach _((st_table *, int (*)(ANYARGS), st_data_t));
[INFO] [stderr] warning: onig_sys@69.8.1:       |                               ^~~~~~~~~~~~~~~~
[INFO] [stderr] warning: onig_sys@69.8.1: oniguruma/src/st.h:35:18: note: in definition of macro '_'
[INFO] [stderr] warning: onig_sys@69.8.1:    35 | # define _(args) args
[INFO] [stderr] warning: onig_sys@69.8.1:       |                  ^~~~
[INFO] [stderr] warning: onig_sys@69.8.1: oniguruma/src/regparse.c:846:1: note: 'i_names' declared here
[INFO] [stderr] warning: onig_sys@69.8.1:   846 | i_names(UChar* key ARG_UNUSED, NameEntry* e, INamesArg* arg)
[INFO] [stderr] warning: onig_sys@69.8.1:       | ^~~~~~~
[INFO] [stderr] warning: onig_sys@69.8.1: oniguruma/src/regparse.c: In function 'onig_renumber_name_table':
[INFO] [stderr] warning: onig_sys@69.8.1: oniguruma/src/regparse.c:901:24: error: passing argument 2 of 'onig_st_foreach' from incompatible pointer type [-Wincompatible-pointer-types]
[INFO] [stderr] warning: onig_sys@69.8.1:   901 |     onig_st_foreach(t, i_renumber_name, (HashDataType )map);
[INFO] [stderr] warning: onig_sys@69.8.1:       |                        ^~~~~~~~~~~~~~~
[INFO] [stderr] warning: onig_sys@69.8.1:       |                        |
[INFO] [stderr] warning: onig_sys@69.8.1:       |                        int (*)(OnigUChar *, NameEntry *, GroupNumMap *) {aka int (*)(unsigned char *, NameEntry *, GroupNumMap *)}
[INFO] [stderr] warning: onig_sys@69.8.1: oniguruma/src/st.h:55:31: note: expected 'int (*)(void)' but argument is of type 'int (*)(OnigUChar *, NameEntry *, GroupNumMap *)' {aka 'int (*)(unsigned char *, NameEntry *, GroupNumMap *)'}
[INFO] [stderr] warning: onig_sys@69.8.1:    55 | int st_foreach _((st_table *, int (*)(ANYARGS), st_data_t));
[INFO] [stderr] warning: onig_sys@69.8.1:       |                               ^~~~~~~~~~~~~~~~
[INFO] [stderr] warning: onig_sys@69.8.1: oniguruma/src/st.h:35:18: note: in definition of macro '_'
[INFO] [stderr] warning: onig_sys@69.8.1:    35 | # define _(args) args
[INFO] [stderr] warning: onig_sys@69.8.1:       |                  ^~~~
[INFO] [stderr] warning: onig_sys@69.8.1: oniguruma/src/regparse.c:879:1: note: 'i_renumber_name' declared here
[INFO] [stderr] warning: onig_sys@69.8.1:   879 | i_renumber_name(UChar* key ARG_UNUSED, NameEntry* e, GroupNumMap* map)
[INFO] [stderr] warning: onig_sys@69.8.1:       | ^~~~~~~~~~~~~~~
[INFO] [stderr] warning: onig_sys@69.8.1: oniguruma/src/regparse.c: In function 'callout_name_table_clear':
[INFO] [stderr] warning: onig_sys@69.8.1: oniguruma/src/regparse.c:1386:24: error: passing argument 2 of 'onig_st_foreach' from incompatible pointer type [-Wincompatible-pointer-types]
[INFO] [stderr] warning: onig_sys@69.8.1:  1386 |     onig_st_foreach(t, i_free_callout_name_entry, 0);
[INFO] [stderr] warning: onig_sys@69.8.1:       |                        ^~~~~~~~~~~~~~~~~~~~~~~~~
[INFO] [stderr] warning: onig_sys@69.8.1:       |                        |
[INFO] [stderr] warning: onig_sys@69.8.1:       |                        int (*)(st_callout_name_key *, CalloutNameEntry *, void *)
[INFO] [stderr] warning: onig_sys@69.8.1: oniguruma/src/st.h:55:31: note: expected 'int (*)(void)' but argument is of type 'int (*)(st_callout_name_key *, CalloutNameEntry *, void *)'
[INFO] [stderr] warning: onig_sys@69.8.1:    55 | int st_foreach _((st_table *, int (*)(ANYARGS), st_data_t));
[INFO] [stderr] warning: onig_sys@69.8.1:       |                               ^~~~~~~~~~~~~~~~
[INFO] [stderr] warning: onig_sys@69.8.1: oniguruma/src/st.h:35:18: note: in definition of macro '_'
[INFO] [stderr] warning: onig_sys@69.8.1:    35 | # define _(args) args
[INFO] [stderr] warning: onig_sys@69.8.1:       |                  ^~~~
[INFO] [stderr] warning: onig_sys@69.8.1: oniguruma/src/regparse.c:1370:1: note: 'i_free_callout_name_entry' declared here
[INFO] [stderr] warning: onig_sys@69.8.1:  1370 | i_free_callout_name_entry(st_callout_name_key* key, CalloutNameEntry* e,
[INFO] [stderr] warning: onig_sys@69.8.1:       | ^~~~~~~~~~~~~~~~~~~~~~~~~
[INFO] [stderr] warning: onig_sys@69.8.1: oniguruma/src/regparse.c: In function 'setup_ext_callout_list_values':
[INFO] [stderr] warning: onig_sys@69.8.1: oniguruma/src/regparse.c:1884:56: error: passing argument 2 of 'onig_st_foreach' from incompatible pointer type [-Wincompatible-pointer-types]
[INFO] [stderr] warning: onig_sys@69.8.1:  1884 |     onig_st_foreach((CalloutTagTable *)ext->tag_table, i_callout_callout_list_set,
[INFO] [stderr] warning: onig_sys@69.8.1:       |                                                        ^~~~~~~~~~~~~~~~~~~~~~~~~~
[INFO] [stderr] warning: onig_sys@69.8.1:       |                                                        |
[INFO] [stderr] warning: onig_sys@69.8.1:       |                                                        int (*)(OnigUChar *, CalloutTagVal,  void *) {aka int (*)(unsigned char *, long int,  void *)}
[INFO] [stderr] warning: onig_sys@69.8.1: oniguruma/src/st.h:55:31: note: expected 'int (*)(void)' but argument is of type 'int (*)(OnigUChar *, CalloutTagVal,  void *)' {aka 'int (*)(unsigned char *, long int,  void *)'}
[INFO] [stderr] warning: onig_sys@69.8.1:    55 | int st_foreach _((st_table *, int (*)(ANYARGS), st_data_t));
[INFO] [stderr] warning: onig_sys@69.8.1:       |                               ^~~~~~~~~~~~~~~~
[INFO] [stderr] warning: onig_sys@69.8.1: oniguruma/src/st.h:35:18: note: in definition of macro '_'
[INFO] [stderr] warning: onig_sys@69.8.1:    35 | # define _(args) args
[INFO] [stderr] warning: onig_sys@69.8.1:       |                  ^~~~
[INFO] [stderr] warning: onig_sys@69.8.1: oniguruma/src/regparse.c:1866:1: note: 'i_callout_callout_list_set' declared here
[INFO] [stderr] warning: onig_sys@69.8.1:  1866 | i_callout_callout_list_set(UChar* key, CalloutTagVal e, void* arg)
[INFO] [stderr] warning: onig_sys@69.8.1:       | ^~~~~~~~~~~~~~~~~~~~~~~~~~
[INFO] [stderr] warning: onig_sys@69.8.1: oniguruma/src/regparse.c: In function 'callout_tag_table_clear':
[INFO] [stderr] warning: onig_sys@69.8.1: oniguruma/src/regparse.c:1932:24: error: passing argument 2 of 'onig_st_foreach' from incompatible pointer type [-Wincompatible-pointer-types]
[INFO] [stderr] warning: onig_sys@69.8.1:  1932 |     onig_st_foreach(t, i_free_callout_tag_entry, 0);
[INFO] [stderr] warning: onig_sys@69.8.1:       |                        ^~~~~~~~~~~~~~~~~~~~~~~~
[INFO] [stderr] warning: onig_sys@69.8.1:       |                        |
[INFO] [stderr] warning: onig_sys@69.8.1:       |                        int (*)(OnigUChar *, CalloutTagVal,  void *) {aka int (*)(unsigned char *, long int,  void *)}
[INFO] [stderr] warning: onig_sys@69.8.1: oniguruma/src/st.h:55:31: note: expected 'int (*)(void)' but argument is of type 'int (*)(OnigUChar *, CalloutTagVal,  void *)' {aka 'int (*)(unsigned char *, long int,  void *)'}
[INFO] [stderr] warning: onig_sys@69.8.1:    55 | int st_foreach _((st_table *, int (*)(ANYARGS), st_data_t));
[INFO] [stderr] warning: onig_sys@69.8.1:       |                               ^~~~~~~~~~~~~~~~
[INFO] [stderr] warning: onig_sys@69.8.1: oniguruma/src/st.h:35:18: note: in definition of macro '_'
[INFO] [stderr] warning: onig_sys@69.8.1:    35 | # define _(args) args
[INFO] [stderr] warning: onig_sys@69.8.1:       |                  ^~~~
[INFO] [stderr] warning: onig_sys@69.8.1: oniguruma/src/regparse.c:1922:1: note: 'i_free_callout_tag_entry' declared here
[INFO] [stderr] warning: onig_sys@69.8.1:  1922 | i_free_callout_tag_entry(UChar* key, CalloutTagVal e, void* arg ARG_UNUSED)
[INFO] [stderr] warning: onig_sys@69.8.1:       | ^~~~~~~~~~~~~~~~~~~~~~~~
[INFO] [stderr] warning: onig_sys@69.8.1: ToolExecError: Command LC_ALL="C" "cc" "-O0" "-ffunction-sections" "-fdata-sections" "-fPIC" "-gdwarf-4" "-fno-omit-frame-pointer" "-m64" "-I" "/opt/rustwide/target/debug/build/onig_sys/17e8d3f605314587/out" "-I" "oniguruma/src" "-DHAVE_UNISTD_H=1" "-DHAVE_SYS_TYPES_H=1" "-DHAVE_SYS_TIME_H=1" "-o" "/opt/rustwide/target/debug/build/onig_sys/17e8d3f605314587/out/a445302c6d3dcb51-regparse.o" "-c" "oniguruma/src/regparse.c" with args cc did not execute successfully (status code exit status: 1).cargo:warning=oniguruma/src/st.c:38:5: error: initialization of 'int (*)(void)' from incompatible pointer type 'int (*)(long int,  long int)' [-Wincompatible-pointer-types]
[INFO] [stderr] warning: onig_sys@69.8.1:    38 |     numcmp,
[INFO] [stderr] warning: onig_sys@69.8.1:       |     ^~~~~~
[INFO] [stderr] warning: onig_sys@69.8.1: oniguruma/src/st.c:38:5: note: (near initialization for 'type_numhash.compare')
[INFO] [stderr] warning: onig_sys@69.8.1: oniguruma/src/st.c:35:12: note: 'numcmp' declared here
[INFO] [stderr] warning: onig_sys@69.8.1:    35 | static int numcmp(long, long);
[INFO] [stderr] warning: onig_sys@69.8.1:       |            ^~~~~~
[INFO] [stderr] warning: onig_sys@69.8.1: oniguruma/src/st.c:39:5: error: initialization of 'int (*)(void)' from incompatible pointer type 'int (*)(long int)' [-Wincompatible-pointer-types]
[INFO] [stderr] warning: onig_sys@69.8.1:    39 |     numhash,
[INFO] [stderr] warning: onig_sys@69.8.1:       |     ^~~~~~~
[INFO] [stderr] warning: onig_sys@69.8.1: oniguruma/src/st.c:39:5: note: (near initialization for 'type_numhash.hash')
[INFO] [stderr] warning: onig_sys@69.8.1: oniguruma/src/st.c:36:12: note: 'numhash' declared here
[INFO] [stderr] warning: onig_sys@69.8.1:    36 | static int numhash(long);
[INFO] [stderr] warning: onig_sys@69.8.1:       |            ^~~~~~~
[INFO] [stderr] warning: onig_sys@69.8.1: oniguruma/src/st.c:45:5: error: initialization of 'int (*)(void)' from incompatible pointer type 'int (*)(const char *, const char *)' [-Wincompatible-pointer-types]
[INFO] [stderr] warning: onig_sys@69.8.1:    45 |     strcmp,
[INFO] [stderr] warning: onig_sys@69.8.1:       |     ^~~~~~
[INFO] [stderr] warning: onig_sys@69.8.1: oniguruma/src/st.c:45:5: note: (near initialization for 'type_strhash.compare')
[INFO] [stderr] warning: onig_sys@69.8.1: In file included from oniguruma/src/regint.h:111,
[INFO] [stderr] warning: onig_sys@69.8.1:                  from oniguruma/src/st.c:9:
[INFO] [stderr] warning: onig_sys@69.8.1: /usr/include/string.h:171:12: note: 'strcmp' declared here
[INFO] [stderr] warning: onig_sys@69.8.1:   171 | extern int strcmp (const char *__s1, const char *__s2)
[INFO] [stderr] warning: onig_sys@69.8.1:       |            ^~~~~~
[INFO] [stderr] warning: onig_sys@69.8.1: oniguruma/src/st.c:46:5: error: initialization of 'int (*)(void)' from incompatible pointer type 'int (*)(const char *)' [-Wincompatible-pointer-types]
[INFO] [stderr] warning: onig_sys@69.8.1:    46 |     strhash,
[INFO] [stderr] warning: onig_sys@69.8.1:       |     ^~~~~~~
[INFO] [stderr] warning: onig_sys@69.8.1: oniguruma/src/st.c:46:5: note: (near initialization for 'type_strhash.hash')
[INFO] [stderr] warning: onig_sys@69.8.1: oniguruma/src/st.c:43:12: note: 'strhash' declared here
[INFO] [stderr] warning: onig_sys@69.8.1:    43 | static int strhash(const char *);
[INFO] [stderr] warning: onig_sys@69.8.1:       |            ^~~~~~~
[INFO] [stderr] warning: onig_sys@69.8.1: oniguruma/src/st.c: In function 'new_size':
[INFO] [stderr] warning: onig_sys@69.8.1: oniguruma/src/st.c:101:1: warning: old-style function definition [-Wold-style-definition]
[INFO] [stderr] warning: onig_sys@69.8.1:   101 | new_size(size)
[INFO] [stderr] warning: onig_sys@69.8.1:       | ^~~~~~~~
[INFO] [stderr] warning: onig_sys@69.8.1: oniguruma/src/st.c: In function 'onig_st_init_table_with_size':
[INFO] [stderr] warning: onig_sys@69.8.1: oniguruma/src/regint.h:220:37: warning: old-style function definition [-Wold-style-definition]
[INFO] [stderr] warning: onig_sys@69.8.1:   220 | #define st_init_table_with_size     onig_st_init_table_with_size
[INFO] [stderr] warning: onig_sys@69.8.1:       |                                     ^~~~~~~~~~~~~~~~~~~~~~~~~~~~
[INFO] [stderr] warning: onig_sys@69.8.1: oniguruma/src/st.c:140:1: note: in expansion of macro 'st_init_table_with_size'
[INFO] [stderr] warning: onig_sys@69.8.1:   140 | st_init_table_with_size(type, size)
[INFO] [stderr] warning: onig_sys@69.8.1:       | ^~~~~~~~~~~~~~~~~~~~~~~
[INFO] [stderr] warning: onig_sys@69.8.1: oniguruma/src/st.c: In function 'onig_st_init_table':
[INFO] [stderr] warning: onig_sys@69.8.1: oniguruma/src/regint.h:219:37: warning: old-style function definition [-Wold-style-definition]
[INFO] [stderr] warning: onig_sys@69.8.1:   219 | #define st_init_table               onig_st_init_table
[INFO] [stderr] warning: onig_sys@69.8.1:       |                                     ^~~~~~~~~~~~~~~~~~
[INFO] [stderr] warning: onig_sys@69.8.1: oniguruma/src/st.c:172:1: note: in expansion of macro 'st_init_table'
[INFO] [stderr] warning: onig_sys@69.8.1:   172 | st_init_table(type)
[INFO] [stderr] warning: onig_sys@69.8.1:       | ^~~~~~~~~~~~~
[INFO] [stderr] warning: onig_sys@69.8.1: oniguruma/src/st.c: In function 'onig_st_init_numtable_with_size':
[INFO] [stderr] warning: onig_sys@69.8.1: oniguruma/src/regint.h:222:37: warning: old-style function definition [-Wold-style-definition]
[INFO] [stderr] warning: onig_sys@69.8.1:   222 | #define st_init_numtable_with_size  onig_st_init_numtable_with_size
[INFO] [stderr] warning: onig_sys@69.8.1:       |                                     ^~~~~~~~~~~~~~~~~~~~~~~~~~~~~~~
[INFO] [stderr] warning: onig_sys@69.8.1: oniguruma/src/st.c:185:1: note: in expansion of macro 'st_init_numtable_with_size'
[INFO] [stderr] warning: onig_sys@69.8.1:   185 | st_init_numtable_with_size(size)
[INFO] [stderr] warning: onig_sys@69.8.1:       | ^~~~~~~~~~~~~~~~~~~~~~~~~~
[INFO] [stderr] warning: onig_sys@69.8.1: oniguruma/src/st.c: In function 'onig_st_init_strtable_with_size':
[INFO] [stderr] warning: onig_sys@69.8.1: oniguruma/src/regint.h:224:37: warning: old-style function definition [-Wold-style-definition]
[INFO] [stderr] warning: onig_sys@69.8.1:   224 | #define st_init_strtable_with_size  onig_st_init_strtable_with_size
[INFO] [stderr] warning: onig_sys@69.8.1:       |                                     ^~~~~~~~~~~~~~~~~~~~~~~~~~~~~~~
[INFO] [stderr] warning: onig_sys@69.8.1: oniguruma/src/st.c:198:1: note: in expansion of macro 'st_init_strtable_with_size'
[INFO] [stderr] warning: onig_sys@69.8.1:   198 | st_init_strtable_with_size(size)
[INFO] [stderr] warning: onig_sys@69.8.1:       | ^~~~~~~~~~~~~~~~~~~~~~~~~~
[INFO] [stderr] warning: onig_sys@69.8.1: oniguruma/src/st.c: In function 'onig_st_free_table':
[INFO] [stderr] warning: onig_sys@69.8.1: oniguruma/src/regint.h:231:37: warning: old-style function definition [-Wold-style-definition]
[INFO] [stderr] warning: onig_sys@69.8.1:   231 | #define st_free_table               onig_st_free_table
[INFO] [stderr] warning: onig_sys@69.8.1:       |                                     ^~~~~~~~~~~~~~~~~~
[INFO] [stderr] warning: onig_sys@69.8.1: oniguruma/src/st.c:205:1: note: in expansion of macro 'st_free_table'
[INFO] [stderr] warning: onig_sys@69.8.1:   205 | st_free_table(table)
[INFO] [stderr] warning: onig_sys@69.8.1:       | ^~~~~~~~~~~~~
[INFO] [stderr] warning: onig_sys@69.8.1: oniguruma/src/st.c: In function 'onig_st_lookup':
[INFO] [stderr] warning: onig_sys@69.8.1: oniguruma/src/regint.h:228:37: warning: old-style function definition [-Wold-style-definition]
[INFO] [stderr] warning: onig_sys@69.8.1:   228 | #define st_lookup                   onig_st_lookup
[INFO] [stderr] warning: onig_sys@69.8.1:       |                                     ^~~~~~~~~~~~~~
[INFO] [stderr] warning: onig_sys@69.8.1: oniguruma/src/st.c:245:1: note: in expansion of macro 'st_lookup'
[INFO] [stderr] warning: onig_sys@69.8.1:   245 | st_lookup(table, key, value)
[INFO] [stderr] warning: onig_sys@69.8.1:       | ^~~~~~~~~
[INFO] [stderr] warning: onig_sys@69.8.1: oniguruma/src/st.c:56:43: error: too many arguments to function 'table->type->hash'; expected 0, have 1
[INFO] [stderr] warning: onig_sys@69.8.1:    56 | #define do_hash(key,table) (unsigned int)(*(table)->type->hash)((key))
[INFO] [stderr] warning: onig_sys@69.8.1:       |                                          ~^~~~~~~~~~~~~~~~~~~~~ ~~~~~
[INFO] [stderr] warning: onig_sys@69.8.1: oniguruma/src/st.c:253:14: note: in expansion of macro 'do_hash'
[INFO] [stderr] warning: onig_sys@69.8.1:   253 |   hash_val = do_hash(key, table);
[INFO] [stderr] warning: onig_sys@69.8.1:       |              ^~~~~~~
[INFO] [stderr] warning: onig_sys@69.8.1: In file included from oniguruma/src/st.c:10:
[INFO] [stderr] warning: onig_sys@69.8.1: oniguruma/src/st.h:20:11: note: declared here
[INFO] [stderr] warning: onig_sys@69.8.1:    20 |     int (*hash)();
[INFO] [stderr] warning: onig_sys@69.8.1:       |           ^~~~
[INFO] [stderr] warning: onig_sys@69.8.1: oniguruma/src/st.c:54:40: error: too many arguments to function 'table->type->compare'; expected 0, have 2
[INFO] [stderr] warning: onig_sys@69.8.1:    54 | #define EQUAL(table,x,y) ((x)==(y) || (*table->type->compare)((x),(y)) == 0)
[INFO] [stderr] warning: onig_sys@69.8.1:       |                                       ~^~~~~~~~~~~~~~~~~~~~~~ ~~~
[INFO] [stderr] warning: onig_sys@69.8.1: oniguruma/src/st.c:224:45: note: in expansion of macro 'EQUAL'
[INFO] [stderr] warning: onig_sys@69.8.1:   224 | ((ptr) != 0 && (ptr->hash != (hash_val) || !EQUAL((table), (key), (ptr)->key)))
[INFO] [stderr] warning: onig_sys@69.8.1:       |                                             ^~~~~
[INFO] [stderr] warning: onig_sys@69.8.1: oniguruma/src/st.c:235:9: note: in expansion of macro 'PTR_NOT_EQUAL'
[INFO] [stderr] warning: onig_sys@69.8.1:   235 |     if (PTR_NOT_EQUAL(table, ptr, hash_val, key)) {\
[INFO] [stderr] warning: onig_sys@69.8.1:       |         ^~~~~~~~~~~~~
[INFO] [stderr] warning: onig_sys@69.8.1: oniguruma/src/st.c:254:3: note: in expansion of macro 'FIND_ENTRY'
[INFO] [stderr] warning: onig_sys@69.8.1:   254 |   FIND_ENTRY(table, ptr, hash_val, bin_pos);
[INFO] [stderr] warning: onig_sys@69.8.1:       |   ^~~~~~~~~~
[INFO] [stderr] warning: onig_sys@69.8.1: oniguruma/src/st.h:19:11: note: declared here
[INFO] [stderr] warning: onig_sys@69.8.1:    19 |     int (*compare)();
[INFO] [stderr] warning: onig_sys@69.8.1:       |           ^~~~~~~
[INFO] [stderr] warning: onig_sys@69.8.1: oniguruma/src/st.c:54:40: error: too many arguments to function 'table->type->compare'; expected 0, have 2
[INFO] [stderr] warning: onig_sys@69.8.1:    54 | #define EQUAL(table,x,y) ((x)==(y) || (*table->type->compare)((x),(y)) == 0)
[INFO] [stderr] warning: onig_sys@69.8.1:       |                                       ~^~~~~~~~~~~~~~~~~~~~~~ ~~~
[INFO] [stderr] warning: onig_sys@69.8.1: oniguruma/src/st.c:224:45: note: in expansion of macro 'EQUAL'
[INFO] [stderr] warning: onig_sys@69.8.1:   224 | ((ptr) != 0 && (ptr->hash != (hash_val) || !EQUAL((table), (key), (ptr)->key)))
[INFO] [stderr] warning: onig_sys@69.8.1:       |                                             ^~~~~
[INFO] [stderr] warning: onig_sys@69.8.1: oniguruma/src/st.c:237:14: note: in expansion of macro 'PTR_NOT_EQUAL'
[INFO] [stderr] warning: onig_sys@69.8.1:   237 |       while (PTR_NOT_EQUAL(table, ptr->next, hash_val, key)) {\
[INFO] [stderr] warning: onig_sys@69.8.1:       |              ^~~~~~~~~~~~~
[INFO] [stderr] warning: onig_sys@69.8.1: oniguruma/src/st.c:254:3: note: in expansion of macro 'FIND_ENTRY'
[INFO] [stderr] warning: onig_sys@69.8.1:   254 |   FIND_ENTRY(table, ptr, hash_val, bin_pos);
[INFO] [stderr] warning: onig_sys@69.8.1:       |   ^~~~~~~~~~
[INFO] [stderr] warning: onig_sys@69.8.1: oniguruma/src/st.h:19:11: note: declared here
[INFO] [stderr] warning: onig_sys@69.8.1:    19 |     int (*compare)();
[INFO] [stderr] warning: onig_sys@69.8.1:       |           ^~~~~~~
[INFO] [stderr] warning: onig_sys@69.8.1: oniguruma/src/st.c: In function 'onig_st_insert':
[INFO] [stderr] warning: onig_sys@69.8.1: oniguruma/src/regint.h:227:37: warning: old-style function definition [-Wold-style-definition]
[INFO] [stderr] warning: onig_sys@69.8.1:   227 | #define st_insert                   onig_st_insert
[INFO] [stderr] warning: onig_sys@69.8.1:       |                                     ^~~~~~~~~~~~~~
[INFO] [stderr] warning: onig_sys@69.8.1: oniguruma/src/st.c:283:1: note: in expansion of macro 'st_insert'
[INFO] [stderr] warning: onig_sys@69.8.1:   283 | st_insert(table, key, value)
[INFO] [stderr] warning: onig_sys@69.8.1:       | ^~~~~~~~~
[INFO] [stderr] warning: onig_sys@69.8.1: oniguruma/src/st.c:56:43: error: too many arguments to function 'table->type->hash'; expected 0, have 1
[INFO] [stderr] warning: onig_sys@69.8.1:    56 | #define do_hash(key,table) (unsigned int)(*(table)->type->hash)((key))
[INFO] [stderr] warning: onig_sys@69.8.1:       |                                          ~^~~~~~~~~~~~~~~~~~~~~ ~~~~~
[INFO] [stderr] warning: onig_sys@69.8.1: oniguruma/src/st.c:291:14: note: in expansion of macro 'do_hash'
[INFO] [stderr] warning: onig_sys@69.8.1:   291 |   hash_val = do_hash(key, table);
[INFO] [stderr] warning: onig_sys@69.8.1:       |              ^~~~~~~
[INFO] [stderr] warning: onig_sys@69.8.1: oniguruma/src/st.h:20:11: note: declared here
[INFO] [stderr] warning: onig_sys@69.8.1:    20 |     int (*hash)();
[INFO] [stderr] warning: onig_sys@69.8.1:       |           ^~~~
[INFO] [stderr] warning: onig_sys@69.8.1: oniguruma/src/st.c:54:40: error: too many arguments to function 'table->type->compare'; expected 0, have 2
[INFO] [stderr] warning: onig_sys@69.8.1:    54 | #define EQUAL(table,x,y) ((x)==(y) || (*table->type->compare)((x),(y)) == 0)
[INFO] [stderr] warning: onig_sys@69.8.1:       |                                       ~^~~~~~~~~~~~~~~~~~~~~~ ~~~
[INFO] [stderr] warning: onig_sys@69.8.1: oniguruma/src/st.c:224:45: note: in expansion of macro 'EQUAL'
[INFO] [stderr] warning: onig_sys@69.8.1:   224 | ((ptr) != 0 && (ptr->hash != (hash_val) || !EQUAL((table), (key), (ptr)->key)))
[INFO] [stderr] warning: onig_sys@69.8.1:       |                                             ^~~~~
[INFO] [stderr] warning: onig_sys@69.8.1: oniguruma/src/st.c:235:9: note: in expansion of macro 'PTR_NOT_EQUAL'
[INFO] [stderr] warning: onig_sys@69.8.1:   235 |     if (PTR_NOT_EQUAL(table, ptr, hash_val, key)) {\
[INFO] [stderr] warning: onig_sys@69.8.1:       |         ^~~~~~~~~~~~~
[INFO] [stderr] warning: onig_sys@69.8.1: oniguruma/src/st.c:292:3: note: in expansion of macro 'FIND_ENTRY'
[INFO] [stderr] warning: onig_sys@69.8.1:   292 |   FIND_ENTRY(table, ptr, hash_val, bin_pos);
[INFO] [stderr] warning: onig_sys@69.8.1:       |   ^~~~~~~~~~
[INFO] [stderr] warning: onig_sys@69.8.1: oniguruma/src/st.h:19:11: note: declared here
[INFO] [stderr] warning: onig_sys@69.8.1:    19 |     int (*compare)();
[INFO] [stderr] warning: onig_sys@69.8.1:       |           ^~~~~~~
[INFO] [stderr] warning: onig_sys@69.8.1: oniguruma/src/st.c:54:40: error: too many arguments to function 'table->type->compare'; expected 0, have 2
[INFO] [stderr] warning: onig_sys@69.8.1:    54 | #define EQUAL(table,x,y) ((x)==(y) || (*table->type->compare)((x),(y)) == 0)
[INFO] [stderr] warning: onig_sys@69.8.1:       |                                       ~^~~~~~~~~~~~~~~~~~~~~~ ~~~
[INFO] [stderr] warning: onig_sys@69.8.1: oniguruma/src/st.c:224:45: note: in expansion of macro 'EQUAL'
[INFO] [stderr] warning: onig_sys@69.8.1:   224 | ((ptr) != 0 && (ptr->hash != (hash_val) || !EQUAL((table), (key), (ptr)->key)))
[INFO] [stderr] warning: onig_sys@69.8.1:       |                                             ^~~~~
[INFO] [stderr] warning: onig_sys@69.8.1: oniguruma/src/st.c:237:14: note: in expansion of macro 'PTR_NOT_EQUAL'
[INFO] [stderr] warning: onig_sys@69.8.1:   237 |       while (PTR_NOT_EQUAL(table, ptr->next, hash_val, key)) {\
[INFO] [stderr] warning: onig_sys@69.8.1:       |              ^~~~~~~~~~~~~
[INFO] [stderr] warning: onig_sys@69.8.1: oniguruma/src/st.c:292:3: note: in expansion of macro 'FIND_ENTRY'
[INFO] [stderr] warning: onig_sys@69.8.1:   292 |   FIND_ENTRY(table, ptr, hash_val, bin_pos);
[INFO] [stderr] warning: onig_sys@69.8.1:       |   ^~~~~~~~~~
[INFO] [stderr] warning: onig_sys@69.8.1: oniguruma/src/st.h:19:11: note: declared here
[INFO] [stderr] warning: onig_sys@69.8.1:    19 |     int (*compare)();
[INFO] [stderr] warning: onig_sys@69.8.1:       |           ^~~~~~~
[INFO] [stderr] warning: onig_sys@69.8.1: oniguruma/src/st.c: In function 'onig_st_add_direct':
[INFO] [stderr] warning: onig_sys@69.8.1: oniguruma/src/regint.h:230:37: warning: old-style function definition [-Wold-style-definition]
[INFO] [stderr] warning: onig_sys@69.8.1:   230 | #define st_add_direct               onig_st_add_direct
[INFO] [stderr] warning: onig_sys@69.8.1:       |                                     ^~~~~~~~~~~~~~~~~~
[INFO] [stderr] warning: onig_sys@69.8.1: oniguruma/src/st.c:305:1: note: in expansion of macro 'st_add_direct'
[INFO] [stderr] warning: onig_sys@69.8.1:   305 | st_add_direct(table, key, value)
[INFO] [stderr] warning: onig_sys@69.8.1:       | ^~~~~~~~~~~~~
[INFO] [stderr] warning: onig_sys@69.8.1: oniguruma/src/st.c:56:43: error: too many arguments to function 'table->type->hash'; expected 0, have 1
[INFO] [stderr] warning: onig_sys@69.8.1:    56 | #define do_hash(key,table) (unsigned int)(*(table)->type->hash)((key))
[INFO] [stderr] warning: onig_sys@69.8.1:       |                                          ~^~~~~~~~~~~~~~~~~~~~~ ~~~~~
[INFO] [stderr] warning: onig_sys@69.8.1: oniguruma/src/st.c:312:14: note: in expansion of macro 'do_hash'
[INFO] [stderr] warning: onig_sys@69.8.1:   312 |   hash_val = do_hash(key, table);
[INFO] [stderr] warning: onig_sys@69.8.1:       |              ^~~~~~~
[INFO] [stderr] warning: onig_sys@69.8.1: oniguruma/src/st.h:20:11: note: declared here
[INFO] [stderr] warning: onig_sys@69.8.1:    20 |     int (*hash)();
[INFO] [stderr] warning: onig_sys@69.8.1:       |           ^~~~
[INFO] [stderr] warning: onig_sys@69.8.1: oniguruma/src/st.c: In function 'rehash':
[INFO] [stderr] warning: onig_sys@69.8.1: oniguruma/src/st.c:318:1: warning: old-style function definition [-Wold-style-definition]
[INFO] [stderr] warning: onig_sys@69.8.1:   318 | rehash(table)
[INFO] [stderr] warning: onig_sys@69.8.1:       | ^~~~~~
[INFO] [stderr] warning: onig_sys@69.8.1: oniguruma/src/st.c: In function 'onig_st_copy':
[INFO] [stderr] warning: onig_sys@69.8.1: oniguruma/src/regint.h:233:37: warning: old-style function definition [-Wold-style-definition]
[INFO] [stderr] warning: onig_sys@69.8.1:   233 | #define st_copy                     onig_st_copy
[INFO] [stderr] warning: onig_sys@69.8.1:       |                                     ^~~~~~~~~~~~
[INFO] [stderr] warning: onig_sys@69.8.1: oniguruma/src/st.c:350:1: note: in expansion of macro 'st_copy'
[INFO] [stderr] warning: onig_sys@69.8.1:   350 | st_copy(old_table)
[INFO] [stderr] warning: onig_sys@69.8.1:       | ^~~~~~~
[INFO] [stderr] warning: onig_sys@69.8.1: oniguruma/src/st.c: In function 'onig_st_delete':
[INFO] [stderr] warning: onig_sys@69.8.1: oniguruma/src/regint.h:225:37: warning: old-style function definition [-Wold-style-definition]
[INFO] [stderr] warning: onig_sys@69.8.1:   225 | #define st_delete                   onig_st_delete
[INFO] [stderr] warning: onig_sys@69.8.1:       |                                     ^~~~~~~~~~~~~~
[INFO] [stderr] warning: onig_sys@69.8.1: oniguruma/src/st.c:391:1: note: in expansion of macro 'st_delete'
[INFO] [stderr] warning: onig_sys@69.8.1:   391 | st_delete(table, key, value)
[INFO] [stderr] warning: onig_sys@69.8.1:       | ^~~~~~~~~
[INFO] [stderr] warning: onig_sys@69.8.1: oniguruma/src/st.c:56:43: error: too many arguments to function 'table->type->hash'; expected 0, have 1
[INFO] [stderr] warning: onig_sys@69.8.1:    56 | #define do_hash(key,table) (unsigned int)(*(table)->type->hash)((key))
[INFO] [stderr] warning: onig_sys@69.8.1:       |                                          ~^~~~~~~~~~~~~~~~~~~~~ ~~~~~
[INFO] [stderr] warning: onig_sys@69.8.1: oniguruma/src/st.c:57:33: note: in expansion of macro 'do_hash'
[INFO] [stderr] warning: onig_sys@69.8.1:    57 | #define do_hash_bin(key,table) (do_hash(key, table)%(table)->num_bins)
[INFO] [stderr] warning: onig_sys@69.8.1:       |                                 ^~~~~~~
[INFO] [stderr] warning: onig_sys@69.8.1: oniguruma/src/st.c:400:14: note: in expansion of macro 'do_hash_bin'
[INFO] [stderr] warning: onig_sys@69.8.1:   400 |   hash_val = do_hash_bin(*key, table);
[INFO] [stderr] warning: onig_sys@69.8.1:       |              ^~~~~~~~~~~
[INFO] [stderr] warning: onig_sys@69.8.1: oniguruma/src/st.h:20:11: note: declared here
[INFO] [stderr] warning: onig_sys@69.8.1:    20 |     int (*hash)();
[INFO] [stderr] warning: onig_sys@69.8.1:       |           ^~~~
[INFO] [stderr] warning: onig_sys@69.8.1: oniguruma/src/st.c:54:40: error: too many arguments to function 'table->type->compare'; expected 0, have 2
[INFO] [stderr] warning: onig_sys@69.8.1:    54 | #define EQUAL(table,x,y) ((x)==(y) || (*table->type->compare)((x),(y)) == 0)
[INFO] [stderr] warning: onig_sys@69.8.1:       |                                       ~^~~~~~~~~~~~~~~~~~~~~~ ~~~
[INFO] [stderr] warning: onig_sys@69.8.1: oniguruma/src/st.c:408:7: note: in expansion of macro 'EQUAL'
[INFO] [stderr] warning: onig_sys@69.8.1:   408 |   if (EQUAL(table, *key, ptr->key)) {
[INFO] [stderr] warning: onig_sys@69.8.1:       |       ^~~~~
[INFO] [stderr] warning: onig_sys@69.8.1: oniguruma/src/st.h:19:11: note: declared here
[INFO] [stderr] warning: onig_sys@69.8.1:    19 |     int (*compare)();
[INFO] [stderr] warning: onig_sys@69.8.1:       |           ^~~~~~~
[INFO] [stderr] warning: onig_sys@69.8.1: oniguruma/src/st.c:54:40: error: too many arguments to function 'table->type->compare'; expected 0, have 2
[INFO] [stderr] warning: onig_sys@69.8.1:    54 | #define EQUAL(table,x,y) ((x)==(y) || (*table->type->compare)((x),(y)) == 0)
[INFO] [stderr] warning: onig_sys@69.8.1:       |                                       ~^~~~~~~~~~~~~~~~~~~~~~ ~~~
[INFO] [stderr] warning: onig_sys@69.8.1: oniguruma/src/st.c:418:9: note: in expansion of macro 'EQUAL'
[INFO] [stderr] warning: onig_sys@69.8.1:   418 |     if (EQUAL(table, ptr->next->key, *key)) {
[INFO] [stderr] warning: onig_sys@69.8.1:       |         ^~~~~
[INFO] [stderr] warning: onig_sys@69.8.1: oniguruma/src/st.h:19:11: note: declared here
[INFO] [stderr] warning: onig_sys@69.8.1:    19 |     int (*compare)();
[INFO] [stderr] warning: onig_sys@69.8.1:       |           ^~~~~~~
[INFO] [stderr] warning: onig_sys@69.8.1: oniguruma/src/st.c: In function 'onig_st_delete_safe':
[INFO] [stderr] warning: onig_sys@69.8.1: oniguruma/src/regint.h:226:37: warning: old-style function definition [-Wold-style-definition]
[INFO] [stderr] warning: onig_sys@69.8.1:   226 | #define st_delete_safe              onig_st_delete_safe
[INFO] [stderr] warning: onig_sys@69.8.1:       |                                     ^~~~~~~~~~~~~~~~~~~
[INFO] [stderr] warning: onig_sys@69.8.1: oniguruma/src/st.c:433:1: note: in expansion of macro 'st_delete_safe'
[INFO] [stderr] warning: onig_sys@69.8.1:   433 | st_delete_safe(table, key, value, never)
[INFO] [stderr] warning: onig_sys@69.8.1:       | ^~~~~~~~~~~~~~
[INFO] [stderr] warning: onig_sys@69.8.1: oniguruma/src/st.c:56:43: error: too many arguments to function 'table->type->hash'; expected 0, have 1
[INFO] [stderr] warning: onig_sys@69.8.1:    56 | #define do_hash(key,table) (unsigned int)(*(table)->type->hash)((key))
[INFO] [stderr] warning: onig_sys@69.8.1:       |                                          ~^~~~~~~~~~~~~~~~~~~~~ ~~~~~
[INFO] [stderr] warning: onig_sys@69.8.1: oniguruma/src/st.c:57:33: note: in expansion of macro 'do_hash'
[INFO] [stderr] warning: onig_sys@69.8.1:    57 | #define do_hash_bin(key,table) (do_hash(key, table)%(table)->num_bins)
[INFO] [stderr] warning: onig_sys@69.8.1:       |                                 ^~~~~~~
[INFO] [stderr] warning: onig_sys@69.8.1: oniguruma/src/st.c:442:14: note: in expansion of macro 'do_hash_bin'
[INFO] [stderr] warning: onig_sys@69.8.1:   442 |   hash_val = do_hash_bin(*key, table);
[INFO] [stderr] warning: onig_sys@69.8.1:       |              ^~~~~~~~~~~
[INFO] [stderr] warning: onig_sys@69.8.1: oniguruma/src/st.h:20:11: note: declared here
[INFO] [stderr] warning: onig_sys@69.8.1:    20 |     int (*hash)();
[INFO] [stderr] warning: onig_sys@69.8.1:       |           ^~~~
[INFO] [stderr] warning: onig_sys@69.8.1: oniguruma/src/st.c:54:40: error: too many arguments to function 'table->type->compare'; expected 0, have 2
[INFO] [stderr] warning: onig_sys@69.8.1:    54 | #define EQUAL(table,x,y) ((x)==(y) || (*table->type->compare)((x),(y)) == 0)
[INFO] [stderr] warning: onig_sys@69.8.1:       |                                       ~^~~~~~~~~~~~~~~~~~~~~~ ~~~
[INFO] [stderr] warning: onig_sys@69.8.1: oniguruma/src/st.c:451:32: note: in expansion of macro 'EQUAL'
[INFO] [stderr] warning: onig_sys@69.8.1:   451 |     if ((ptr->key != never) && EQUAL(table, ptr->key, *key)) {
[INFO] [stderr] warning: onig_sys@69.8.1:       |                                ^~~~~
[INFO] [stderr] warning: onig_sys@69.8.1: oniguruma/src/st.h:19:11: note: declared here
[INFO] [stderr] warning: onig_sys@69.8.1:    19 |     int (*compare)();
[INFO] [stderr] warning: onig_sys@69.8.1:       |           ^~~~~~~
[INFO] [stderr] warning: onig_sys@69.8.1: oniguruma/src/st.c: In function 'onig_st_cleanup_safe':
[INFO] [stderr] warning: onig_sys@69.8.1: oniguruma/src/regint.h:232:37: warning: old-style function definition [-Wold-style-definition]
[INFO] [stderr] warning: onig_sys@69.8.1:   232 | #define st_cleanup_safe             onig_st_cleanup_safe
[INFO] [stderr] warning: onig_sys@69.8.1:       |                                     ^~~~~~~~~~~~~~~~~~~~
[INFO] [stderr] warning: onig_sys@69.8.1: oniguruma/src/st.c:477:1: note: in expansion of macro 'st_cleanup_safe'
[INFO] [stderr] warning: onig_sys@69.8.1:   477 | st_cleanup_safe(table, never)
[INFO] [stderr] warning: onig_sys@69.8.1:       | ^~~~~~~~~~~~~~~
[INFO] [stderr] warning: onig_sys@69.8.1: oniguruma/src/st.c:483:21: error: passing argument 2 of 'onig_st_foreach' from incompatible pointer type [-Wincompatible-pointer-types]
[INFO] [stderr] warning: onig_sys@69.8.1:   483 |   st_foreach(table, delete_never, never);
[INFO] [stderr] warning: onig_sys@69.8.1:       |                     ^~~~~~~~~~~~
[INFO] [stderr] warning: onig_sys@69.8.1:       |                     |
[INFO] [stderr] warning: onig_sys@69.8.1:       |                     int (*)(st_data_t,  st_data_t,  st_data_t) {aka int (*)(long unsigned int,  long unsigned int,  long unsigned int)}
[INFO] [stderr] warning: onig_sys@69.8.1: oniguruma/src/st.h:55:31: note: expected 'int (*)(void)' but argument is of type 'int (*)(st_data_t,  st_data_t,  st_data_t)' {aka 'int (*)(long unsigned int,  long unsigned int,  long unsigned int)'}
[INFO] [stderr] warning: onig_sys@69.8.1:    55 | int st_foreach _((st_table *, int (*)(ANYARGS), st_data_t));
[INFO] [stderr] warning: onig_sys@69.8.1:       |                               ^~~~~~~~~~~~~~~~
[INFO] [stderr] warning: onig_sys@69.8.1: oniguruma/src/st.h:35:18: note: in definition of macro '_'
[INFO] [stderr] warning: onig_sys@69.8.1:    35 | # define _(args) args
[INFO] [stderr] warning: onig_sys@69.8.1:       |                  ^~~~
[INFO] [stderr] warning: onig_sys@69.8.1: oniguruma/src/st.c:465:1: note: 'delete_never' declared here
[INFO] [stderr] warning: onig_sys@69.8.1:   465 | delete_never(st_data_t key __attribute__ ((unused)), st_data_t value,
[INFO] [stderr] warning: onig_sys@69.8.1:       | ^~~~~~~~~~~~
[INFO] [stderr] warning: onig_sys@69.8.1: oniguruma/src/st.c: In function 'onig_st_foreach':
[INFO] [stderr] warning: onig_sys@69.8.1: oniguruma/src/regint.h:229:37: warning: old-style function definition [-Wold-style-definition]
[INFO] [stderr] warning: onig_sys@69.8.1:   229 | #define st_foreach                  onig_st_foreach
[INFO] [stderr] warning: onig_sys@69.8.1:       |                                     ^~~~~~~~~~~~~~~
[INFO] [stderr] warning: onig_sys@69.8.1: oniguruma/src/st.c:488:1: note: in expansion of macro 'st_foreach'
[INFO] [stderr] warning: onig_sys@69.8.1:   488 | st_foreach(table, func, arg)
[INFO] [stderr] warning: onig_sys@69.8.1:       | ^~~~~~~~~~
[INFO] [stderr] warning: onig_sys@69.8.1: oniguruma/src/st.c:500:23: error: too many arguments to function 'func'; expected 0, have 3
[INFO] [stderr] warning: onig_sys@69.8.1:   500 |             retval = (*func)(ptr->key, ptr->record, arg);
[INFO] [stderr] warning: onig_sys@69.8.1:       |                      ~^~~~~~ ~~~~~~~~
[INFO] [stderr] warning: onig_sys@69.8.1: oniguruma/src/st.c: In function 'strhash':
[INFO] [stderr] warning: onig_sys@69.8.1: oniguruma/src/st.c:538:1: warning: old-style function definition [-Wold-style-definition]
[INFO] [stderr] warning: onig_sys@69.8.1:   538 | strhash(string)
[INFO] [stderr] warning: onig_sys@69.8.1:       | ^~~~~~~
[INFO] [stderr] warning: onig_sys@69.8.1: oniguruma/src/st.c: In function 'numcmp':
[INFO] [stderr] warning: onig_sys@69.8.1: oniguruma/src/st.c:577:1: warning: old-style function definition [-Wold-style-definition]
[INFO] [stderr] warning: onig_sys@69.8.1:   577 | numcmp(x, y)
[INFO] [stderr] warning: onig_sys@69.8.1:       | ^~~~~~
[INFO] [stderr] warning: onig_sys@69.8.1: oniguruma/src/st.c: In function 'numhash':
[INFO] [stderr] warning: onig_sys@69.8.1: oniguruma/src/st.c:584:1: warning: old-style function definition [-Wold-style-definition]
[INFO] [stderr] warning: onig_sys@69.8.1:   584 | numhash(n)
[INFO] [stderr] warning: onig_sys@69.8.1:       | ^~~~~~~
[INFO] [stderr] warning: onig_sys@69.8.1: ToolExecError: Command LC_ALL="C" "cc" "-O0" "-ffunction-sections" "-fdata-sections" "-fPIC" "-gdwarf-4" "-fno-omit-frame-pointer" "-m64" "-I" "/opt/rustwide/target/debug/build/onig_sys/17e8d3f605314587/out" "-I" "oniguruma/src" "-DHAVE_UNISTD_H=1" "-DHAVE_SYS_TYPES_H=1" "-DHAVE_SYS_TIME_H=1" "-o" "/opt/rustwide/target/debug/build/onig_sys/17e8d3f605314587/out/a445302c6d3dcb51-st.o" "-c" "oniguruma/src/st.c" with args cc did not execute successfully (status code exit status: 1).
[INFO] [stderr] error: failed to run custom build command for `onig_sys v69.8.1`
[INFO] [stderr] note: To improve backtraces for build dependencies, set the CARGO_PROFILE_DEV_BUILD_OVERRIDE_DEBUG=true environment variable to enable debug information generation.
[INFO] [stderr] 
[INFO] [stderr] Caused by:
[INFO] [stderr]   process didn't exit successfully: `/opt/rustwide/target/debug/build/onig_sys/6d25f9abe12c2884/out/build_script_build` (exit status: 1)
[INFO] [stderr]   --- stdout
[INFO] [stderr]   cargo:rerun-if-env-changed=RUSTONIG_DYNAMIC_LIBONIG
[INFO] [stderr]   cargo:rerun-if-env-changed=RUSTONIG_STATIC_LIBONIG
[INFO] [stderr]   cargo:rerun-if-env-changed=RUSTONIG_SYSTEM_LIBONIG
[INFO] [stderr]   OUT_DIR = Some(/opt/rustwide/target/debug/build/onig_sys/17e8d3f605314587/out)
[INFO] [stderr]   OPT_LEVEL = Some(0)
[INFO] [stderr]   TARGET = Some(x86_64-unknown-linux-gnu)
[INFO] [stderr]   HOST = Some(x86_64-unknown-linux-gnu)
[INFO] [stderr]   cargo:rerun-if-env-changed=CC_x86_64-unknown-linux-gnu
[INFO] [stderr]   CC_x86_64-unknown-linux-gnu = None
[INFO] [stderr]   cargo:rerun-if-env-changed=CC_x86_64_unknown_linux_gnu
[INFO] [stderr]   CC_x86_64_unknown_linux_gnu = None
[INFO] [stderr]   cargo:rerun-if-env-changed=HOST_CC
[INFO] [stderr]   HOST_CC = None
[INFO] [stderr]   cargo:rerun-if-env-changed=CC
[INFO] [stderr]   CC = None
[INFO] [stderr]   cargo:rerun-if-env-changed=CC_ENABLE_DEBUG_OUTPUT
[INFO] [stderr]   RUSTC_WRAPPER = None
[INFO] [stderr]   cargo:rerun-if-env-changed=CRATE_CC_NO_DEFAULTS
[INFO] [stderr]   CRATE_CC_NO_DEFAULTS = None
[INFO] [stderr]   DEBUG = Some(true)
[INFO] [stderr]   CARGO_CFG_TARGET_FEATURE = Some(fxsr,sse,sse2)
[INFO] [stderr]   cargo:rerun-if-env-changed=CFLAGS_x86_64-unknown-linux-gnu
[INFO] [stderr]   CFLAGS_x86_64-unknown-linux-gnu = None
[INFO] [stderr]   cargo:rerun-if-env-changed=CFLAGS_x86_64_unknown_linux_gnu
[INFO] [stderr]   CFLAGS_x86_64_unknown_linux_gnu = None
[INFO] [stderr]   cargo:rerun-if-env-changed=HOST_CFLAGS
[INFO] [stderr]   HOST_CFLAGS = None
[INFO] [stderr]   cargo:rerun-if-env-changed=CFLAGS
[INFO] [stderr]   CFLAGS = None
[INFO] [stderr]   CARGO_ENCODED_RUSTFLAGS = Some(--cap-lints=warn)
[INFO] [stderr]   cargo:warning=oniguruma/src/regparse.c: In function 'onig_st_init_strend_table_with_size':
[INFO] [stderr]   cargo:warning=oniguruma/src/regparse.c:588:5: error: initialization of 'int (*)(void)' from incompatible pointer type 'int (*)(st_str_end_key *, st_str_end_key *)' [-Wincompatible-pointer-types]
[INFO] [stderr]   cargo:warning=  588 |     str_end_cmp,
[INFO] [stderr]   cargo:warning=      |     ^~~~~~~~~~~
[INFO] [stderr]   cargo:warning=oniguruma/src/regparse.c:588:5: note: (near initialization for 'hashType.compare')
[INFO] [stderr]   cargo:warning=oniguruma/src/regparse.c:550:1: note: 'str_end_cmp' declared here
[INFO] [stderr]   cargo:warning=  550 | str_end_cmp(st_str_end_key* x, st_str_end_key* y)
[INFO] [stderr]   cargo:warning=      | ^~~~~~~~~~~
[INFO] [stderr]   cargo:warning=oniguruma/src/regparse.c:589:5: error: initialization of 'int (*)(void)' from incompatible pointer type 'int (*)(st_str_end_key *)' [-Wincompatible-pointer-types]
[INFO] [stderr]   cargo:warning=  589 |     str_end_hash,
[INFO] [stderr]   cargo:warning=      |     ^~~~~~~~~~~~
[INFO] [stderr]   cargo:warning=oniguruma/src/regparse.c:589:5: note: (near initialization for 'hashType.hash')
[INFO] [stderr]   cargo:warning=oniguruma/src/regparse.c:571:1: note: 'str_end_hash' declared here
[INFO] [stderr]   cargo:warning=  571 | str_end_hash(st_str_end_key* x)
[INFO] [stderr]   cargo:warning=      | ^~~~~~~~~~~~
[INFO] [stderr]   cargo:warning=oniguruma/src/regparse.c: In function 'onig_st_init_callout_name_table_with_size':
[INFO] [stderr]   cargo:warning=oniguruma/src/regparse.c:678:5: error: initialization of 'int (*)(void)' from incompatible pointer type 'int (*)(st_callout_name_key *, st_callout_name_key *)' [-Wincompatible-pointer-types]
[INFO] [stderr]   cargo:warning=  678 |     callout_name_table_cmp,
[INFO] [stderr]   cargo:warning=      |     ^~~~~~~~~~~~~~~~~~~~~~
[INFO] [stderr]   cargo:warning=oniguruma/src/regparse.c:678:5: note: (near initialization for 'hashType.compare')
[INFO] [stderr]   cargo:warning=oniguruma/src/regparse.c:637:1: note: 'callout_name_table_cmp' declared here
[INFO] [stderr]   cargo:warning=  637 | callout_name_table_cmp(st_callout_name_key* x, st_callout_name_key* y)
[INFO] [stderr]   cargo:warning=      | ^~~~~~~~~~~~~~~~~~~~~~
[INFO] [stderr]   cargo:warning=oniguruma/src/regparse.c:679:5: error: initialization of 'int (*)(void)' from incompatible pointer type 'int (*)(st_callout_name_key *)' [-Wincompatible-pointer-types]
[INFO] [stderr]   cargo:warning=  679 |     callout_name_table_hash,
[INFO] [stderr]   cargo:warning=      |     ^~~~~~~~~~~~~~~~~~~~~~~
[INFO] [stderr]   cargo:warning=oniguruma/src/regparse.c:679:5: note: (near initialization for 'hashType.hash')
[INFO] [stderr]   cargo:warning=oniguruma/src/regparse.c:660:1: note: 'callout_name_table_hash' declared here
[INFO] [stderr]   cargo:warning=  660 | callout_name_table_hash(st_callout_name_key* x)
[INFO] [stderr]   cargo:warning=      | ^~~~~~~~~~~~~~~~~~~~~~~
[INFO] [stderr]   cargo:warning=oniguruma/src/regparse.c: In function 'names_clear':
[INFO] [stderr]   cargo:warning=oniguruma/src/regparse.c:804:24: error: passing argument 2 of 'onig_st_foreach' from incompatible pointer type [-Wincompatible-pointer-types]
[INFO] [stderr]   cargo:warning=  804 |     onig_st_foreach(t, i_free_name_entry, 0);
[INFO] [stderr]   cargo:warning=      |                        ^~~~~~~~~~~~~~~~~
[INFO] [stderr]   cargo:warning=      |                        |
[INFO] [stderr]   cargo:warning=      |                        int (*)(OnigUChar *, NameEntry *, void *) {aka int (*)(unsigned char *, NameEntry *, void *)}
[INFO] [stderr]   cargo:warning=In file included from oniguruma/src/regparse.c:37:
[INFO] [stderr]   cargo:warning=oniguruma/src/st.h:55:31: note: expected 'int (*)(void)' but argument is of type 'int (*)(OnigUChar *, NameEntry *, void *)' {aka 'int (*)(unsigned char *, NameEntry *, void *)'}
[INFO] [stderr]   cargo:warning=   55 | int st_foreach _((st_table *, int (*)(ANYARGS), st_data_t));
[INFO] [stderr]   cargo:warning=      |                               ^~~~~~~~~~~~~~~~
[INFO] [stderr]   cargo:warning=oniguruma/src/st.h:35:18: note: in definition of macro '_'
[INFO] [stderr]   cargo:warning=   35 | # define _(args) args
[INFO] [stderr]   cargo:warning=      |                  ^~~~
[INFO] [stderr]   cargo:warning=oniguruma/src/regparse.c:789:1: note: 'i_free_name_entry' declared here
[INFO] [stderr]   cargo:warning=  789 | i_free_name_entry(UChar* key, NameEntry* e, void* arg ARG_UNUSED)
[INFO] [stderr]   cargo:warning=      | ^~~~~~~~~~~~~~~~~
[INFO] [stderr]   cargo:warning=oniguruma/src/regparse.c: In function 'onig_foreach_name':
[INFO] [stderr]   cargo:warning=oniguruma/src/regparse.c:873:24: error: passing argument 2 of 'onig_st_foreach' from incompatible pointer type [-Wincompatible-pointer-types]
[INFO] [stderr]   cargo:warning=  873 |     onig_st_foreach(t, i_names, (HashDataType )&narg);
[INFO] [stderr]   cargo:warning=      |                        ^~~~~~~
[INFO] [stderr]   cargo:warning=      |                        |
[INFO] [stderr]   cargo:warning=      |                        int (*)(OnigUChar *, NameEntry *, INamesArg *) {aka int (*)(unsigned char *, NameEntry *, INamesArg *)}
[INFO] [stderr]   cargo:warning=oniguruma/src/st.h:55:31: note: expected 'int (*)(void)' but argument is of type 'int (*)(OnigUChar *, NameEntry *, INamesArg *)' {aka 'int (*)(unsigned char *, NameEntry *, INamesArg *)'}
[INFO] [stderr]   cargo:warning=   55 | int st_foreach _((st_table *, int (*)(ANYARGS), st_data_t));
[INFO] [stderr]   cargo:warning=      |                               ^~~~~~~~~~~~~~~~
[INFO] [stderr]   cargo:warning=oniguruma/src/st.h:35:18: note: in definition of macro '_'
[INFO] [stderr]   cargo:warning=   35 | # define _(args) args
[INFO] [stderr]   cargo:warning=      |                  ^~~~
[INFO] [stderr]   cargo:warning=oniguruma/src/regparse.c:846:1: note: 'i_names' declared here
[INFO] [stderr]   cargo:warning=  846 | i_names(UChar* key ARG_UNUSED, NameEntry* e, INamesArg* arg)
[INFO] [stderr]   cargo:warning=      | ^~~~~~~
[INFO] [stderr]   cargo:warning=oniguruma/src/regparse.c: In function 'onig_renumber_name_table':
[INFO] [stderr]   cargo:warning=oniguruma/src/regparse.c:901:24: error: passing argument 2 of 'onig_st_foreach' from incompatible pointer type [-Wincompatible-pointer-types]
[INFO] [stderr]   cargo:warning=  901 |     onig_st_foreach(t, i_renumber_name, (HashDataType )map);
[INFO] [stderr]   cargo:warning=      |                        ^~~~~~~~~~~~~~~
[INFO] [stderr]   cargo:warning=      |                        |
[INFO] [stderr]   cargo:warning=      |                        int (*)(OnigUChar *, NameEntry *, GroupNumMap *) {aka int (*)(unsigned char *, NameEntry *, GroupNumMap *)}
[INFO] [stderr]   cargo:warning=oniguruma/src/st.h:55:31: note: expected 'int (*)(void)' but argument is of type 'int (*)(OnigUChar *, NameEntry *, GroupNumMap *)' {aka 'int (*)(unsigned char *, NameEntry *, GroupNumMap *)'}
[INFO] [stderr]   cargo:warning=   55 | int st_foreach _((st_table *, int (*)(ANYARGS), st_data_t));
[INFO] [stderr]   cargo:warning=      |                               ^~~~~~~~~~~~~~~~
[INFO] [stderr]   cargo:warning=oniguruma/src/st.h:35:18: note: in definition of macro '_'
[INFO] [stderr]   cargo:warning=   35 | # define _(args) args
[INFO] [stderr]   cargo:warning=      |                  ^~~~
[INFO] [stderr]   cargo:warning=oniguruma/src/regparse.c:879:1: note: 'i_renumber_name' declared here
[INFO] [stderr]   cargo:warning=  879 | i_renumber_name(UChar* key ARG_UNUSED, NameEntry* e, GroupNumMap* map)
[INFO] [stderr]   cargo:warning=      | ^~~~~~~~~~~~~~~
[INFO] [stderr]   cargo:warning=oniguruma/src/regparse.c: In function 'callout_name_table_clear':
[INFO] [stderr]   cargo:warning=oniguruma/src/regparse.c:1386:24: error: passing argument 2 of 'onig_st_foreach' from incompatible pointer type [-Wincompatible-pointer-types]
[INFO] [stderr]   cargo:warning= 1386 |     onig_st_foreach(t, i_free_callout_name_entry, 0);
[INFO] [stderr]   cargo:warning=      |                        ^~~~~~~~~~~~~~~~~~~~~~~~~
[INFO] [stderr]   cargo:warning=      |                        |
[INFO] [stderr]   cargo:warning=      |                        int (*)(st_callout_name_key *, CalloutNameEntry *, void *)
[INFO] [stderr]   cargo:warning=oniguruma/src/st.h:55:31: note: expected 'int (*)(void)' but argument is of type 'int (*)(st_callout_name_key *, CalloutNameEntry *, void *)'
[INFO] [stderr]   cargo:warning=   55 | int st_foreach _((st_table *, int (*)(ANYARGS), st_data_t));
[INFO] [stderr]   cargo:warning=      |                               ^~~~~~~~~~~~~~~~
[INFO] [stderr]   cargo:warning=oniguruma/src/st.h:35:18: note: in definition of macro '_'
[INFO] [stderr]   cargo:warning=   35 | # define _(args) args
[INFO] [stderr]   cargo:warning=      |                  ^~~~
[INFO] [stderr]   cargo:warning=oniguruma/src/regparse.c:1370:1: note: 'i_free_callout_name_entry' declared here
[INFO] [stderr]   cargo:warning= 1370 | i_free_callout_name_entry(st_callout_name_key* key, CalloutNameEntry* e,
[INFO] [stderr]   cargo:warning=      | ^~~~~~~~~~~~~~~~~~~~~~~~~
[INFO] [stderr]   cargo:warning=oniguruma/src/regparse.c: In function 'setup_ext_callout_list_values':
[INFO] [stderr]   cargo:warning=oniguruma/src/regparse.c:1884:56: error: passing argument 2 of 'onig_st_foreach' from incompatible pointer type [-Wincompatible-pointer-types]
[INFO] [stderr]   cargo:warning= 1884 |     onig_st_foreach((CalloutTagTable *)ext->tag_table, i_callout_callout_list_set,
[INFO] [stderr]   cargo:warning=      |                                                        ^~~~~~~~~~~~~~~~~~~~~~~~~~
[INFO] [stderr]   cargo:warning=      |                                                        |
[INFO] [stderr]   cargo:warning=      |                                                        int (*)(OnigUChar *, CalloutTagVal,  void *) {aka int (*)(unsigned char *, long int,  void *)}
[INFO] [stderr]   cargo:warning=oniguruma/src/st.h:55:31: note: expected 'int (*)(void)' but argument is of type 'int (*)(OnigUChar *, CalloutTagVal,  void *)' {aka 'int (*)(unsigned char *, long int,  void *)'}
[INFO] [stderr]   cargo:warning=   55 | int st_foreach _((st_table *, int (*)(ANYARGS), st_data_t));
[INFO] [stderr]   cargo:warning=      |                               ^~~~~~~~~~~~~~~~
[INFO] [stderr]   cargo:warning=oniguruma/src/st.h:35:18: note: in definition of macro '_'
[INFO] [stderr]   cargo:warning=   35 | # define _(args) args
[INFO] [stderr]   cargo:warning=      |                  ^~~~
[INFO] [stderr]   cargo:warning=oniguruma/src/regparse.c:1866:1: note: 'i_callout_callout_list_set' declared here
[INFO] [stderr]   cargo:warning= 1866 | i_callout_callout_list_set(UChar* key, CalloutTagVal e, void* arg)
[INFO] [stderr]   cargo:warning=      | ^~~~~~~~~~~~~~~~~~~~~~~~~~
[INFO] [stderr]   cargo:warning=oniguruma/src/regparse.c: In function 'callout_tag_table_clear':
[INFO] [stderr]   cargo:warning=oniguruma/src/regparse.c:1932:24: error: passing argument 2 of 'onig_st_foreach' from incompatible pointer type [-Wincompatible-pointer-types]
[INFO] [stderr]   cargo:warning= 1932 |     onig_st_foreach(t, i_free_callout_tag_entry, 0);
[INFO] [stderr]   cargo:warning=      |                        ^~~~~~~~~~~~~~~~~~~~~~~~
[INFO] [stderr]   cargo:warning=      |                        |
[INFO] [stderr]   cargo:warning=      |                        int (*)(OnigUChar *, CalloutTagVal,  void *) {aka int (*)(unsigned char *, long int,  void *)}
[INFO] [stderr]   cargo:warning=oniguruma/src/st.h:55:31: note: expected 'int (*)(void)' but argument is of type 'int (*)(OnigUChar *, CalloutTagVal,  void *)' {aka 'int (*)(unsigned char *, long int,  void *)'}
[INFO] [stderr]   cargo:warning=   55 | int st_foreach _((st_table *, int (*)(ANYARGS), st_data_t));
[INFO] [stderr]   cargo:warning=      |                               ^~~~~~~~~~~~~~~~
[INFO] [stderr]   cargo:warning=oniguruma/src/st.h:35:18: note: in definition of macro '_'
[INFO] [stderr]   cargo:warning=   35 | # define _(args) args
[INFO] [stderr]   cargo:warning=      |                  ^~~~
[INFO] [stderr]   cargo:warning=oniguruma/src/regparse.c:1922:1: note: 'i_free_callout_tag_entry' declared here
[INFO] [stderr]   cargo:warning= 1922 | i_free_callout_tag_entry(UChar* key, CalloutTagVal e, void* arg ARG_UNUSED)
[INFO] [stderr]   cargo:warning=      | ^~~~~~~~~~~~~~~~~~~~~~~~
[INFO] [stderr]   exit status: 0
[INFO] [stderr]   exit status: 0
[INFO] [stderr]   exit status: 1
[INFO] [stderr]   cargo:warning=ToolExecError: Command LC_ALL="C" "cc" "-O0" "-ffunction-sections" "-fdata-sections" "-fPIC" "-gdwarf-4" "-fno-omit-frame-pointer" "-m64" "-I" "/opt/rustwide/target/debug/build/onig_sys/17e8d3f605314587/out" "-I" "oniguruma/src" "-DHAVE_UNISTD_H=1" "-DHAVE_SYS_TYPES_H=1" "-DHAVE_SYS_TIME_H=1" "-o" "/opt/rustwide/target/debug/build/onig_sys/17e8d3f605314587/out/a445302c6d3dcb51-regparse.o" "-c" "oniguruma/src/regparse.c" with args cc did not execute successfully (status code exit status: 1).cargo:warning=oniguruma/src/st.c:38:5: error: initialization of 'int (*)(void)' from incompatible pointer type 'int (*)(long int,  long int)' [-Wincompatible-pointer-types]
[INFO] [stderr]   cargo:warning=   38 |     numcmp,
[INFO] [stderr]   cargo:warning=      |     ^~~~~~
[INFO] [stderr]   cargo:warning=oniguruma/src/st.c:38:5: note: (near initialization for 'type_numhash.compare')
[INFO] [stderr]   cargo:warning=oniguruma/src/st.c:35:12: note: 'numcmp' declared here
[INFO] [stderr]   cargo:warning=   35 | static int numcmp(long, long);
[INFO] [stderr]   cargo:warning=      |            ^~~~~~
[INFO] [stderr]   cargo:warning=oniguruma/src/st.c:39:5: error: initialization of 'int (*)(void)' from incompatible pointer type 'int (*)(long int)' [-Wincompatible-pointer-types]
[INFO] [stderr]   cargo:warning=   39 |     numhash,
[INFO] [stderr]   cargo:warning=      |     ^~~~~~~
[INFO] [stderr]   cargo:warning=oniguruma/src/st.c:39:5: note: (near initialization for 'type_numhash.hash')
[INFO] [stderr]   cargo:warning=oniguruma/src/st.c:36:12: note: 'numhash' declared here
[INFO] [stderr]   cargo:warning=   36 | static int numhash(long);
[INFO] [stderr]   cargo:warning=      |            ^~~~~~~
[INFO] [stderr]   cargo:warning=oniguruma/src/st.c:45:5: error: initialization of 'int (*)(void)' from incompatible pointer type 'int (*)(const char *, const char *)' [-Wincompatible-pointer-types]
[INFO] [stderr]   cargo:warning=   45 |     strcmp,
[INFO] [stderr]   cargo:warning=      |     ^~~~~~
[INFO] [stderr]   cargo:warning=oniguruma/src/st.c:45:5: note: (near initialization for 'type_strhash.compare')
[INFO] [stderr]   cargo:warning=In file included from oniguruma/src/regint.h:111,
[INFO] [stderr]   cargo:warning=                 from oniguruma/src/st.c:9:
[INFO] [stderr]   cargo:warning=/usr/include/string.h:171:12: note: 'strcmp' declared here
[INFO] [stderr]   cargo:warning=  171 | extern int strcmp (const char *__s1, const char *__s2)
[INFO] [stderr]   cargo:warning=      |            ^~~~~~
[INFO] [stderr]   cargo:warning=oniguruma/src/st.c:46:5: error: initialization of 'int (*)(void)' from incompatible pointer type 'int (*)(const char *)' [-Wincompatible-pointer-types]
[INFO] [stderr]   cargo:warning=   46 |     strhash,
[INFO] [stderr]   cargo:warning=      |     ^~~~~~~
[INFO] [stderr]   cargo:warning=oniguruma/src/st.c:46:5: note: (near initialization for 'type_strhash.hash')
[INFO] [stderr]   cargo:warning=oniguruma/src/st.c:43:12: note: 'strhash' declared here
[INFO] [stderr]   cargo:warning=   43 | static int strhash(const char *);
[INFO] [stderr]   cargo:warning=      |            ^~~~~~~
[INFO] [stderr]   cargo:warning=oniguruma/src/st.c: In function 'new_size':
[INFO] [stderr]   cargo:warning=oniguruma/src/st.c:101:1: warning: old-style function definition [-Wold-style-definition]
[INFO] [stderr]   cargo:warning=  101 | new_size(size)
[INFO] [stderr]   cargo:warning=      | ^~~~~~~~
[INFO] [stderr]   cargo:warning=oniguruma/src/st.c: In function 'onig_st_init_table_with_size':
[INFO] [stderr]   cargo:warning=oniguruma/src/regint.h:220:37: warning: old-style function definition [-Wold-style-definition]
[INFO] [stderr]   cargo:warning=  220 | #define st_init_table_with_size     onig_st_init_table_with_size
[INFO] [stderr]   cargo:warning=      |                                     ^~~~~~~~~~~~~~~~~~~~~~~~~~~~
[INFO] [stderr]   cargo:warning=oniguruma/src/st.c:140:1: note: in expansion of macro 'st_init_table_with_size'
[INFO] [stderr]   cargo:warning=  140 | st_init_table_with_size(type, size)
[INFO] [stderr]   cargo:warning=      | ^~~~~~~~~~~~~~~~~~~~~~~
[INFO] [stderr]   cargo:warning=oniguruma/src/st.c: In function 'onig_st_init_table':
[INFO] [stderr]   cargo:warning=oniguruma/src/regint.h:219:37: warning: old-style function definition [-Wold-style-definition]
[INFO] [stderr]   cargo:warning=  219 | #define st_init_table               onig_st_init_table
[INFO] [stderr]   cargo:warning=      |                                     ^~~~~~~~~~~~~~~~~~
[INFO] [stderr]   cargo:warning=oniguruma/src/st.c:172:1: note: in expansion of macro 'st_init_table'
[INFO] [stderr]   cargo:warning=  172 | st_init_table(type)
[INFO] [stderr]   cargo:warning=      | ^~~~~~~~~~~~~
[INFO] [stderr]   cargo:warning=oniguruma/src/st.c: In function 'onig_st_init_numtable_with_size':
[INFO] [stderr]   cargo:warning=oniguruma/src/regint.h:222:37: warning: old-style function definition [-Wold-style-definition]
[INFO] [stderr]   cargo:warning=  222 | #define st_init_numtable_with_size  onig_st_init_numtable_with_size
[INFO] [stderr]   cargo:warning=      |                                     ^~~~~~~~~~~~~~~~~~~~~~~~~~~~~~~
[INFO] [stderr]   cargo:warning=oniguruma/src/st.c:185:1: note: in expansion of macro 'st_init_numtable_with_size'
[INFO] [stderr]   cargo:warning=  185 | st_init_numtable_with_size(size)
[INFO] [stderr]   cargo:warning=      | ^~~~~~~~~~~~~~~~~~~~~~~~~~
[INFO] [stderr]   cargo:warning=oniguruma/src/st.c: In function 'onig_st_init_strtable_with_size':
[INFO] [stderr]   cargo:warning=oniguruma/src/regint.h:224:37: warning: old-style function definition [-Wold-style-definition]
[INFO] [stderr]   cargo:warning=  224 | #define st_init_strtable_with_size  onig_st_init_strtable_with_size
[INFO] [stderr]   cargo:warning=      |                                     ^~~~~~~~~~~~~~~~~~~~~~~~~~~~~~~
[INFO] [stderr]   cargo:warning=oniguruma/src/st.c:198:1: note: in expansion of macro 'st_init_strtable_with_size'
[INFO] [stderr]   cargo:warning=  198 | st_init_strtable_with_size(size)
[INFO] [stderr]   cargo:warning=      | ^~~~~~~~~~~~~~~~~~~~~~~~~~
[INFO] [stderr]   cargo:warning=oniguruma/src/st.c: In function 'onig_st_free_table':
[INFO] [stderr]   cargo:warning=oniguruma/src/regint.h:231:37: warning: old-style function definition [-Wold-style-definition]
[INFO] [stderr]   cargo:warning=  231 | #define st_free_table               onig_st_free_table
[INFO] [stderr]   cargo:warning=      |                                     ^~~~~~~~~~~~~~~~~~
[INFO] [stderr]   cargo:warning=oniguruma/src/st.c:205:1: note: in expansion of macro 'st_free_table'
[INFO] [stderr]   cargo:warning=  205 | st_free_table(table)
[INFO] [stderr]   cargo:warning=      | ^~~~~~~~~~~~~
[INFO] [stderr]   cargo:warning=oniguruma/src/st.c: In function 'onig_st_lookup':
[INFO] [stderr]   cargo:warning=oniguruma/src/regint.h:228:37: warning: old-style function definition [-Wold-style-definition]
[INFO] [stderr]   cargo:warning=  228 | #define st_lookup                   onig_st_lookup
[INFO] [stderr]   cargo:warning=      |                                     ^~~~~~~~~~~~~~
[INFO] [stderr]   cargo:warning=oniguruma/src/st.c:245:1: note: in expansion of macro 'st_lookup'
[INFO] [stderr]   cargo:warning=  245 | st_lookup(table, key, value)
[INFO] [stderr]   cargo:warning=      | ^~~~~~~~~
[INFO] [stderr]   cargo:warning=oniguruma/src/st.c:56:43: error: too many arguments to function 'table->type->hash'; expected 0, have 1
[INFO] [stderr]   cargo:warning=   56 | #define do_hash(key,table) (unsigned int)(*(table)->type->hash)((key))
[INFO] [stderr]   cargo:warning=      |                                          ~^~~~~~~~~~~~~~~~~~~~~ ~~~~~
[INFO] [stderr]   cargo:warning=oniguruma/src/st.c:253:14: note: in expansion of macro 'do_hash'
[INFO] [stderr]   cargo:warning=  253 |   hash_val = do_hash(key, table);
[INFO] [stderr]   cargo:warning=      |              ^~~~~~~
[INFO] [stderr]   cargo:warning=In file included from oniguruma/src/st.c:10:
[INFO] [stderr]   cargo:warning=oniguruma/src/st.h:20:11: note: declared here
[INFO] [stderr]   cargo:warning=   20 |     int (*hash)();
[INFO] [stderr]   cargo:warning=      |           ^~~~
[INFO] [stderr]   cargo:warning=oniguruma/src/st.c:54:40: error: too many arguments to function 'table->type->compare'; expected 0, have 2
[INFO] [stderr]   cargo:warning=   54 | #define EQUAL(table,x,y) ((x)==(y) || (*table->type->compare)((x),(y)) == 0)
[INFO] [stderr]   cargo:warning=      |                                       ~^~~~~~~~~~~~~~~~~~~~~~ ~~~
[INFO] [stderr]   cargo:warning=oniguruma/src/st.c:224:45: note: in expansion of macro 'EQUAL'
[INFO] [stderr]   cargo:warning=  224 | ((ptr) != 0 && (ptr->hash != (hash_val) || !EQUAL((table), (key), (ptr)->key)))
[INFO] [stderr]   cargo:warning=      |                                             ^~~~~
[INFO] [stderr]   cargo:warning=oniguruma/src/st.c:235:9: note: in expansion of macro 'PTR_NOT_EQUAL'
[INFO] [stderr]   cargo:warning=  235 |     if (PTR_NOT_EQUAL(table, ptr, hash_val, key)) {\
[INFO] [stderr]   cargo:warning=      |         ^~~~~~~~~~~~~
[INFO] [stderr]   cargo:warning=oniguruma/src/st.c:254:3: note: in expansion of macro 'FIND_ENTRY'
[INFO] [stderr]   cargo:warning=  254 |   FIND_ENTRY(table, ptr, hash_val, bin_pos);
[INFO] [stderr]   cargo:warning=      |   ^~~~~~~~~~
[INFO] [stderr]   cargo:warning=oniguruma/src/st.h:19:11: note: declared here
[INFO] [stderr]   cargo:warning=   19 |     int (*compare)();
[INFO] [stderr]   cargo:warning=      |           ^~~~~~~
[INFO] [stderr]   cargo:warning=oniguruma/src/st.c:54:40: error: too many arguments to function 'table->type->compare'; expected 0, have 2
[INFO] [stderr]   cargo:warning=   54 | #define EQUAL(table,x,y) ((x)==(y) || (*table->type->compare)((x),(y)) == 0)
[INFO] [stderr]   cargo:warning=      |                                       ~^~~~~~~~~~~~~~~~~~~~~~ ~~~
[INFO] [stderr]   cargo:warning=oniguruma/src/st.c:224:45: note: in expansion of macro 'EQUAL'
[INFO] [stderr]   cargo:warning=  224 | ((ptr) != 0 && (ptr->hash != (hash_val) || !EQUAL((table), (key), (ptr)->key)))
[INFO] [stderr]   cargo:warning=      |                                             ^~~~~
[INFO] [stderr]   cargo:warning=oniguruma/src/st.c:237:14: note: in expansion of macro 'PTR_NOT_EQUAL'
[INFO] [stderr]   cargo:warning=  237 |       while (PTR_NOT_EQUAL(table, ptr->next, hash_val, key)) {\
[INFO] [stderr]   cargo:warning=      |              ^~~~~~~~~~~~~
[INFO] [stderr]   cargo:warning=oniguruma/src/st.c:254:3: note: in expansion of macro 'FIND_ENTRY'
[INFO] [stderr]   cargo:warning=  254 |   FIND_ENTRY(table, ptr, hash_val, bin_pos);
[INFO] [stderr]   cargo:warning=      |   ^~~~~~~~~~
[INFO] [stderr]   cargo:warning=oniguruma/src/st.h:19:11: note: declared here
[INFO] [stderr]   cargo:warning=   19 |     int (*compare)();
[INFO] [stderr]   cargo:warning=      |           ^~~~~~~
[INFO] [stderr]   cargo:warning=oniguruma/src/st.c: In function 'onig_st_insert':
[INFO] [stderr]   cargo:warning=oniguruma/src/regint.h:227:37: warning: old-style function definition [-Wold-style-definition]
[INFO] [stderr]   cargo:warning=  227 | #define st_insert                   onig_st_insert
[INFO] [stderr]   cargo:warning=      |                                     ^~~~~~~~~~~~~~
[INFO] [stderr]   cargo:warning=oniguruma/src/st.c:283:1: note: in expansion of macro 'st_insert'
[INFO] [stderr]   cargo:warning=  283 | st_insert(table, key, value)
[INFO] [stderr]   cargo:warning=      | ^~~~~~~~~
[INFO] [stderr]   cargo:warning=oniguruma/src/st.c:56:43: error: too many arguments to function 'table->type->hash'; expected 0, have 1
[INFO] [stderr]   cargo:warning=   56 | #define do_hash(key,table) (unsigned int)(*(table)->type->hash)((key))
[INFO] [stderr]   cargo:warning=      |                                          ~^~~~~~~~~~~~~~~~~~~~~ ~~~~~
[INFO] [stderr]   cargo:warning=oniguruma/src/st.c:291:14: note: in expansion of macro 'do_hash'
[INFO] [stderr]   cargo:warning=  291 |   hash_val = do_hash(key, table);
[INFO] [stderr]   cargo:warning=      |              ^~~~~~~
[INFO] [stderr]   cargo:warning=oniguruma/src/st.h:20:11: note: declared here
[INFO] [stderr]   cargo:warning=   20 |     int (*hash)();
[INFO] [stderr]   cargo:warning=      |           ^~~~
[INFO] [stderr]   cargo:warning=oniguruma/src/st.c:54:40: error: too many arguments to function 'table->type->compare'; expected 0, have 2
[INFO] [stderr]   cargo:warning=   54 | #define EQUAL(table,x,y) ((x)==(y) || (*table->type->compare)((x),(y)) == 0)
[INFO] [stderr]   cargo:warning=      |                                       ~^~~~~~~~~~~~~~~~~~~~~~ ~~~
[INFO] [stderr]   cargo:warning=oniguruma/src/st.c:224:45: note: in expansion of macro 'EQUAL'
[INFO] [stderr]   cargo:warning=  224 | ((ptr) != 0 && (ptr->hash != (hash_val) || !EQUAL((table), (key), (ptr)->key)))
[INFO] [stderr]   cargo:warning=      |                                             ^~~~~
[INFO] [stderr]   cargo:warning=oniguruma/src/st.c:235:9: note: in expansion of macro 'PTR_NOT_EQUAL'
[INFO] [stderr]   cargo:warning=  235 |     if (PTR_NOT_EQUAL(table, ptr, hash_val, key)) {\
[INFO] [stderr]   cargo:warning=      |         ^~~~~~~~~~~~~
[INFO] [stderr]   cargo:warning=oniguruma/src/st.c:292:3: note: in expansion of macro 'FIND_ENTRY'
[INFO] [stderr]   cargo:warning=  292 |   FIND_ENTRY(table, ptr, hash_val, bin_pos);
[INFO] [stderr]   cargo:warning=      |   ^~~~~~~~~~
[INFO] [stderr]   cargo:warning=oniguruma/src/st.h:19:11: note: declared here
[INFO] [stderr]   cargo:warning=   19 |     int (*compare)();
[INFO] [stderr]   cargo:warning=      |           ^~~~~~~
[INFO] [stderr]   cargo:warning=oniguruma/src/st.c:54:40: error: too many arguments to function 'table->type->compare'; expected 0, have 2
[INFO] [stderr]   cargo:warning=   54 | #define EQUAL(table,x,y) ((x)==(y) || (*table->type->compare)((x),(y)) == 0)
[INFO] [stderr]   cargo:warning=      |                                       ~^~~~~~~~~~~~~~~~~~~~~~ ~~~
[INFO] [stderr]   cargo:warning=oniguruma/src/st.c:224:45: note: in expansion of macro 'EQUAL'
[INFO] [stderr]   cargo:warning=  224 | ((ptr) != 0 && (ptr->hash != (hash_val) || !EQUAL((table), (key), (ptr)->key)))
[INFO] [stderr]   cargo:warning=      |                                             ^~~~~
[INFO] [stderr]   cargo:warning=oniguruma/src/st.c:237:14: note: in expansion of macro 'PTR_NOT_EQUAL'
[INFO] [stderr]   cargo:warning=  237 |       while (PTR_NOT_EQUAL(table, ptr->next, hash_val, key)) {\
[INFO] [stderr]   cargo:warning=      |              ^~~~~~~~~~~~~
[INFO] [stderr]   cargo:warning=oniguruma/src/st.c:292:3: note: in expansion of macro 'FIND_ENTRY'
[INFO] [stderr]   cargo:warning=  292 |   FIND_ENTRY(table, ptr, hash_val, bin_pos);
[INFO] [stderr]   cargo:warning=      |   ^~~~~~~~~~
[INFO] [stderr]   cargo:warning=oniguruma/src/st.h:19:11: note: declared here
[INFO] [stderr]   cargo:warning=   19 |     int (*compare)();
[INFO] [stderr]   cargo:warning=      |           ^~~~~~~
[INFO] [stderr]   cargo:warning=oniguruma/src/st.c: In function 'onig_st_add_direct':
[INFO] [stderr]   cargo:warning=oniguruma/src/regint.h:230:37: warning: old-style function definition [-Wold-style-definition]
[INFO] [stderr]   cargo:warning=  230 | #define st_add_direct               onig_st_add_direct
[INFO] [stderr]   cargo:warning=      |                                     ^~~~~~~~~~~~~~~~~~
[INFO] [stderr]   cargo:warning=oniguruma/src/st.c:305:1: note: in expansion of macro 'st_add_direct'
[INFO] [stderr]   cargo:warning=  305 | st_add_direct(table, key, value)
[INFO] [stderr]   cargo:warning=      | ^~~~~~~~~~~~~
[INFO] [stderr]   cargo:warning=oniguruma/src/st.c:56:43: error: too many arguments to function 'table->type->hash'; expected 0, have 1
[INFO] [stderr]   cargo:warning=   56 | #define do_hash(key,table) (unsigned int)(*(table)->type->hash)((key))
[INFO] [stderr]   cargo:warning=      |                                          ~^~~~~~~~~~~~~~~~~~~~~ ~~~~~
[INFO] [stderr]   cargo:warning=oniguruma/src/st.c:312:14: note: in expansion of macro 'do_hash'
[INFO] [stderr]   cargo:warning=  312 |   hash_val = do_hash(key, table);
[INFO] [stderr]   cargo:warning=      |              ^~~~~~~
[INFO] [stderr]   cargo:warning=oniguruma/src/st.h:20:11: note: declared here
[INFO] [stderr]   cargo:warning=   20 |     int (*hash)();
[INFO] [stderr]   cargo:warning=      |           ^~~~
[INFO] [stderr]   cargo:warning=oniguruma/src/st.c: In function 'rehash':
[INFO] [stderr]   cargo:warning=oniguruma/src/st.c:318:1: warning: old-style function definition [-Wold-style-definition]
[INFO] [stderr]   cargo:warning=  318 | rehash(table)
[INFO] [stderr]   cargo:warning=      | ^~~~~~
[INFO] [stderr]   cargo:warning=oniguruma/src/st.c: In function 'onig_st_copy':
[INFO] [stderr]   cargo:warning=oniguruma/src/regint.h:233:37: warning: old-style function definition [-Wold-style-definition]
[INFO] [stderr]   cargo:warning=  233 | #define st_copy                     onig_st_copy
[INFO] [stderr]   cargo:warning=      |                                     ^~~~~~~~~~~~
[INFO] [stderr]   cargo:warning=oniguruma/src/st.c:350:1: note: in expansion of macro 'st_copy'
[INFO] [stderr]   cargo:warning=  350 | st_copy(old_table)
[INFO] [stderr]   cargo:warning=      | ^~~~~~~
[INFO] [stderr]   cargo:warning=oniguruma/src/st.c: In function 'onig_st_delete':
[INFO] [stderr]   cargo:warning=oniguruma/src/regint.h:225:37: warning: old-style function definition [-Wold-style-definition]
[INFO] [stderr]   cargo:warning=  225 | #define st_delete                   onig_st_delete
[INFO] [stderr]   cargo:warning=      |                                     ^~~~~~~~~~~~~~
[INFO] [stderr]   cargo:warning=oniguruma/src/st.c:391:1: note: in expansion of macro 'st_delete'
[INFO] [stderr]   cargo:warning=  391 | st_delete(table, key, value)
[INFO] [stderr]   cargo:warning=      | ^~~~~~~~~
[INFO] [stderr]   cargo:warning=oniguruma/src/st.c:56:43: error: too many arguments to function 'table->type->hash'; expected 0, have 1
[INFO] [stderr]   cargo:warning=   56 | #define do_hash(key,table) (unsigned int)(*(table)->type->hash)((key))
[INFO] [stderr]   cargo:warning=      |                                          ~^~~~~~~~~~~~~~~~~~~~~ ~~~~~
[INFO] [stderr]   cargo:warning=oniguruma/src/st.c:57:33: note: in expansion of macro 'do_hash'
[INFO] [stderr]   cargo:warning=   57 | #define do_hash_bin(key,table) (do_hash(key, table)%(table)->num_bins)
[INFO] [stderr]   cargo:warning=      |                                 ^~~~~~~
[INFO] [stderr]   cargo:warning=oniguruma/src/st.c:400:14: note: in expansion of macro 'do_hash_bin'
[INFO] [stderr]   cargo:warning=  400 |   hash_val = do_hash_bin(*key, table);
[INFO] [stderr]   cargo:warning=      |              ^~~~~~~~~~~
[INFO] [stderr]   cargo:warning=oniguruma/src/st.h:20:11: note: declared here
[INFO] [stderr]   cargo:warning=   20 |     int (*hash)();
[INFO] [stderr]   cargo:warning=      |           ^~~~
[INFO] [stderr]   cargo:warning=oniguruma/src/st.c:54:40: error: too many arguments to function 'table->type->compare'; expected 0, have 2
[INFO] [stderr]   cargo:warning=   54 | #define EQUAL(table,x,y) ((x)==(y) || (*table->type->compare)((x),(y)) == 0)
[INFO] [stderr]   cargo:warning=      |                                       ~^~~~~~~~~~~~~~~~~~~~~~ ~~~
[INFO] [stderr]   cargo:warning=oniguruma/src/st.c:408:7: note: in expansion of macro 'EQUAL'
[INFO] [stderr]   cargo:warning=  408 |   if (EQUAL(table, *key, ptr->key)) {
[INFO] [stderr]   cargo:warning=      |       ^~~~~
[INFO] [stderr]   cargo:warning=oniguruma/src/st.h:19:11: note: declared here
[INFO] [stderr]   cargo:warning=   19 |     int (*compare)();
[INFO] [stderr]   cargo:warning=      |           ^~~~~~~
[INFO] [stderr]   cargo:warning=oniguruma/src/st.c:54:40: error: too many arguments to function 'table->type->compare'; expected 0, have 2
[INFO] [stderr]   cargo:warning=   54 | #define EQUAL(table,x,y) ((x)==(y) || (*table->type->compare)((x),(y)) == 0)
[INFO] [stderr]   cargo:warning=      |                                       ~^~~~~~~~~~~~~~~~~~~~~~ ~~~
[INFO] [stderr]   cargo:warning=oniguruma/src/st.c:418:9: note: in expansion of macro 'EQUAL'
[INFO] [stderr]   cargo:warning=  418 |     if (EQUAL(table, ptr->next->key, *key)) {
[INFO] [stderr]   cargo:warning=      |         ^~~~~
[INFO] [stderr]   cargo:warning=oniguruma/src/st.h:19:11: note: declared here
[INFO] [stderr]   cargo:warning=   19 |     int (*compare)();
[INFO] [stderr]   cargo:warning=      |           ^~~~~~~
[INFO] [stderr]   cargo:warning=oniguruma/src/st.c: In function 'onig_st_delete_safe':
[INFO] [stderr]   cargo:warning=oniguruma/src/regint.h:226:37: warning: old-style function definition [-Wold-style-definition]
[INFO] [stderr]   cargo:warning=  226 | #define st_delete_safe              onig_st_delete_safe
[INFO] [stderr]   cargo:warning=      |                                     ^~~~~~~~~~~~~~~~~~~
[INFO] [stderr]   cargo:warning=oniguruma/src/st.c:433:1: note: in expansion of macro 'st_delete_safe'
[INFO] [stderr]   cargo:warning=  433 | st_delete_safe(table, key, value, never)
[INFO] [stderr]   cargo:warning=      | ^~~~~~~~~~~~~~
[INFO] [stderr]   cargo:warning=oniguruma/src/st.c:56:43: error: too many arguments to function 'table->type->hash'; expected 0, have 1
[INFO] [stderr]   cargo:warning=   56 | #define do_hash(key,table) (unsigned int)(*(table)->type->hash)((key))
[INFO] [stderr]   cargo:warning=      |                                          ~^~~~~~~~~~~~~~~~~~~~~ ~~~~~
[INFO] [stderr]   cargo:warning=oniguruma/src/st.c:57:33: note: in expansion of macro 'do_hash'
[INFO] [stderr]   cargo:warning=   57 | #define do_hash_bin(key,table) (do_hash(key, table)%(table)->num_bins)
[INFO] [stderr]   cargo:warning=      |                                 ^~~~~~~
[INFO] [stderr]   cargo:warning=oniguruma/src/st.c:442:14: note: in expansion of macro 'do_hash_bin'
[INFO] [stderr]   cargo:warning=  442 |   hash_val = do_hash_bin(*key, table);
[INFO] [stderr]   cargo:warning=      |              ^~~~~~~~~~~
[INFO] [stderr]   cargo:warning=oniguruma/src/st.h:20:11: note: declared here
[INFO] [stderr]   cargo:warning=   20 |     int (*hash)();
[INFO] [stderr]   cargo:warning=      |           ^~~~
[INFO] [stderr]   cargo:warning=oniguruma/src/st.c:54:40: error: too many arguments to function 'table->type->compare'; expected 0, have 2
[INFO] [stderr]   cargo:warning=   54 | #define EQUAL(table,x,y) ((x)==(y) || (*table->type->compare)((x),(y)) == 0)
[INFO] [stderr]   cargo:warning=      |                                       ~^~~~~~~~~~~~~~~~~~~~~~ ~~~
[INFO] [stderr]   cargo:warning=oniguruma/src/st.c:451:32: note: in expansion of macro 'EQUAL'
[INFO] [stderr]   cargo:warning=  451 |     if ((ptr->key != never) && EQUAL(table, ptr->key, *key)) {
[INFO] [stderr]   cargo:warning=      |                                ^~~~~
[INFO] [stderr]   cargo:warning=oniguruma/src/st.h:19:11: note: declared here
[INFO] [stderr]   cargo:warning=   19 |     int (*compare)();
[INFO] [stderr]   cargo:warning=      |           ^~~~~~~
[INFO] [stderr]   cargo:warning=oniguruma/src/st.c: In function 'onig_st_cleanup_safe':
[INFO] [stderr]   cargo:warning=oniguruma/src/regint.h:232:37: warning: old-style function definition [-Wold-style-definition]
[INFO] [stderr]   cargo:warning=  232 | #define st_cleanup_safe             onig_st_cleanup_safe
[INFO] [stderr]   cargo:warning=      |                                     ^~~~~~~~~~~~~~~~~~~~
[INFO] [stderr]   cargo:warning=oniguruma/src/st.c:477:1: note: in expansion of macro 'st_cleanup_safe'
[INFO] [stderr]   cargo:warning=  477 | st_cleanup_safe(table, never)
[INFO] [stderr]   cargo:warning=      | ^~~~~~~~~~~~~~~
[INFO] [stderr]   cargo:warning=oniguruma/src/st.c:483:21: error: passing argument 2 of 'onig_st_foreach' from incompatible pointer type [-Wincompatible-pointer-types]
[INFO] [stderr]   cargo:warning=  483 |   st_foreach(table, delete_never, never);
[INFO] [stderr]   cargo:warning=      |                     ^~~~~~~~~~~~
[INFO] [stderr]   cargo:warning=      |                     |
[INFO] [stderr]   cargo:warning=      |                     int (*)(st_data_t,  st_data_t,  st_data_t) {aka int (*)(long unsigned int,  long unsigned int,  long unsigned int)}
[INFO] [stderr]   cargo:warning=oniguruma/src/st.h:55:31: note: expected 'int (*)(void)' but argument is of type 'int (*)(st_data_t,  st_data_t,  st_data_t)' {aka 'int (*)(long unsigned int,  long unsigned int,  long unsigned int)'}
[INFO] [stderr]   cargo:warning=   55 | int st_foreach _((st_table *, int (*)(ANYARGS), st_data_t));
[INFO] [stderr]   cargo:warning=      |                               ^~~~~~~~~~~~~~~~
[INFO] [stderr]   cargo:warning=oniguruma/src/st.h:35:18: note: in definition of macro '_'
[INFO] [stderr]   cargo:warning=   35 | # define _(args) args
[INFO] [stderr]   cargo:warning=      |                  ^~~~
[INFO] [stderr]   cargo:warning=oniguruma/src/st.c:465:1: note: 'delete_never' declared here
[INFO] [stderr]   cargo:warning=  465 | delete_never(st_data_t key __attribute__ ((unused)), st_data_t value,
[INFO] [stderr]   cargo:warning=      | ^~~~~~~~~~~~
[INFO] [stderr]   cargo:warning=oniguruma/src/st.c: In function 'onig_st_foreach':
[INFO] [stderr]   cargo:warning=oniguruma/src/regint.h:229:37: warning: old-style function definition [-Wold-style-definition]
[INFO] [stderr]   cargo:warning=  229 | #define st_foreach                  onig_st_foreach
[INFO] [stderr]   cargo:warning=      |                                     ^~~~~~~~~~~~~~~
[INFO] [stderr]   cargo:warning=oniguruma/src/st.c:488:1: note: in expansion of macro 'st_foreach'
[INFO] [stderr]   cargo:warning=  488 | st_foreach(table, func, arg)
[INFO] [stderr]   cargo:warning=      | ^~~~~~~~~~
[INFO] [stderr]   cargo:warning=oniguruma/src/st.c:500:23: error: too many arguments to function 'func'; expected 0, have 3
[INFO] [stderr]   cargo:warning=  500 |             retval = (*func)(ptr->key, ptr->record, arg);
[INFO] [stderr]   cargo:warning=      |                      ~^~~~~~ ~~~~~~~~
[INFO] [stderr]   cargo:warning=oniguruma/src/st.c: In function 'strhash':
[INFO] [stderr]   cargo:warning=oniguruma/src/st.c:538:1: warning: old-style function definition [-Wold-style-definition]
[INFO] [stderr]   cargo:warning=  538 | strhash(string)
[INFO] [stderr]   cargo:warning=      | ^~~~~~~
[INFO] [stderr]   cargo:warning=oniguruma/src/st.c: In function 'numcmp':
[INFO] [stderr]   cargo:warning=oniguruma/src/st.c:577:1: warning: old-style function definition [-Wold-style-definition]
[INFO] [stderr]   cargo:warning=  577 | numcmp(x, y)
[INFO] [stderr]   cargo:warning=      | ^~~~~~
[INFO] [stderr]   cargo:warning=oniguruma/src/st.c: In function 'numhash':
[INFO] [stderr]   cargo:warning=oniguruma/src/st.c:584:1: warning: old-style function definition [-Wold-style-definition]
[INFO] [stderr]   cargo:warning=  584 | numhash(n)
[INFO] [stderr]   cargo:warning=      | ^~~~~~~
[INFO] [stderr] 
[INFO] [stderr]   exit status: 0
[INFO] [stderr]   exit status: 0
[INFO] [stderr]   exit status: 0
[INFO] [stderr]   exit status: 0
[INFO] [stderr]   exit status: 0
[INFO] [stderr]   exit status: 0
[INFO] [stderr]   exit status: 1
[INFO] [stderr]   cargo:warning=ToolExecError: Command LC_ALL="C" "cc" "-O0" "-ffunction-sections" "-fdata-sections" "-fPIC" "-gdwarf-4" "-fno-omit-frame-pointer" "-m64" "-I" "/opt/rustwide/target/debug/build/onig_sys/17e8d3f605314587/out" "-I" "oniguruma/src" "-DHAVE_UNISTD_H=1" "-DHAVE_SYS_TYPES_H=1" "-DHAVE_SYS_TIME_H=1" "-o" "/opt/rustwide/target/debug/build/onig_sys/17e8d3f605314587/out/a445302c6d3dcb51-st.o" "-c" "oniguruma/src/st.c" with args cc did not execute successfully (status code exit status: 1).
[INFO] [stderr]   exit status: 0
[INFO] [stderr]   exit status: 0
[INFO] [stderr]   exit status: 0
[INFO] [stderr]   exit status: 0
[INFO] [stderr]   exit status: 0
[INFO] [stderr]   exit status: 0
[INFO] [stderr]   exit status: 0
[INFO] [stderr]   exit status: 0
[INFO] [stderr]   exit status: 0
[INFO] [stderr]   exit status: 0
[INFO] [stderr]   exit status: 0
[INFO] [stderr]   exit status: 0
[INFO] [stderr]   exit status: 0
[INFO] [stderr]   exit status: 0
[INFO] [stderr]   exit status: 0
[INFO] [stderr]   exit status: 0
[INFO] [stderr]   exit status: 0
[INFO] [stderr]   exit status: 0
[INFO] [stderr]   exit status: 0
[INFO] [stderr]   exit status: 0
[INFO] [stderr]   exit status: 0
[INFO] [stderr]   exit status: 0
[INFO] [stderr]   exit status: 0
[INFO] [stderr]   exit status: 0
[INFO] [stderr]   exit status: 0
[INFO] [stderr]   exit status: 0
[INFO] [stderr]   exit status: 0
[INFO] [stderr]   exit status: 0
[INFO] [stderr]   exit status: 0
[INFO] [stderr]   exit status: 0
[INFO] [stderr]   exit status: 0
[INFO] [stderr]   exit status: 0
[INFO] [stderr]   exit status: 0
[INFO] [stderr]   exit status: 0
[INFO] [stderr]   exit status: 0
[INFO] [stderr]   exit status: 0
[INFO] [stderr]   exit status: 0
[INFO] [stderr]   exit status: 0
[INFO] [stderr] 
[INFO] [stderr]   --- stderr
[INFO] [stderr] 
[INFO] [stderr] 
[INFO] [stderr]   error occurred in cc-rs: Command LC_ALL="C" "cc" "-O0" "-ffunction-sections" "-fdata-sections" "-fPIC" "-gdwarf-4" "-fno-omit-frame-pointer" "-m64" "-I" "/opt/rustwide/target/debug/build/onig_sys/17e8d3f605314587/out" "-I" "oniguruma/src" "-DHAVE_UNISTD_H=1" "-DHAVE_SYS_TYPES_H=1" "-DHAVE_SYS_TIME_H=1" "-o" "/opt/rustwide/target/debug/build/onig_sys/17e8d3f605314587/out/a445302c6d3dcb51-st.o" "-c" "oniguruma/src/st.c" with args cc did not execute successfully (status code exit status: 1).
[INFO] [stderr] 
[INFO] [stderr] 
[INFO] running `Command { std: "docker" "inspect" "a314e91426b3edbf139ea506014d424f5d74b46ba78d7a8ffe3ae8ac22b6e0e2", kill_on_drop: false }`
[INFO] running `Command { std: "docker" "rm" "-f" "a314e91426b3edbf139ea506014d424f5d74b46ba78d7a8ffe3ae8ac22b6e0e2", kill_on_drop: false }`
[INFO] [stdout] a314e91426b3edbf139ea506014d424f5d74b46ba78d7a8ffe3ae8ac22b6e0e2
