[INFO] cloning repository https://github.com/zuils/poke-engine
[INFO] running `Command { std: "git" "-c" "credential.helper=" "-c" "credential.helper=/workspace/cargo-home/bin/git-credential-null" "clone" "--bare" "https://github.com/zuils/poke-engine" "/workspace/cache/git-repos/https%3A%2F%2Fgithub.com%2Fzuils%2Fpoke-engine", kill_on_drop: false }`
[INFO] [stderr] Cloning into bare repository '/workspace/cache/git-repos/https%3A%2F%2Fgithub.com%2Fzuils%2Fpoke-engine'...
[INFO] running `Command { std: "git" "rev-parse" "HEAD", kill_on_drop: false }`
[INFO] [stdout] 3bbdb628ff834683a3b71b19cd43b6ea82e85a28
[INFO] documenting zuils/poke-engine against 1.100.0-beta.1 for beta-rustdoc-1.100
[INFO] running `Command { std: "git" "clone" "/workspace/cache/git-repos/https%3A%2F%2Fgithub.com%2Fzuils%2Fpoke-engine" "/workspace/builds/worker-6-tc2/source", kill_on_drop: false }`
[INFO] [stderr] Cloning into '/workspace/builds/worker-6-tc2/source'...
[INFO] [stderr] done.
[INFO] started tweaking git repo https://github.com/zuils/poke-engine
[INFO] finished tweaking git repo https://github.com/zuils/poke-engine
[INFO] tweaked toml for git repo https://github.com/zuils/poke-engine written to /workspace/builds/worker-6-tc2/source/Cargo.toml
[INFO] validating manifest of git repo https://github.com/zuils/poke-engine on toolchain 1.100.0-beta.1
[INFO] running `Command { std: CARGO_HOME="/workspace/cargo-home" RUSTUP_HOME="/workspace/rustup-home" "/workspace/cargo-home/bin/cargo" "+1.100.0-beta.1" "metadata" "--manifest-path" "Cargo.toml" "--no-deps", kill_on_drop: false }`
[INFO] crate git repo https://github.com/zuils/poke-engine already has a lockfile, it will not be regenerated
[INFO] running `Command { std: CARGO_HOME="/workspace/cargo-home" RUSTUP_HOME="/workspace/rustup-home" "/workspace/cargo-home/bin/cargo" "+1.100.0-beta.1" "fetch" "--manifest-path" "Cargo.toml", kill_on_drop: false }`
[INFO] [stderr]     Blocking waiting for file lock on package cache
[INFO] [stderr]     Blocking waiting for file lock on package cache
[INFO] [stderr]  Downloading crates ...
[INFO] [stderr]   Downloaded clap_lex v0.7.0
[INFO] [stderr]   Downloaded strsim v0.11.0
[INFO] [stderr]   Downloaded pyo3-macros v0.29.0
[INFO] [stderr]   Downloaded windows-targets v0.52.4
[INFO] [stderr]   Downloaded wasi v0.14.7+wasi-0.2.4
[INFO] [stderr]   Downloaded clap_derive v4.5.4
[INFO] [stderr]   Downloaded target-lexicon v0.13.3
[INFO] [stderr]   Downloaded pyo3-build-config v0.29.0
[INFO] [stderr]   Downloaded clap v4.5.4
[INFO] [stderr]   Downloaded pyo3-ffi v0.29.0
[INFO] [stderr]   Downloaded pyo3-macros-backend v0.29.0
[INFO] [stderr]   Downloaded portable-atomic v1.7.0
[INFO] [stderr]   Downloaded rand v0.9.4
[INFO] [stderr]   Downloaded clap_builder v4.5.2
[INFO] [stderr]   Downloaded syn v2.0.76
[INFO] [stderr]   Downloaded windows_x86_64_gnullvm v0.52.4
[INFO] [stderr]   Downloaded windows_aarch64_gnullvm v0.52.4
[INFO] [stderr]   Downloaded libc v0.2.155
[INFO] [stderr]   Downloaded windows_x86_64_msvc v0.52.4
[INFO] [stderr]   Downloaded windows_i686_msvc v0.52.4
[INFO] [stderr]   Downloaded windows_aarch64_msvc v0.52.4
[INFO] [stderr]   Downloaded windows_x86_64_gnu v0.52.4
[INFO] [stderr]   Downloaded windows_i686_gnu v0.52.4
[INFO] [stderr]   Downloaded pyo3 v0.29.0
[INFO] running `Command { std: "docker" "create" "-v" "/var/lib/crater-agent-workspace/builds/worker-6-tc2/source:/opt/rustwide/workdir:ro,Z" "-v" "/var/lib/crater-agent-workspace/builds/worker-6-tc2/target:/opt/rustwide/target:rw,Z" "-v" "/var/lib/crater-agent-workspace/cargo-home:/opt/rustwide/cargo-home:ro,Z" "-v" "/var/lib/crater-agent-workspace/rustup-home:/opt/rustwide/rustup-home:ro,Z" "-m" "1610612736" "--network" "none" "ghcr.io/rust-lang/crates-build-env/linux@sha256:3111399a4047eeb3a02b7a90e478d715f38a8c6669b5c4b49d30a17385265909" "sleep" "infinity", kill_on_drop: false }`
[INFO] [stdout] 8b554810fe86def2142e0a35b8453fc3ebd9166aa030e974c402d795048b1144
[INFO] running `Command { std: "docker" "start" "8b554810fe86def2142e0a35b8453fc3ebd9166aa030e974c402d795048b1144", kill_on_drop: false }`
[INFO] running `Command { std: "docker" "inspect" "8b554810fe86def2142e0a35b8453fc3ebd9166aa030e974c402d795048b1144", kill_on_drop: false }`
[INFO] running `Command { std: "docker" "exec" "-e" "SOURCE_DIR=/opt/rustwide/workdir" "-e" "CARGO_HOME=/opt/rustwide/cargo-home" "-e" "RUSTUP_HOME=/opt/rustwide/rustup-home" "-e" "CARGO_TARGET_DIR=/opt/rustwide/target" "-w" "/opt/rustwide/workdir" "--user" "0:0" "8b554810fe86def2142e0a35b8453fc3ebd9166aa030e974c402d795048b1144" "/opt/rustwide/cargo-home/bin/cargo" "+1.100.0-beta.1" "metadata" "--no-deps" "--format-version=1", kill_on_drop: false }`
[INFO] running `Command { std: "docker" "inspect" "8b554810fe86def2142e0a35b8453fc3ebd9166aa030e974c402d795048b1144", kill_on_drop: false }`
[INFO] running `Command { std: "docker" "exec" "-e" "SOURCE_DIR=/opt/rustwide/workdir" "-e" "CARGO_HOME=/opt/rustwide/cargo-home" "-e" "RUSTUP_HOME=/opt/rustwide/rustup-home" "-e" "CARGO_TARGET_DIR=/opt/rustwide/target" "-e" "CARGO_INCREMENTAL=0" "-e" "RUST_BACKTRACE=full" "-e" "RUSTFLAGS=--cap-lints=warn" "-e" "RUSTDOCFLAGS=--cap-lints=warn" "-w" "/opt/rustwide/workdir" "--user" "0:0" "8b554810fe86def2142e0a35b8453fc3ebd9166aa030e974c402d795048b1144" "/opt/rustwide/cargo-home/bin/cargo" "+1.100.0-beta.1" "doc" "--frozen" "--no-deps" "--document-private-items" "--message-format=json", kill_on_drop: false }`
[INFO] [stderr]    Compiling libc v0.2.155
[INFO] [stderr]    Compiling proc-macro2 v1.0.86
[INFO] [stderr]    Compiling quote v1.0.45
[INFO] [stderr]    Compiling unicode-ident v1.0.12
[INFO] [stderr]    Compiling getrandom v0.3.3
[INFO] [stderr]     Checking utf8parse v0.2.1
[INFO] [stderr]    Compiling crossbeam-utils v0.8.21
[INFO] [stderr]     Checking anstyle-query v1.0.2
[INFO] [stderr]     Checking colorchoice v1.0.0
[INFO] [stderr]     Checking anstyle v1.0.6
[INFO] [stderr]     Checking smallvec v1.15.1
[INFO] [stderr]     Checking clap_lex v0.7.0
[INFO] [stderr]     Checking strsim v0.11.0
[INFO] [stderr]     Checking hashbrown v0.14.5
[INFO] [stderr]     Checking anstyle-parse v0.2.3
[INFO] [stderr]     Checking anstream v0.6.13
[INFO] [stderr]     Checking clap_builder v4.5.2
[INFO] [stderr]    Compiling syn v2.0.76
[INFO] [stderr]     Checking parking_lot_core v0.9.12
[INFO] [stderr]     Checking rand_core v0.9.3
[INFO] [stderr]     Checking dashmap v6.1.0
[INFO] [stderr]     Checking rand_chacha v0.9.0
[INFO] [stderr]     Checking rand v0.9.4
[INFO] [stderr]    Compiling clap_derive v4.5.4
[INFO] [stderr]     Checking clap v4.5.4
[INFO] [stderr]     Checking poke-engine v0.0.48 (/opt/rustwide/workdir)
[INFO] [stderr]  Documenting poke-engine v0.0.48 (/opt/rustwide/workdir)
[INFO] [stdout] error[E0425]: cannot find value `WEATHER_ABILITY_TURNS` in this scope
[INFO] [stdout]    --> src/genx/abilities.rs:892:54
[INFO] [stdout]     |
[INFO] [stdout] 892 |                         new_weather_turns_remaining: WEATHER_ABILITY_TURNS,
[INFO] [stdout]     |                                                      ^^^^^^^^^^^^^^^^^^^^^ not found in this scope
[INFO] [stdout] 
[INFO] [stdout] 
[INFO] [stdout] error[E0425]: cannot find value `WEATHER_ABILITY_TURNS` in this scope
[INFO] [stdout]    --> src/genx/abilities.rs:897:49
[INFO] [stdout]     |
[INFO] [stdout] 897 |                 state.weather.turns_remaining = WEATHER_ABILITY_TURNS;
[INFO] [stdout]     |                                                 ^^^^^^^^^^^^^^^^^^^^^ not found in this scope
[INFO] [stdout] 
[INFO] [stdout] 
[INFO] [stdout] error[E0425]: cannot find value `WEATHER_ABILITY_TURNS` in this scope
[INFO] [stdout]     --> src/genx/abilities.rs:1506:54
[INFO] [stdout]      |
[INFO] [stdout] 1506 |                         new_weather_turns_remaining: WEATHER_ABILITY_TURNS,
[INFO] [stdout]      |                                                      ^^^^^^^^^^^^^^^^^^^^^ not found in this scope
[INFO] [stdout] 
[INFO] [stdout] 
[INFO] [stdout] error[E0425]: cannot find value `WEATHER_ABILITY_TURNS` in this scope
[INFO] [stdout]     --> src/genx/abilities.rs:1511:49
[INFO] [stdout]      |
[INFO] [stdout] 1511 |                 state.weather.turns_remaining = WEATHER_ABILITY_TURNS;
[INFO] [stdout]      |                                                 ^^^^^^^^^^^^^^^^^^^^^ not found in this scope
[INFO] [stdout] 
[INFO] [stdout] 
[INFO] [stdout] error[E0425]: cannot find value `WEATHER_ABILITY_TURNS` in this scope
[INFO] [stdout]     --> src/genx/abilities.rs:1548:54
[INFO] [stdout]      |
[INFO] [stdout] 1548 |                         new_weather_turns_remaining: WEATHER_ABILITY_TURNS,
[INFO] [stdout]      |                                                      ^^^^^^^^^^^^^^^^^^^^^ not found in this scope
[INFO] [stdout] 
[INFO] [stdout] 
[INFO] [stdout] error[E0425]: cannot find value `WEATHER_ABILITY_TURNS` in this scope
[INFO] [stdout]     --> src/genx/abilities.rs:1553:49
[INFO] [stdout]      |
[INFO] [stdout] 1553 |                 state.weather.turns_remaining = WEATHER_ABILITY_TURNS;
[INFO] [stdout]      |                                                 ^^^^^^^^^^^^^^^^^^^^^ not found in this scope
[INFO] [stdout] 
[INFO] [stdout] 
[INFO] [stdout] error[E0425]: cannot find value `WEATHER_ABILITY_TURNS` in this scope
[INFO] [stdout]     --> src/genx/abilities.rs:1760:54
[INFO] [stdout]      |
[INFO] [stdout] 1760 |                         new_weather_turns_remaining: WEATHER_ABILITY_TURNS,
[INFO] [stdout]      |                                                      ^^^^^^^^^^^^^^^^^^^^^ not found in this scope
[INFO] [stdout] 
[INFO] [stdout] 
[INFO] [stdout] error[E0425]: cannot find value `WEATHER_ABILITY_TURNS` in this scope
[INFO] [stdout]     --> src/genx/abilities.rs:1765:49
[INFO] [stdout]      |
[INFO] [stdout] 1765 |                 state.weather.turns_remaining = WEATHER_ABILITY_TURNS;
[INFO] [stdout]      |                                                 ^^^^^^^^^^^^^^^^^^^^^ not found in this scope
[INFO] [stdout] 
[INFO] [stdout] 
[INFO] [stdout] error[E0425]: cannot find value `WEATHER_ABILITY_TURNS` in this scope
[INFO] [stdout]     --> src/genx/abilities.rs:1788:54
[INFO] [stdout]      |
[INFO] [stdout] 1788 |                         new_weather_turns_remaining: WEATHER_ABILITY_TURNS,
[INFO] [stdout]      |                                                      ^^^^^^^^^^^^^^^^^^^^^ not found in this scope
[INFO] [stdout] 
[INFO] [stdout] 
[INFO] [stdout] error[E0425]: cannot find value `WEATHER_ABILITY_TURNS` in this scope
[INFO] [stdout]     --> src/genx/abilities.rs:1793:49
[INFO] [stdout]      |
[INFO] [stdout] 1793 |                 state.weather.turns_remaining = WEATHER_ABILITY_TURNS;
[INFO] [stdout]      |                                                 ^^^^^^^^^^^^^^^^^^^^^ not found in this scope
[INFO] [stdout] 
[INFO] [stdout] 
[INFO] [stdout] error[E0425]: cannot find value `TYPE_MATCHUP_DAMAGE_MULTIPICATION` in this scope
[INFO] [stdout]    --> src/genx/damage_calc.rs:123:11
[INFO] [stdout]     |
[INFO] [stdout] 123 |         * TYPE_MATCHUP_DAMAGE_MULTIPICATION[attacking_type_index]
[INFO] [stdout]     |           ^^^^^^^^^^^^^^^^^^^^^^^^^^^^^^^^^ not found in this scope
[INFO] [stdout] 
[INFO] [stdout] 
[INFO] [stdout] error[E0425]: cannot find value `TYPE_MATCHUP_DAMAGE_MULTIPICATION` in this scope
[INFO] [stdout]    --> src/genx/damage_calc.rs:126:11
[INFO] [stdout]     |
[INFO] [stdout] 126 |         * TYPE_MATCHUP_DAMAGE_MULTIPICATION[attacking_type_index]
[INFO] [stdout]     |           ^^^^^^^^^^^^^^^^^^^^^^^^^^^^^^^^^ not found in this scope
[INFO] [stdout] 
[INFO] [stdout] 
[INFO] [stdout] error[E0425]: cannot find value `CRIT_MULTIPLIER` in this scope
[INFO] [stdout]    --> src/genx/damage_calc.rs:640:20
[INFO] [stdout]     |
[INFO] [stdout] 640 |     crit_damage *= CRIT_MULTIPLIER;
[INFO] [stdout]     |                    ^^^^^^^^^^^^^^^ not found in this scope
[INFO] [stdout] 
[INFO] [stdout] 
[INFO] [stdout] error[E0425]: cannot find value `MAX_SLEEP_TURNS` in this scope
[INFO] [stdout]    --> src/genx/generate_instructions.rs:168:20
[INFO] [stdout]     |
[INFO] [stdout] 168 |         1.0 / (1 + MAX_SLEEP_TURNS - turns_asleep) as f32
[INFO] [stdout]     |                    ^^^^^^^^^^^^^^^ not found in this scope
[INFO] [stdout] 
[INFO] [stdout] 
[INFO] [stdout] error[E0425]: cannot find value `healing_wish_consumed` in this scope
[INFO] [stdout]    --> src/genx/generate_instructions.rs:425:13
[INFO] [stdout]     |
[INFO] [stdout] 425 |             healing_wish_consumed = true;
[INFO] [stdout]     |             ^^^^^^^^^^^^^^^^^^^^^
[INFO] [stdout]     |
[INFO] [stdout] help: you might have meant to introduce a new binding
[INFO] [stdout]     |
[INFO] [stdout] 425 |             let healing_wish_consumed = true;
[INFO] [stdout]     |             +++
[INFO] [stdout] 
[INFO] [stdout] 
[INFO] [stdout] error[E0425]: cannot find value `healing_wish_consumed` in this scope
[INFO] [stdout]    --> src/genx/generate_instructions.rs:434:13
[INFO] [stdout]     |
[INFO] [stdout] 434 |             healing_wish_consumed = true;
[INFO] [stdout]     |             ^^^^^^^^^^^^^^^^^^^^^
[INFO] [stdout]     |
[INFO] [stdout] help: you might have meant to introduce a new binding
[INFO] [stdout]     |
[INFO] [stdout] 434 |             let healing_wish_consumed = true;
[INFO] [stdout]     |             +++
[INFO] [stdout] 
[INFO] [stdout] 
[INFO] [stdout] error[E0425]: cannot find value `healing_wish_consumed` in this scope
[INFO] [stdout]    --> src/genx/generate_instructions.rs:437:12
[INFO] [stdout]     |
[INFO] [stdout] 437 |         if healing_wish_consumed {
[INFO] [stdout]     |            ^^^^^^^^^^^^^^^^^^^^^ not found in this scope
[INFO] [stdout] 
[INFO] [stdout] 
[INFO] [stdout] error[E0425]: cannot find value `HIT_SELF_IN_CONFUSION_CHANCE` in this scope
[INFO] [stdout]     --> src/genx/generate_instructions.rs:1976:52
[INFO] [stdout]      |
[INFO] [stdout] 1976 |         hit_yourself_instruction.update_percentage(HIT_SELF_IN_CONFUSION_CHANCE);
[INFO] [stdout]      |                                                    ^^^^^^^^^^^^^^^^^^^^^^^^^^^^ not found in this scope
[INFO] [stdout] 
[INFO] [stdout] 
[INFO] [stdout] error[E0425]: cannot find value `HIT_SELF_IN_CONFUSION_CHANCE` in this scope
[INFO] [stdout]     --> src/genx/generate_instructions.rs:2004:55
[INFO] [stdout]      |
[INFO] [stdout] 2004 |         incoming_instructions.update_percentage(1.0 - HIT_SELF_IN_CONFUSION_CHANCE);
[INFO] [stdout]      |                                                       ^^^^^^^^^^^^^^^^^^^^^^^^^^^^ not found in this scope
[INFO] [stdout] 
[INFO] [stdout] 
[INFO] [stdout] error[E0425]: cannot find value `CONSECUTIVE_PROTECT_CHANCE` in this scope
[INFO] [stdout]     --> src/genx/generate_instructions.rs:2011:21
[INFO] [stdout]      |
[INFO] [stdout] 2011 |                     CONSECUTIVE_PROTECT_CHANCE.powi(attacking_side.side_conditions.protect as i32);
[INFO] [stdout]      |                     ^^^^^^^^^^^^^^^^^^^^^^^^^^ not found in this scope
[INFO] [stdout] 
[INFO] [stdout] 
[INFO] [stdout] error[E0425]: cannot find value `BASE_CRIT_CHANCE` in this scope
[INFO] [stdout]     --> src/genx/generate_instructions.rs:2404:17
[INFO] [stdout]      |
[INFO] [stdout] 2404 |                 BASE_CRIT_CHANCE
[INFO] [stdout]      |                 ^^^^^^^^^^^^^^^^ not found in this scope
[INFO] [stdout] 
[INFO] [stdout] 
[INFO] [stdout] error[E0425]: cannot find value `BASE_CRIT_CHANCE` in this scope
[INFO] [stdout]     --> src/genx/generate_instructions.rs:2427:17
[INFO] [stdout]      |
[INFO] [stdout] 2427 |                 BASE_CRIT_CHANCE
[INFO] [stdout]      |                 ^^^^^^^^^^^^^^^^ not found in this scope
[INFO] [stdout] 
[INFO] [stdout] 
[INFO] [stdout] error[E0425]: cannot find value `PARALYSIS_SPEED_MULTIPLIER` in this scope
[INFO] [stdout]     --> src/genx/generate_instructions.rs:2589:26
[INFO] [stdout]      |
[INFO] [stdout] 2589 |         boosted_speed *= PARALYSIS_SPEED_MULTIPLIER;
[INFO] [stdout]      |                          ^^^^^^^^^^^^^^^^^^^^^^^^^^ not found in this scope
[INFO] [stdout] 
[INFO] [stdout] 
[INFO] [stdout] error[E0425]: cannot find value `BURN_RESIDUAL_DAMAGE_PCT` in this scope
[INFO] [stdout]     --> src/genx/generate_instructions.rs:3121:41
[INFO] [stdout]      |
[INFO] [stdout] 3121 |                 let mut damage_factor = BURN_RESIDUAL_DAMAGE_PCT;
[INFO] [stdout]      |                                         ^^^^^^^^^^^^^^^^^^^^^^^^ not found in this scope
[INFO] [stdout] 
[INFO] [stdout] 
[INFO] [stdout] error[E0425]: cannot find value `PARTIALLY_TRAPPED_DAMAGE_PCT` in this scope
[INFO] [stdout]     --> src/genx/generate_instructions.rs:3514:45
[INFO] [stdout]      |
[INFO] [stdout] 3514 |                 (active_pkmn.maxhp as f32 * PARTIALLY_TRAPPED_DAMAGE_PCT) as i16,
[INFO] [stdout]      |                                             ^^^^^^^^^^^^^^^^^^^^^^^^^^^^ not found in this scope
[INFO] [stdout] 
[INFO] [stdout] 
[INFO] [stdout] warning: unused import: `Side`
[INFO] [stdout]   --> src/genx/choice_effects.rs:19:18
[INFO] [stdout]    |
[INFO] [stdout] 19 |     PokemonType, Side, SideReference, State,
[INFO] [stdout]    |                  ^^^^
[INFO] [stdout]    |
[INFO] [stdout]    = note: `#[warn(unused_imports)]` (part of `#[warn(unused)]`) on by default
[INFO] [stdout] 
[INFO] [stdout] 
[INFO] [stdout] error[E0425]: cannot find function `destinybond_before_move` in this scope
[INFO] [stdout]    --> src/genx/choice_effects.rs:944:5
[INFO] [stdout]     |
[INFO] [stdout] 944 |     destinybond_before_move(attacking_side, attacking_side_ref, choice, instructions);
[INFO] [stdout]     |     ^^^^^^^^^^^^^^^^^^^^^^^ not found in this scope
[INFO] [stdout] 
[INFO] [stdout] 
[INFO] [stdout] warning: variable does not need to be mutable
[INFO] [stdout]    --> src/genx/damage_calc.rs:350:9
[INFO] [stdout]     |
[INFO] [stdout] 350 |         mut defending_final_stat,
[INFO] [stdout]     |         ----^^^^^^^^^^^^^^^^^^^^
[INFO] [stdout]     |         |
[INFO] [stdout]     |         help: remove this `mut`
[INFO] [stdout]     |
[INFO] [stdout]     = note: `#[warn(unused_mut)]` (part of `#[warn(unused)]`) on by default
[INFO] [stdout] 
[INFO] [stdout] 
[INFO] [stdout] warning: unused variable: `effective_weather`
[INFO] [stdout]    --> src/genx/damage_calc.rs:343:5
[INFO] [stdout]     |
[INFO] [stdout] 343 |     effective_weather: Weather,
[INFO] [stdout]     |     ^^^^^^^^^^^^^^^^^ help: if this is intentional, prefix it with an underscore: `_effective_weather`
[INFO] [stdout]     |
[INFO] [stdout]     = note: `#[warn(unused_variables)]` (part of `#[warn(unused)]`) on by default
[INFO] [stdout] 
[INFO] [stdout] 
[INFO] [stdout] warning: variable `defending_stat` is assigned to, but never used
[INFO] [stdout]    --> src/genx/damage_calc.rs:347:9
[INFO] [stdout]     |
[INFO] [stdout] 347 |     let defending_stat;
[INFO] [stdout]     |         ^^^^^^^^^^^^^^
[INFO] [stdout]     |
[INFO] [stdout]     = note: consider using `_defending_stat` instead
[INFO] [stdout] 
[INFO] [stdout] 
[INFO] [stdout] warning: value assigned to `defending_stat` is never read
[INFO] [stdout]    --> src/genx/damage_calc.rs:407:13
[INFO] [stdout]     |
[INFO] [stdout] 407 |             defending_stat = PokemonBoostableStat::Defense;
[INFO] [stdout]     |             ^^^^^^^^^^^^^^^^^^^^^^^^^^^^^^^^^^^^^^^^^^^^^^
[INFO] [stdout]     |
[INFO] [stdout]     = help: maybe it is overwritten before being read?
[INFO] [stdout]     = note: `#[warn(unused_assignments)]` (part of `#[warn(unused)]`) on by default
[INFO] [stdout] 
[INFO] [stdout] 
[INFO] [stdout] warning: value assigned to `defending_stat` is never read
[INFO] [stdout]    --> src/genx/damage_calc.rs:468:17
[INFO] [stdout]     |
[INFO] [stdout] 468 |                 defending_stat = PokemonBoostableStat::SpecialDefense;
[INFO] [stdout]     |                 ^^^^^^^^^^^^^^^^^^^^^^^^^^^^^^^^^^^^^^^^^^^^^^^^^^^^^
[INFO] [stdout]     |
[INFO] [stdout]     = help: maybe it is overwritten before being read?
[INFO] [stdout] 
[INFO] [stdout] 
[INFO] [stdout] warning: value assigned to `defending_stat` is never read
[INFO] [stdout]    --> src/genx/damage_calc.rs:460:17
[INFO] [stdout]     |
[INFO] [stdout] 460 |                 defending_stat = PokemonBoostableStat::Defense;
[INFO] [stdout]     |                 ^^^^^^^^^^^^^^^^^^^^^^^^^^^^^^^^^^^^^^^^^^^^^^
[INFO] [stdout]     |
[INFO] [stdout]     = help: maybe it is overwritten before being read?
[INFO] [stdout] 
[INFO] [stdout] 
[INFO] [stdout] For more information about this error, try `rustc --explain E0425`.
[INFO] [stdout] 
[INFO] [stderr] error: could not compile `poke-engine` (lib) due to 26 previous errors; 7 warnings emitted
[INFO] running `Command { std: "docker" "inspect" "8b554810fe86def2142e0a35b8453fc3ebd9166aa030e974c402d795048b1144", kill_on_drop: false }`
[INFO] running `Command { std: "docker" "rm" "-f" "8b554810fe86def2142e0a35b8453fc3ebd9166aa030e974c402d795048b1144", kill_on_drop: false }`
[INFO] [stdout] 8b554810fe86def2142e0a35b8453fc3ebd9166aa030e974c402d795048b1144
