[INFO] cloning repository https://github.com/topaxi/gh-actions.nvim
[INFO] running `Command { std: "git" "-c" "credential.helper=" "-c" "credential.helper=/workspace/cargo-home/bin/git-credential-null" "clone" "--bare" "https://github.com/topaxi/gh-actions.nvim" "/workspace/cache/git-repos/https%3A%2F%2Fgithub.com%2Ftopaxi%2Fgh-actions.nvim", kill_on_drop: false }`
[INFO] [stderr] Cloning into bare repository '/workspace/cache/git-repos/https%3A%2F%2Fgithub.com%2Ftopaxi%2Fgh-actions.nvim'...
[INFO] running `Command { std: "git" "rev-parse" "HEAD", kill_on_drop: false }`
[INFO] [stdout] a20d84a1476b3d25990e81f9e27d2d4182d3ddab
[INFO] documenting topaxi/gh-actions.nvim against 1.100.0-beta.1 for beta-rustdoc-1.100
[INFO] running `Command { std: "git" "clone" "/workspace/cache/git-repos/https%3A%2F%2Fgithub.com%2Ftopaxi%2Fgh-actions.nvim" "/workspace/builds/worker-4-tc2/source", kill_on_drop: false }`
[INFO] [stderr] Cloning into '/workspace/builds/worker-4-tc2/source'...
[INFO] [stderr] done.
[INFO] removed /workspace/builds/worker-4-tc2/source/.cargo/config
[INFO] removed /workspace/builds/worker-4-tc2/source/.cargo/config.toml
[INFO] started tweaking git repo https://github.com/topaxi/gh-actions.nvim
[INFO] finished tweaking git repo https://github.com/topaxi/gh-actions.nvim
[INFO] tweaked toml for git repo https://github.com/topaxi/gh-actions.nvim written to /workspace/builds/worker-4-tc2/source/Cargo.toml
[INFO] validating manifest of git repo https://github.com/topaxi/gh-actions.nvim on toolchain 1.100.0-beta.1
[INFO] running `Command { std: CARGO_HOME="/workspace/cargo-home" RUSTUP_HOME="/workspace/rustup-home" "/workspace/cargo-home/bin/cargo" "+1.100.0-beta.1" "metadata" "--manifest-path" "Cargo.toml" "--no-deps", kill_on_drop: false }`
[INFO] crate git repo https://github.com/topaxi/gh-actions.nvim already has a lockfile, it will not be regenerated
[INFO] running `Command { std: CARGO_HOME="/workspace/cargo-home" RUSTUP_HOME="/workspace/rustup-home" "/workspace/cargo-home/bin/cargo" "+1.100.0-beta.1" "fetch" "--manifest-path" "Cargo.toml", kill_on_drop: false }`
[INFO] [stderr]     Blocking waiting for file lock on package cache
[INFO] [stderr]     Updating crates.io index
[INFO] [stderr]     Blocking waiting for file lock on package cache
[INFO] [stderr]  Downloading crates ...
[INFO] [stderr]   Downloaded mlua_derive v0.11.0
[INFO] [stderr]   Downloaded mlua-sys v0.10.0
[INFO] [stderr]   Downloaded mlua v0.11.6
[INFO] running `Command { std: "docker" "create" "-v" "/var/lib/crater-agent-workspace/builds/worker-4-tc2/source:/opt/rustwide/workdir:ro,Z" "-v" "/var/lib/crater-agent-workspace/builds/worker-4-tc2/target:/opt/rustwide/target:rw,Z" "-v" "/var/lib/crater-agent-workspace/cargo-home:/opt/rustwide/cargo-home:ro,Z" "-v" "/var/lib/crater-agent-workspace/rustup-home:/opt/rustwide/rustup-home:ro,Z" "-m" "1610612736" "--network" "none" "ghcr.io/rust-lang/crates-build-env/linux@sha256:77db811e55d90add9212f6832c23229e3de5f1c1f9905e8cb07319ea15df73ac" "sleep" "infinity", kill_on_drop: false }`
[INFO] [stdout] 4ce65babcfee0c16f64e96d7eba927449334a0d4fc1d2b4fb5df048db70b0cd2
[INFO] running `Command { std: "docker" "start" "4ce65babcfee0c16f64e96d7eba927449334a0d4fc1d2b4fb5df048db70b0cd2", kill_on_drop: false }`
[INFO] running `Command { std: "docker" "inspect" "4ce65babcfee0c16f64e96d7eba927449334a0d4fc1d2b4fb5df048db70b0cd2", kill_on_drop: false }`
[INFO] running `Command { std: "docker" "exec" "-e" "SOURCE_DIR=/opt/rustwide/workdir" "-e" "CARGO_HOME=/opt/rustwide/cargo-home" "-e" "RUSTUP_HOME=/opt/rustwide/rustup-home" "-e" "CARGO_TARGET_DIR=/opt/rustwide/target" "-w" "/opt/rustwide/workdir" "--user" "0:0" "4ce65babcfee0c16f64e96d7eba927449334a0d4fc1d2b4fb5df048db70b0cd2" "/opt/rustwide/cargo-home/bin/cargo" "+1.100.0-beta.1" "metadata" "--no-deps" "--format-version=1", kill_on_drop: false }`
[INFO] running `Command { std: "docker" "inspect" "4ce65babcfee0c16f64e96d7eba927449334a0d4fc1d2b4fb5df048db70b0cd2", kill_on_drop: false }`
[INFO] running `Command { std: "docker" "exec" "-e" "SOURCE_DIR=/opt/rustwide/workdir" "-e" "CARGO_HOME=/opt/rustwide/cargo-home" "-e" "RUSTUP_HOME=/opt/rustwide/rustup-home" "-e" "CARGO_TARGET_DIR=/opt/rustwide/target" "-e" "CARGO_INCREMENTAL=0" "-e" "RUST_BACKTRACE=full" "-e" "RUSTFLAGS=--cap-lints=warn" "-e" "RUSTDOCFLAGS=--cap-lints=warn" "-w" "/opt/rustwide/workdir" "--user" "0:0" "4ce65babcfee0c16f64e96d7eba927449334a0d4fc1d2b4fb5df048db70b0cd2" "/opt/rustwide/cargo-home/bin/cargo" "+1.100.0-beta.1" "doc" "--frozen" "--no-deps" "--document-private-items" "--message-format=json", kill_on_drop: false }`
[INFO] [stderr]    Compiling serde v1.0.228
[INFO] [stderr]    Compiling proc-macro2 v1.0.94
[INFO] [stderr]    Compiling lock_api v0.4.12
[INFO] [stderr]    Compiling libc v0.2.172
[INFO] [stderr]    Compiling cc v1.2.19
[INFO] [stderr]     Checking smallvec v1.15.0
[INFO] [stderr]     Checking typeid v1.0.3
[INFO] [stderr]     Checking ordered-float v2.10.1
[INFO] [stderr]     Checking hashbrown v0.15.2
[INFO] [stderr]     Checking either v1.15.0
[INFO] [stderr]     Checking unsafe-libyaml v0.2.11
[INFO] [stderr]     Checking indexmap v2.9.0
[INFO] [stderr]    Compiling quote v1.0.40
[INFO] [stderr]     Checking erased-serde v0.4.6
[INFO] [stderr]     Checking parking_lot_core v0.9.10
[INFO] [stderr]     Checking serde-value v0.7.0
[INFO] [stderr]     Checking parking_lot v0.12.3
[INFO] [stderr]    Compiling syn v2.0.100
[INFO] [stderr]     Checking bstr v1.12.0
[INFO] [stderr]    Compiling mlua-sys v0.10.0
[INFO] [stderr]     Checking serde_yaml v0.9.34+deprecated
[INFO] [stderr]    Compiling mlua_derive v0.11.0
[INFO] [stderr]     Checking mlua v0.11.6
[INFO] [stderr]  Documenting pipeline_native v0.0.1 (/opt/rustwide/workdir)
[INFO] [stderr]     Finished `dev` profile [unoptimized + debuginfo] target(s) in 13.85s
[INFO] [stderr]    Generated /opt/rustwide/target/doc/pipeline_native/index.html
[INFO] running `Command { std: "docker" "inspect" "4ce65babcfee0c16f64e96d7eba927449334a0d4fc1d2b4fb5df048db70b0cd2", kill_on_drop: false }`
[INFO] running `Command { std: "docker" "exec" "-e" "SOURCE_DIR=/opt/rustwide/workdir" "-e" "CARGO_HOME=/opt/rustwide/cargo-home" "-e" "RUSTUP_HOME=/opt/rustwide/rustup-home" "-e" "CARGO_TARGET_DIR=/opt/rustwide/target" "-e" "CARGO_INCREMENTAL=0" "-e" "RUST_BACKTRACE=full" "-e" "RUSTFLAGS=--cap-lints=warn" "-e" "RUSTDOCFLAGS=--cap-lints=warn" "-e" "RUSTC_BOOTSTRAP=1" "-e" "DOCS_RS=1" "-w" "/opt/rustwide/workdir" "--user" "0:0" "4ce65babcfee0c16f64e96d7eba927449334a0d4fc1d2b4fb5df048db70b0cd2" "/opt/rustwide/cargo-home/bin/cargo" "+1.100.0-beta.1" "rustdoc" "--lib" "-Zrustdoc-map" "--config" "build.rustdocflags=[\"--cfg\", \"docsrs\", \"-Z\", \"unstable-options\", \"--document-private-items\"]" "--frozen" "--message-format=json", kill_on_drop: false }`
[INFO] [stderr]    Compiling proc-macro2 v1.0.94
[INFO] [stdout] error[E0425]: cannot find type `SourceFile` in crate `proc_macro`
[INFO] [stdout]    --> /opt/rustwide/cargo-home/registry/src/index.crates.io-1949cf8c6b5b557f/proc-macro2-1.0.94/src/wrapper.rs:366:26
[INFO] [stdout]     |
[INFO] [stdout] 366 |     Compiler(proc_macro::SourceFile),
[INFO] [stdout]     |                          ^^^^^^^^^^ not found in `proc_macro`
[INFO] [stdout]     |
[INFO] [stdout] help: consider importing one of these structs
[INFO] [stdout]     |
[INFO] [stdout]   1 + use crate::SourceFile;
[INFO] [stdout]     |
[INFO] [stdout]   1 + use crate::fallback::SourceFile;
[INFO] [stdout]     |
[INFO] [stdout] help: if you import `SourceFile`, refer to it directly
[INFO] [stdout]     |
[INFO] [stdout] 366 -     Compiler(proc_macro::SourceFile),
[INFO] [stdout] 366 +     Compiler(SourceFile),
[INFO] [stdout]     |
[INFO] [stdout] 
[INFO] [stdout] 
[INFO] [stdout] error[E0425]: cannot find type `SourceFile` in crate `proc_macro`
[INFO] [stdout]    --> /opt/rustwide/cargo-home/registry/src/index.crates.io-1949cf8c6b5b557f/proc-macro2-1.0.94/src/wrapper.rs:372:32
[INFO] [stdout]     |
[INFO] [stdout] 372 |     fn nightly(sf: proc_macro::SourceFile) -> Self {
[INFO] [stdout]     |                                ^^^^^^^^^^ not found in `proc_macro`
[INFO] [stdout]     |
[INFO] [stdout] help: consider importing one of these structs
[INFO] [stdout]     |
[INFO] [stdout]   1 + use crate::SourceFile;
[INFO] [stdout]     |
[INFO] [stdout]   1 + use crate::fallback::SourceFile;
[INFO] [stdout]     |
[INFO] [stdout] help: if you import `SourceFile`, refer to it directly
[INFO] [stdout]     |
[INFO] [stdout] 372 -     fn nightly(sf: proc_macro::SourceFile) -> Self {
[INFO] [stdout] 372 +     fn nightly(sf: SourceFile) -> Self {
[INFO] [stdout]     |
[INFO] [stdout] 
[INFO] [stdout] 
[INFO] [stdout] error[E0599]: no method named `source_file` found for reference `&proc_macro::Span` in the current scope
[INFO] [stdout]    --> /opt/rustwide/cargo-home/registry/src/index.crates.io-1949cf8c6b5b557f/proc-macro2-1.0.94/src/wrapper.rs:462:56
[INFO] [stdout]     |
[INFO] [stdout] 462 |             Span::Compiler(s) => SourceFile::nightly(s.source_file()),
[INFO] [stdout]     |                                                        ^^^^^^^^^^^
[INFO] [stdout]     |
[INFO] [stdout] help: there is a method `source` with a similar name
[INFO] [stdout]     |
[INFO] [stdout] 462 -             Span::Compiler(s) => SourceFile::nightly(s.source_file()),
[INFO] [stdout] 462 +             Span::Compiler(s) => SourceFile::nightly(s.source()),
[INFO] [stdout]     |
[INFO] [stdout] 
[INFO] [stdout] 
[INFO] [stdout] Some errors have detailed explanations: E0425, E0599.
[INFO] [stdout] 
[INFO] [stdout] For more information about an error, try `rustc --explain E0425`.
[INFO] [stdout] 
[INFO] [stderr] error: could not compile `proc-macro2` (lib) due to 3 previous errors
[INFO] running `Command { std: "docker" "inspect" "4ce65babcfee0c16f64e96d7eba927449334a0d4fc1d2b4fb5df048db70b0cd2", kill_on_drop: false }`
[INFO] running `Command { std: "docker" "rm" "-f" "4ce65babcfee0c16f64e96d7eba927449334a0d4fc1d2b4fb5df048db70b0cd2", kill_on_drop: false }`
[INFO] [stdout] 4ce65babcfee0c16f64e96d7eba927449334a0d4fc1d2b4fb5df048db70b0cd2
