[INFO] cloning repository https://github.com/stefanpeknik/quadropong
[INFO] running `Command { std: "git" "-c" "credential.helper=" "-c" "credential.helper=/workspace/cargo-home/bin/git-credential-null" "clone" "--bare" "https://github.com/stefanpeknik/quadropong" "/workspace/cache/git-repos/https%3A%2F%2Fgithub.com%2Fstefanpeknik%2Fquadropong", kill_on_drop: false }`
[INFO] [stderr] Cloning into bare repository '/workspace/cache/git-repos/https%3A%2F%2Fgithub.com%2Fstefanpeknik%2Fquadropong'...
[INFO] running `Command { std: "git" "rev-parse" "HEAD", kill_on_drop: false }`
[INFO] [stdout] 10d331cf52e82b7962431d91c82cf58d1adde670
[INFO] documenting stefanpeknik/quadropong against 1.100.0-beta.1 for beta-rustdoc-1.100
[INFO] running `Command { std: "git" "clone" "/workspace/cache/git-repos/https%3A%2F%2Fgithub.com%2Fstefanpeknik%2Fquadropong" "/workspace/builds/worker-7-tc2/source", kill_on_drop: false }`
[INFO] [stderr] Cloning into '/workspace/builds/worker-7-tc2/source'...
[INFO] [stderr] done.
[INFO] started tweaking git repo https://github.com/stefanpeknik/quadropong
[INFO] finished tweaking git repo https://github.com/stefanpeknik/quadropong
[INFO] tweaked toml for git repo https://github.com/stefanpeknik/quadropong written to /workspace/builds/worker-7-tc2/source/Cargo.toml
[INFO] validating manifest of git repo https://github.com/stefanpeknik/quadropong on toolchain 1.100.0-beta.1
[INFO] running `Command { std: CARGO_HOME="/workspace/cargo-home" RUSTUP_HOME="/workspace/rustup-home" "/workspace/cargo-home/bin/cargo" "+1.100.0-beta.1" "metadata" "--manifest-path" "Cargo.toml" "--no-deps", kill_on_drop: false }`
[INFO] crate git repo https://github.com/stefanpeknik/quadropong already has a lockfile, it will not be regenerated
[INFO] running `Command { std: CARGO_HOME="/workspace/cargo-home" RUSTUP_HOME="/workspace/rustup-home" "/workspace/cargo-home/bin/cargo" "+1.100.0-beta.1" "fetch" "--manifest-path" "Cargo.toml", kill_on_drop: false }`
[INFO] [stderr]     Blocking waiting for file lock on package cache
[INFO] [stderr]     Updating crates.io index
[INFO] [stderr]     Blocking waiting for file lock on package cache
[ERROR] error running command: no output for 300 seconds
[INFO] documenting stefanpeknik/quadropong against 1.100.0-beta.1 for beta-rustdoc-1.100
[INFO] running `Command { std: "git" "clone" "/workspace/cache/git-repos/https%3A%2F%2Fgithub.com%2Fstefanpeknik%2Fquadropong" "/workspace/builds/worker-7-tc2/source", kill_on_drop: false }`
[INFO] [stderr] Cloning into '/workspace/builds/worker-7-tc2/source'...
[INFO] [stderr] done.
[INFO] started tweaking git repo https://github.com/stefanpeknik/quadropong
[INFO] finished tweaking git repo https://github.com/stefanpeknik/quadropong
[INFO] tweaked toml for git repo https://github.com/stefanpeknik/quadropong written to /workspace/builds/worker-7-tc2/source/Cargo.toml
[INFO] validating manifest of git repo https://github.com/stefanpeknik/quadropong on toolchain 1.100.0-beta.1
[INFO] running `Command { std: CARGO_HOME="/workspace/cargo-home" RUSTUP_HOME="/workspace/rustup-home" "/workspace/cargo-home/bin/cargo" "+1.100.0-beta.1" "metadata" "--manifest-path" "Cargo.toml" "--no-deps", kill_on_drop: false }`
[INFO] crate git repo https://github.com/stefanpeknik/quadropong already has a lockfile, it will not be regenerated
[INFO] running `Command { std: CARGO_HOME="/workspace/cargo-home" RUSTUP_HOME="/workspace/rustup-home" "/workspace/cargo-home/bin/cargo" "+1.100.0-beta.1" "fetch" "--manifest-path" "Cargo.toml", kill_on_drop: false }`
[INFO] [stderr]     Blocking waiting for file lock on package cache
[INFO] [stderr]     Blocking waiting for file lock on package cache
[INFO] [stderr]  Downloading crates ...
[INFO] [stderr]   Downloaded uuid v1.12.1
[INFO] [stderr]   Downloaded tokio-test v0.4.4
[INFO] [stderr]   Downloaded tower-test v0.4.0
[INFO] [stderr]   Downloaded openssl-probe v0.1.5
[INFO] [stderr]   Downloaded windows-strings v0.1.0
[INFO] [stderr]   Downloaded libredox v0.1.3
[INFO] [stderr]   Downloaded signal-hook-mio v0.2.4
[INFO] [stderr]   Downloaded windows-registry v0.2.0
[INFO] [stderr]   Downloaded windows-result v0.2.0
[INFO] [stderr]   Downloaded objc2-encode v4.0.3
[INFO] [stderr]   Downloaded objc2-quartz-core v0.2.2
[INFO] [stderr]   Downloaded tokio-stream v0.1.17
[INFO] [stderr]   Downloaded darling_macro v0.20.10
[INFO] [stderr]   Downloaded native-tls v0.2.12
[INFO] [stderr]   Downloaded tempfile v3.15.0
[INFO] [stderr]   Downloaded instability v0.3.7
[INFO] [stderr]   Downloaded assert-json-diff v2.0.2
[INFO] [stderr]   Downloaded unicode-ident v1.0.14
[INFO] [stderr]   Downloaded castaway v0.2.3
[INFO] [stderr]   Downloaded redox_users v0.5.0
[INFO] [stderr]   Downloaded bytemuck v1.21.0
[INFO] [stderr]   Downloaded indoc v2.0.5
[INFO] [stderr]   Downloaded async-stream v0.3.6
[INFO] [stderr]   Downloaded async-stream-impl v0.3.6
[INFO] [stderr]   Downloaded http-body-util v0.1.2
[INFO] [stderr]   Downloaded tokio-rustls v0.26.1
[INFO] [stderr]   Downloaded indenter v0.3.3
[INFO] [stderr]   Downloaded gethostname v0.4.3
[INFO] [stderr]   Downloaded tracing-error v0.2.1
[INFO] [stderr]   Downloaded env_filter v0.1.3
[INFO] [stderr]   Downloaded eyre v0.6.12
[INFO] [stderr]   Downloaded error-code v3.3.1
[INFO] [stderr]   Downloaded bytes v1.9.0
[INFO] [stderr]   Downloaded pin-project-internal v1.1.8
[INFO] [stderr]   Downloaded openssl-sys v0.9.104
[INFO] [stderr]   Downloaded httparse v1.9.5
[INFO] [stderr]   Downloaded darling v0.20.10
[INFO] [stderr]   Downloaded rand_core v0.9.0
[INFO] [stderr]   Downloaded objc-sys v0.3.5
[INFO] [stderr]   Downloaded rmp v0.8.14
[INFO] [stderr]   Downloaded env_logger v0.11.6
[INFO] [stderr]   Downloaded objc2-core-image v0.2.2
[INFO] [stderr]   Downloaded objc2-core-data v0.2.2
[INFO] [stderr]   Downloaded thiserror v2.0.11
[INFO] [stderr]   Downloaded rustls-pemfile v2.2.0
[INFO] [stderr]   Downloaded serde_path_to_error v0.1.16
[INFO] [stderr]   Downloaded block2 v0.5.1
[INFO] [stderr]   Downloaded clipboard-win v5.4.0
[INFO] [stderr]   Downloaded weezl v0.1.8
[INFO] [stderr]   Downloaded thiserror-impl v2.0.11
[INFO] [stderr]   Downloaded arboard v3.4.1
[INFO] [stderr]   Downloaded mockito v1.6.1
[INFO] [stderr]   Downloaded owo-colors v3.5.0
[INFO] [stderr]   Downloaded rmp-serde v1.3.0
[INFO] [stderr]   Downloaded async-trait v0.1.85
[INFO] [stderr]   Downloaded hyper-rustls v0.27.5
[INFO] [stderr]   Downloaded signal-hook v0.3.17
[INFO] [stderr]   Downloaded similar v2.7.0
[INFO] [stderr]   Downloaded miniz_oxide v0.7.4
[INFO] [stderr]   Downloaded rustls-pki-types v1.10.1
[INFO] [stderr]   Downloaded colored v2.2.0
[INFO] [stderr]   Downloaded pin-project v1.1.8
[INFO] [stderr]   Downloaded darling_core v0.20.10
[INFO] [stderr]   Downloaded rand v0.9.0
[INFO] [stderr]   Downloaded hyper-util v0.1.10
[INFO] [stderr]   Downloaded objc2-metal v0.2.2
[INFO] [stderr]   Downloaded backtrace v0.3.71
[INFO] [stderr]   Downloaded zerocopy-derive v0.8.14
[INFO] [stderr]   Downloaded cc v1.2.10
[INFO] [stderr]   Downloaded http v1.2.0
[INFO] [stderr]   Downloaded hyper v1.6.0
[INFO] [stderr]   Downloaded serde_json v1.0.137
[INFO] [stderr]   Downloaded reqwest v0.12.12
[INFO] [stderr]   Downloaded h2 v0.4.7
[INFO] [stderr]   Downloaded image v0.25.5
[INFO] [stderr]   Downloaded syn v2.0.96
[INFO] [stderr]   Downloaded rustls-webpki v0.102.8
[INFO] [stderr]   Downloaded tracing-subscriber v0.3.19
[INFO] [stderr]   Downloaded color-spantrace v0.2.1
[INFO] [stderr]   Downloaded objc2 v0.5.2
[INFO] [stderr]   Downloaded zerocopy v0.8.14
[INFO] [stderr]   Downloaded x11rb v0.13.1
[INFO] [stderr]   Downloaded objc2-foundation v0.2.2
[INFO] [stderr]   Downloaded object v0.32.2
[INFO] [stderr]   Downloaded gimli v0.28.1
[INFO] [stderr]   Downloaded openssl v0.10.68
[INFO] [stderr]   Downloaded fern v0.7.1
[INFO] [stderr]   Downloaded rustix v0.38.43
[INFO] [stderr]   Downloaded objc2-app-kit v0.2.2
[INFO] [stderr]   Downloaded rustls v0.23.21
[INFO] [stderr]   Downloaded x11rb-protocol v0.13.1
[INFO] [stderr]   Downloaded regex-automata v0.4.9
[INFO] [stderr]   Downloaded color-eyre v0.6.3
[INFO] [stderr]   Downloaded jpeg-decoder v0.3.1
[INFO] [stderr]   Downloaded tiff v0.9.1
[INFO] [stderr]   Downloaded ring v0.17.8
[INFO] running `Command { std: "docker" "create" "-v" "/var/lib/crater-agent-workspace/builds/worker-7-tc2/source:/opt/rustwide/workdir:ro,Z" "-v" "/var/lib/crater-agent-workspace/builds/worker-7-tc2/target:/opt/rustwide/target:rw,Z" "-v" "/var/lib/crater-agent-workspace/cargo-home:/opt/rustwide/cargo-home:ro,Z" "-v" "/var/lib/crater-agent-workspace/rustup-home:/opt/rustwide/rustup-home:ro,Z" "-m" "1610612736" "--network" "none" "ghcr.io/rust-lang/crates-build-env/linux@sha256:77db811e55d90add9212f6832c23229e3de5f1c1f9905e8cb07319ea15df73ac" "sleep" "infinity", kill_on_drop: false }`
[INFO] [stdout] d777085173dccec0c69832352ecb08bc313f33ec752f76bd201d03517c7356af
[INFO] running `Command { std: "docker" "start" "d777085173dccec0c69832352ecb08bc313f33ec752f76bd201d03517c7356af", kill_on_drop: false }`
[INFO] running `Command { std: "docker" "inspect" "d777085173dccec0c69832352ecb08bc313f33ec752f76bd201d03517c7356af", kill_on_drop: false }`
[INFO] running `Command { std: "docker" "exec" "-e" "SOURCE_DIR=/opt/rustwide/workdir" "-e" "CARGO_HOME=/opt/rustwide/cargo-home" "-e" "RUSTUP_HOME=/opt/rustwide/rustup-home" "-e" "CARGO_TARGET_DIR=/opt/rustwide/target" "-w" "/opt/rustwide/workdir" "--user" "0:0" "d777085173dccec0c69832352ecb08bc313f33ec752f76bd201d03517c7356af" "/opt/rustwide/cargo-home/bin/cargo" "+1.100.0-beta.1" "metadata" "--no-deps" "--format-version=1", kill_on_drop: false }`
[INFO] running `Command { std: "docker" "inspect" "d777085173dccec0c69832352ecb08bc313f33ec752f76bd201d03517c7356af", kill_on_drop: false }`
[INFO] running `Command { std: "docker" "exec" "-e" "SOURCE_DIR=/opt/rustwide/workdir" "-e" "CARGO_HOME=/opt/rustwide/cargo-home" "-e" "RUSTUP_HOME=/opt/rustwide/rustup-home" "-e" "CARGO_TARGET_DIR=/opt/rustwide/target" "-e" "CARGO_INCREMENTAL=0" "-e" "RUST_BACKTRACE=full" "-e" "RUSTFLAGS=--cap-lints=warn" "-e" "RUSTDOCFLAGS=--cap-lints=warn" "-w" "/opt/rustwide/workdir" "--user" "0:0" "d777085173dccec0c69832352ecb08bc313f33ec752f76bd201d03517c7356af" "/opt/rustwide/cargo-home/bin/cargo" "+1.100.0-beta.1" "doc" "--frozen" "--no-deps" "--document-private-items" "--message-format=json", kill_on_drop: false }`
[INFO] [stderr]    Compiling proc-macro2 v1.0.93
[INFO] [stderr]    Compiling unicode-ident v1.0.14
[INFO] [stderr]    Compiling libc v0.2.169
[INFO] [stderr]    Compiling autocfg v1.4.0
[INFO] [stderr]     Checking log v0.4.25
[INFO] [stderr]    Compiling serde v1.0.217
[INFO] [stderr]     Checking smallvec v1.13.2
[INFO] [stderr]     Checking pin-project-lite v0.2.16
[INFO] [stderr]    Compiling parking_lot_core v0.9.10
[INFO] [stderr]     Checking once_cell v1.20.2
[INFO] [stderr]     Checking futures-core v0.3.31
[INFO] [stderr]     Checking bytes v1.9.0
[INFO] [stderr]     Checking itoa v1.0.14
[INFO] [stderr]    Compiling shlex v1.3.0
[INFO] [stderr]     Checking tracing-core v0.1.33
[INFO] [stderr]     Checking stable_deref_trait v1.2.0
[INFO] [stderr]     Checking memchr v2.7.4
[INFO] [stderr]    Compiling cc v1.2.10
[INFO] [stderr]     Checking allocator-api2 v0.2.21
[INFO] [stderr]    Compiling lock_api v0.4.12
[INFO] [stderr]    Compiling slab v0.4.9
[INFO] [stderr]     Checking tracing v0.1.41
[INFO] [stderr]     Checking foldhash v0.1.4
[INFO] [stderr]     Checking futures-task v0.3.31
[INFO] [stderr]    Compiling quote v1.0.38
[INFO] [stderr]     Checking hashbrown v0.15.2
[INFO] [stderr]     Checking http v1.2.0
[INFO] [stderr]    Compiling pkg-config v0.3.31
[INFO] [stderr]    Compiling vcpkg v0.2.15
[INFO] [stderr]    Compiling syn v2.0.96
[INFO] [stderr]     Checking byteorder v1.5.0
[INFO] [stderr]     Checking signal-hook-registry v1.4.2
[INFO] [stderr]     Checking mio v1.0.3
[INFO] [stderr]     Checking socket2 v0.5.8
[INFO] [stderr]     Checking writeable v0.5.5
[INFO] [stderr]     Checking parking_lot v0.12.3
[INFO] [stderr]    Compiling rustversion v1.0.19
[INFO] [stderr]     Checking litemap v0.7.4
[INFO] [stderr]     Checking tower-service v0.3.3
[INFO] [stderr]     Checking futures-sink v0.3.31
[INFO] [stderr]     Checking ryu v1.0.18
[INFO] [stderr]    Compiling httparse v1.9.5
[INFO] [stderr]     Checking http-body v1.0.1
[INFO] [stderr]     Checking indexmap v2.7.1
[INFO] [stderr]    Compiling num-traits v0.2.19
[INFO] [stderr]     Checking icu_locid_transform_data v1.5.0
[INFO] [stderr]     Checking atomic-waker v1.1.2
[INFO] [stderr]     Checking lazy_static v1.5.0
[INFO] [stderr]     Checking try-lock v0.2.5
[INFO] [stderr]     Checking futures-channel v0.3.31
[INFO] [stderr]     Checking want v0.3.1
[INFO] [stderr]    Compiling rustix v0.38.43
[INFO] [stderr]     Checking simd-adler32 v0.3.7
[INFO] [stderr]     Checking icu_properties_data v1.5.0
[INFO] [stderr]     Checking percent-encoding v2.3.1
[INFO] [stderr]    Compiling openssl v0.10.68
[INFO] [stderr]     Checking foreign-types-shared v0.1.1
[INFO] [stderr]     Checking httpdate v1.0.3
[INFO] [stderr]     Checking foreign-types v0.3.2
[INFO] [stderr]     Checking getrandom v0.2.15
[INFO] [stderr]    Compiling openssl-sys v0.9.104
[INFO] [stderr]     Checking form_urlencoded v1.2.1
[INFO] [stderr]     Checking aho-corasick v1.1.3
[INFO] [stderr]    Compiling serde_json v1.0.137
[INFO] [stderr]     Checking tower-layer v0.3.3
[INFO] [stderr]     Checking utf16_iter v1.0.5
[INFO] [stderr]     Checking adler2 v2.0.0
[INFO] [stderr]     Checking linux-raw-sys v0.4.15
[INFO] [stderr]     Checking utf8_iter v1.0.4
[INFO] [stderr]    Compiling signal-hook v0.3.17
[INFO] [stderr]    Compiling strsim v0.11.1
[INFO] [stderr]     Checking regex-syntax v0.8.5
[INFO] [stderr]    Compiling zerocopy v0.8.14
[INFO] [stderr]    Compiling native-tls v0.2.12
[INFO] [stderr]    Compiling getrandom v0.3.1
[INFO] [stderr]    Compiling paste v1.0.15
[INFO] [stderr]     Checking icu_normalizer_data v1.5.0
[INFO] [stderr]     Checking write16 v1.0.0
[INFO] [stderr]     Checking miniz_oxide v0.8.3
[INFO] [stderr]     Checking sharded-slab v0.1.7
[INFO] [stderr]     Checking sync_wrapper v1.0.2
[INFO] [stderr]     Checking thread_local v1.1.8
[INFO] [stderr]     Checking crc32fast v1.4.2
[INFO] [stderr]     Checking openssl-probe v0.1.5
[INFO] [stderr]     Checking flate2 v1.0.35
[INFO] [stderr]     Checking tracing-subscriber v0.3.19
[INFO] [stderr]     Checking rand_core v0.6.4
[INFO] [stderr]    Compiling backtrace v0.3.71
[INFO] [stderr]     Checking fdeflate v0.3.7
[INFO] [stderr]    Compiling heck v0.5.0
[INFO] [stderr]     Checking adler v1.0.2
[INFO] [stderr]     Checking mime v0.3.17
[INFO] [stderr]     Checking utf8parse v0.2.2
[INFO] [stderr]     Checking either v1.13.0
[INFO] [stderr]    Compiling eyre v0.6.12
[INFO] [stderr]     Checking gimli v0.28.1
[INFO] [stderr]     Checking anstyle-parse v0.2.6
[INFO] [stderr]     Checking itertools v0.13.0
[INFO] [stderr]     Checking regex-automata v0.4.9
[INFO] [stderr]     Checking png v0.17.16
[INFO] [stderr]     Checking miniz_oxide v0.7.4
[INFO] [stderr]     Checking signal-hook-mio v0.2.4
[INFO] [stderr]     Checking tracing-error v0.2.1
[INFO] [stderr]     Checking castaway v0.2.3
[INFO] [stderr]     Checking object v0.32.2
[INFO] [stderr]     Checking anstyle-query v1.1.2
[INFO] [stderr]     Checking rustls-pki-types v1.10.1
[INFO] [stderr]    Compiling thiserror v2.0.11
[INFO] [stderr]    Compiling synstructure v0.13.1
[INFO] [stderr]    Compiling darling_core v0.20.10
[INFO] [stderr]     Checking rand_core v0.9.0
[INFO] [stderr]    Compiling indoc v2.0.5
[INFO] [stderr]     Checking colorchoice v1.0.3
[INFO] [stderr]     Checking x11rb-protocol v0.13.1
[INFO] [stderr]     Checking owo-colors v3.5.0
[INFO] [stderr]     Checking static_assertions v1.1.0
[INFO] [stderr]     Checking indenter v0.3.3
[INFO] [stderr]     Checking addr2line v0.21.0
[INFO] [stderr]     Checking unicode-width v0.1.14
[INFO] [stderr]     Checking regex v1.11.1
[INFO] [stderr]     Checking bytemuck v1.21.0
[INFO] [stderr]     Checking unicode-segmentation v1.12.0
[INFO] [stderr]     Checking option-ext v0.2.0
[INFO] [stderr]     Checking is_terminal_polyfill v1.70.1
[INFO] [stderr]     Checking rustc-demangle v0.1.24
[INFO] [stderr]     Checking anstyle v1.0.10
[INFO] [stderr]     Checking byteorder-lite v0.1.0
[INFO] [stderr]     Checking unicode-truncate v1.1.0
[INFO] [stderr]     Checking image v0.25.5
[INFO] [stderr]     Checking color-spantrace v0.2.1
[INFO] [stderr]     Checking dirs-sys v0.5.0
[INFO] [stderr]     Checking env_filter v0.1.3
[INFO] [stderr]     Checking rustls-pemfile v2.2.0
[INFO] [stderr]     Checking rmp v0.8.14
[INFO] [stderr]    Compiling serde_derive v1.0.217
[INFO] [stderr]    Compiling tokio-macros v2.5.0
[INFO] [stderr]    Compiling zerofrom-derive v0.1.5
[INFO] [stderr]    Compiling yoke-derive v0.7.5
[INFO] [stderr]     Checking tokio v1.43.0
[INFO] [stderr]    Compiling zerovec-derive v0.10.3
[INFO] [stderr]    Compiling futures-macro v0.3.31
[INFO] [stderr]    Compiling displaydoc v0.2.5
[INFO] [stderr]    Compiling icu_provider_macros v1.5.0
[INFO] [stderr]     Checking zerofrom v0.1.5
[INFO] [stderr]     Checking yoke v0.7.5
[INFO] [stderr]    Compiling zerocopy-derive v0.7.35
[INFO] [stderr]    Compiling openssl-macros v0.1.1
[INFO] [stderr]    Compiling darling_macro v0.20.10
[INFO] [stderr]     Checking zerovec v0.10.4
[INFO] [stderr]    Compiling async-stream-impl v0.3.6
[INFO] [stderr]    Compiling pin-project-internal v1.1.8
[INFO] [stderr]     Checking futures-util v0.3.31
[INFO] [stderr]    Compiling darling v0.20.10
[INFO] [stderr]    Compiling async-trait v0.1.85
[INFO] [stderr]     Checking async-stream v0.3.6
[INFO] [stderr]    Compiling strum_macros v0.26.4
[INFO] [stderr]     Checking zerocopy v0.7.35
[INFO] [stderr]     Checking pin-project v1.1.8
[INFO] [stderr]     Checking tinystr v0.7.6
[INFO] [stderr]     Checking icu_collections v1.5.0
[INFO] [stderr]     Checking icu_locid v1.5.0
[INFO] [stderr]    Compiling instability v0.3.7
[INFO] [stderr]     Checking icu_provider v1.5.0
[INFO] [stderr]     Checking ppv-lite86 v0.2.20
[INFO] [stderr]     Checking rand_chacha v0.3.1
[INFO] [stderr]     Checking rand_chacha v0.9.0
[INFO] [stderr]     Checking anstream v0.6.18
[INFO] [stderr]    Compiling thiserror-impl v2.0.11
[INFO] [stderr]     Checking icu_locid_transform v1.5.0
[INFO] [stderr]     Checking rand v0.8.5
[INFO] [stderr]     Checking colored v2.2.0
[INFO] [stderr]     Checking lru v0.12.5
[INFO] [stderr]     Checking http-body-util v0.1.2
[INFO] [stderr]     Checking encoding_rs v0.8.35
[INFO] [stderr]     Checking axum-core v0.4.5
[INFO] [stderr]     Checking icu_properties v1.5.1
[INFO] [stderr]     Checking base64 v0.22.1
[INFO] [stderr]     Checking tokio-util v0.7.13
[INFO] [stderr]     Checking tokio-stream v0.1.17
[INFO] [stderr]     Checking h2 v0.4.7
[INFO] [stderr]     Checking tower v0.5.2
[INFO] [stderr]     Checking strum v0.26.3
[INFO] [stderr]     Checking tokio-test v0.4.4
[INFO] [stderr]     Checking ipnet v2.11.0
[INFO] [stderr]     Checking cassowary v0.3.0
[INFO] [stderr]     Checking similar v2.7.0
[INFO] [stderr]     Checking matchit v0.7.3
[INFO] [stderr]     Checking iana-time-zone v0.1.61
[INFO] [stderr]     Checking unicode-width v0.2.0
[INFO] [stderr]     Checking env_logger v0.11.6
[INFO] [stderr]     Checking tower-test v0.4.0
[INFO] [stderr]     Checking rand v0.9.0
[INFO] [stderr]     Checking color-eyre v0.6.3
[INFO] [stderr]     Checking dirs v6.0.0
[INFO] [stderr]     Checking fern v0.7.1
[INFO] [stderr]     Checking icu_normalizer v1.5.0
[INFO] [stderr]     Checking idna_adapter v1.2.0
[INFO] [stderr]     Checking bitflags v2.8.0
[INFO] [stderr]     Checking serde_urlencoded v0.7.1
[INFO] [stderr]     Checking compact_str v0.8.1
[INFO] [stderr]     Checking serde_path_to_error v0.1.16
[INFO] [stderr]     Checking uuid v1.12.1
[INFO] [stderr]     Checking idna v1.0.3
[INFO] [stderr]     Checking url v2.5.4
[INFO] [stderr]     Checking rmp-serde v1.3.0
[INFO] [stderr]     Checking chrono v0.4.39
[INFO] [stderr]     Checking assert-json-diff v2.0.2
[INFO] [stderr]     Checking hyper v1.6.0
[INFO] [stderr]     Checking tokio-native-tls v0.3.1
[INFO] [stderr]     Checking x11rb v0.13.1
[INFO] [stderr]     Checking crossterm v0.28.1
[INFO] [stderr]     Checking hyper-util v0.1.10
[INFO] [stderr]     Checking ratatui v0.29.0
[INFO] [stderr]     Checking arboard v3.4.1
[INFO] [stderr]     Checking hyper-tls v0.6.0
[INFO] [stderr]     Checking axum v0.7.9
[INFO] [stderr]     Checking mockito v1.6.1
[INFO] [stderr]     Checking reqwest v0.12.12
[INFO] [stderr]     Checking quadropong v0.1.0 (/opt/rustwide/workdir)
[INFO] [stderr]  Documenting quadropong v0.1.0 (/opt/rustwide/workdir)
[INFO] [stderr]     Finished `dev` profile [unoptimized + debuginfo] target(s) in 30.40s
[INFO] [stderr]    Generated /opt/rustwide/target/doc/quadropong/index.html and 2 other files
[INFO] running `Command { std: "docker" "inspect" "d777085173dccec0c69832352ecb08bc313f33ec752f76bd201d03517c7356af", kill_on_drop: false }`
[INFO] running `Command { std: "docker" "exec" "-e" "SOURCE_DIR=/opt/rustwide/workdir" "-e" "CARGO_HOME=/opt/rustwide/cargo-home" "-e" "RUSTUP_HOME=/opt/rustwide/rustup-home" "-e" "CARGO_TARGET_DIR=/opt/rustwide/target" "-e" "CARGO_INCREMENTAL=0" "-e" "RUST_BACKTRACE=full" "-e" "RUSTFLAGS=--cap-lints=warn" "-e" "RUSTDOCFLAGS=--cap-lints=warn" "-e" "DOCS_RS=1" "-e" "RUSTC_BOOTSTRAP=1" "-w" "/opt/rustwide/workdir" "--user" "0:0" "d777085173dccec0c69832352ecb08bc313f33ec752f76bd201d03517c7356af" "/opt/rustwide/cargo-home/bin/cargo" "+1.100.0-beta.1" "rustdoc" "--lib" "-Zrustdoc-map" "--config" "build.rustdocflags=[\"--cfg\", \"docsrs\", \"-Z\", \"unstable-options\", \"--document-private-items\"]" "--frozen" "--message-format=json", kill_on_drop: false }`
[INFO] [stderr]    Compiling proc-macro2 v1.0.93
[INFO] [stderr]    Compiling thiserror v2.0.11
[INFO] [stdout] error[E0425]: cannot find type `SourceFile` in crate `proc_macro`
[INFO] [stdout]    --> /opt/rustwide/cargo-home/registry/src/index.crates.io-1949cf8c6b5b557f/proc-macro2-1.0.93/src/wrapper.rs:366:26
[INFO] [stdout]     |
[INFO] [stdout] 366 |     Compiler(proc_macro::SourceFile),
[INFO] [stdout]     |                          ^^^^^^^^^^ not found in `proc_macro`
[INFO] [stdout]     |
[INFO] [stdout] help: consider importing one of these structs
[INFO] [stdout]     |
[INFO] [stdout]   1 + use crate::SourceFile;
[INFO] [stdout]     |
[INFO] [stdout]   1 + use crate::fallback::SourceFile;
[INFO] [stdout]     |
[INFO] [stdout] help: if you import `SourceFile`, refer to it directly
[INFO] [stdout]     |
[INFO] [stdout] 366 -     Compiler(proc_macro::SourceFile),
[INFO] [stdout] 366 +     Compiler(SourceFile),
[INFO] [stdout]     |
[INFO] [stdout] 
[INFO] [stdout] 
[INFO] [stdout] error[E0425]: cannot find type `SourceFile` in crate `proc_macro`
[INFO] [stdout]    --> /opt/rustwide/cargo-home/registry/src/index.crates.io-1949cf8c6b5b557f/proc-macro2-1.0.93/src/wrapper.rs:372:32
[INFO] [stdout]     |
[INFO] [stdout] 372 |     fn nightly(sf: proc_macro::SourceFile) -> Self {
[INFO] [stdout]     |                                ^^^^^^^^^^ not found in `proc_macro`
[INFO] [stdout]     |
[INFO] [stdout] help: consider importing one of these structs
[INFO] [stdout]     |
[INFO] [stdout]   1 + use crate::SourceFile;
[INFO] [stdout]     |
[INFO] [stdout]   1 + use crate::fallback::SourceFile;
[INFO] [stdout]     |
[INFO] [stdout] help: if you import `SourceFile`, refer to it directly
[INFO] [stdout]     |
[INFO] [stdout] 372 -     fn nightly(sf: proc_macro::SourceFile) -> Self {
[INFO] [stdout] 372 +     fn nightly(sf: SourceFile) -> Self {
[INFO] [stdout]     |
[INFO] [stdout] 
[INFO] [stdout] 
[INFO] [stdout] error[E0599]: no method named `source_file` found for reference `&proc_macro::Span` in the current scope
[INFO] [stdout]    --> /opt/rustwide/cargo-home/registry/src/index.crates.io-1949cf8c6b5b557f/proc-macro2-1.0.93/src/wrapper.rs:462:56
[INFO] [stdout]     |
[INFO] [stdout] 462 |             Span::Compiler(s) => SourceFile::nightly(s.source_file()),
[INFO] [stdout]     |                                                        ^^^^^^^^^^^
[INFO] [stdout]     |
[INFO] [stdout] help: there is a method `source` with a similar name
[INFO] [stdout]     |
[INFO] [stdout] 462 -             Span::Compiler(s) => SourceFile::nightly(s.source_file()),
[INFO] [stdout] 462 +             Span::Compiler(s) => SourceFile::nightly(s.source()),
[INFO] [stdout]     |
[INFO] [stdout] 
[INFO] [stdout] 
[INFO] [stdout] Some errors have detailed explanations: E0425, E0599.
[INFO] [stdout] 
[INFO] [stdout] For more information about an error, try `rustc --explain E0425`.
[INFO] [stdout] 
[INFO] [stderr] error: could not compile `proc-macro2` (lib) due to 3 previous errors
[INFO] running `Command { std: "docker" "inspect" "d777085173dccec0c69832352ecb08bc313f33ec752f76bd201d03517c7356af", kill_on_drop: false }`
[INFO] running `Command { std: "docker" "rm" "-f" "d777085173dccec0c69832352ecb08bc313f33ec752f76bd201d03517c7356af", kill_on_drop: false }`
[INFO] [stdout] d777085173dccec0c69832352ecb08bc313f33ec752f76bd201d03517c7356af
