[INFO] cloning repository https://github.com/redbug26/kkc-rust
[INFO] running `Command { std: "git" "-c" "credential.helper=" "-c" "credential.helper=/workspace/cargo-home/bin/git-credential-null" "clone" "--bare" "https://github.com/redbug26/kkc-rust" "/workspace/cache/git-repos/https%3A%2F%2Fgithub.com%2Fredbug26%2Fkkc-rust", kill_on_drop: false }`
[INFO] [stderr] Cloning into bare repository '/workspace/cache/git-repos/https%3A%2F%2Fgithub.com%2Fredbug26%2Fkkc-rust'...
[INFO] running `Command { std: "git" "rev-parse" "HEAD", kill_on_drop: false }`
[INFO] [stdout] 5d55cc0a8a4aa651d0e4eef92ea9063f9f60ee97
[INFO] documenting redbug26/kkc-rust/5d55cc0a8a4aa651d0e4eef92ea9063f9f60ee97 against 1.99.0-beta.8 for beta-rustdoc-1.100
[INFO] running `Command { std: "git" "clone" "/workspace/cache/git-repos/https%3A%2F%2Fgithub.com%2Fredbug26%2Fkkc-rust" "/workspace/builds/worker-4-tc1/source", kill_on_drop: false }`
[INFO] [stderr] Cloning into '/workspace/builds/worker-4-tc1/source'...
[INFO] [stderr] done.
[INFO] removed /workspace/builds/worker-4-tc1/source/.cargo/config.toml
[INFO] started tweaking git repo https://github.com/redbug26/kkc-rust
[INFO] finished tweaking git repo https://github.com/redbug26/kkc-rust
[INFO] tweaked toml for git repo https://github.com/redbug26/kkc-rust written to /workspace/builds/worker-4-tc1/source/Cargo.toml
[INFO] validating manifest of git repo https://github.com/redbug26/kkc-rust on toolchain 1.99.0-beta.8
[INFO] running `Command { std: CARGO_HOME="/workspace/cargo-home" RUSTUP_HOME="/workspace/rustup-home" "/workspace/cargo-home/bin/cargo" "+1.99.0-beta.8" "metadata" "--manifest-path" "Cargo.toml" "--no-deps", kill_on_drop: false }`
[INFO] crate git repo https://github.com/redbug26/kkc-rust already has a lockfile, it will not be regenerated
[INFO] running `Command { std: CARGO_HOME="/workspace/cargo-home" RUSTUP_HOME="/workspace/rustup-home" "/workspace/cargo-home/bin/cargo" "+1.99.0-beta.8" "fetch" "--manifest-path" "Cargo.toml", kill_on_drop: false }`
[INFO] [stderr]     Updating crates.io index
[INFO] [stderr]  Downloading crates ...
[INFO] [stderr]   Downloaded zip v8.6.0
[INFO] [stderr]   Downloaded wasm-bindgen-shared v0.2.121
[INFO] [stderr]   Downloaded sha-1 v0.10.1
[INFO] [stderr]   Downloaded crypto-common v0.2.1
[INFO] [stderr]   Downloaded block-padding v0.3.3
[INFO] [stderr]   Downloaded wasm-bindgen-macro v0.2.121
[INFO] [stderr]   Downloaded unty v0.0.4
[INFO] [stderr]   Downloaded bincode_derive v2.0.1
[INFO] [stderr]   Downloaded utf8-zero v0.8.1
[INFO] [stderr]   Downloaded block-buffer v0.12.0
[INFO] [stderr]   Downloaded serde-big-array v0.5.1
[INFO] [stderr]   Downloaded salzweg v0.1.4
[INFO] [stderr]   Downloaded constant_time_eq v0.4.2
[INFO] [stderr]   Downloaded cbc v0.1.2
[INFO] [stderr]   Downloaded objc2-core-audio-types v0.3.2
[INFO] [stderr]   Downloaded objc2-core-audio v0.3.2
[INFO] [stderr]   Downloaded mach2 v0.5.0
[INFO] [stderr]   Downloaded wasm-bindgen v0.2.121
[INFO] [stderr]   Downloaded cmov v0.5.3
[INFO] [stderr]   Downloaded cipher v0.5.1
[INFO] [stderr]   Downloaded virtue v0.0.18
[INFO] [stderr]   Downloaded schannel v0.1.29
[INFO] [stderr]   Downloaded delharc v0.6.1
[INFO] [stderr]   Downloaded wasm-bindgen-futures v0.4.71
[INFO] [stderr]   Downloaded unicode-truncate v2.0.1
[INFO] [stderr]   Downloaded lru v0.16.4
[INFO] [stderr]   Downloaded line-clipping v0.3.7
[INFO] [stderr]   Downloaded wezterm-dynamic v0.2.1
[INFO] [stderr]   Downloaded wezterm-color-types v0.3.0
[INFO] [stderr]   Downloaded siphasher v1.0.3
[INFO] [stderr]   Downloaded mac_address v1.1.8
[INFO] [stderr]   Downloaded hybrid-array v0.4.12
[INFO] [stderr]   Downloaded ureq-proto v0.6.0
[INFO] [stderr]   Downloaded unrar v0.5.8
[INFO] [stderr]   Downloaded toml v1.1.2+spec-1.1.0
[INFO] [stderr]   Downloaded alsa-sys v0.4.0
[INFO] [stderr]   Downloaded kasuari v0.4.12
[INFO] [stderr]   Downloaded ratatui-termwiz v0.1.0
[INFO] [stderr]   Downloaded wezterm-input-types v0.1.0
[INFO] [stderr]   Downloaded wezterm-dynamic-derive v0.1.1
[INFO] [stderr]   Downloaded csscolorparser v0.6.2
[INFO] [stderr]   Downloaded lab v0.11.0
[INFO] [stderr]   Downloaded wezterm-blob-leases v0.1.1
[INFO] [stderr]   Downloaded vtparse v0.6.2
[INFO] [stderr]   Downloaded phf_codegen v0.11.3
[INFO] [stderr]   Downloaded memmem v0.1.1
[INFO] [stderr]   Downloaded js-sys v0.3.98
[INFO] [stderr]   Downloaded libbz2-rs-sys v0.2.4
[INFO] [stderr]   Downloaded bitstream-io v4.10.0
[INFO] [stderr]   Downloaded no_std_io2 v0.9.4
[INFO] [stderr]   Downloaded bincode v2.0.1
[INFO] [stderr]   Downloaded coreaudio-rs v0.14.2
[INFO] [stderr]   Downloaded alsa v0.11.0
[INFO] [stderr]   Downloaded ratatui-textarea v0.9.1
[INFO] [stderr]   Downloaded ordered-float v4.6.0
[INFO] [stderr]   Downloaded ucd-trie v0.1.7
[INFO] [stderr]   Downloaded termios v0.3.3
[INFO] [stderr]   Downloaded terminfo v0.9.0
[INFO] [stderr]   Downloaded pest_derive v2.8.6
[INFO] [stderr]   Downloaded pest_generator v2.8.6
[INFO] [stderr]   Downloaded filedescriptor v0.8.3
[INFO] [stderr]   Downloaded ratatui-macros v0.7.0
[INFO] [stderr]   Downloaded ratatui-crossterm v0.1.0
[INFO] [stderr]   Downloaded pulldown-cmark-escape v0.11.0
[INFO] [stderr]   Downloaded typed-path v0.12.3
[INFO] [stderr]   Downloaded wasm-bindgen-macro-support v0.2.121
[INFO] [stderr]   Downloaded compact_str v0.9.0
[INFO] [stderr]   Downloaded widestring v1.2.1
[INFO] [stderr]   Downloaded ratatui v0.30.0
[INFO] [stderr]   Downloaded convert_case v0.10.0
[INFO] [stderr]   Downloaded pavao-sys v0.2.16
[INFO] [stderr]   Downloaded open v5.3.5
[INFO] [stderr]   Downloaded ureq v3.3.0
[INFO] [stderr]   Downloaded webpki-root-certs v1.0.7
[INFO] [stderr]   Downloaded der v0.8.0
[INFO] [stderr]   Downloaded objc2-avf-audio v0.3.2
[INFO] [stderr]   Downloaded euclid v0.22.14
[INFO] [stderr]   Downloaded wezterm-bidi v0.2.3
[INFO] [stderr]   Downloaded pest_meta v2.8.6
[INFO] [stderr]   Downloaded finl_unicode v1.4.0
[INFO] [stderr]   Downloaded aes v0.9.0
[INFO] [stderr]   Downloaded rodio v0.22.2
[INFO] [stderr]   Downloaded cpal v0.17.3
[INFO] [stderr]   Downloaded ratatui-core v0.1.0
[INFO] [stderr]   Downloaded pest v2.8.6
[INFO] [stderr]   Downloaded derive_more v2.1.1
[INFO] [stderr]   Downloaded derive_more-impl v2.1.1
[INFO] [stderr]   Downloaded pavao v0.2.16
[INFO] [stderr]   Downloaded which v8.0.2
[INFO] [stderr]   Downloaded tstr v0.2.4
[INFO] [stderr]   Downloaded tstr_proc_macros v0.2.2
[INFO] [stderr]   Downloaded generational-arena v0.2.9
[INFO] [stderr]   Downloaded core_extensions_proc_macros v1.5.4
[INFO] [stderr]   Downloaded const_panic v0.2.15
[INFO] [stderr]   Downloaded xmrsplayer v0.11.3
[INFO] [stderr]   Downloaded objc2-audio-toolbox v0.3.2
[INFO] [stderr]   Downloaded mlua-sys v0.10.0
[INFO] [stderr]   Downloaded repr_offset v0.2.2
[INFO] [stderr]   Downloaded core_extensions v1.5.4
[INFO] [stderr]   Downloaded ratatui-widgets v0.3.0
[INFO] [stderr]   Downloaded lzma-rust2 v0.16.2
[INFO] [stderr]   Downloaded unrar_sys v0.5.8
[INFO] [stderr]   Downloaded xmrs v0.11.3
[INFO] [stderr]   Downloaded typewit v1.15.2
[INFO] [stderr]   Downloaded abi_stable_shared v0.11.0
[INFO] [stderr]   Downloaded typed-arena v2.0.2
[INFO] [stderr]   Downloaded mlua v0.11.6
[INFO] [stderr]   Downloaded as_derive_utils v0.11.0
[INFO] [stderr]   Downloaded termwiz v0.23.3
[INFO] [stderr]   Downloaded abi_stable_derive v0.11.3
[INFO] [stderr]   Downloaded abi_stable v0.11.3
[INFO] [stderr]   Downloaded rayon v1.12.0
[INFO] [stderr]   Downloaded web-sys v0.3.98
[INFO] [stderr]   Downloaded font8x8 v0.3.1
[INFO] [stderr]   Downloaded sevenz-rust2 v0.20.2
[INFO] [stderr]   Downloaded gif v0.14.2
[INFO] [stderr]   Downloaded lua-src v550.0.0
[INFO] [stderr]   Downloaded luajit-src v210.6.6+707c12b
[INFO] [stderr]   Downloaded deltae v0.3.2
[INFO] [stderr]   Downloaded unarc-rs v0.6.1
[INFO] running `Command { std: "docker" "create" "-v" "/var/lib/crater-agent-workspace/builds/worker-4-tc1/source:/opt/rustwide/workdir:ro,Z" "-v" "/var/lib/crater-agent-workspace/builds/worker-4-tc1/target:/opt/rustwide/target:rw,Z" "-v" "/var/lib/crater-agent-workspace/cargo-home:/opt/rustwide/cargo-home:ro,Z" "-v" "/var/lib/crater-agent-workspace/rustup-home:/opt/rustwide/rustup-home:ro,Z" "-m" "1610612736" "--network" "none" "ghcr.io/rust-lang/crates-build-env/linux@sha256:3111399a4047eeb3a02b7a90e478d715f38a8c6669b5c4b49d30a17385265909" "sleep" "infinity", kill_on_drop: false }`
[INFO] [stdout] 179f460c571ae7c042de239d94575ab75189d7f95ba4243220b2a499599ea217
[INFO] running `Command { std: "docker" "start" "179f460c571ae7c042de239d94575ab75189d7f95ba4243220b2a499599ea217", kill_on_drop: false }`
[INFO] running `Command { std: "docker" "inspect" "179f460c571ae7c042de239d94575ab75189d7f95ba4243220b2a499599ea217", kill_on_drop: false }`
[INFO] running `Command { std: "docker" "exec" "-e" "SOURCE_DIR=/opt/rustwide/workdir" "-e" "CARGO_HOME=/opt/rustwide/cargo-home" "-e" "RUSTUP_HOME=/opt/rustwide/rustup-home" "-e" "CARGO_TARGET_DIR=/opt/rustwide/target" "-w" "/opt/rustwide/workdir" "--user" "0:0" "179f460c571ae7c042de239d94575ab75189d7f95ba4243220b2a499599ea217" "/opt/rustwide/cargo-home/bin/cargo" "+1.99.0-beta.8" "metadata" "--no-deps" "--format-version=1", kill_on_drop: false }`
[INFO] running `Command { std: "docker" "inspect" "179f460c571ae7c042de239d94575ab75189d7f95ba4243220b2a499599ea217", kill_on_drop: false }`
[INFO] running `Command { std: "docker" "exec" "-e" "SOURCE_DIR=/opt/rustwide/workdir" "-e" "CARGO_HOME=/opt/rustwide/cargo-home" "-e" "RUSTUP_HOME=/opt/rustwide/rustup-home" "-e" "CARGO_TARGET_DIR=/opt/rustwide/target" "-e" "CARGO_INCREMENTAL=0" "-e" "RUST_BACKTRACE=full" "-e" "RUSTFLAGS=--cap-lints=warn" "-e" "RUSTDOCFLAGS=--cap-lints=warn" "-w" "/opt/rustwide/workdir" "--user" "0:0" "179f460c571ae7c042de239d94575ab75189d7f95ba4243220b2a499599ea217" "/opt/rustwide/cargo-home/bin/cargo" "+1.99.0-beta.8" "doc" "--frozen" "--no-deps" "--document-private-items" "--message-format=json", kill_on_drop: false }`
[INFO] [stderr]    Compiling libc v0.2.186
[INFO] [stderr]    Compiling proc-macro2 v1.0.106
[INFO] [stderr]     Checking cfg-if v1.0.4
[INFO] [stderr]    Compiling unicode-ident v1.0.24
[INFO] [stderr]    Compiling quote v1.0.45
[INFO] [stderr]    Compiling find-msvc-tools v0.1.9
[INFO] [stderr]     Checking bitflags v2.11.1
[INFO] [stderr]    Compiling pkg-config v0.3.33
[INFO] [stderr]     Checking typenum v1.20.0
[INFO] [stderr]     Checking log v0.4.29
[INFO] [stderr]     Checking memchr v2.8.0
[INFO] [stderr]    Compiling num-traits v0.2.19
[INFO] [stderr]    Compiling generic-array v0.14.7
[INFO] [stderr]     Checking itoa v1.0.18
[INFO] [stderr]    Compiling rustix v1.1.4
[INFO] [stderr]     Checking zeroize v1.8.2
[INFO] [stderr]    Compiling thiserror v2.0.18
[INFO] [stderr]     Checking either v1.15.0
[INFO] [stderr]    Compiling serde v1.0.228
[INFO] [stderr]     Checking linux-raw-sys v0.12.1
[INFO] [stderr]    Compiling crc32fast v1.5.0
[INFO] [stderr]    Compiling crossbeam-utils v0.8.21
[INFO] [stderr]     Checking unicode-width v0.2.0
[INFO] [stderr]    Compiling strsim v0.11.1
[INFO] [stderr]     Checking allocator-api2 v0.2.21
[INFO] [stderr]    Compiling ident_case v1.0.1
[INFO] [stderr]     Checking foldhash v0.2.0
[INFO] [stderr]     Checking smallvec v1.15.1
[INFO] [stderr]     Checking simd-adler32 v0.3.9
[INFO] [stderr]     Checking lock_api v0.4.14
[INFO] [stderr]     Checking bytemuck v1.25.0
[INFO] [stderr]     Checking deranged v0.5.8
[INFO] [stderr]     Checking itertools v0.14.0
[INFO] [stderr]     Checking castaway v0.2.4
[INFO] [stderr]     Checking hashbrown v0.16.1
[INFO] [stderr]    Compiling instability v0.3.12
[INFO] [stderr]     Checking cmov v0.5.3
[INFO] [stderr]     Checking static_assertions v1.1.0
[INFO] [stderr]     Checking num_threads v0.1.7
[INFO] [stderr]     Checking time-core v0.1.8
[INFO] [stderr]     Checking cpufeatures v0.2.17
[INFO] [stderr]     Checking adler2 v2.0.1
[INFO] [stderr]     Checking ryu v1.0.23
[INFO] [stderr]     Checking num-conv v0.2.1
[INFO] [stderr]     Checking unicode-segmentation v1.13.2
[INFO] [stderr]    Compiling indoc v2.0.7
[INFO] [stderr]     Checking miniz_oxide v0.8.9
[INFO] [stderr]     Checking ctutils v0.4.2
[INFO] [stderr]     Checking hybrid-array v0.4.12
[INFO] [stderr]    Compiling syn v2.0.117
[INFO] [stderr]    Compiling jobserver v0.1.34
[INFO] [stderr]     Checking compact_str v0.9.0
[INFO] [stderr]     Checking num-integer v0.1.46
[INFO] [stderr]    Compiling getrandom v0.4.2
[INFO] [stderr]     Checking zlib-rs v0.6.3
[INFO] [stderr]    Compiling cc v1.2.62
[INFO] [stderr]     Checking parking_lot_core v0.9.12
[INFO] [stderr]     Checking errno v0.3.14
[INFO] [stderr]     Checking parking_lot v0.12.5
[INFO] [stderr]    Compiling signal-hook v0.3.18
[INFO] [stderr]    Compiling syn v1.0.109
[INFO] [stderr]     Checking arrayvec v0.7.6
[INFO] [stderr]     Checking lru v0.16.4
[INFO] [stderr]     Checking const-oid v0.10.2
[INFO] [stderr]     Checking signal-hook-registry v1.4.8
[INFO] [stderr]     Checking crypto-common v0.1.7
[INFO] [stderr]     Checking block-buffer v0.10.4
[INFO] [stderr]     Checking block-padding v0.3.3
[INFO] [stderr]     Checking crypto-common v0.2.1
[INFO] [stderr]     Checking block-buffer v0.12.0
[INFO] [stderr]     Checking inout v0.2.2
[INFO] [stderr]     Checking symphonia-core v0.5.5
[INFO] [stderr]     Checking digest v0.10.7
[INFO] [stderr]    Compiling convert_case v0.10.0
[INFO] [stderr]     Checking inout v0.1.4
[INFO] [stderr]    Compiling which v8.0.2
[INFO] [stderr]    Compiling alsa-sys v0.4.0
[INFO] [stderr]    Compiling zmij v1.0.21
[INFO] [stderr]    Compiling core_extensions v1.5.4
[INFO] [stderr]    Compiling zstd-safe v7.2.4
[INFO] [stderr]     Checking cipher v0.4.4
[INFO] [stderr]     Checking sha2 v0.10.9
[INFO] [stderr]     Checking time v0.3.47
[INFO] [stderr]     Checking mio v1.2.0
[INFO] [stderr]     Checking crossbeam-epoch v0.9.18
[INFO] [stderr]     Checking aho-corasick v1.1.4
[INFO] [stderr]    Compiling luajit-src v210.6.6+707c12b
[INFO] [stderr]    Compiling lua-src v550.0.0
[INFO] [stderr]     Checking line-clipping v0.3.7
[INFO] [stderr]     Checking encoding_rs v0.8.35
[INFO] [stderr]    Compiling litrs v1.0.0
[INFO] [stderr]    Compiling core_extensions_proc_macros v1.5.4
[INFO] [stderr]     Checking unicode-truncate v2.0.1
[INFO] [stderr]    Compiling rayon-core v1.13.0
[INFO] [stderr]    Compiling virtue v0.0.18
[INFO] [stderr]     Checking regex-syntax v0.8.10
[INFO] [stderr]    Compiling httparse v1.10.1
[INFO] [stderr]     Checking digest v0.11.3
[INFO] [stderr]     Checking cipher v0.5.1
[INFO] [stderr]    Compiling openssl v0.10.79
[INFO] [stderr]    Compiling tstr_proc_macros v0.2.2
[INFO] [stderr]     Checking libbz2-rs-sys v0.2.4
[INFO] [stderr]     Checking cpufeatures v0.3.0
[INFO] [stderr]    Compiling serde_json v1.0.149
[INFO] [stderr]    Compiling paste v1.0.15
[INFO] [stderr]     Checking hmac v0.13.0
[INFO] [stderr]     Checking crossbeam-deque v0.8.6
[INFO] [stderr]     Checking signal-hook-mio v0.2.5
[INFO] [stderr]    Compiling document-features v0.2.12
[INFO] [stderr]     Checking lzma-rust2 v0.16.2
[INFO] [stderr]     Checking flate2 v1.1.9
[INFO] [stderr]    Compiling abi_stable_shared v0.11.0
[INFO] [stderr]     Checking tstr v0.2.4
[INFO] [stderr]    Compiling openssl-sys v0.9.115
[INFO] [stderr]    Compiling zstd-sys v2.0.16+zstd.1.5.7
[INFO] [stderr]    Compiling unrar_sys v0.5.8
[INFO] [stderr]     Checking symphonia-metadata v0.5.5
[INFO] [stderr]    Compiling bincode_derive v2.0.1
[INFO] [stderr]    Compiling mlua-sys v0.10.0
[INFO] [stderr]     Checking bzip2 v0.6.1
[INFO] [stderr]     Checking no_std_io2 v0.9.4
[INFO] [stderr]     Checking fdeflate v0.3.7
[INFO] [stderr]     Checking pxfm v0.1.29
[INFO] [stderr]     Checking extended v0.1.0
[INFO] [stderr]    Compiling crc16 v0.4.0
[INFO] [stderr]     Checking bumpalo v3.20.2
[INFO] [stderr]     Checking weezl v0.1.12
[INFO] [stderr]    Compiling cpal v0.17.3
[INFO] [stderr]     Checking ppmd-rust v1.4.0
[INFO] [stderr]     Checking iana-time-zone v0.1.65
[INFO] [stderr]    Compiling native-tls v0.2.18
[INFO] [stderr]     Checking bytes v1.11.1
[INFO] [stderr]     Checking zune-core v0.5.1
[INFO] [stderr]     Checking cpubits v0.1.1
[INFO] [stderr]     Checking color_quant v1.1.0
[INFO] [stderr]     Checking quick-error v2.0.1
[INFO] [stderr]     Checking hashbrown v0.17.1
[INFO] [stderr]     Checking base64ct v1.8.3
[INFO] [stderr]     Checking typewit v1.15.2
[INFO] [stderr]    Compiling typed-arena v2.0.2
[INFO] [stderr]     Checking unty v0.0.4
[INFO] [stderr]     Checking byteorder-lite v0.1.0
[INFO] [stderr]     Checking once_cell v1.21.4
[INFO] [stderr]     Checking gif v0.14.2
[INFO] [stderr]     Checking regex-automata v0.4.14
[INFO] [stderr]     Checking image-webp v0.2.4
[INFO] [stderr]     Checking zune-jpeg v0.5.15
[INFO] [stderr]     Checking pem-rfc7468 v1.0.0
[INFO] [stderr]     Checking alsa v0.11.0
[INFO] [stderr]     Checking const_panic v0.2.15
[INFO] [stderr]     Checking aes v0.9.0
[INFO] [stderr]     Checking is-docker v0.2.0
[INFO] [stderr]     Checking png v0.18.1
[INFO] [stderr]     Checking symphonia-format-riff v0.5.5
[INFO] [stderr]     Checking zopfli v0.8.3
[INFO] [stderr]     Checking xattr v1.6.1
[INFO] [stderr]     Checking http v1.4.0
[INFO] [stderr]     Checking gethostname v1.1.0
[INFO] [stderr]     Checking indexmap v2.14.0
[INFO] [stderr]     Checking bitstream-io v4.10.0
[INFO] [stderr]     Checking repr_offset v0.2.2
[INFO] [stderr]     Checking pbkdf2 v0.13.0
[INFO] [stderr]    Compiling darling_core v0.23.0
[INFO] [stderr]     Checking symphonia-codec-pcm v0.5.5
[INFO] [stderr]     Checking sha1 v0.11.0
[INFO] [stderr]     Checking aes v0.8.4
[INFO] [stderr]     Checking cbc v0.1.2
[INFO] [stderr]     Checking num-bigint v0.4.6
[INFO] [stderr]     Checking filetime v0.2.29
[INFO] [stderr]     Checking crossbeam-channel v0.5.15
[INFO] [stderr]     Checking rustls-pki-types v1.14.1
[INFO] [stderr]     Checking libloading v0.7.4
[INFO] [stderr]     Checking generational-arena v0.2.9
[INFO] [stderr]    Compiling anyhow v1.0.102
[INFO] [stderr]     Checking widestring v1.2.1
[INFO] [stderr]     Checking x11rb-protocol v0.13.2
[INFO] [stderr]     Checking constant_time_eq v0.4.2
[INFO] [stderr]    Compiling pulldown-cmark v0.13.3
[INFO] [stderr]     Checking dasp_sample v0.11.0
[INFO] [stderr]     Checking typed-path v0.12.3
[INFO] [stderr]     Checking winnow v1.0.2
[INFO] [stderr]     Checking strength_reduce v0.2.4
[INFO] [stderr]     Checking base64 v0.22.1
[INFO] [stderr]     Checking openssl-probe v0.2.1
[INFO] [stderr]     Checking deflate64 v0.1.12
[INFO] [stderr]     Checking regex v1.12.3
[INFO] [stderr]     Checking ureq-proto v0.6.0
[INFO] [stderr]     Checking sevenz-rust2 v0.20.2
[INFO] [stderr]     Checking dirs-sys v0.5.0
[INFO] [stderr]     Checking transpose v0.2.3
[INFO] [stderr]     Checking toml_parser v1.1.2+spec-1.1.0
[INFO] [stderr]     Checking blowfish v0.10.0
[INFO] [stderr]     Checking webpki-root-certs v1.0.7
[INFO] [stderr]     Checking tar v0.4.45
[INFO] [stderr]     Checking rayon v1.12.0
[INFO] [stderr]     Checking symphonia v0.5.5
[INFO] [stderr]     Checking is-wsl v0.4.0
[INFO] [stderr]     Checking der v0.8.0
[INFO] [stderr]     Checking moxcms v0.8.1
[INFO] [stderr]     Checking sha-1 v0.10.1
[INFO] [stderr]     Checking num-rational v0.4.2
[INFO] [stderr]     Checking primal-check v0.3.4
[INFO] [stderr]     Checking num-complex v0.4.6
[INFO] [stderr]     Checking bstr v1.12.1
[INFO] [stderr]     Checking getopts v0.2.24
[INFO] [stderr]     Checking toml_datetime v1.1.1+spec-1.1.0
[INFO] [stderr]     Checking serde_spanned v1.1.1
[INFO] [stderr]     Checking salzweg v0.1.4
[INFO] [stderr]     Checking same-file v1.0.6
[INFO] [stderr]     Checking unicase v2.9.0
[INFO] [stderr]     Checking pathdiff v0.2.3
[INFO] [stderr]     Checking utf8-zero v0.8.1
[INFO] [stderr]     Checking rustc-hash v2.1.2
[INFO] [stderr]     Checking pulldown-cmark-escape v0.11.0
[INFO] [stderr]     Checking toml_writer v1.1.1+spec-1.1.0
[INFO] [stderr]     Checking open v5.3.5
[INFO] [stderr]     Checking rustfft v6.4.1
[INFO] [stderr]     Checking walkdir v2.5.0
[INFO] [stderr]    Compiling as_derive_utils v0.11.0
[INFO] [stderr]    Compiling thiserror-impl v2.0.18
[INFO] [stderr]    Compiling serde_derive v1.0.228
[INFO] [stderr]    Compiling strum_macros v0.27.2
[INFO] [stderr]    Compiling derive_more-impl v2.1.1
[INFO] [stderr]    Compiling openssl-macros v0.1.1
[INFO] [stderr]    Compiling num_enum_derive v0.7.6
[INFO] [stderr]     Checking toml v1.1.2+spec-1.1.0
[INFO] [stderr]     Checking derive_more v2.1.1
[INFO] [stderr]     Checking crossterm v0.29.0
[INFO] [stderr]     Checking jpeg-decoder v0.3.2
[INFO] [stderr]     Checking num_enum v0.7.6
[INFO] [stderr]     Checking directories v6.0.0
[INFO] [stderr]     Checking kasuari v0.4.12
[INFO] [stderr]     Checking rodio v0.22.2
[INFO] [stderr]    Compiling darling_macro v0.23.0
[INFO] [stderr]    Compiling darling v0.23.0
[INFO] [stderr]     Checking uuid v1.23.1
[INFO] [stderr]     Checking font8x8 v0.3.1
[INFO] [stderr]     Checking x11rb v0.13.2
[INFO] [stderr]    Compiling abi_stable_derive v0.11.3
[INFO] [stderr]     Checking strum v0.27.2
[INFO] [stderr]     Checking ratatui-core v0.1.0
[INFO] [stderr]     Checking mlua v0.11.6
[INFO] [stderr] error: could not compile `rustfft` (lib)
[INFO] [stderr] 
[INFO] [stderr] Caused by:
[INFO] [stderr]   process didn't exit successfully: `/opt/rustwide/rustup-home/toolchains/1.99.0-beta.8-x86_64-unknown-linux-gnu/bin/rustc --crate-name rustfft --edition=2021 /opt/rustwide/cargo-home/registry/src/index.crates.io-1949cf8c6b5b557f/rustfft-6.4.1/src/lib.rs --error-format=json --json=diagnostic-rendered-ansi,artifacts,future-incompat --crate-type lib --emit=dep-info,metadata -C embed-bitcode=no -C debuginfo=2 --cfg 'feature="avx"' --cfg 'feature="default"' --cfg 'feature="neon"' --cfg 'feature="sse"' --check-cfg 'cfg(docsrs,test)' --check-cfg 'cfg(feature, values("avx", "default", "neon", "sse", "wasm_simd"))' -C metadata=b7cea16cd5f213e5 -C extra-filename=-1f6075de8da8b465 --out-dir /opt/rustwide/target/debug/deps -L dependency=/opt/rustwide/target/debug/deps --extern num_complex=/opt/rustwide/target/debug/deps/libnum_complex-e10c32275d972ffb.rmeta --extern num_integer=/opt/rustwide/target/debug/deps/libnum_integer-d49d63a5ed5f6661.rmeta --extern num_traits=/opt/rustwide/target/debug/deps/libnum_traits-a59142fc063e7abf.rmeta --extern primal_check=/opt/rustwide/target/debug/deps/libprimal_check-62188fcf1f8cc9da.rmeta --extern strength_reduce=/opt/rustwide/target/debug/deps/libstrength_reduce-c3cecd29f8096105.rmeta --extern transpose=/opt/rustwide/target/debug/deps/libtranspose-3a4b5b3014c328b5.rmeta --cap-lints allow --cap-lints=warn` (signal: 9, SIGKILL: kill)
[INFO] [stderr] warning: build failed, waiting for other jobs to finish...
[INFO] [stderr] error: could not compile `serde_derive` (lib)
[INFO] [stderr] 
[INFO] [stderr] Caused by:
[INFO] [stderr]   process didn't exit successfully: `/opt/rustwide/rustup-home/toolchains/1.99.0-beta.8-x86_64-unknown-linux-gnu/bin/rustc --crate-name serde_derive --edition=2021 /opt/rustwide/cargo-home/registry/src/index.crates.io-1949cf8c6b5b557f/serde_derive-1.0.228/src/lib.rs --error-format=json --json=diagnostic-rendered-ansi,artifacts,future-incompat --crate-type proc-macro --emit=dep-info,link -C prefer-dynamic -C embed-bitcode=no --cfg 'feature="default"' --check-cfg 'cfg(docsrs,test)' --check-cfg 'cfg(feature, values("default", "deserialize_in_place"))' -C metadata=7eba2d2ca3d9bdeb -C extra-filename=-9a3db4cdefa8c710 --out-dir /opt/rustwide/target/debug/deps -L dependency=/opt/rustwide/target/debug/deps --extern proc_macro2=/opt/rustwide/target/debug/deps/libproc_macro2-154be7f81f34ed1b.rlib --extern quote=/opt/rustwide/target/debug/deps/libquote-a87dd5cb7e80719c.rlib --extern syn=/opt/rustwide/target/debug/deps/libsyn-9fb9136e9e345971.rlib --extern proc_macro --cap-lints allow --cap-lints=warn` (signal: 9, SIGKILL: kill)
[INFO] [stderr] error: could not compile `moxcms` (lib)
[INFO] [stderr] 
[INFO] [stderr] Caused by:
[INFO] [stderr]   process didn't exit successfully: `/opt/rustwide/rustup-home/toolchains/1.99.0-beta.8-x86_64-unknown-linux-gnu/bin/rustc --crate-name moxcms --edition=2024 /opt/rustwide/cargo-home/registry/src/index.crates.io-1949cf8c6b5b557f/moxcms-0.8.1/src/lib.rs --error-format=json --json=diagnostic-rendered-ansi,artifacts,future-incompat --crate-type lib --emit=dep-info,metadata -C embed-bitcode=no -C debuginfo=2 --cfg 'feature="avx"' --cfg 'feature="avx_luts"' --cfg 'feature="avx_shaper_fixed_point_paths"' --cfg 'feature="avx_shaper_paths"' --cfg 'feature="default"' --cfg 'feature="lut"' --cfg 'feature="neon"' --cfg 'feature="neon_luts"' --cfg 'feature="neon_shaper_fixed_point_paths"' --cfg 'feature="neon_shaper_paths"' --cfg 'feature="sse"' --cfg 'feature="sse_luts"' --cfg 'feature="sse_shaper_fixed_point_paths"' --cfg 'feature="sse_shaper_paths"' --check-cfg 'cfg(docsrs,test)' --check-cfg 'cfg(feature, values("any_to_any", "avx", "avx512", "avx512_shaper_fixed_point_paths", "avx512_shaper_optimized_paths", "avx_luts", "avx_shaper_fixed_point_paths", "avx_shaper_optimized_paths", "avx_shaper_paths", "default", "extended_range", "in_place", "lut", "neon", "neon_luts", "neon_shaper_fixed_point_paths", "neon_shaper_optimized_paths", "neon_shaper_paths", "options", "sse", "sse_luts", "sse_shaper_fixed_point_paths", "sse_shaper_optimized_paths", "sse_shaper_paths"))' -C metadata=3f835d44fc59534b -C extra-filename=-b2cf39cc4ebe4190 --out-dir /opt/rustwide/target/debug/deps -L dependency=/opt/rustwide/target/debug/deps --extern num_traits=/opt/rustwide/target/debug/deps/libnum_traits-a59142fc063e7abf.rmeta --extern pxfm=/opt/rustwide/target/debug/deps/libpxfm-240e9a0a64866ce8.rmeta --cap-lints allow --cap-lints=warn` (signal: 9, SIGKILL: kill)
[INFO] [stderr] error: could not compile `openssl` (lib)
[INFO] [stderr] 
[INFO] [stderr] Caused by:
[INFO] [stderr]   process didn't exit successfully: `/opt/rustwide/rustup-home/toolchains/1.99.0-beta.8-x86_64-unknown-linux-gnu/bin/rustc --crate-name openssl --edition=2021 /opt/rustwide/cargo-home/registry/src/index.crates.io-1949cf8c6b5b557f/openssl-0.10.79/src/lib.rs --error-format=json --json=diagnostic-rendered-ansi,artifacts,future-incompat --crate-type lib --emit=dep-info,metadata -C embed-bitcode=no -C debuginfo=2 --cfg 'feature="default"' --check-cfg 'cfg(docsrs,test)' --check-cfg 'cfg(feature, values("aws-lc", "aws-lc-fips", "bindgen", "default", "unstable_boringssl", "v101", "v102", "v110", "v111", "vendored"))' -C metadata=6e53bac2120b5b9f -C extra-filename=-3f0792f92b5f6ebb --out-dir /opt/rustwide/target/debug/deps -L dependency=/opt/rustwide/target/debug/deps --extern bitflags=/opt/rustwide/target/debug/deps/libbitflags-06cfce1bec7f23b5.rmeta --extern cfg_if=/opt/rustwide/target/debug/deps/libcfg_if-ff4bbf167027ca2f.rmeta --extern foreign_types=/opt/rustwide/target/debug/deps/libforeign_types-5b655ddae716fd5f.rmeta --extern libc=/opt/rustwide/target/debug/deps/liblibc-32db47ae3a3b0a0b.rmeta --extern openssl_macros=/opt/rustwide/target/debug/deps/libopenssl_macros-df3cb28a12fcd6ae.so --extern ffi=/opt/rustwide/target/debug/deps/libopenssl_sys-d12062cde97d2ed1.rmeta --cap-lints allow --cap-lints=warn --cfg 'osslconf="OPENSSL_NO_IDEA"' --cfg 'osslconf="OPENSSL_NO_SSL3_METHOD"' --cfg ossl101 --cfg ossl102 --cfg ossl110 --cfg ossl110g --cfg ossl110h --cfg ossl111 --cfg ossl111d --cfg ossl300 --cfg ossl310 --cfg ossl320 --cfg ossl330 --cfg ossl340 --cfg ossl350 --check-cfg 'cfg(osslconf, values("OPENSSL_NO_OCB", "OPENSSL_NO_SM4", "OPENSSL_NO_SEED", "OPENSSL_NO_CHACHA", "OPENSSL_NO_CAST", "OPENSSL_NO_IDEA", "OPENSSL_NO_CAMELLIA", "OPENSSL_NO_RC4", "OPENSSL_NO_BF", "OPENSSL_NO_PSK", "OPENSSL_NO_DEPRECATED_3_0", "OPENSSL_NO_SCRYPT", "OPENSSL_NO_SM3", "OPENSSL_NO_RMD160", "OPENSSL_NO_EC2M", "OPENSSL_NO_OCSP", "OPENSSL_NO_SRTP", "OPENSSL_NO_CMS", "OPENSSL_NO_EC", "OPENSSL_NO_ARGON2", "OPENSSL_NO_RC2"))' --check-cfg 'cfg(libressl)' --check-cfg 'cfg(boringssl)' --check-cfg 'cfg(awslc)' --check-cfg 'cfg(awslc_fips)' --check-cfg 'cfg(libressl250)' --check-cfg 'cfg(libressl251)' --check-cfg 'cfg(libressl261)' --check-cfg 'cfg(libressl270)' --check-cfg 'cfg(libressl271)' --check-cfg 'cfg(libressl273)' --check-cfg 'cfg(libressl280)' --check-cfg 'cfg(libressl291)' --check-cfg 'cfg(libressl310)' --check-cfg 'cfg(libressl321)' --check-cfg 'cfg(libressl332)' --check-cfg 'cfg(libressl340)' --check-cfg 'cfg(libressl350)' --check-cfg 'cfg(libressl360)' --check-cfg 'cfg(libressl361)' --check-cfg 'cfg(libressl370)' --check-cfg 'cfg(libressl380)' --check-cfg 'cfg(libressl382)' --check-cfg 'cfg(libressl390)' --check-cfg 'cfg(libressl400)' --check-cfg 'cfg(libressl410)' --check-cfg 'cfg(libressl420)' --check-cfg 'cfg(libressl430)' --check-cfg 'cfg(ossl101)' --check-cfg 'cfg(ossl102)' --check-cfg 'cfg(ossl110)' --check-cfg 'cfg(ossl110g)' --check-cfg 'cfg(ossl110h)' --check-cfg 'cfg(ossl111)' --check-cfg 'cfg(ossl111d)' --check-cfg 'cfg(ossl300)' --check-cfg 'cfg(ossl310)' --check-cfg 'cfg(ossl320)' --check-cfg 'cfg(ossl330)' --check-cfg 'cfg(ossl340)' --check-cfg 'cfg(ossl350)' --check-cfg 'cfg(ossl400)'` (signal: 9, SIGKILL: kill)
[INFO] [stderr] error: could not compile `mlua` (lib)
[INFO] [stderr] 
[INFO] [stderr] Caused by:
[INFO] [stderr]   process didn't exit successfully: `/opt/rustwide/rustup-home/toolchains/1.99.0-beta.8-x86_64-unknown-linux-gnu/bin/rustc --crate-name mlua --edition=2021 /opt/rustwide/cargo-home/registry/src/index.crates.io-1949cf8c6b5b557f/mlua-0.11.6/src/lib.rs --error-format=json --json=diagnostic-rendered-ansi,artifacts,future-incompat --crate-type lib --emit=dep-info,metadata -C embed-bitcode=no -C debuginfo=2 --cfg 'feature="error-send"' --cfg 'feature="lua54"' --cfg 'feature="vendored"' --check-cfg 'cfg(docsrs,test)' --check-cfg 'cfg(feature, values("anyhow", "async", "error-send", "lua51", "lua52", "lua53", "lua54", "lua55", "luajit", "luajit52", "luau", "luau-jit", "luau-vector4", "macros", "mlua_derive", "module", "send", "serde", "serialize", "userdata-wrappers", "vendored"))' -C metadata=7090b7d15ad16049 -C extra-filename=-0e6b4e35c6f851e1 --out-dir /opt/rustwide/target/debug/deps -L dependency=/opt/rustwide/target/debug/deps --extern bstr=/opt/rustwide/target/debug/deps/libbstr-f76695f836391add.rmeta --extern either=/opt/rustwide/target/debug/deps/libeither-098d909eeba11645.rmeta --extern libc=/opt/rustwide/target/debug/deps/liblibc-32db47ae3a3b0a0b.rmeta --extern ffi=/opt/rustwide/target/debug/deps/libmlua_sys-64f64ce4a9c1c9b6.rmeta --extern num_traits=/opt/rustwide/target/debug/deps/libnum_traits-a59142fc063e7abf.rmeta --extern parking_lot=/opt/rustwide/target/debug/deps/libparking_lot-f82d9dd9cce9d729.rmeta --extern rustc_hash=/opt/rustwide/target/debug/deps/librustc_hash-0a4a68895f04394e.rmeta --extern rustversion=/opt/rustwide/target/debug/deps/librustversion-0fe8e9afe386a651.so --cap-lints allow --cap-lints=warn -L native=/opt/rustwide/target/debug/build/mlua-sys-0eb75952a3e55890/out/lib` (signal: 9, SIGKILL: kill)
[INFO] [stderr] error: could not compile `abi_stable_derive` (lib)
[INFO] [stderr] 
[INFO] [stderr] Caused by:
[INFO] [stderr]   process didn't exit successfully: `/opt/rustwide/rustup-home/toolchains/1.99.0-beta.8-x86_64-unknown-linux-gnu/bin/rustc --crate-name abi_stable_derive --edition=2021 /opt/rustwide/cargo-home/registry/src/index.crates.io-1949cf8c6b5b557f/abi_stable_derive-0.11.3/src/lib.rs --error-format=json --json=diagnostic-rendered-ansi,artifacts,future-incompat --crate-type proc-macro --emit=dep-info,link -C prefer-dynamic -C embed-bitcode=no --check-cfg 'cfg(docsrs,test)' --check-cfg 'cfg(feature, values())' -C metadata=f86877be75dbc457 -C extra-filename=-97192fa604dca93e --out-dir /opt/rustwide/target/debug/deps -L dependency=/opt/rustwide/target/debug/deps --extern abi_stable_shared=/opt/rustwide/target/debug/deps/libabi_stable_shared-fce914a2c0fd3058.rlib --extern as_derive_utils=/opt/rustwide/target/debug/deps/libas_derive_utils-3830b1a5b632460b.rlib --extern core_extensions=/opt/rustwide/target/debug/deps/libcore_extensions-a43ee7d6dabd7e93.rlib --extern proc_macro2=/opt/rustwide/target/debug/deps/libproc_macro2-154be7f81f34ed1b.rlib --extern quote=/opt/rustwide/target/debug/deps/libquote-a87dd5cb7e80719c.rlib --extern syn=/opt/rustwide/target/debug/deps/libsyn-75ef4f6108502937.rlib --extern typed_arena=/opt/rustwide/target/debug/deps/libtyped_arena-7b0d324ac131f8a4.rlib --extern proc_macro --cap-lints allow --cap-lints=warn` (signal: 9, SIGKILL: kill)
[INFO] [stderr] error: could not compile `x11rb` (lib)
[INFO] [stderr] 
[INFO] [stderr] Caused by:
[INFO] [stderr]   process didn't exit successfully: `/opt/rustwide/rustup-home/toolchains/1.99.0-beta.8-x86_64-unknown-linux-gnu/bin/rustc --crate-name x11rb --edition=2021 /opt/rustwide/cargo-home/registry/src/index.crates.io-1949cf8c6b5b557f/x11rb-0.13.2/src/lib.rs --error-format=json --json=diagnostic-rendered-ansi,artifacts,future-incompat --crate-type lib --emit=dep-info,metadata -C embed-bitcode=no -C debuginfo=2 --check-cfg 'cfg(docsrs,test)' --check-cfg 'cfg(feature, values("all-extensions", "allow-unsafe-code", "as-raw-xcb-connection", "composite", "cursor", "damage", "dbe", "dl-libxcb", "dpms", "dri2", "dri3", "extra-traits", "glx", "image", "libc", "libloading", "once_cell", "present", "randr", "raw-window-handle", "record", "render", "request-parsing", "res", "resource_manager", "screensaver", "shape", "shm", "sync", "tracing", "xcursor", "xevie", "xf86dri", "xf86vidmode", "xfixes", "xinerama", "xinput", "xkb", "xprint", "xselinux", "xtest", "xv", "xvmc"))' -C metadata=3a619be80ae29c60 -C extra-filename=-0133c23c47942aff --out-dir /opt/rustwide/target/debug/deps -L dependency=/opt/rustwide/target/debug/deps --extern gethostname=/opt/rustwide/target/debug/deps/libgethostname-bc613a805ac5c71d.rmeta --extern rustix=/opt/rustwide/target/debug/deps/librustix-b023ef89558996c5.rmeta --extern x11rb_protocol=/opt/rustwide/target/debug/deps/libx11rb_protocol-f898d878cfd249b2.rmeta --cap-lints allow --cap-lints=warn` (signal: 9, SIGKILL: kill)
[INFO] [stderr] error: could not compile `ratatui-core` (lib)
[INFO] [stderr] 
[INFO] [stderr] Caused by:
[INFO] [stderr]   process didn't exit successfully: `/opt/rustwide/rustup-home/toolchains/1.99.0-beta.8-x86_64-unknown-linux-gnu/bin/rustc --crate-name ratatui_core --edition=2024 /opt/rustwide/cargo-home/registry/src/index.crates.io-1949cf8c6b5b557f/ratatui-core-0.1.0/src/lib.rs --error-format=json --json=diagnostic-rendered-ansi,artifacts,future-incompat --crate-type lib --emit=dep-info,metadata -C embed-bitcode=no -C debuginfo=2 --cfg 'feature="default"' --cfg 'feature="layout-cache"' --cfg 'feature="std"' --cfg 'feature="underline-color"' --check-cfg 'cfg(docsrs,test)' --check-cfg 'cfg(feature, values("anstyle", "default", "document-features", "layout-cache", "palette", "portable-atomic", "scrolling-regions", "serde", "std", "underline-color"))' -C metadata=80f3549c419c3377 -C extra-filename=-97274e36fcc4c21e --out-dir /opt/rustwide/target/debug/deps -L dependency=/opt/rustwide/target/debug/deps --extern bitflags=/opt/rustwide/target/debug/deps/libbitflags-06cfce1bec7f23b5.rmeta --extern compact_str=/opt/rustwide/target/debug/deps/libcompact_str-4a05f92b3b24556b.rmeta --extern hashbrown=/opt/rustwide/target/debug/deps/libhashbrown-8da1c7ae9e8a3f18.rmeta --extern indoc=/opt/rustwide/target/debug/deps/libindoc-3c2b9be692b0ace9.so --extern itertools=/opt/rustwide/target/debug/deps/libitertools-cd0f0ae1d456f4b6.rmeta --extern kasuari=/opt/rustwide/target/debug/deps/libkasuari-69efe151f037eff6.rmeta --extern lru=/opt/rustwide/target/debug/deps/liblru-6702f9769e5be841.rmeta --extern strum=/opt/rustwide/target/debug/deps/libstrum-74a776014c88a38b.rmeta --extern thiserror=/opt/rustwide/target/debug/deps/libthiserror-b26c3f77ce4b89d7.rmeta --extern unicode_segmentation=/opt/rustwide/target/debug/deps/libunicode_segmentation-69c663538412a1fc.rmeta --extern unicode_truncate=/opt/rustwide/target/debug/deps/libunicode_truncate-33855fa40b0f0f7b.rmeta --extern unicode_width=/opt/rustwide/target/debug/deps/libunicode_width-cbc70787d9996061.rmeta --cap-lints allow --cap-lints=warn` (signal: 9, SIGKILL: kill)
[INFO] [stderr] warning: unrar_sys@0.5.8: c++: fatal error: Killed signal terminated program cc1plus
[INFO] [stderr] warning: unrar_sys@0.5.8: compilation terminated.
[INFO] [stderr] warning: unrar_sys@0.5.8: ToolExecError: command did not execute successfully (status code exit status: 1): LC_ALL="C" "c++" "-O2" "-ffunction-sections" "-fdata-sections" "-fPIC" "-g" "-gdwarf-4" "-fno-omit-frame-pointer" "-m64" "-std=c++14" "-w" "-fPIC" "-Wno-switch" "-Wno-parentheses" "-Wno-macro-redefined" "-Wno-dangling-else" "-Wno-logical-op-parentheses" "-Wno-unused-parameter" "-Wno-unused-variable" "-Wno-unused-function" "-Wno-missing-braces" "-Wno-unknown-pragmas" "-Wno-deprecated-declarations" "-D_FILE_OFFSET_BITS=64" "-D_LARGEFILE_SOURCE" "-DRAR_SMP" "-DRARDLL" "-o" "/opt/rustwide/target/debug/build/unrar_sys-e6d0692497b4e3ed/out/0934600a39780889-pathfn.o" "-c" "vendor/unrar/pathfn.cpp"cargo:warning=c++: fatal error: Killed signal terminated program cc1plus
[INFO] [stderr] warning: unrar_sys@0.5.8: compilation terminated.
[INFO] [stderr] warning: unrar_sys@0.5.8: ToolExecError: command did not execute successfully (status code exit status: 1): LC_ALL="C" "c++" "-O2" "-ffunction-sections" "-fdata-sections" "-fPIC" "-g" "-gdwarf-4" "-fno-omit-frame-pointer" "-m64" "-std=c++14" "-w" "-fPIC" "-Wno-switch" "-Wno-parentheses" "-Wno-macro-redefined" "-Wno-dangling-else" "-Wno-logical-op-parentheses" "-Wno-unused-parameter" "-Wno-unused-variable" "-Wno-unused-function" "-Wno-missing-braces" "-Wno-unknown-pragmas" "-Wno-deprecated-declarations" "-D_FILE_OFFSET_BITS=64" "-D_LARGEFILE_SOURCE" "-DRAR_SMP" "-DRARDLL" "-o" "/opt/rustwide/target/debug/build/unrar_sys-e6d0692497b4e3ed/out/0934600a39780889-smallfn.o" "-c" "vendor/unrar/smallfn.cpp"cargo:rerun-if-env-changed=CXX_x86_64-unknown-linux-gnu
[INFO] [stderr] warning: unrar_sys@0.5.8: c++: fatal error: Killed signal terminated program cc1plus
[INFO] [stderr] warning: unrar_sys@0.5.8: compilation terminated.
[INFO] [stderr] warning: unrar_sys@0.5.8: ToolExecError: command did not execute successfully (status code exit status: 1): LC_ALL="C" "c++" "-O2" "-ffunction-sections" "-fdata-sections" "-fPIC" "-g" "-gdwarf-4" "-fno-omit-frame-pointer" "-m64" "-std=c++14" "-w" "-fPIC" "-Wno-switch" "-Wno-parentheses" "-Wno-macro-redefined" "-Wno-dangling-else" "-Wno-logical-op-parentheses" "-Wno-unused-parameter" "-Wno-unused-variable" "-Wno-unused-function" "-Wno-missing-braces" "-Wno-unknown-pragmas" "-Wno-deprecated-declarations" "-D_FILE_OFFSET_BITS=64" "-D_LARGEFILE_SOURCE" "-DRAR_SMP" "-DRARDLL" "-o" "/opt/rustwide/target/debug/build/unrar_sys-e6d0692497b4e3ed/out/0934600a39780889-filefn.o" "-c" "vendor/unrar/filefn.cpp"cargo:warning=c++: fatal error: Killed signal terminated program cc1plus
[INFO] [stderr] warning: unrar_sys@0.5.8: compilation terminated.
[INFO] [stderr] warning: unrar_sys@0.5.8: ToolExecError: command did not execute successfully (status code exit status: 1): LC_ALL="C" "c++" "-O2" "-ffunction-sections" "-fdata-sections" "-fPIC" "-g" "-gdwarf-4" "-fno-omit-frame-pointer" "-m64" "-std=c++14" "-w" "-fPIC" "-Wno-switch" "-Wno-parentheses" "-Wno-macro-redefined" "-Wno-dangling-else" "-Wno-logical-op-parentheses" "-Wno-unused-parameter" "-Wno-unused-variable" "-Wno-unused-function" "-Wno-missing-braces" "-Wno-unknown-pragmas" "-Wno-deprecated-declarations" "-D_FILE_OFFSET_BITS=64" "-D_LARGEFILE_SOURCE" "-DRAR_SMP" "-DRARDLL" "-o" "/opt/rustwide/target/debug/build/unrar_sys-e6d0692497b4e3ed/out/0934600a39780889-archive.o" "-c" "vendor/unrar/archive.cpp"cargo:rerun-if-env-changed=CXX_x86_64-unknown-linux-gnu
[INFO] [stderr] warning: unrar_sys@0.5.8: c++: fatal error: Killed signal terminated program cc1plus
[INFO] [stderr] warning: unrar_sys@0.5.8: compilation terminated.
[INFO] [stderr] warning: unrar_sys@0.5.8: ToolExecError: command did not execute successfully (status code exit status: 1): LC_ALL="C" "c++" "-O2" "-ffunction-sections" "-fdata-sections" "-fPIC" "-g" "-gdwarf-4" "-fno-omit-frame-pointer" "-m64" "-std=c++14" "-w" "-fPIC" "-Wno-switch" "-Wno-parentheses" "-Wno-macro-redefined" "-Wno-dangling-else" "-Wno-logical-op-parentheses" "-Wno-unused-parameter" "-Wno-unused-variable" "-Wno-unused-function" "-Wno-missing-braces" "-Wno-unknown-pragmas" "-Wno-deprecated-declarations" "-D_FILE_OFFSET_BITS=64" "-D_LARGEFILE_SOURCE" "-DRAR_SMP" "-DRARDLL" "-o" "/opt/rustwide/target/debug/build/unrar_sys-e6d0692497b4e3ed/out/0934600a39780889-file.o" "-c" "vendor/unrar/file.cpp"cargo:rerun-if-env-changed=CXX_x86_64-unknown-linux-gnu
[INFO] [stderr] warning: unrar_sys@0.5.8: c++: fatal error: Killed signal terminated program cc1plus
[INFO] [stderr] warning: unrar_sys@0.5.8: compilation terminated.
[INFO] [stderr] warning: unrar_sys@0.5.8: ToolExecError: command did not execute successfully (status code exit status: 1): LC_ALL="C" "c++" "-O2" "-ffunction-sections" "-fdata-sections" "-fPIC" "-g" "-gdwarf-4" "-fno-omit-frame-pointer" "-m64" "-std=c++14" "-w" "-fPIC" "-Wno-switch" "-Wno-parentheses" "-Wno-macro-redefined" "-Wno-dangling-else" "-Wno-logical-op-parentheses" "-Wno-unused-parameter" "-Wno-unused-variable" "-Wno-unused-function" "-Wno-missing-braces" "-Wno-unknown-pragmas" "-Wno-deprecated-declarations" "-D_FILE_OFFSET_BITS=64" "-D_LARGEFILE_SOURCE" "-DRAR_SMP" "-DRARDLL" "-o" "/opt/rustwide/target/debug/build/unrar_sys-e6d0692497b4e3ed/out/0934600a39780889-filcreat.o" "-c" "vendor/unrar/filcreat.cpp"cargo:rerun-if-env-changed=CXX_x86_64-unknown-linux-gnu
[INFO] [stderr] warning: unrar_sys@0.5.8: c++: fatal error: Killed signal terminated program cc1plus
[INFO] [stderr] warning: unrar_sys@0.5.8: compilation terminated.
[INFO] [stderr] warning: unrar_sys@0.5.8: ToolExecError: command did not execute successfully (status code exit status: 1): LC_ALL="C" "c++" "-O2" "-ffunction-sections" "-fdata-sections" "-fPIC" "-g" "-gdwarf-4" "-fno-omit-frame-pointer" "-m64" "-std=c++14" "-w" "-fPIC" "-Wno-switch" "-Wno-parentheses" "-Wno-macro-redefined" "-Wno-dangling-else" "-Wno-logical-op-parentheses" "-Wno-unused-parameter" "-Wno-unused-variable" "-Wno-unused-function" "-Wno-missing-braces" "-Wno-unknown-pragmas" "-Wno-deprecated-declarations" "-D_FILE_OFFSET_BITS=64" "-D_LARGEFILE_SOURCE" "-DRAR_SMP" "-DRARDLL" "-o" "/opt/rustwide/target/debug/build/unrar_sys-e6d0692497b4e3ed/out/0934600a39780889-global.o" "-c" "vendor/unrar/global.cpp"cargo:warning=c++: fatal error: Killed signal terminated program cc1plus
[INFO] [stderr] warning: unrar_sys@0.5.8: compilation terminated.
[INFO] [stderr] warning: unrar_sys@0.5.8: ToolExecError: command did not execute successfully (status code exit status: 1): LC_ALL="C" "c++" "-O2" "-ffunction-sections" "-fdata-sections" "-fPIC" "-g" "-gdwarf-4" "-fno-omit-frame-pointer" "-m64" "-std=c++14" "-w" "-fPIC" "-Wno-switch" "-Wno-parentheses" "-Wno-macro-redefined" "-Wno-dangling-else" "-Wno-logical-op-parentheses" "-Wno-unused-parameter" "-Wno-unused-variable" "-Wno-unused-function" "-Wno-missing-braces" "-Wno-unknown-pragmas" "-Wno-deprecated-declarations" "-D_FILE_OFFSET_BITS=64" "-D_LARGEFILE_SOURCE" "-DRAR_SMP" "-DRARDLL" "-o" "/opt/rustwide/target/debug/build/unrar_sys-e6d0692497b4e3ed/out/0934600a39780889-arcread.o" "-c" "vendor/unrar/arcread.cpp"cargo:rerun-if-env-changed=CXX_x86_64-unknown-linux-gnu
[INFO] [stderr] warning: unrar_sys@0.5.8: c++: fatal error: Killed signal terminated program cc1plus
[INFO] [stderr] warning: unrar_sys@0.5.8: compilation terminated.
[INFO] [stderr] warning: unrar_sys@0.5.8: ToolExecError: command did not execute successfully (status code exit status: 1): LC_ALL="C" "c++" "-O2" "-ffunction-sections" "-fdata-sections" "-fPIC" "-g" "-gdwarf-4" "-fno-omit-frame-pointer" "-m64" "-std=c++14" "-w" "-fPIC" "-Wno-switch" "-Wno-parentheses" "-Wno-macro-redefined" "-Wno-dangling-else" "-Wno-logical-op-parentheses" "-Wno-unused-parameter" "-Wno-unused-variable" "-Wno-unused-function" "-Wno-missing-braces" "-Wno-unknown-pragmas" "-Wno-deprecated-declarations" "-D_FILE_OFFSET_BITS=64" "-D_LARGEFILE_SOURCE" "-DRAR_SMP" "-DRARDLL" "-o" "/opt/rustwide/target/debug/build/unrar_sys-e6d0692497b4e3ed/out/0934600a39780889-unicode.o" "-c" "vendor/unrar/unicode.cpp"cargo:warning=c++: fatal error: Killed signal terminated program cc1plus
[INFO] [stderr] warning: unrar_sys@0.5.8: compilation terminated.
[INFO] [stderr] warning: unrar_sys@0.5.8: ToolExecError: command did not execute successfully (status code exit status: 1): LC_ALL="C" "c++" "-O2" "-ffunction-sections" "-fdata-sections" "-fPIC" "-g" "-gdwarf-4" "-fno-omit-frame-pointer" "-m64" "-std=c++14" "-w" "-fPIC" "-Wno-switch" "-Wno-parentheses" "-Wno-macro-redefined" "-Wno-dangling-else" "-Wno-logical-op-parentheses" "-Wno-unused-parameter" "-Wno-unused-variable" "-Wno-unused-function" "-Wno-missing-braces" "-Wno-unknown-pragmas" "-Wno-deprecated-declarations" "-D_FILE_OFFSET_BITS=64" "-D_LARGEFILE_SOURCE" "-DRAR_SMP" "-DRARDLL" "-o" "/opt/rustwide/target/debug/build/unrar_sys-e6d0692497b4e3ed/out/0934600a39780889-crc.o" "-c" "vendor/unrar/crc.cpp"cargo:warning=c++: fatal error: Killed signal terminated program cc1plus
[INFO] [stderr] warning: unrar_sys@0.5.8: compilation terminated.
[INFO] [stderr] warning: unrar_sys@0.5.8: ToolExecError: command did not execute successfully (status code exit status: 1): LC_ALL="C" "c++" "-O2" "-ffunction-sections" "-fdata-sections" "-fPIC" "-g" "-gdwarf-4" "-fno-omit-frame-pointer" "-m64" "-std=c++14" "-w" "-fPIC" "-Wno-switch" "-Wno-parentheses" "-Wno-macro-redefined" "-Wno-dangling-else" "-Wno-logical-op-parentheses" "-Wno-unused-parameter" "-Wno-unused-variable" "-Wno-unused-function" "-Wno-missing-braces" "-Wno-unknown-pragmas" "-Wno-deprecated-declarations" "-D_FILE_OFFSET_BITS=64" "-D_LARGEFILE_SOURCE" "-DRAR_SMP" "-DRARDLL" "-o" "/opt/rustwide/target/debug/build/unrar_sys-e6d0692497b4e3ed/out/0934600a39780889-encname.o" "-c" "vendor/unrar/encname.cpp"cargo:rerun-if-env-changed=CXX_x86_64-unknown-linux-gnu
[INFO] [stderr] warning: unrar_sys@0.5.8: c++: fatal error: Killed signal terminated program cc1plus
[INFO] [stderr] warning: unrar_sys@0.5.8: compilation terminated.
[INFO] [stderr] warning: unrar_sys@0.5.8: ToolExecError: command did not execute successfully (status code exit status: 1): LC_ALL="C" "c++" "-O2" "-ffunction-sections" "-fdata-sections" "-fPIC" "-g" "-gdwarf-4" "-fno-omit-frame-pointer" "-m64" "-std=c++14" "-w" "-fPIC" "-Wno-switch" "-Wno-parentheses" "-Wno-macro-redefined" "-Wno-dangling-else" "-Wno-logical-op-parentheses" "-Wno-unused-parameter" "-Wno-unused-variable" "-Wno-unused-function" "-Wno-missing-braces" "-Wno-unknown-pragmas" "-Wno-deprecated-declarations" "-D_FILE_OFFSET_BITS=64" "-D_LARGEFILE_SOURCE" "-DRAR_SMP" "-DRARDLL" "-o" "/opt/rustwide/target/debug/build/unrar_sys-e6d0692497b4e3ed/out/0934600a39780889-system.o" "-c" "vendor/unrar/system.cpp"cargo:warning=c++: fatal error: Killed signal terminated program cc1plus
[INFO] [stderr] warning: unrar_sys@0.5.8: compilation terminated.
[INFO] [stderr] warning: unrar_sys@0.5.8: ToolExecError: command did not execute successfully (status code exit status: 1): LC_ALL="C" "c++" "-O2" "-ffunction-sections" "-fdata-sections" "-fPIC" "-g" "-gdwarf-4" "-fno-omit-frame-pointer" "-m64" "-std=c++14" "-w" "-fPIC" "-Wno-switch" "-Wno-parentheses" "-Wno-macro-redefined" "-Wno-dangling-else" "-Wno-logical-op-parentheses" "-Wno-unused-parameter" "-Wno-unused-variable" "-Wno-unused-function" "-Wno-missing-braces" "-Wno-unknown-pragmas" "-Wno-deprecated-declarations" "-D_FILE_OFFSET_BITS=64" "-D_LARGEFILE_SOURCE" "-DRAR_SMP" "-DRARDLL" "-o" "/opt/rustwide/target/debug/build/unrar_sys-e6d0692497b4e3ed/out/0934600a39780889-crypt.o" "-c" "vendor/unrar/crypt.cpp"cargo:rerun-if-env-changed=CXX_x86_64-unknown-linux-gnu
[INFO] [stderr] warning: unrar_sys@0.5.8: c++: fatal error: Killed signal terminated program cc1plus
[INFO] [stderr] warning: unrar_sys@0.5.8: compilation terminated.
[INFO] [stderr] warning: unrar_sys@0.5.8: ToolExecError: command did not execute successfully (status code exit status: 1): LC_ALL="C" "c++" "-O2" "-ffunction-sections" "-fdata-sections" "-fPIC" "-g" "-gdwarf-4" "-fno-omit-frame-pointer" "-m64" "-std=c++14" "-w" "-fPIC" "-Wno-switch" "-Wno-parentheses" "-Wno-macro-redefined" "-Wno-dangling-else" "-Wno-logical-op-parentheses" "-Wno-unused-parameter" "-Wno-unused-variable" "-Wno-unused-function" "-Wno-missing-braces" "-Wno-unknown-pragmas" "-Wno-deprecated-declarations" "-D_FILE_OFFSET_BITS=64" "-D_LARGEFILE_SOURCE" "-DRAR_SMP" "-DRARDLL" "-o" "/opt/rustwide/target/debug/build/unrar_sys-e6d0692497b4e3ed/out/0934600a39780889-rawread.o" "-c" "vendor/unrar/rawread.cpp"cargo:rerun-if-env-changed=CXX_x86_64-unknown-linux-gnu
[INFO] [stderr] warning: unrar_sys@0.5.8: c++: fatal error: Killed signal terminated program cc1plus
[INFO] [stderr] warning: unrar_sys@0.5.8: compilation terminated.
[INFO] [stderr] warning: unrar_sys@0.5.8: ToolExecError: command did not execute successfully (status code exit status: 1): LC_ALL="C" "c++" "-O2" "-ffunction-sections" "-fdata-sections" "-fPIC" "-g" "-gdwarf-4" "-fno-omit-frame-pointer" "-m64" "-std=c++14" "-w" "-fPIC" "-Wno-switch" "-Wno-parentheses" "-Wno-macro-redefined" "-Wno-dangling-else" "-Wno-logical-op-parentheses" "-Wno-unused-parameter" "-Wno-unused-variable" "-Wno-unused-function" "-Wno-missing-braces" "-Wno-unknown-pragmas" "-Wno-deprecated-declarations" "-D_FILE_OFFSET_BITS=64" "-D_LARGEFILE_SOURCE" "-DRAR_SMP" "-DRARDLL" "-o" "/opt/rustwide/target/debug/build/unrar_sys-e6d0692497b4e3ed/out/0934600a39780889-timefn.o" "-c" "vendor/unrar/timefn.cpp"cargo:warning=c++: fatal error: Killed signal terminated program cc1plus
[INFO] [stderr] warning: unrar_sys@0.5.8: compilation terminated.
[INFO] [stderr] warning: unrar_sys@0.5.8: ToolExecError: command did not execute successfully (status code exit status: 1): LC_ALL="C" "c++" "-O2" "-ffunction-sections" "-fdata-sections" "-fPIC" "-g" "-gdwarf-4" "-fno-omit-frame-pointer" "-m64" "-std=c++14" "-w" "-fPIC" "-Wno-switch" "-Wno-parentheses" "-Wno-macro-redefined" "-Wno-dangling-else" "-Wno-logical-op-parentheses" "-Wno-unused-parameter" "-Wno-unused-variable" "-Wno-unused-function" "-Wno-missing-braces" "-Wno-unknown-pragmas" "-Wno-deprecated-declarations" "-D_FILE_OFFSET_BITS=64" "-D_LARGEFILE_SOURCE" "-DRAR_SMP" "-DRARDLL" "-o" "/opt/rustwide/target/debug/build/unrar_sys-e6d0692497b4e3ed/out/0934600a39780889-rdwrfn.o" "-c" "vendor/unrar/rdwrfn.cpp"cargo:rerun-if-env-changed=CXX_x86_64-unknown-linux-gnu
[INFO] [stderr] warning: unrar_sys@0.5.8: c++: fatal error: Killed signal terminated program cc1plus
[INFO] [stderr] warning: unrar_sys@0.5.8: compilation terminated.
[INFO] [stderr] warning: unrar_sys@0.5.8: ToolExecError: command did not execute successfully (status code exit status: 1): LC_ALL="C" "c++" "-O2" "-ffunction-sections" "-fdata-sections" "-fPIC" "-g" "-gdwarf-4" "-fno-omit-frame-pointer" "-m64" "-std=c++14" "-w" "-fPIC" "-Wno-switch" "-Wno-parentheses" "-Wno-macro-redefined" "-Wno-dangling-else" "-Wno-logical-op-parentheses" "-Wno-unused-parameter" "-Wno-unused-variable" "-Wno-unused-function" "-Wno-missing-braces" "-Wno-unknown-pragmas" "-Wno-deprecated-declarations" "-D_FILE_OFFSET_BITS=64" "-D_LARGEFILE_SOURCE" "-DRAR_SMP" "-DRARDLL" "-o" "/opt/rustwide/target/debug/build/unrar_sys-e6d0692497b4e3ed/out/0934600a39780889-match.o" "-c" "vendor/unrar/match.cpp"cargo:warning=c++: fatal error: Killed signal terminated program cc1plus
[INFO] [stderr] warning: unrar_sys@0.5.8: compilation terminated.
[INFO] [stderr] warning: unrar_sys@0.5.8: ToolExecError: command did not execute successfully (status code exit status: 1): LC_ALL="C" "c++" "-O2" "-ffunction-sections" "-fdata-sections" "-fPIC" "-g" "-gdwarf-4" "-fno-omit-frame-pointer" "-m64" "-std=c++14" "-w" "-fPIC" "-Wno-switch" "-Wno-parentheses" "-Wno-macro-redefined" "-Wno-dangling-else" "-Wno-logical-op-parentheses" "-Wno-unused-parameter" "-Wno-unused-variable" "-Wno-unused-function" "-Wno-missing-braces" "-Wno-unknown-pragmas" "-Wno-deprecated-declarations" "-D_FILE_OFFSET_BITS=64" "-D_LARGEFILE_SOURCE" "-DRAR_SMP" "-DRARDLL" "-o" "/opt/rustwide/target/debug/build/unrar_sys-e6d0692497b4e3ed/out/0934600a39780889-consio.o" "-c" "vendor/unrar/consio.cpp"cargo:warning=c++: fatal error: Killed signal terminated program cc1plus
[INFO] [stderr] warning: unrar_sys@0.5.8: compilation terminated.
[INFO] [stderr] warning: unrar_sys@0.5.8: ToolExecError: command did not execute successfully (status code exit status: 1): LC_ALL="C" "c++" "-O2" "-ffunction-sections" "-fdata-sections" "-fPIC" "-g" "-gdwarf-4" "-fno-omit-frame-pointer" "-m64" "-std=c++14" "-w" "-fPIC" "-Wno-switch" "-Wno-parentheses" "-Wno-macro-redefined" "-Wno-dangling-else" "-Wno-logical-op-parentheses" "-Wno-unused-parameter" "-Wno-unused-variable" "-Wno-unused-function" "-Wno-missing-braces" "-Wno-unknown-pragmas" "-Wno-deprecated-declarations" "-D_FILE_OFFSET_BITS=64" "-D_LARGEFILE_SOURCE" "-DRAR_SMP" "-DRARDLL" "-o" "/opt/rustwide/target/debug/build/unrar_sys-e6d0692497b4e3ed/out/0934600a39780889-errhnd.o" "-c" "vendor/unrar/errhnd.cpp"cargo:rerun-if-env-changed=CXX_x86_64-unknown-linux-gnu
[INFO] [stderr] warning: unrar_sys@0.5.8: c++: fatal error: Killed signal terminated program cc1plus
[INFO] [stderr] warning: unrar_sys@0.5.8: compilation terminated.
[INFO] [stderr] warning: unrar_sys@0.5.8: ToolExecError: command did not execute successfully (status code exit status: 1): LC_ALL="C" "c++" "-O2" "-ffunction-sections" "-fdata-sections" "-fPIC" "-g" "-gdwarf-4" "-fno-omit-frame-pointer" "-m64" "-std=c++14" "-w" "-fPIC" "-Wno-switch" "-Wno-parentheses" "-Wno-macro-redefined" "-Wno-dangling-else" "-Wno-logical-op-parentheses" "-Wno-unused-parameter" "-Wno-unused-variable" "-Wno-unused-function" "-Wno-missing-braces" "-Wno-unknown-pragmas" "-Wno-deprecated-declarations" "-D_FILE_OFFSET_BITS=64" "-D_LARGEFILE_SOURCE" "-DRAR_SMP" "-DRARDLL" "-o" "/opt/rustwide/target/debug/build/unrar_sys-e6d0692497b4e3ed/out/0934600a39780889-options.o" "-c" "vendor/unrar/options.cpp"cargo:rerun-if-env-changed=CXX_x86_64-unknown-linux-gnu
[INFO] [stderr] warning: unrar_sys@0.5.8: c++: fatal error: Killed signal terminated program cc1plus
[INFO] [stderr] warning: unrar_sys@0.5.8: compilation terminated.
[INFO] [stderr] warning: unrar_sys@0.5.8: ToolExecError: command did not execute successfully (status code exit status: 1): LC_ALL="C" "c++" "-O2" "-ffunction-sections" "-fdata-sections" "-fPIC" "-g" "-gdwarf-4" "-fno-omit-frame-pointer" "-m64" "-std=c++14" "-w" "-fPIC" "-Wno-switch" "-Wno-parentheses" "-Wno-macro-redefined" "-Wno-dangling-else" "-Wno-logical-op-parentheses" "-Wno-unused-parameter" "-Wno-unused-variable" "-Wno-unused-function" "-Wno-missing-braces" "-Wno-unknown-pragmas" "-Wno-deprecated-declarations" "-D_FILE_OFFSET_BITS=64" "-D_LARGEFILE_SOURCE" "-DRAR_SMP" "-DRARDLL" "-o" "/opt/rustwide/target/debug/build/unrar_sys-e6d0692497b4e3ed/out/0934600a39780889-secpassword.o" "-c" "vendor/unrar/secpassword.cpp"cargo:rerun-if-env-changed=CXX_x86_64-unknown-linux-gnu
[INFO] [stderr] warning: unrar_sys@0.5.8: c++: fatal error: Killed signal terminated program cc1plus
[INFO] [stderr] warning: unrar_sys@0.5.8: compilation terminated.
[INFO] [stderr] warning: unrar_sys@0.5.8: ToolExecError: command did not execute successfully (status code exit status: 1): LC_ALL="C" "c++" "-O2" "-ffunction-sections" "-fdata-sections" "-fPIC" "-g" "-gdwarf-4" "-fno-omit-frame-pointer" "-m64" "-std=c++14" "-w" "-fPIC" "-Wno-switch" "-Wno-parentheses" "-Wno-macro-redefined" "-Wno-dangling-else" "-Wno-logical-op-parentheses" "-Wno-unused-parameter" "-Wno-unused-variable" "-Wno-unused-function" "-Wno-missing-braces" "-Wno-unknown-pragmas" "-Wno-deprecated-declarations" "-D_FILE_OFFSET_BITS=64" "-D_LARGEFILE_SOURCE" "-DRAR_SMP" "-DRARDLL" "-o" "/opt/rustwide/target/debug/build/unrar_sys-e6d0692497b4e3ed/out/0934600a39780889-rijndael.o" "-c" "vendor/unrar/rijndael.cpp"cargo:rerun-if-env-changed=CXX_x86_64-unknown-linux-gnu
[INFO] [stderr] warning: unrar_sys@0.5.8: c++: fatal error: Killed signal terminated program cc1plus
[INFO] [stderr] warning: unrar_sys@0.5.8: compilation terminated.
[INFO] [stderr] warning: unrar_sys@0.5.8: ToolExecError: command did not execute successfully (status code exit status: 1): LC_ALL="C" "c++" "-O2" "-ffunction-sections" "-fdata-sections" "-fPIC" "-g" "-gdwarf-4" "-fno-omit-frame-pointer" "-m64" "-std=c++14" "-w" "-fPIC" "-Wno-switch" "-Wno-parentheses" "-Wno-macro-redefined" "-Wno-dangling-else" "-Wno-logical-op-parentheses" "-Wno-unused-parameter" "-Wno-unused-variable" "-Wno-unused-function" "-Wno-missing-braces" "-Wno-unknown-pragmas" "-Wno-deprecated-declarations" "-D_FILE_OFFSET_BITS=64" "-D_LARGEFILE_SOURCE" "-DRAR_SMP" "-DRARDLL" "-o" "/opt/rustwide/target/debug/build/unrar_sys-e6d0692497b4e3ed/out/0934600a39780889-getbits.o" "-c" "vendor/unrar/getbits.cpp"cargo:rerun-if-env-changed=CXX_x86_64-unknown-linux-gnu
[INFO] [stderr] warning: unrar_sys@0.5.8: c++: fatal error: Killed signal terminated program cc1plus
[INFO] [stderr] warning: unrar_sys@0.5.8: compilation terminated.
[INFO] [stderr] warning: unrar_sys@0.5.8: ToolExecError: command did not execute successfully (status code exit status: 1): LC_ALL="C" "c++" "-O2" "-ffunction-sections" "-fdata-sections" "-fPIC" "-g" "-gdwarf-4" "-fno-omit-frame-pointer" "-m64" "-std=c++14" "-w" "-fPIC" "-Wno-switch" "-Wno-parentheses" "-Wno-macro-redefined" "-Wno-dangling-else" "-Wno-logical-op-parentheses" "-Wno-unused-parameter" "-Wno-unused-variable" "-Wno-unused-function" "-Wno-missing-braces" "-Wno-unknown-pragmas" "-Wno-deprecated-declarations" "-D_FILE_OFFSET_BITS=64" "-D_LARGEFILE_SOURCE" "-DRAR_SMP" "-DRARDLL" "-o" "/opt/rustwide/target/debug/build/unrar_sys-e6d0692497b4e3ed/out/0934600a39780889-rarvm.o" "-c" "vendor/unrar/rarvm.cpp"cargo:rerun-if-env-changed=CXX_x86_64-unknown-linux-gnu
[INFO] [stderr] warning: unrar_sys@0.5.8: c++: fatal error: Killed signal terminated program cc1plus
[INFO] [stderr] warning: unrar_sys@0.5.8: compilation terminated.
[INFO] [stderr] warning: unrar_sys@0.5.8: ToolExecError: command did not execute successfully (status code exit status: 1): LC_ALL="C" "c++" "-O2" "-ffunction-sections" "-fdata-sections" "-fPIC" "-g" "-gdwarf-4" "-fno-omit-frame-pointer" "-m64" "-std=c++14" "-w" "-fPIC" "-Wno-switch" "-Wno-parentheses" "-Wno-macro-redefined" "-Wno-dangling-else" "-Wno-logical-op-parentheses" "-Wno-unused-parameter" "-Wno-unused-variable" "-Wno-unused-function" "-Wno-missing-braces" "-Wno-unknown-pragmas" "-Wno-deprecated-declarations" "-D_FILE_OFFSET_BITS=64" "-D_LARGEFILE_SOURCE" "-DRAR_SMP" "-DRARDLL" "-o" "/opt/rustwide/target/debug/build/unrar_sys-e6d0692497b4e3ed/out/0934600a39780889-sha1.o" "-c" "vendor/unrar/sha1.cpp"cargo:warning=c++: fatal error: Killed signal terminated program cc1plus
[INFO] [stderr] warning: unrar_sys@0.5.8: compilation terminated.
[INFO] [stderr] warning: unrar_sys@0.5.8: ToolExecError: command did not execute successfully (status code exit status: 1): LC_ALL="C" "c++" "-O2" "-ffunction-sections" "-fdata-sections" "-fPIC" "-g" "-gdwarf-4" "-fno-omit-frame-pointer" "-m64" "-std=c++14" "-w" "-fPIC" "-Wno-switch" "-Wno-parentheses" "-Wno-macro-redefined" "-Wno-dangling-else" "-Wno-logical-op-parentheses" "-Wno-unused-parameter" "-Wno-unused-variable" "-Wno-unused-function" "-Wno-missing-braces" "-Wno-unknown-pragmas" "-Wno-deprecated-declarations" "-D_FILE_OFFSET_BITS=64" "-D_LARGEFILE_SOURCE" "-DRAR_SMP" "-DRARDLL" "-o" "/opt/rustwide/target/debug/build/unrar_sys-e6d0692497b4e3ed/out/0934600a39780889-sha256.o" "-c" "vendor/unrar/sha256.cpp"cargo:warning=c++: fatal error: Killed signal terminated program cc1plus
[INFO] [stderr] warning: unrar_sys@0.5.8: compilation terminated.
[INFO] [stderr] warning: unrar_sys@0.5.8: ToolExecError: command did not execute successfully (status code exit status: 1): LC_ALL="C" "c++" "-O2" "-ffunction-sections" "-fdata-sections" "-fPIC" "-g" "-gdwarf-4" "-fno-omit-frame-pointer" "-m64" "-std=c++14" "-w" "-fPIC" "-Wno-switch" "-Wno-parentheses" "-Wno-macro-redefined" "-Wno-dangling-else" "-Wno-logical-op-parentheses" "-Wno-unused-parameter" "-Wno-unused-variable" "-Wno-unused-function" "-Wno-missing-braces" "-Wno-unknown-pragmas" "-Wno-deprecated-declarations" "-D_FILE_OFFSET_BITS=64" "-D_LARGEFILE_SOURCE" "-DRAR_SMP" "-DRARDLL" "-o" "/opt/rustwide/target/debug/build/unrar_sys-e6d0692497b4e3ed/out/0934600a39780889-blake2s.o" "-c" "vendor/unrar/blake2s.cpp"cargo:warning=c++: fatal error: Killed signal terminated program cc1plus
[INFO] [stderr] warning: unrar_sys@0.5.8: compilation terminated.
[INFO] [stderr] warning: unrar_sys@0.5.8: ToolExecError: command did not execute successfully (status code exit status: 1): LC_ALL="C" "c++" "-O2" "-ffunction-sections" "-fdata-sections" "-fPIC" "-g" "-gdwarf-4" "-fno-omit-frame-pointer" "-m64" "-std=c++14" "-w" "-fPIC" "-Wno-switch" "-Wno-parentheses" "-Wno-macro-redefined" "-Wno-dangling-else" "-Wno-logical-op-parentheses" "-Wno-unused-parameter" "-Wno-unused-variable" "-Wno-unused-function" "-Wno-missing-braces" "-Wno-unknown-pragmas" "-Wno-deprecated-declarations" "-D_FILE_OFFSET_BITS=64" "-D_LARGEFILE_SOURCE" "-DRAR_SMP" "-DRARDLL" "-o" "/opt/rustwide/target/debug/build/unrar_sys-e6d0692497b4e3ed/out/0934600a39780889-hash.o" "-c" "vendor/unrar/hash.cpp"cargo:warning=c++: fatal error: Killed signal terminated program cc1plus
[INFO] [stderr] warning: unrar_sys@0.5.8: compilation terminated.
[INFO] [stderr] warning: unrar_sys@0.5.8: ToolExecError: command did not execute successfully (status code exit status: 1): LC_ALL="C" "c++" "-O2" "-ffunction-sections" "-fdata-sections" "-fPIC" "-g" "-gdwarf-4" "-fno-omit-frame-pointer" "-m64" "-std=c++14" "-w" "-fPIC" "-Wno-switch" "-Wno-parentheses" "-Wno-macro-redefined" "-Wno-dangling-else" "-Wno-logical-op-parentheses" "-Wno-unused-parameter" "-Wno-unused-variable" "-Wno-unused-function" "-Wno-missing-braces" "-Wno-unknown-pragmas" "-Wno-deprecated-declarations" "-D_FILE_OFFSET_BITS=64" "-D_LARGEFILE_SOURCE" "-DRAR_SMP" "-DRARDLL" "-o" "/opt/rustwide/target/debug/build/unrar_sys-e6d0692497b4e3ed/out/0934600a39780889-extinfo.o" "-c" "vendor/unrar/extinfo.cpp"cargo:rerun-if-env-changed=CXX_x86_64-unknown-linux-gnu
[INFO] [stderr] warning: unrar_sys@0.5.8: c++: fatal error: Killed signal terminated program cc1plus
[INFO] [stderr] warning: unrar_sys@0.5.8: compilation terminated.
[INFO] [stderr] warning: unrar_sys@0.5.8: ToolExecError: command did not execute successfully (status code exit status: 1): LC_ALL="C" "c++" "-O2" "-ffunction-sections" "-fdata-sections" "-fPIC" "-g" "-gdwarf-4" "-fno-omit-frame-pointer" "-m64" "-std=c++14" "-w" "-fPIC" "-Wno-switch" "-Wno-parentheses" "-Wno-macro-redefined" "-Wno-dangling-else" "-Wno-logical-op-parentheses" "-Wno-unused-parameter" "-Wno-unused-variable" "-Wno-unused-function" "-Wno-missing-braces" "-Wno-unknown-pragmas" "-Wno-deprecated-declarations" "-D_FILE_OFFSET_BITS=64" "-D_LARGEFILE_SOURCE" "-DRAR_SMP" "-DRARDLL" "-o" "/opt/rustwide/target/debug/build/unrar_sys-e6d0692497b4e3ed/out/0934600a39780889-extract.o" "-c" "vendor/unrar/extract.cpp"cargo:warning=c++: fatal error: Killed signal terminated program cc1plus
[INFO] [stderr] warning: unrar_sys@0.5.8: compilation terminated.
[INFO] [stderr] warning: unrar_sys@0.5.8: ToolExecError: command did not execute successfully (status code exit status: 1): LC_ALL="C" "c++" "-O2" "-ffunction-sections" "-fdata-sections" "-fPIC" "-g" "-gdwarf-4" "-fno-omit-frame-pointer" "-m64" "-std=c++14" "-w" "-fPIC" "-Wno-switch" "-Wno-parentheses" "-Wno-macro-redefined" "-Wno-dangling-else" "-Wno-logical-op-parentheses" "-Wno-unused-parameter" "-Wno-unused-variable" "-Wno-unused-function" "-Wno-missing-braces" "-Wno-unknown-pragmas" "-Wno-deprecated-declarations" "-D_FILE_OFFSET_BITS=64" "-D_LARGEFILE_SOURCE" "-DRAR_SMP" "-DRARDLL" "-o" "/opt/rustwide/target/debug/build/unrar_sys-e6d0692497b4e3ed/out/0934600a39780889-find.o" "-c" "vendor/unrar/find.cpp"cargo:warning=c++: fatal error: Killed signal terminated program cc1plus
[INFO] [stderr] warning: unrar_sys@0.5.8: compilation terminated.
[INFO] [stderr] warning: unrar_sys@0.5.8: ToolExecError: command did not execute successfully (status code exit status: 1): LC_ALL="C" "c++" "-O2" "-ffunction-sections" "-fdata-sections" "-fPIC" "-g" "-gdwarf-4" "-fno-omit-frame-pointer" "-m64" "-std=c++14" "-w" "-fPIC" "-Wno-switch" "-Wno-parentheses" "-Wno-macro-redefined" "-Wno-dangling-else" "-Wno-logical-op-parentheses" "-Wno-unused-parameter" "-Wno-unused-variable" "-Wno-unused-function" "-Wno-missing-braces" "-Wno-unknown-pragmas" "-Wno-deprecated-declarations" "-D_FILE_OFFSET_BITS=64" "-D_LARGEFILE_SOURCE" "-DRAR_SMP" "-DRARDLL" "-o" "/opt/rustwide/target/debug/build/unrar_sys-e6d0692497b4e3ed/out/0934600a39780889-threadpool.o" "-c" "vendor/unrar/threadpool.cpp"cargo:warning=c++: fatal error: Killed signal terminated program cc1plus
[INFO] [stderr] warning: unrar_sys@0.5.8: compilation terminated.
[INFO] [stderr] warning: unrar_sys@0.5.8: ToolExecError: command did not execute successfully (status code exit status: 1): LC_ALL="C" "c++" "-O2" "-ffunction-sections" "-fdata-sections" "-fPIC" "-g" "-gdwarf-4" "-fno-omit-frame-pointer" "-m64" "-std=c++14" "-w" "-fPIC" "-Wno-switch" "-Wno-parentheses" "-Wno-macro-redefined" "-Wno-dangling-else" "-Wno-logical-op-parentheses" "-Wno-unused-parameter" "-Wno-unused-variable" "-Wno-unused-function" "-Wno-missing-braces" "-Wno-unknown-pragmas" "-Wno-deprecated-declarations" "-D_FILE_OFFSET_BITS=64" "-D_LARGEFILE_SOURCE" "-DRAR_SMP" "-DRARDLL" "-o" "/opt/rustwide/target/debug/build/unrar_sys-e6d0692497b4e3ed/out/0934600a39780889-volume.o" "-c" "vendor/unrar/volume.cpp"cargo:warning=c++: fatal error: Killed signal terminated program cc1plus
[INFO] [stderr] warning: unrar_sys@0.5.8: compilation terminated.
[INFO] [stderr] warning: unrar_sys@0.5.8: ToolExecError: command did not execute successfully (status code exit status: 1): LC_ALL="C" "c++" "-O2" "-ffunction-sections" "-fdata-sections" "-fPIC" "-g" "-gdwarf-4" "-fno-omit-frame-pointer" "-m64" "-std=c++14" "-w" "-fPIC" "-Wno-switch" "-Wno-parentheses" "-Wno-macro-redefined" "-Wno-dangling-else" "-Wno-logical-op-parentheses" "-Wno-unused-parameter" "-Wno-unused-variable" "-Wno-unused-function" "-Wno-missing-braces" "-Wno-unknown-pragmas" "-Wno-deprecated-declarations" "-D_FILE_OFFSET_BITS=64" "-D_LARGEFILE_SOURCE" "-DRAR_SMP" "-DRARDLL" "-o" "/opt/rustwide/target/debug/build/unrar_sys-e6d0692497b4e3ed/out/0934600a39780889-list.o" "-c" "vendor/unrar/list.cpp"cargo:warning=c++: fatal error: Killed signal terminated program cc1plus
[INFO] [stderr] warning: unrar_sys@0.5.8: compilation terminated.
[INFO] [stderr] warning: unrar_sys@0.5.8: ToolExecError: command did not execute successfully (status code exit status: 1): LC_ALL="C" "c++" "-O2" "-ffunction-sections" "-fdata-sections" "-fPIC" "-g" "-gdwarf-4" "-fno-omit-frame-pointer" "-m64" "-std=c++14" "-w" "-fPIC" "-Wno-switch" "-Wno-parentheses" "-Wno-macro-redefined" "-Wno-dangling-else" "-Wno-logical-op-parentheses" "-Wno-unused-parameter" "-Wno-unused-variable" "-Wno-unused-function" "-Wno-missing-braces" "-Wno-unknown-pragmas" "-Wno-deprecated-declarations" "-D_FILE_OFFSET_BITS=64" "-D_LARGEFILE_SOURCE" "-DRAR_SMP" "-DRARDLL" "-o" "/opt/rustwide/target/debug/build/unrar_sys-e6d0692497b4e3ed/out/0934600a39780889-unpack.o" "-c" "vendor/unrar/unpack.cpp"
[INFO] [stderr] error: failed to run custom build command for `unrar_sys v0.5.8`
[INFO] [stderr] note: To improve backtraces for build dependencies, set the CARGO_PROFILE_DEV_BUILD_OVERRIDE_DEBUG=true environment variable to enable debug information generation.
[INFO] [stderr] 
[INFO] [stderr] Caused by:
[INFO] [stderr]   process didn't exit successfully: `/opt/rustwide/target/debug/build/unrar_sys-6398af6bd857ab5e/build-script-build` (exit status: 1)
[INFO] [stderr]   --- stdout
[INFO] [stderr]   cargo:rustc-link-lib=pthread
[INFO] [stderr]   cargo:rerun-if-env-changed=CC_FORCE_DISABLE
[INFO] [stderr]   CC_FORCE_DISABLE = None
[INFO] [stderr]   cargo:rerun-if-env-changed=CXX_x86_64-unknown-linux-gnu
[INFO] [stderr]   CXX_x86_64-unknown-linux-gnu = None
[INFO] [stderr]   cargo:rerun-if-env-changed=CXX_x86_64_unknown_linux_gnu
[INFO] [stderr]   CXX_x86_64_unknown_linux_gnu = None
[INFO] [stderr]   cargo:rerun-if-env-changed=HOST_CXX
[INFO] [stderr]   HOST_CXX = None
[INFO] [stderr]   cargo:rerun-if-env-changed=CXX
[INFO] [stderr]   CXX = None
[INFO] [stderr]   cargo:rerun-if-env-changed=CC_ENABLE_DEBUG_OUTPUT
[INFO] [stderr]   cargo:rerun-if-env-changed=CRATE_CC_NO_DEFAULTS
[INFO] [stderr]   CRATE_CC_NO_DEFAULTS = None
[INFO] [stderr]   cargo:rerun-if-env-changed=CXXFLAGS
[INFO] [stderr]   CXXFLAGS = None
[INFO] [stderr]   cargo:rerun-if-env-changed=HOST_CXXFLAGS
[INFO] [stderr]   HOST_CXXFLAGS = None
[INFO] [stderr]   cargo:rerun-if-env-changed=CXXFLAGS_x86_64_unknown_linux_gnu
[INFO] [stderr]   CXXFLAGS_x86_64_unknown_linux_gnu = None
[INFO] [stderr]   cargo:rerun-if-env-changed=CXXFLAGS_x86_64-unknown-linux-gnu
[INFO] [stderr]   CXXFLAGS_x86_64-unknown-linux-gnu = None
[INFO] [stderr]   cargo:rerun-if-env-changed=CC_ENABLE_DEBUG_OUTPUT
[INFO] [stderr]   cargo:rerun-if-env-changed=CRATE_CC_NO_DEFAULTS
[INFO] [stderr]   CRATE_CC_NO_DEFAULTS = None
[INFO] [stderr]   cargo:rerun-if-env-changed=CXXFLAGS
[INFO] [stderr]   CXXFLAGS = None
[INFO] [stderr]   cargo:rerun-if-env-changed=HOST_CXXFLAGS
[INFO] [stderr]   HOST_CXXFLAGS = None
[INFO] [stderr]   cargo:rerun-if-env-changed=CXXFLAGS_x86_64_unknown_linux_gnu
[INFO] [stderr]   CXXFLAGS_x86_64_unknown_linux_gnu = None
[INFO] [stderr]   cargo:rerun-if-env-changed=CXXFLAGS_x86_64-unknown-linux-gnu
[INFO] [stderr]   CXXFLAGS_x86_64-unknown-linux-gnu = None
[INFO] [stderr]   cargo:rerun-if-env-changed=CC_ENABLE_DEBUG_OUTPUT
[INFO] [stderr]   cargo:rerun-if-env-changed=CRATE_CC_NO_DEFAULTS
[INFO] [stderr]   CRATE_CC_NO_DEFAULTS = None
[INFO] [stderr]   cargo:rerun-if-env-changed=CXXFLAGS
[INFO] [stderr]   CXXFLAGS = None
[INFO] [stderr]   cargo:rerun-if-env-changed=HOST_CXXFLAGS
[INFO] [stderr]   HOST_CXXFLAGS = None
[INFO] [stderr]   cargo:rerun-if-env-changed=CXXFLAGS_x86_64_unknown_linux_gnu
[INFO] [stderr]   CXXFLAGS_x86_64_unknown_linux_gnu = None
[INFO] [stderr]   cargo:rerun-if-env-changed=CXXFLAGS_x86_64-unknown-linux-gnu
[INFO] [stderr]   CXXFLAGS_x86_64-unknown-linux-gnu = None
[INFO] [stderr]   cargo:rerun-if-env-changed=CC_ENABLE_DEBUG_OUTPUT
[INFO] [stderr]   cargo:rerun-if-env-changed=CRATE_CC_NO_DEFAULTS
[INFO] [stderr]   CRATE_CC_NO_DEFAULTS = None
[INFO] [stderr]   cargo:rerun-if-env-changed=CXXFLAGS
[INFO] [stderr]   CXXFLAGS = None
[INFO] [stderr]   cargo:rerun-if-env-changed=HOST_CXXFLAGS
[INFO] [stderr]   HOST_CXXFLAGS = None
[INFO] [stderr]   cargo:rerun-if-env-changed=CXXFLAGS_x86_64_unknown_linux_gnu
[INFO] [stderr]   CXXFLAGS_x86_64_unknown_linux_gnu = None
[INFO] [stderr]   cargo:rerun-if-env-changed=CXXFLAGS_x86_64-unknown-linux-gnu
[INFO] [stderr]   CXXFLAGS_x86_64-unknown-linux-gnu = None
[INFO] [stderr]   cargo:rerun-if-env-changed=CC_ENABLE_DEBUG_OUTPUT
[INFO] [stderr]   cargo:rerun-if-env-changed=CRATE_CC_NO_DEFAULTS
[INFO] [stderr]   CRATE_CC_NO_DEFAULTS = None
[INFO] [stderr]   cargo:rerun-if-env-changed=CXXFLAGS
[INFO] [stderr]   CXXFLAGS = None
[INFO] [stderr]   cargo:rerun-if-env-changed=HOST_CXXFLAGS
[INFO] [stderr]   HOST_CXXFLAGS = None
[INFO] [stderr]   cargo:rerun-if-env-changed=CXXFLAGS_x86_64_unknown_linux_gnu
[INFO] [stderr]   CXXFLAGS_x86_64_unknown_linux_gnu = None
[INFO] [stderr]   cargo:rerun-if-env-changed=CXXFLAGS_x86_64-unknown-linux-gnu
[INFO] [stderr]   CXXFLAGS_x86_64-unknown-linux-gnu = None
[INFO] [stderr]   cargo:rerun-if-env-changed=CC_ENABLE_DEBUG_OUTPUT
[INFO] [stderr]   cargo:rerun-if-env-changed=CRATE_CC_NO_DEFAULTS
[INFO] [stderr]   CRATE_CC_NO_DEFAULTS = None
[INFO] [stderr]   cargo:rerun-if-env-changed=CXXFLAGS
[INFO] [stderr]   CXXFLAGS = None
[INFO] [stderr]   cargo:rerun-if-env-changed=HOST_CXXFLAGS
[INFO] [stderr]   HOST_CXXFLAGS = None
[INFO] [stderr]   cargo:rerun-if-env-changed=CXXFLAGS_x86_64_unknown_linux_gnu
[INFO] [stderr]   CXXFLAGS_x86_64_unknown_linux_gnu = None
[INFO] [stderr]   cargo:rerun-if-env-changed=CXXFLAGS_x86_64-unknown-linux-gnu
[INFO] [stderr]   CXXFLAGS_x86_64-unknown-linux-gnu = None
[INFO] [stderr]   cargo:rerun-if-env-changed=CC_ENABLE_DEBUG_OUTPUT
[INFO] [stderr]   cargo:rerun-if-env-changed=CRATE_CC_NO_DEFAULTS
[INFO] [stderr]   CRATE_CC_NO_DEFAULTS = None
[INFO] [stderr]   cargo:rerun-if-env-changed=CXXFLAGS
[INFO] [stderr]   CXXFLAGS = None
[INFO] [stderr]   cargo:rerun-if-env-changed=HOST_CXXFLAGS
[INFO] [stderr]   HOST_CXXFLAGS = None
[INFO] [stderr]   cargo:rerun-if-env-changed=CXXFLAGS_x86_64_unknown_linux_gnu
[INFO] [stderr]   CXXFLAGS_x86_64_unknown_linux_gnu = None
[INFO] [stderr]   cargo:rerun-if-env-changed=CXXFLAGS_x86_64-unknown-linux-gnu
[INFO] [stderr]   CXXFLAGS_x86_64-unknown-linux-gnu = None
[INFO] [stderr]   cargo:rerun-if-env-changed=CC_ENABLE_DEBUG_OUTPUT
[INFO] [stderr]   cargo:rerun-if-env-changed=CRATE_CC_NO_DEFAULTS
[INFO] [stderr]   CRATE_CC_NO_DEFAULTS = None
[INFO] [stderr]   cargo:rerun-if-env-changed=CXXFLAGS
[INFO] [stderr]   CXXFLAGS = None
[INFO] [stderr]   cargo:rerun-if-env-changed=HOST_CXXFLAGS
[INFO] [stderr]   HOST_CXXFLAGS = None
[INFO] [stderr]   cargo:rerun-if-env-changed=CXXFLAGS_x86_64_unknown_linux_gnu
[INFO] [stderr]   CXXFLAGS_x86_64_unknown_linux_gnu = None
[INFO] [stderr]   cargo:rerun-if-env-changed=CXXFLAGS_x86_64-unknown-linux-gnu
[INFO] [stderr]   CXXFLAGS_x86_64-unknown-linux-gnu = None
[INFO] [stderr]   cargo:rerun-if-env-changed=CC_ENABLE_DEBUG_OUTPUT
[INFO] [stderr]   cargo:rerun-if-env-changed=CRATE_CC_NO_DEFAULTS
[INFO] [stderr]   CRATE_CC_NO_DEFAULTS = None
[INFO] [stderr]   cargo:rerun-if-env-changed=CXXFLAGS
[INFO] [stderr]   CXXFLAGS = None
[INFO] [stderr]   cargo:rerun-if-env-changed=HOST_CXXFLAGS
[INFO] [stderr]   HOST_CXXFLAGS = None
[INFO] [stderr]   cargo:rerun-if-env-changed=CXXFLAGS_x86_64_unknown_linux_gnu
[INFO] [stderr]   CXXFLAGS_x86_64_unknown_linux_gnu = None
[INFO] [stderr]   cargo:rerun-if-env-changed=CXXFLAGS_x86_64-unknown-linux-gnu
[INFO] [stderr]   CXXFLAGS_x86_64-unknown-linux-gnu = None
[INFO] [stderr]   cargo:rerun-if-env-changed=CC_ENABLE_DEBUG_OUTPUT
[INFO] [stderr]   cargo:rerun-if-env-changed=CRATE_CC_NO_DEFAULTS
[INFO] [stderr]   CRATE_CC_NO_DEFAULTS = None
[INFO] [stderr]   cargo:rerun-if-env-changed=CXXFLAGS
[INFO] [stderr]   CXXFLAGS = None
[INFO] [stderr]   cargo:rerun-if-env-changed=HOST_CXXFLAGS
[INFO] [stderr]   HOST_CXXFLAGS = None
[INFO] [stderr]   cargo:rerun-if-env-changed=CXXFLAGS_x86_64_unknown_linux_gnu
[INFO] [stderr]   CXXFLAGS_x86_64_unknown_linux_gnu = None
[INFO] [stderr]   cargo:rerun-if-env-changed=CXXFLAGS_x86_64-unknown-linux-gnu
[INFO] [stderr]   CXXFLAGS_x86_64-unknown-linux-gnu = None
[INFO] [stderr]   cargo:rerun-if-env-changed=CC_ENABLE_DEBUG_OUTPUT
[INFO] [stderr]   cargo:rerun-if-env-changed=CRATE_CC_NO_DEFAULTS
[INFO] [stderr]   CRATE_CC_NO_DEFAULTS = None
[INFO] [stderr]   cargo:rerun-if-env-changed=CXXFLAGS
[INFO] [stderr]   CXXFLAGS = None
[INFO] [stderr]   cargo:rerun-if-env-changed=HOST_CXXFLAGS
[INFO] [stderr]   HOST_CXXFLAGS = None
[INFO] [stderr]   cargo:rerun-if-env-changed=CXXFLAGS_x86_64_unknown_linux_gnu
[INFO] [stderr]   CXXFLAGS_x86_64_unknown_linux_gnu = None
[INFO] [stderr]   cargo:rerun-if-env-changed=CXXFLAGS_x86_64-unknown-linux-gnu
[INFO] [stderr]   CXXFLAGS_x86_64-unknown-linux-gnu = None
[INFO] [stderr]   cargo:rerun-if-env-changed=CC_ENABLE_DEBUG_OUTPUT
[INFO] [stderr]   cargo:rerun-if-env-changed=CRATE_CC_NO_DEFAULTS
[INFO] [stderr]   CRATE_CC_NO_DEFAULTS = None
[INFO] [stderr]   cargo:rerun-if-env-changed=CXXFLAGS
[INFO] [stderr]   CXXFLAGS = None
[INFO] [stderr]   cargo:rerun-if-env-changed=HOST_CXXFLAGS
[INFO] [stderr]   HOST_CXXFLAGS = None
[INFO] [stderr]   cargo:rerun-if-env-changed=CXXFLAGS_x86_64_unknown_linux_gnu
[INFO] [stderr]   CXXFLAGS_x86_64_unknown_linux_gnu = None
[INFO] [stderr]   cargo:rerun-if-env-changed=CXXFLAGS_x86_64-unknown-linux-gnu
[INFO] [stderr]   CXXFLAGS_x86_64-unknown-linux-gnu = None
[INFO] [stderr]   cargo:rerun-if-env-changed=CC_ENABLE_DEBUG_OUTPUT
[INFO] [stderr]   cargo:rerun-if-env-changed=CRATE_CC_NO_DEFAULTS
[INFO] [stderr]   CRATE_CC_NO_DEFAULTS = None
[INFO] [stderr]   cargo:rerun-if-env-changed=CXXFLAGS
[INFO] [stderr]   CXXFLAGS = None
[INFO] [stderr]   cargo:rerun-if-env-changed=HOST_CXXFLAGS
[INFO] [stderr]   HOST_CXXFLAGS = None
[INFO] [stderr]   cargo:rerun-if-env-changed=CXXFLAGS_x86_64_unknown_linux_gnu
[INFO] [stderr]   CXXFLAGS_x86_64_unknown_linux_gnu = None
[INFO] [stderr]   cargo:rerun-if-env-changed=CXXFLAGS_x86_64-unknown-linux-gnu
[INFO] [stderr]   CXXFLAGS_x86_64-unknown-linux-gnu = None
[INFO] [stderr]   cargo:rerun-if-env-changed=CC_ENABLE_DEBUG_OUTPUT
[INFO] [stderr]   cargo:rerun-if-env-changed=CRATE_CC_NO_DEFAULTS
[INFO] [stderr]   CRATE_CC_NO_DEFAULTS = None
[INFO] [stderr]   cargo:rerun-if-env-changed=CXXFLAGS
[INFO] [stderr]   CXXFLAGS = None
[INFO] [stderr]   cargo:rerun-if-env-changed=HOST_CXXFLAGS
[INFO] [stderr]   HOST_CXXFLAGS = None
[INFO] [stderr]   cargo:rerun-if-env-changed=CXXFLAGS_x86_64_unknown_linux_gnu
[INFO] [stderr]   CXXFLAGS_x86_64_unknown_linux_gnu = None
[INFO] [stderr]   cargo:rerun-if-env-changed=CXXFLAGS_x86_64-unknown-linux-gnu
[INFO] [stderr]   CXXFLAGS_x86_64-unknown-linux-gnu = None
[INFO] [stderr]   cargo:rerun-if-env-changed=CXX_x86_64-unknown-linux-gnu
[INFO] [stderr]   CXX_x86_64-unknown-linux-gnu = None
[INFO] [stderr]   cargo:rerun-if-env-changed=CXX_x86_64_unknown_linux_gnu
[INFO] [stderr]   CXX_x86_64_unknown_linux_gnu = None
[INFO] [stderr]   cargo:rerun-if-env-changed=HOST_CXX
[INFO] [stderr]   HOST_CXX = None
[INFO] [stderr]   cargo:rerun-if-env-changed=CXX
[INFO] [stderr]   CXX = None
[INFO] [stderr]   cargo:rerun-if-env-changed=CRATE_CC_NO_DEFAULTS
[INFO] [stderr]   CRATE_CC_NO_DEFAULTS = None
[INFO] [stderr]   cargo:rerun-if-env-changed=CXXFLAGS
[INFO] [stderr]   CXXFLAGS = None
[INFO] [stderr]   cargo:rerun-if-env-changed=HOST_CXXFLAGS
[INFO] [stderr]   HOST_CXXFLAGS = None
[INFO] [stderr]   cargo:rerun-if-env-changed=CXXFLAGS_x86_64_unknown_linux_gnu
[INFO] [stderr]   CXXFLAGS_x86_64_unknown_linux_gnu = None
[INFO] [stderr]   cargo:rerun-if-env-changed=CXXFLAGS_x86_64-unknown-linux-gnu
[INFO] [stderr]   CXXFLAGS_x86_64-unknown-linux-gnu = None
[INFO] [stderr]   cargo:rerun-if-env-changed=CXX_x86_64-unknown-linux-gnu
[INFO] [stderr]   CXX_x86_64-unknown-linux-gnu = None
[INFO] [stderr]   cargo:rerun-if-env-changed=CXX_x86_64_unknown_linux_gnu
[INFO] [stderr]   CXX_x86_64_unknown_linux_gnu = None
[INFO] [stderr]   cargo:rerun-if-env-changed=HOST_CXX
[INFO] [stderr]   HOST_CXX = None
[INFO] [stderr]   cargo:rerun-if-env-changed=CXX
[INFO] [stderr]   CXX = None
[INFO] [stderr]   cargo:rerun-if-env-changed=CRATE_CC_NO_DEFAULTS
[INFO] [stderr]   CRATE_CC_NO_DEFAULTS = None
[INFO] [stderr]   cargo:rerun-if-env-changed=CXXFLAGS
[INFO] [stderr]   CXXFLAGS = None
[INFO] [stderr]   cargo:rerun-if-env-changed=HOST_CXXFLAGS
[INFO] [stderr]   HOST_CXXFLAGS = None
[INFO] [stderr]   cargo:rerun-if-env-changed=CXXFLAGS_x86_64_unknown_linux_gnu
[INFO] [stderr]   CXXFLAGS_x86_64_unknown_linux_gnu = None
[INFO] [stderr]   cargo:rerun-if-env-changed=CXXFLAGS_x86_64-unknown-linux-gnu
[INFO] [stderr]   CXXFLAGS_x86_64-unknown-linux-gnu = None
[INFO] [stderr]   cargo:rerun-if-env-changed=CXX_x86_64-unknown-linux-gnu
[INFO] [stderr]   CXX_x86_64-unknown-linux-gnu = None
[INFO] [stderr]   cargo:rerun-if-env-changed=CXX_x86_64_unknown_linux_gnu
[INFO] [stderr]   CXX_x86_64_unknown_linux_gnu = None
[INFO] [stderr]   cargo:rerun-if-env-changed=HOST_CXX
[INFO] [stderr]   HOST_CXX = None
[INFO] [stderr]   cargo:rerun-if-env-changed=CXX
[INFO] [stderr]   CXX = None
[INFO] [stderr]   cargo:rerun-if-env-changed=CRATE_CC_NO_DEFAULTS
[INFO] [stderr]   CRATE_CC_NO_DEFAULTS = None
[INFO] [stderr]   cargo:rerun-if-env-changed=CXXFLAGS
[INFO] [stderr]   CXXFLAGS = None
[INFO] [stderr]   cargo:rerun-if-env-changed=HOST_CXXFLAGS
[INFO] [stderr]   HOST_CXXFLAGS = None
[INFO] [stderr]   cargo:rerun-if-env-changed=CXXFLAGS_x86_64_unknown_linux_gnu
[INFO] [stderr]   CXXFLAGS_x86_64_unknown_linux_gnu = None
[INFO] [stderr]   cargo:rerun-if-env-changed=CXXFLAGS_x86_64-unknown-linux-gnu
[INFO] [stderr]   CXXFLAGS_x86_64-unknown-linux-gnu = None
[INFO] [stderr]   cargo:rerun-if-env-changed=CXX_x86_64-unknown-linux-gnu
[INFO] [stderr]   CXX_x86_64-unknown-linux-gnu = None
[INFO] [stderr]   cargo:rerun-if-env-changed=CXX_x86_64_unknown_linux_gnu
[INFO] [stderr]   CXX_x86_64_unknown_linux_gnu = None
[INFO] [stderr]   cargo:rerun-if-env-changed=HOST_CXX
[INFO] [stderr]   HOST_CXX = None
[INFO] [stderr]   cargo:rerun-if-env-changed=CXX
[INFO] [stderr]   CXX = None
[INFO] [stderr]   cargo:rerun-if-env-changed=CRATE_CC_NO_DEFAULTS
[INFO] [stderr]   CRATE_CC_NO_DEFAULTS = None
[INFO] [stderr]   cargo:rerun-if-env-changed=CXXFLAGS
[INFO] [stderr]   CXXFLAGS = None
[INFO] [stderr]   cargo:rerun-if-env-changed=HOST_CXXFLAGS
[INFO] [stderr]   HOST_CXXFLAGS = None
[INFO] [stderr]   cargo:rerun-if-env-changed=CXXFLAGS_x86_64_unknown_linux_gnu
[INFO] [stderr]   CXXFLAGS_x86_64_unknown_linux_gnu = None
[INFO] [stderr]   cargo:rerun-if-env-changed=CXXFLAGS_x86_64-unknown-linux-gnu
[INFO] [stderr]   CXXFLAGS_x86_64-unknown-linux-gnu = None
[INFO] [stderr]   cargo:rerun-if-env-changed=CXX_x86_64-unknown-linux-gnu
[INFO] [stderr]   CXX_x86_64-unknown-linux-gnu = None
[INFO] [stderr]   cargo:rerun-if-env-changed=CXX_x86_64_unknown_linux_gnu
[INFO] [stderr]   CXX_x86_64_unknown_linux_gnu = None
[INFO] [stderr]   cargo:rerun-if-env-changed=HOST_CXX
[INFO] [stderr]   HOST_CXX = None
[INFO] [stderr]   cargo:rerun-if-env-changed=CXX
[INFO] [stderr]   CXX = None
[INFO] [stderr]   cargo:rerun-if-env-changed=CRATE_CC_NO_DEFAULTS
[INFO] [stderr]   CRATE_CC_NO_DEFAULTS = None
[INFO] [stderr]   cargo:rerun-if-env-changed=CXXFLAGS
[INFO] [stderr]   CXXFLAGS = None
[INFO] [stderr]   cargo:rerun-if-env-changed=HOST_CXXFLAGS
[INFO] [stderr]   HOST_CXXFLAGS = None
[INFO] [stderr]   cargo:rerun-if-env-changed=CXXFLAGS_x86_64_unknown_linux_gnu
[INFO] [stderr]   CXXFLAGS_x86_64_unknown_linux_gnu = None
[INFO] [stderr]   cargo:rerun-if-env-changed=CXXFLAGS_x86_64-unknown-linux-gnu
[INFO] [stderr]   CXXFLAGS_x86_64-unknown-linux-gnu = None
[INFO] [stderr]   cargo:rerun-if-env-changed=CXX_x86_64-unknown-linux-gnu
[INFO] [stderr]   CXX_x86_64-unknown-linux-gnu = None
[INFO] [stderr]   cargo:rerun-if-env-changed=CXX_x86_64_unknown_linux_gnu
[INFO] [stderr]   CXX_x86_64_unknown_linux_gnu = None
[INFO] [stderr]   cargo:rerun-if-env-changed=HOST_CXX
[INFO] [stderr]   HOST_CXX = None
[INFO] [stderr]   cargo:rerun-if-env-changed=CXX
[INFO] [stderr]   CXX = None
[INFO] [stderr]   cargo:rerun-if-env-changed=CRATE_CC_NO_DEFAULTS
[INFO] [stderr]   CRATE_CC_NO_DEFAULTS = None
[INFO] [stderr]   cargo:rerun-if-env-changed=CXXFLAGS
[INFO] [stderr]   CXXFLAGS = None
[INFO] [stderr]   cargo:rerun-if-env-changed=HOST_CXXFLAGS
[INFO] [stderr]   HOST_CXXFLAGS = None
[INFO] [stderr]   cargo:rerun-if-env-changed=CXXFLAGS_x86_64_unknown_linux_gnu
[INFO] [stderr]   CXXFLAGS_x86_64_unknown_linux_gnu = None
[INFO] [stderr]   cargo:rerun-if-env-changed=CXXFLAGS_x86_64-unknown-linux-gnu
[INFO] [stderr]   CXXFLAGS_x86_64-unknown-linux-gnu = None
[INFO] [stderr]   cargo:rerun-if-env-changed=CXX_x86_64-unknown-linux-gnu
[INFO] [stderr]   CXX_x86_64-unknown-linux-gnu = None
[INFO] [stderr]   cargo:rerun-if-env-changed=CXX_x86_64_unknown_linux_gnu
[INFO] [stderr]   CXX_x86_64_unknown_linux_gnu = None
[INFO] [stderr]   cargo:rerun-if-env-changed=HOST_CXX
[INFO] [stderr]   HOST_CXX = None
[INFO] [stderr]   cargo:rerun-if-env-changed=CXX
[INFO] [stderr]   CXX = None
[INFO] [stderr]   cargo:rerun-if-env-changed=CRATE_CC_NO_DEFAULTS
[INFO] [stderr]   CRATE_CC_NO_DEFAULTS = None
[INFO] [stderr]   cargo:rerun-if-env-changed=CXXFLAGS
[INFO] [stderr]   CXXFLAGS = None
[INFO] [stderr]   cargo:rerun-if-env-changed=HOST_CXXFLAGS
[INFO] [stderr]   HOST_CXXFLAGS = None
[INFO] [stderr]   cargo:rerun-if-env-changed=CXXFLAGS_x86_64_unknown_linux_gnu
[INFO] [stderr]   CXXFLAGS_x86_64_unknown_linux_gnu = None
[INFO] [stderr]   cargo:rerun-if-env-changed=CXXFLAGS_x86_64-unknown-linux-gnu
[INFO] [stderr]   CXXFLAGS_x86_64-unknown-linux-gnu = None
[INFO] [stderr]   cargo:rerun-if-env-changed=CXX_x86_64-unknown-linux-gnu
[INFO] [stderr]   CXX_x86_64-unknown-linux-gnu = None
[INFO] [stderr]   cargo:rerun-if-env-changed=CXX_x86_64_unknown_linux_gnu
[INFO] [stderr]   CXX_x86_64_unknown_linux_gnu = None
[INFO] [stderr]   cargo:rerun-if-env-changed=HOST_CXX
[INFO] [stderr]   HOST_CXX = None
[INFO] [stderr]   cargo:rerun-if-env-changed=CXX
[INFO] [stderr]   CXX = None
[INFO] [stderr]   cargo:rerun-if-env-changed=CRATE_CC_NO_DEFAULTS
[INFO] [stderr]   CRATE_CC_NO_DEFAULTS = None
[INFO] [stderr]   cargo:rerun-if-env-changed=CXXFLAGS
[INFO] [stderr]   CXXFLAGS = None
[INFO] [stderr]   cargo:rerun-if-env-changed=HOST_CXXFLAGS
[INFO] [stderr]   HOST_CXXFLAGS = None
[INFO] [stderr]   cargo:rerun-if-env-changed=CXXFLAGS_x86_64_unknown_linux_gnu
[INFO] [stderr]   CXXFLAGS_x86_64_unknown_linux_gnu = None
[INFO] [stderr]   cargo:rerun-if-env-changed=CXXFLAGS_x86_64-unknown-linux-gnu
[INFO] [stderr]   CXXFLAGS_x86_64-unknown-linux-gnu = None
[INFO] [stderr]   cargo:rerun-if-env-changed=CXX_x86_64-unknown-linux-gnu
[INFO] [stderr]   CXX_x86_64-unknown-linux-gnu = None
[INFO] [stderr]   cargo:rerun-if-env-changed=CXX_x86_64_unknown_linux_gnu
[INFO] [stderr]   CXX_x86_64_unknown_linux_gnu = None
[INFO] [stderr]   cargo:rerun-if-env-changed=HOST_CXX
[INFO] [stderr]   HOST_CXX = None
[INFO] [stderr]   cargo:rerun-if-env-changed=CXX
[INFO] [stderr]   CXX = None
[INFO] [stderr]   cargo:rerun-if-env-changed=CRATE_CC_NO_DEFAULTS
[INFO] [stderr]   CRATE_CC_NO_DEFAULTS = None
[INFO] [stderr]   cargo:rerun-if-env-changed=CXXFLAGS
[INFO] [stderr]   CXXFLAGS = None
[INFO] [stderr]   cargo:rerun-if-env-changed=HOST_CXXFLAGS
[INFO] [stderr]   HOST_CXXFLAGS = None
[INFO] [stderr]   cargo:rerun-if-env-changed=CXXFLAGS_x86_64_unknown_linux_gnu
[INFO] [stderr]   CXXFLAGS_x86_64_unknown_linux_gnu = None
[INFO] [stderr]   cargo:rerun-if-env-changed=CXXFLAGS_x86_64-unknown-linux-gnu
[INFO] [stderr]   CXXFLAGS_x86_64-unknown-linux-gnu = None
[INFO] [stderr]   cargo:rerun-if-env-changed=CXX_x86_64-unknown-linux-gnu
[INFO] [stderr]   CXX_x86_64-unknown-linux-gnu = None
[INFO] [stderr]   cargo:rerun-if-env-changed=CXX_x86_64_unknown_linux_gnu
[INFO] [stderr]   CXX_x86_64_unknown_linux_gnu = None
[INFO] [stderr]   cargo:rerun-if-env-changed=HOST_CXX
[INFO] [stderr]   HOST_CXX = None
[INFO] [stderr]   cargo:rerun-if-env-changed=CXX
[INFO] [stderr]   CXX = None
[INFO] [stderr]   cargo:rerun-if-env-changed=CRATE_CC_NO_DEFAULTS
[INFO] [stderr]   CRATE_CC_NO_DEFAULTS = None
[INFO] [stderr]   cargo:rerun-if-env-changed=CXXFLAGS
[INFO] [stderr]   CXXFLAGS = None
[INFO] [stderr]   cargo:rerun-if-env-changed=HOST_CXXFLAGS
[INFO] [stderr]   HOST_CXXFLAGS = None
[INFO] [stderr]   cargo:rerun-if-env-changed=CXXFLAGS_x86_64_unknown_linux_gnu
[INFO] [stderr]   CXXFLAGS_x86_64_unknown_linux_gnu = None
[INFO] [stderr]   cargo:rerun-if-env-changed=CXXFLAGS_x86_64-unknown-linux-gnu
[INFO] [stderr]   CXXFLAGS_x86_64-unknown-linux-gnu = None
[INFO] [stderr]   cargo:rerun-if-env-changed=CXX_x86_64-unknown-linux-gnu
[INFO] [stderr]   CXX_x86_64-unknown-linux-gnu = None
[INFO] [stderr]   cargo:rerun-if-env-changed=CXX_x86_64_unknown_linux_gnu
[INFO] [stderr]   CXX_x86_64_unknown_linux_gnu = None
[INFO] [stderr]   cargo:rerun-if-env-changed=HOST_CXX
[INFO] [stderr]   HOST_CXX = None
[INFO] [stderr]   cargo:rerun-if-env-changed=CXX
[INFO] [stderr]   CXX = None
[INFO] [stderr]   cargo:rerun-if-env-changed=CRATE_CC_NO_DEFAULTS
[INFO] [stderr]   CRATE_CC_NO_DEFAULTS = None
[INFO] [stderr]   cargo:rerun-if-env-changed=CXXFLAGS
[INFO] [stderr]   CXXFLAGS = None
[INFO] [stderr]   cargo:rerun-if-env-changed=HOST_CXXFLAGS
[INFO] [stderr]   HOST_CXXFLAGS = None
[INFO] [stderr]   cargo:rerun-if-env-changed=CXXFLAGS_x86_64_unknown_linux_gnu
[INFO] [stderr]   CXXFLAGS_x86_64_unknown_linux_gnu = None
[INFO] [stderr]   cargo:rerun-if-env-changed=CXXFLAGS_x86_64-unknown-linux-gnu
[INFO] [stderr]   CXXFLAGS_x86_64-unknown-linux-gnu = None
[INFO] [stderr]   cargo:rerun-if-env-changed=CXX_x86_64-unknown-linux-gnu
[INFO] [stderr]   CXX_x86_64-unknown-linux-gnu = None
[INFO] [stderr]   cargo:rerun-if-env-changed=CXX_x86_64_unknown_linux_gnu
[INFO] [stderr]   CXX_x86_64_unknown_linux_gnu = None
[INFO] [stderr]   cargo:rerun-if-env-changed=HOST_CXX
[INFO] [stderr]   HOST_CXX = None
[INFO] [stderr]   cargo:rerun-if-env-changed=CXX
[INFO] [stderr]   CXX = None
[INFO] [stderr]   cargo:rerun-if-env-changed=CRATE_CC_NO_DEFAULTS
[INFO] [stderr]   CRATE_CC_NO_DEFAULTS = None
[INFO] [stderr]   cargo:rerun-if-env-changed=CXXFLAGS
[INFO] [stderr]   CXXFLAGS = None
[INFO] [stderr]   cargo:rerun-if-env-changed=HOST_CXXFLAGS
[INFO] [stderr]   HOST_CXXFLAGS = None
[INFO] [stderr]   cargo:rerun-if-env-changed=CXXFLAGS_x86_64_unknown_linux_gnu
[INFO] [stderr]   CXXFLAGS_x86_64_unknown_linux_gnu = None
[INFO] [stderr]   cargo:rerun-if-env-changed=CXXFLAGS_x86_64-unknown-linux-gnu
[INFO] [stderr]   CXXFLAGS_x86_64-unknown-linux-gnu = None
[INFO] [stderr]   cargo:rerun-if-env-changed=CXX_x86_64-unknown-linux-gnu
[INFO] [stderr]   CXX_x86_64-unknown-linux-gnu = None
[INFO] [stderr]   cargo:rerun-if-env-changed=CXX_x86_64_unknown_linux_gnu
[INFO] [stderr]   CXX_x86_64_unknown_linux_gnu = None
[INFO] [stderr]   cargo:rerun-if-env-changed=HOST_CXX
[INFO] [stderr]   HOST_CXX = None
[INFO] [stderr]   cargo:rerun-if-env-changed=CXX
[INFO] [stderr]   CXX = None
[INFO] [stderr]   cargo:rerun-if-env-changed=CRATE_CC_NO_DEFAULTS
[INFO] [stderr]   CRATE_CC_NO_DEFAULTS = None
[INFO] [stderr]   cargo:rerun-if-env-changed=CXXFLAGS
[INFO] [stderr]   CXXFLAGS = None
[INFO] [stderr]   cargo:rerun-if-env-changed=HOST_CXXFLAGS
[INFO] [stderr]   HOST_CXXFLAGS = None
[INFO] [stderr]   cargo:rerun-if-env-changed=CXXFLAGS_x86_64_unknown_linux_gnu
[INFO] [stderr]   CXXFLAGS_x86_64_unknown_linux_gnu = None
[INFO] [stderr]   cargo:rerun-if-env-changed=CXXFLAGS_x86_64-unknown-linux-gnu
[INFO] [stderr]   CXXFLAGS_x86_64-unknown-linux-gnu = None
[INFO] [stderr]   cargo:warning=c++: fatal error: Killed signal terminated program cc1plus
[INFO] [stderr]   cargo:warning=compilation terminated.
[INFO] [stderr]   exit status: 0
[INFO] [stderr]   exit status: 0
[INFO] [stderr]   exit status: 1
[INFO] [stderr]   cargo:warning=ToolExecError: command did not execute successfully (status code exit status: 1): LC_ALL="C" "c++" "-O2" "-ffunction-sections" "-fdata-sections" "-fPIC" "-g" "-gdwarf-4" "-fno-omit-frame-pointer" "-m64" "-std=c++14" "-w" "-fPIC" "-Wno-switch" "-Wno-parentheses" "-Wno-macro-redefined" "-Wno-dangling-else" "-Wno-logical-op-parentheses" "-Wno-unused-parameter" "-Wno-unused-variable" "-Wno-unused-function" "-Wno-missing-braces" "-Wno-unknown-pragmas" "-Wno-deprecated-declarations" "-D_FILE_OFFSET_BITS=64" "-D_LARGEFILE_SOURCE" "-DRAR_SMP" "-DRARDLL" "-o" "/opt/rustwide/target/debug/build/unrar_sys-e6d0692497b4e3ed/out/0934600a39780889-pathfn.o" "-c" "vendor/unrar/pathfn.cpp"cargo:warning=c++: fatal error: Killed signal terminated program cc1plus
[INFO] [stderr]   cargo:warning=compilation terminated.
[INFO] [stderr] 
[INFO] [stderr]   exit status: 1
[INFO] [stderr]   cargo:warning=ToolExecError: command did not execute successfully (status code exit status: 1): LC_ALL="C" "c++" "-O2" "-ffunction-sections" "-fdata-sections" "-fPIC" "-g" "-gdwarf-4" "-fno-omit-frame-pointer" "-m64" "-std=c++14" "-w" "-fPIC" "-Wno-switch" "-Wno-parentheses" "-Wno-macro-redefined" "-Wno-dangling-else" "-Wno-logical-op-parentheses" "-Wno-unused-parameter" "-Wno-unused-variable" "-Wno-unused-function" "-Wno-missing-braces" "-Wno-unknown-pragmas" "-Wno-deprecated-declarations" "-D_FILE_OFFSET_BITS=64" "-D_LARGEFILE_SOURCE" "-DRAR_SMP" "-DRARDLL" "-o" "/opt/rustwide/target/debug/build/unrar_sys-e6d0692497b4e3ed/out/0934600a39780889-smallfn.o" "-c" "vendor/unrar/smallfn.cpp"cargo:rerun-if-env-changed=CXX_x86_64-unknown-linux-gnu
[INFO] [stderr]   CXX_x86_64-unknown-linux-gnu = None
[INFO] [stderr]   cargo:rerun-if-env-changed=CXX_x86_64_unknown_linux_gnu
[INFO] [stderr]   CXX_x86_64_unknown_linux_gnu = None
[INFO] [stderr]   cargo:rerun-if-env-changed=HOST_CXX
[INFO] [stderr]   HOST_CXX = None
[INFO] [stderr]   cargo:rerun-if-env-changed=CXX
[INFO] [stderr]   CXX = None
[INFO] [stderr]   cargo:rerun-if-env-changed=CRATE_CC_NO_DEFAULTS
[INFO] [stderr]   CRATE_CC_NO_DEFAULTS = None
[INFO] [stderr]   cargo:rerun-if-env-changed=CXXFLAGS
[INFO] [stderr]   CXXFLAGS = None
[INFO] [stderr]   cargo:rerun-if-env-changed=HOST_CXXFLAGS
[INFO] [stderr]   HOST_CXXFLAGS = None
[INFO] [stderr]   cargo:rerun-if-env-changed=CXXFLAGS_x86_64_unknown_linux_gnu
[INFO] [stderr]   CXXFLAGS_x86_64_unknown_linux_gnu = None
[INFO] [stderr]   cargo:rerun-if-env-changed=CXXFLAGS_x86_64-unknown-linux-gnu
[INFO] [stderr]   CXXFLAGS_x86_64-unknown-linux-gnu = None
[INFO] [stderr]   cargo:rerun-if-env-changed=CXX_x86_64-unknown-linux-gnu
[INFO] [stderr]   CXX_x86_64-unknown-linux-gnu = None
[INFO] [stderr]   cargo:rerun-if-env-changed=CXX_x86_64_unknown_linux_gnu
[INFO] [stderr]   CXX_x86_64_unknown_linux_gnu = None
[INFO] [stderr]   cargo:rerun-if-env-changed=HOST_CXX
[INFO] [stderr]   HOST_CXX = None
[INFO] [stderr]   cargo:rerun-if-env-changed=CXX
[INFO] [stderr]   CXX = None
[INFO] [stderr]   cargo:rerun-if-env-changed=CRATE_CC_NO_DEFAULTS
[INFO] [stderr]   CRATE_CC_NO_DEFAULTS = None
[INFO] [stderr]   cargo:rerun-if-env-changed=CXXFLAGS
[INFO] [stderr]   CXXFLAGS = None
[INFO] [stderr]   cargo:rerun-if-env-changed=HOST_CXXFLAGS
[INFO] [stderr]   HOST_CXXFLAGS = None
[INFO] [stderr]   cargo:rerun-if-env-changed=CXXFLAGS_x86_64_unknown_linux_gnu
[INFO] [stderr]   CXXFLAGS_x86_64_unknown_linux_gnu = None
[INFO] [stderr]   cargo:rerun-if-env-changed=CXXFLAGS_x86_64-unknown-linux-gnu
[INFO] [stderr]   CXXFLAGS_x86_64-unknown-linux-gnu = None
[INFO] [stderr]   cargo:rerun-if-env-changed=CXX_x86_64-unknown-linux-gnu
[INFO] [stderr]   CXX_x86_64-unknown-linux-gnu = None
[INFO] [stderr]   cargo:rerun-if-env-changed=CXX_x86_64_unknown_linux_gnu
[INFO] [stderr]   CXX_x86_64_unknown_linux_gnu = None
[INFO] [stderr]   cargo:rerun-if-env-changed=HOST_CXX
[INFO] [stderr]   HOST_CXX = None
[INFO] [stderr]   cargo:rerun-if-env-changed=CXX
[INFO] [stderr]   CXX = None
[INFO] [stderr]   cargo:rerun-if-env-changed=CRATE_CC_NO_DEFAULTS
[INFO] [stderr]   CRATE_CC_NO_DEFAULTS = None
[INFO] [stderr]   cargo:rerun-if-env-changed=CXXFLAGS
[INFO] [stderr]   CXXFLAGS = None
[INFO] [stderr]   cargo:rerun-if-env-changed=HOST_CXXFLAGS
[INFO] [stderr]   HOST_CXXFLAGS = None
[INFO] [stderr]   cargo:rerun-if-env-changed=CXXFLAGS_x86_64_unknown_linux_gnu
[INFO] [stderr]   CXXFLAGS_x86_64_unknown_linux_gnu = None
[INFO] [stderr]   cargo:rerun-if-env-changed=CXXFLAGS_x86_64-unknown-linux-gnu
[INFO] [stderr]   CXXFLAGS_x86_64-unknown-linux-gnu = None
[INFO] [stderr]   cargo:warning=c++: fatal error: Killed signal terminated program cc1plus
[INFO] [stderr]   cargo:warning=compilation terminated.
[INFO] [stderr] 
[INFO] [stderr]   exit status: 1
[INFO] [stderr]   cargo:warning=ToolExecError: command did not execute successfully (status code exit status: 1): LC_ALL="C" "c++" "-O2" "-ffunction-sections" "-fdata-sections" "-fPIC" "-g" "-gdwarf-4" "-fno-omit-frame-pointer" "-m64" "-std=c++14" "-w" "-fPIC" "-Wno-switch" "-Wno-parentheses" "-Wno-macro-redefined" "-Wno-dangling-else" "-Wno-logical-op-parentheses" "-Wno-unused-parameter" "-Wno-unused-variable" "-Wno-unused-function" "-Wno-missing-braces" "-Wno-unknown-pragmas" "-Wno-deprecated-declarations" "-D_FILE_OFFSET_BITS=64" "-D_LARGEFILE_SOURCE" "-DRAR_SMP" "-DRARDLL" "-o" "/opt/rustwide/target/debug/build/unrar_sys-e6d0692497b4e3ed/out/0934600a39780889-filefn.o" "-c" "vendor/unrar/filefn.cpp"cargo:warning=c++: fatal error: Killed signal terminated program cc1plus
[INFO] [stderr]   cargo:warning=compilation terminated.
[INFO] [stderr] 
[INFO] [stderr]   exit status: 1
[INFO] [stderr]   cargo:warning=ToolExecError: command did not execute successfully (status code exit status: 1): LC_ALL="C" "c++" "-O2" "-ffunction-sections" "-fdata-sections" "-fPIC" "-g" "-gdwarf-4" "-fno-omit-frame-pointer" "-m64" "-std=c++14" "-w" "-fPIC" "-Wno-switch" "-Wno-parentheses" "-Wno-macro-redefined" "-Wno-dangling-else" "-Wno-logical-op-parentheses" "-Wno-unused-parameter" "-Wno-unused-variable" "-Wno-unused-function" "-Wno-missing-braces" "-Wno-unknown-pragmas" "-Wno-deprecated-declarations" "-D_FILE_OFFSET_BITS=64" "-D_LARGEFILE_SOURCE" "-DRAR_SMP" "-DRARDLL" "-o" "/opt/rustwide/target/debug/build/unrar_sys-e6d0692497b4e3ed/out/0934600a39780889-archive.o" "-c" "vendor/unrar/archive.cpp"cargo:rerun-if-env-changed=CXX_x86_64-unknown-linux-gnu
[INFO] [stderr]   CXX_x86_64-unknown-linux-gnu = None
[INFO] [stderr]   cargo:rerun-if-env-changed=CXX_x86_64_unknown_linux_gnu
[INFO] [stderr]   CXX_x86_64_unknown_linux_gnu = None
[INFO] [stderr]   cargo:rerun-if-env-changed=HOST_CXX
[INFO] [stderr]   HOST_CXX = None
[INFO] [stderr]   cargo:rerun-if-env-changed=CXX
[INFO] [stderr]   CXX = None
[INFO] [stderr]   cargo:rerun-if-env-changed=CRATE_CC_NO_DEFAULTS
[INFO] [stderr]   CRATE_CC_NO_DEFAULTS = None
[INFO] [stderr]   cargo:rerun-if-env-changed=CXXFLAGS
[INFO] [stderr]   CXXFLAGS = None
[INFO] [stderr]   cargo:rerun-if-env-changed=HOST_CXXFLAGS
[INFO] [stderr]   HOST_CXXFLAGS = None
[INFO] [stderr]   cargo:rerun-if-env-changed=CXXFLAGS_x86_64_unknown_linux_gnu
[INFO] [stderr]   CXXFLAGS_x86_64_unknown_linux_gnu = None
[INFO] [stderr]   cargo:rerun-if-env-changed=CXXFLAGS_x86_64-unknown-linux-gnu
[INFO] [stderr]   CXXFLAGS_x86_64-unknown-linux-gnu = None
[INFO] [stderr]   cargo:rerun-if-env-changed=CXX_x86_64-unknown-linux-gnu
[INFO] [stderr]   CXX_x86_64-unknown-linux-gnu = None
[INFO] [stderr]   cargo:rerun-if-env-changed=CXX_x86_64_unknown_linux_gnu
[INFO] [stderr]   CXX_x86_64_unknown_linux_gnu = None
[INFO] [stderr]   cargo:rerun-if-env-changed=HOST_CXX
[INFO] [stderr]   HOST_CXX = None
[INFO] [stderr]   cargo:rerun-if-env-changed=CXX
[INFO] [stderr]   CXX = None
[INFO] [stderr]   cargo:rerun-if-env-changed=CRATE_CC_NO_DEFAULTS
[INFO] [stderr]   CRATE_CC_NO_DEFAULTS = None
[INFO] [stderr]   cargo:rerun-if-env-changed=CXXFLAGS
[INFO] [stderr]   CXXFLAGS = None
[INFO] [stderr]   cargo:rerun-if-env-changed=HOST_CXXFLAGS
[INFO] [stderr]   HOST_CXXFLAGS = None
[INFO] [stderr]   cargo:rerun-if-env-changed=CXXFLAGS_x86_64_unknown_linux_gnu
[INFO] [stderr]   CXXFLAGS_x86_64_unknown_linux_gnu = None
[INFO] [stderr]   cargo:rerun-if-env-changed=CXXFLAGS_x86_64-unknown-linux-gnu
[INFO] [stderr]   CXXFLAGS_x86_64-unknown-linux-gnu = None
[INFO] [stderr]   cargo:warning=c++: fatal error: Killed signal terminated program cc1plus
[INFO] [stderr]   cargo:warning=compilation terminated.
[INFO] [stderr] 
[INFO] [stderr]   exit status: 1
[INFO] [stderr]   cargo:warning=ToolExecError: command did not execute successfully (status code exit status: 1): LC_ALL="C" "c++" "-O2" "-ffunction-sections" "-fdata-sections" "-fPIC" "-g" "-gdwarf-4" "-fno-omit-frame-pointer" "-m64" "-std=c++14" "-w" "-fPIC" "-Wno-switch" "-Wno-parentheses" "-Wno-macro-redefined" "-Wno-dangling-else" "-Wno-logical-op-parentheses" "-Wno-unused-parameter" "-Wno-unused-variable" "-Wno-unused-function" "-Wno-missing-braces" "-Wno-unknown-pragmas" "-Wno-deprecated-declarations" "-D_FILE_OFFSET_BITS=64" "-D_LARGEFILE_SOURCE" "-DRAR_SMP" "-DRARDLL" "-o" "/opt/rustwide/target/debug/build/unrar_sys-e6d0692497b4e3ed/out/0934600a39780889-file.o" "-c" "vendor/unrar/file.cpp"cargo:rerun-if-env-changed=CXX_x86_64-unknown-linux-gnu
[INFO] [stderr]   CXX_x86_64-unknown-linux-gnu = None
[INFO] [stderr]   cargo:rerun-if-env-changed=CXX_x86_64_unknown_linux_gnu
[INFO] [stderr]   CXX_x86_64_unknown_linux_gnu = None
[INFO] [stderr]   cargo:rerun-if-env-changed=HOST_CXX
[INFO] [stderr]   HOST_CXX = None
[INFO] [stderr]   cargo:rerun-if-env-changed=CXX
[INFO] [stderr]   CXX = None
[INFO] [stderr]   cargo:rerun-if-env-changed=CRATE_CC_NO_DEFAULTS
[INFO] [stderr]   CRATE_CC_NO_DEFAULTS = None
[INFO] [stderr]   cargo:rerun-if-env-changed=CXXFLAGS
[INFO] [stderr]   CXXFLAGS = None
[INFO] [stderr]   cargo:rerun-if-env-changed=HOST_CXXFLAGS
[INFO] [stderr]   HOST_CXXFLAGS = None
[INFO] [stderr]   cargo:rerun-if-env-changed=CXXFLAGS_x86_64_unknown_linux_gnu
[INFO] [stderr]   CXXFLAGS_x86_64_unknown_linux_gnu = None
[INFO] [stderr]   cargo:rerun-if-env-changed=CXXFLAGS_x86_64-unknown-linux-gnu
[INFO] [stderr]   CXXFLAGS_x86_64-unknown-linux-gnu = None
[INFO] [stderr]   cargo:warning=c++: fatal error: Killed signal terminated program cc1plus
[INFO] [stderr]   cargo:warning=compilation terminated.
[INFO] [stderr] 
[INFO] [stderr]   exit status: 1
[INFO] [stderr]   cargo:warning=ToolExecError: command did not execute successfully (status code exit status: 1): LC_ALL="C" "c++" "-O2" "-ffunction-sections" "-fdata-sections" "-fPIC" "-g" "-gdwarf-4" "-fno-omit-frame-pointer" "-m64" "-std=c++14" "-w" "-fPIC" "-Wno-switch" "-Wno-parentheses" "-Wno-macro-redefined" "-Wno-dangling-else" "-Wno-logical-op-parentheses" "-Wno-unused-parameter" "-Wno-unused-variable" "-Wno-unused-function" "-Wno-missing-braces" "-Wno-unknown-pragmas" "-Wno-deprecated-declarations" "-D_FILE_OFFSET_BITS=64" "-D_LARGEFILE_SOURCE" "-DRAR_SMP" "-DRARDLL" "-o" "/opt/rustwide/target/debug/build/unrar_sys-e6d0692497b4e3ed/out/0934600a39780889-filcreat.o" "-c" "vendor/unrar/filcreat.cpp"cargo:rerun-if-env-changed=CXX_x86_64-unknown-linux-gnu
[INFO] [stderr]   CXX_x86_64-unknown-linux-gnu = None
[INFO] [stderr]   cargo:rerun-if-env-changed=CXX_x86_64_unknown_linux_gnu
[INFO] [stderr]   CXX_x86_64_unknown_linux_gnu = None
[INFO] [stderr]   cargo:rerun-if-env-changed=HOST_CXX
[INFO] [stderr]   HOST_CXX = None
[INFO] [stderr]   cargo:rerun-if-env-changed=CXX
[INFO] [stderr]   CXX = None
[INFO] [stderr]   cargo:rerun-if-env-changed=CRATE_CC_NO_DEFAULTS
[INFO] [stderr]   CRATE_CC_NO_DEFAULTS = None
[INFO] [stderr]   cargo:rerun-if-env-changed=CXXFLAGS
[INFO] [stderr]   CXXFLAGS = None
[INFO] [stderr]   cargo:rerun-if-env-changed=HOST_CXXFLAGS
[INFO] [stderr]   HOST_CXXFLAGS = None
[INFO] [stderr]   cargo:rerun-if-env-changed=CXXFLAGS_x86_64_unknown_linux_gnu
[INFO] [stderr]   CXXFLAGS_x86_64_unknown_linux_gnu = None
[INFO] [stderr]   cargo:rerun-if-env-changed=CXXFLAGS_x86_64-unknown-linux-gnu
[INFO] [stderr]   CXXFLAGS_x86_64-unknown-linux-gnu = None
[INFO] [stderr]   cargo:warning=c++: fatal error: Killed signal terminated program cc1plus
[INFO] [stderr]   cargo:warning=compilation terminated.
[INFO] [stderr] 
[INFO] [stderr]   exit status: 1
[INFO] [stderr]   cargo:warning=ToolExecError: command did not execute successfully (status code exit status: 1): LC_ALL="C" "c++" "-O2" "-ffunction-sections" "-fdata-sections" "-fPIC" "-g" "-gdwarf-4" "-fno-omit-frame-pointer" "-m64" "-std=c++14" "-w" "-fPIC" "-Wno-switch" "-Wno-parentheses" "-Wno-macro-redefined" "-Wno-dangling-else" "-Wno-logical-op-parentheses" "-Wno-unused-parameter" "-Wno-unused-variable" "-Wno-unused-function" "-Wno-missing-braces" "-Wno-unknown-pragmas" "-Wno-deprecated-declarations" "-D_FILE_OFFSET_BITS=64" "-D_LARGEFILE_SOURCE" "-DRAR_SMP" "-DRARDLL" "-o" "/opt/rustwide/target/debug/build/unrar_sys-e6d0692497b4e3ed/out/0934600a39780889-global.o" "-c" "vendor/unrar/global.cpp"cargo:warning=c++: fatal error: Killed signal terminated program cc1plus
[INFO] [stderr]   cargo:warning=compilation terminated.
[INFO] [stderr] 
[INFO] [stderr]   exit status: 1
[INFO] [stderr]   cargo:warning=ToolExecError: command did not execute successfully (status code exit status: 1): LC_ALL="C" "c++" "-O2" "-ffunction-sections" "-fdata-sections" "-fPIC" "-g" "-gdwarf-4" "-fno-omit-frame-pointer" "-m64" "-std=c++14" "-w" "-fPIC" "-Wno-switch" "-Wno-parentheses" "-Wno-macro-redefined" "-Wno-dangling-else" "-Wno-logical-op-parentheses" "-Wno-unused-parameter" "-Wno-unused-variable" "-Wno-unused-function" "-Wno-missing-braces" "-Wno-unknown-pragmas" "-Wno-deprecated-declarations" "-D_FILE_OFFSET_BITS=64" "-D_LARGEFILE_SOURCE" "-DRAR_SMP" "-DRARDLL" "-o" "/opt/rustwide/target/debug/build/unrar_sys-e6d0692497b4e3ed/out/0934600a39780889-arcread.o" "-c" "vendor/unrar/arcread.cpp"cargo:rerun-if-env-changed=CXX_x86_64-unknown-linux-gnu
[INFO] [stderr]   CXX_x86_64-unknown-linux-gnu = None
[INFO] [stderr]   cargo:rerun-if-env-changed=CXX_x86_64_unknown_linux_gnu
[INFO] [stderr]   CXX_x86_64_unknown_linux_gnu = None
[INFO] [stderr]   cargo:rerun-if-env-changed=HOST_CXX
[INFO] [stderr]   HOST_CXX = None
[INFO] [stderr]   cargo:rerun-if-env-changed=CXX
[INFO] [stderr]   CXX = None
[INFO] [stderr]   cargo:rerun-if-env-changed=CRATE_CC_NO_DEFAULTS
[INFO] [stderr]   CRATE_CC_NO_DEFAULTS = None
[INFO] [stderr]   cargo:rerun-if-env-changed=CXXFLAGS
[INFO] [stderr]   CXXFLAGS = None
[INFO] [stderr]   cargo:rerun-if-env-changed=HOST_CXXFLAGS
[INFO] [stderr]   HOST_CXXFLAGS = None
[INFO] [stderr]   cargo:rerun-if-env-changed=CXXFLAGS_x86_64_unknown_linux_gnu
[INFO] [stderr]   CXXFLAGS_x86_64_unknown_linux_gnu = None
[INFO] [stderr]   cargo:rerun-if-env-changed=CXXFLAGS_x86_64-unknown-linux-gnu
[INFO] [stderr]   CXXFLAGS_x86_64-unknown-linux-gnu = None
[INFO] [stderr]   cargo:rerun-if-env-changed=CXX_x86_64-unknown-linux-gnu
[INFO] [stderr]   CXX_x86_64-unknown-linux-gnu = None
[INFO] [stderr]   cargo:rerun-if-env-changed=CXX_x86_64_unknown_linux_gnu
[INFO] [stderr]   CXX_x86_64_unknown_linux_gnu = None
[INFO] [stderr]   cargo:rerun-if-env-changed=HOST_CXX
[INFO] [stderr]   HOST_CXX = None
[INFO] [stderr]   cargo:rerun-if-env-changed=CXX
[INFO] [stderr]   CXX = None
[INFO] [stderr]   cargo:rerun-if-env-changed=CRATE_CC_NO_DEFAULTS
[INFO] [stderr]   CRATE_CC_NO_DEFAULTS = None
[INFO] [stderr]   cargo:rerun-if-env-changed=CXXFLAGS
[INFO] [stderr]   CXXFLAGS = None
[INFO] [stderr]   cargo:rerun-if-env-changed=HOST_CXXFLAGS
[INFO] [stderr]   HOST_CXXFLAGS = None
[INFO] [stderr]   cargo:rerun-if-env-changed=CXXFLAGS_x86_64_unknown_linux_gnu
[INFO] [stderr]   CXXFLAGS_x86_64_unknown_linux_gnu = None
[INFO] [stderr]   cargo:rerun-if-env-changed=CXXFLAGS_x86_64-unknown-linux-gnu
[INFO] [stderr]   CXXFLAGS_x86_64-unknown-linux-gnu = None
[INFO] [stderr]   cargo:warning=c++: fatal error: Killed signal terminated program cc1plus
[INFO] [stderr]   cargo:warning=compilation terminated.
[INFO] [stderr] 
[INFO] [stderr]   exit status: 1
[INFO] [stderr]   cargo:warning=ToolExecError: command did not execute successfully (status code exit status: 1): LC_ALL="C" "c++" "-O2" "-ffunction-sections" "-fdata-sections" "-fPIC" "-g" "-gdwarf-4" "-fno-omit-frame-pointer" "-m64" "-std=c++14" "-w" "-fPIC" "-Wno-switch" "-Wno-parentheses" "-Wno-macro-redefined" "-Wno-dangling-else" "-Wno-logical-op-parentheses" "-Wno-unused-parameter" "-Wno-unused-variable" "-Wno-unused-function" "-Wno-missing-braces" "-Wno-unknown-pragmas" "-Wno-deprecated-declarations" "-D_FILE_OFFSET_BITS=64" "-D_LARGEFILE_SOURCE" "-DRAR_SMP" "-DRARDLL" "-o" "/opt/rustwide/target/debug/build/unrar_sys-e6d0692497b4e3ed/out/0934600a39780889-unicode.o" "-c" "vendor/unrar/unicode.cpp"cargo:warning=c++: fatal error: Killed signal terminated program cc1plus
[INFO] [stderr]   cargo:warning=compilation terminated.
[INFO] [stderr] 
[INFO] [stderr]   exit status: 1
[INFO] [stderr]   cargo:warning=ToolExecError: command did not execute successfully (status code exit status: 1): LC_ALL="C" "c++" "-O2" "-ffunction-sections" "-fdata-sections" "-fPIC" "-g" "-gdwarf-4" "-fno-omit-frame-pointer" "-m64" "-std=c++14" "-w" "-fPIC" "-Wno-switch" "-Wno-parentheses" "-Wno-macro-redefined" "-Wno-dangling-else" "-Wno-logical-op-parentheses" "-Wno-unused-parameter" "-Wno-unused-variable" "-Wno-unused-function" "-Wno-missing-braces" "-Wno-unknown-pragmas" "-Wno-deprecated-declarations" "-D_FILE_OFFSET_BITS=64" "-D_LARGEFILE_SOURCE" "-DRAR_SMP" "-DRARDLL" "-o" "/opt/rustwide/target/debug/build/unrar_sys-e6d0692497b4e3ed/out/0934600a39780889-crc.o" "-c" "vendor/unrar/crc.cpp"cargo:warning=c++: fatal error: Killed signal terminated program cc1plus
[INFO] [stderr]   cargo:warning=compilation terminated.
[INFO] [stderr] 
[INFO] [stderr]   exit status: 1
[INFO] [stderr]   cargo:warning=ToolExecError: command did not execute successfully (status code exit status: 1): LC_ALL="C" "c++" "-O2" "-ffunction-sections" "-fdata-sections" "-fPIC" "-g" "-gdwarf-4" "-fno-omit-frame-pointer" "-m64" "-std=c++14" "-w" "-fPIC" "-Wno-switch" "-Wno-parentheses" "-Wno-macro-redefined" "-Wno-dangling-else" "-Wno-logical-op-parentheses" "-Wno-unused-parameter" "-Wno-unused-variable" "-Wno-unused-function" "-Wno-missing-braces" "-Wno-unknown-pragmas" "-Wno-deprecated-declarations" "-D_FILE_OFFSET_BITS=64" "-D_LARGEFILE_SOURCE" "-DRAR_SMP" "-DRARDLL" "-o" "/opt/rustwide/target/debug/build/unrar_sys-e6d0692497b4e3ed/out/0934600a39780889-encname.o" "-c" "vendor/unrar/encname.cpp"cargo:rerun-if-env-changed=CXX_x86_64-unknown-linux-gnu
[INFO] [stderr]   CXX_x86_64-unknown-linux-gnu = None
[INFO] [stderr]   cargo:rerun-if-env-changed=CXX_x86_64_unknown_linux_gnu
[INFO] [stderr]   CXX_x86_64_unknown_linux_gnu = None
[INFO] [stderr]   cargo:rerun-if-env-changed=HOST_CXX
[INFO] [stderr]   HOST_CXX = None
[INFO] [stderr]   cargo:rerun-if-env-changed=CXX
[INFO] [stderr]   CXX = None
[INFO] [stderr]   cargo:rerun-if-env-changed=CRATE_CC_NO_DEFAULTS
[INFO] [stderr]   CRATE_CC_NO_DEFAULTS = None
[INFO] [stderr]   cargo:rerun-if-env-changed=CXXFLAGS
[INFO] [stderr]   CXXFLAGS = None
[INFO] [stderr]   cargo:rerun-if-env-changed=HOST_CXXFLAGS
[INFO] [stderr]   HOST_CXXFLAGS = None
[INFO] [stderr]   cargo:rerun-if-env-changed=CXXFLAGS_x86_64_unknown_linux_gnu
[INFO] [stderr]   CXXFLAGS_x86_64_unknown_linux_gnu = None
[INFO] [stderr]   cargo:rerun-if-env-changed=CXXFLAGS_x86_64-unknown-linux-gnu
[INFO] [stderr]   CXXFLAGS_x86_64-unknown-linux-gnu = None
[INFO] [stderr]   cargo:rerun-if-env-changed=CXX_x86_64-unknown-linux-gnu
[INFO] [stderr]   CXX_x86_64-unknown-linux-gnu = None
[INFO] [stderr]   cargo:rerun-if-env-changed=CXX_x86_64_unknown_linux_gnu
[INFO] [stderr]   CXX_x86_64_unknown_linux_gnu = None
[INFO] [stderr]   cargo:rerun-if-env-changed=HOST_CXX
[INFO] [stderr]   HOST_CXX = None
[INFO] [stderr]   cargo:rerun-if-env-changed=CXX
[INFO] [stderr]   CXX = None
[INFO] [stderr]   cargo:rerun-if-env-changed=CRATE_CC_NO_DEFAULTS
[INFO] [stderr]   CRATE_CC_NO_DEFAULTS = None
[INFO] [stderr]   cargo:rerun-if-env-changed=CXXFLAGS
[INFO] [stderr]   CXXFLAGS = None
[INFO] [stderr]   cargo:rerun-if-env-changed=HOST_CXXFLAGS
[INFO] [stderr]   HOST_CXXFLAGS = None
[INFO] [stderr]   cargo:rerun-if-env-changed=CXXFLAGS_x86_64_unknown_linux_gnu
[INFO] [stderr]   CXXFLAGS_x86_64_unknown_linux_gnu = None
[INFO] [stderr]   cargo:rerun-if-env-changed=CXXFLAGS_x86_64-unknown-linux-gnu
[INFO] [stderr]   CXXFLAGS_x86_64-unknown-linux-gnu = None
[INFO] [stderr]   cargo:rerun-if-env-changed=CXX_x86_64-unknown-linux-gnu
[INFO] [stderr]   CXX_x86_64-unknown-linux-gnu = None
[INFO] [stderr]   cargo:rerun-if-env-changed=CXX_x86_64_unknown_linux_gnu
[INFO] [stderr]   CXX_x86_64_unknown_linux_gnu = None
[INFO] [stderr]   cargo:rerun-if-env-changed=HOST_CXX
[INFO] [stderr]   HOST_CXX = None
[INFO] [stderr]   cargo:rerun-if-env-changed=CXX
[INFO] [stderr]   CXX = None
[INFO] [stderr]   cargo:rerun-if-env-changed=CRATE_CC_NO_DEFAULTS
[INFO] [stderr]   CRATE_CC_NO_DEFAULTS = None
[INFO] [stderr]   cargo:rerun-if-env-changed=CXXFLAGS
[INFO] [stderr]   CXXFLAGS = None
[INFO] [stderr]   cargo:rerun-if-env-changed=HOST_CXXFLAGS
[INFO] [stderr]   HOST_CXXFLAGS = None
[INFO] [stderr]   cargo:rerun-if-env-changed=CXXFLAGS_x86_64_unknown_linux_gnu
[INFO] [stderr]   CXXFLAGS_x86_64_unknown_linux_gnu = None
[INFO] [stderr]   cargo:rerun-if-env-changed=CXXFLAGS_x86_64-unknown-linux-gnu
[INFO] [stderr]   CXXFLAGS_x86_64-unknown-linux-gnu = None
[INFO] [stderr]   cargo:rerun-if-env-changed=CXX_x86_64-unknown-linux-gnu
[INFO] [stderr]   CXX_x86_64-unknown-linux-gnu = None
[INFO] [stderr]   cargo:rerun-if-env-changed=CXX_x86_64_unknown_linux_gnu
[INFO] [stderr]   CXX_x86_64_unknown_linux_gnu = None
[INFO] [stderr]   cargo:rerun-if-env-changed=HOST_CXX
[INFO] [stderr]   HOST_CXX = None
[INFO] [stderr]   cargo:rerun-if-env-changed=CXX
[INFO] [stderr]   CXX = None
[INFO] [stderr]   cargo:rerun-if-env-changed=CRATE_CC_NO_DEFAULTS
[INFO] [stderr]   CRATE_CC_NO_DEFAULTS = None
[INFO] [stderr]   cargo:rerun-if-env-changed=CXXFLAGS
[INFO] [stderr]   CXXFLAGS = None
[INFO] [stderr]   cargo:rerun-if-env-changed=HOST_CXXFLAGS
[INFO] [stderr]   HOST_CXXFLAGS = None
[INFO] [stderr]   cargo:rerun-if-env-changed=CXXFLAGS_x86_64_unknown_linux_gnu
[INFO] [stderr]   CXXFLAGS_x86_64_unknown_linux_gnu = None
[INFO] [stderr]   cargo:rerun-if-env-changed=CXXFLAGS_x86_64-unknown-linux-gnu
[INFO] [stderr]   CXXFLAGS_x86_64-unknown-linux-gnu = None
[INFO] [stderr]   cargo:warning=c++: fatal error: Killed signal terminated program cc1plus
[INFO] [stderr]   cargo:warning=compilation terminated.
[INFO] [stderr] 
[INFO] [stderr]   exit status: 1
[INFO] [stderr]   cargo:warning=ToolExecError: command did not execute successfully (status code exit status: 1): LC_ALL="C" "c++" "-O2" "-ffunction-sections" "-fdata-sections" "-fPIC" "-g" "-gdwarf-4" "-fno-omit-frame-pointer" "-m64" "-std=c++14" "-w" "-fPIC" "-Wno-switch" "-Wno-parentheses" "-Wno-macro-redefined" "-Wno-dangling-else" "-Wno-logical-op-parentheses" "-Wno-unused-parameter" "-Wno-unused-variable" "-Wno-unused-function" "-Wno-missing-braces" "-Wno-unknown-pragmas" "-Wno-deprecated-declarations" "-D_FILE_OFFSET_BITS=64" "-D_LARGEFILE_SOURCE" "-DRAR_SMP" "-DRARDLL" "-o" "/opt/rustwide/target/debug/build/unrar_sys-e6d0692497b4e3ed/out/0934600a39780889-system.o" "-c" "vendor/unrar/system.cpp"cargo:warning=c++: fatal error: Killed signal terminated program cc1plus
[INFO] [stderr]   cargo:warning=compilation terminated.
[INFO] [stderr] 
[INFO] [stderr]   exit status: 1
[INFO] [stderr]   cargo:warning=ToolExecError: command did not execute successfully (status code exit status: 1): LC_ALL="C" "c++" "-O2" "-ffunction-sections" "-fdata-sections" "-fPIC" "-g" "-gdwarf-4" "-fno-omit-frame-pointer" "-m64" "-std=c++14" "-w" "-fPIC" "-Wno-switch" "-Wno-parentheses" "-Wno-macro-redefined" "-Wno-dangling-else" "-Wno-logical-op-parentheses" "-Wno-unused-parameter" "-Wno-unused-variable" "-Wno-unused-function" "-Wno-missing-braces" "-Wno-unknown-pragmas" "-Wno-deprecated-declarations" "-D_FILE_OFFSET_BITS=64" "-D_LARGEFILE_SOURCE" "-DRAR_SMP" "-DRARDLL" "-o" "/opt/rustwide/target/debug/build/unrar_sys-e6d0692497b4e3ed/out/0934600a39780889-crypt.o" "-c" "vendor/unrar/crypt.cpp"cargo:rerun-if-env-changed=CXX_x86_64-unknown-linux-gnu
[INFO] [stderr]   CXX_x86_64-unknown-linux-gnu = None
[INFO] [stderr]   cargo:rerun-if-env-changed=CXX_x86_64_unknown_linux_gnu
[INFO] [stderr]   CXX_x86_64_unknown_linux_gnu = None
[INFO] [stderr]   cargo:rerun-if-env-changed=HOST_CXX
[INFO] [stderr]   HOST_CXX = None
[INFO] [stderr]   cargo:rerun-if-env-changed=CXX
[INFO] [stderr]   CXX = None
[INFO] [stderr]   cargo:rerun-if-env-changed=CRATE_CC_NO_DEFAULTS
[INFO] [stderr]   CRATE_CC_NO_DEFAULTS = None
[INFO] [stderr]   cargo:rerun-if-env-changed=CXXFLAGS
[INFO] [stderr]   CXXFLAGS = None
[INFO] [stderr]   cargo:rerun-if-env-changed=HOST_CXXFLAGS
[INFO] [stderr]   HOST_CXXFLAGS = None
[INFO] [stderr]   cargo:rerun-if-env-changed=CXXFLAGS_x86_64_unknown_linux_gnu
[INFO] [stderr]   CXXFLAGS_x86_64_unknown_linux_gnu = None
[INFO] [stderr]   cargo:rerun-if-env-changed=CXXFLAGS_x86_64-unknown-linux-gnu
[INFO] [stderr]   CXXFLAGS_x86_64-unknown-linux-gnu = None
[INFO] [stderr]   cargo:rerun-if-env-changed=CXX_x86_64-unknown-linux-gnu
[INFO] [stderr]   CXX_x86_64-unknown-linux-gnu = None
[INFO] [stderr]   cargo:rerun-if-env-changed=CXX_x86_64_unknown_linux_gnu
[INFO] [stderr]   CXX_x86_64_unknown_linux_gnu = None
[INFO] [stderr]   cargo:rerun-if-env-changed=HOST_CXX
[INFO] [stderr]   HOST_CXX = None
[INFO] [stderr]   cargo:rerun-if-env-changed=CXX
[INFO] [stderr]   CXX = None
[INFO] [stderr]   cargo:rerun-if-env-changed=CRATE_CC_NO_DEFAULTS
[INFO] [stderr]   CRATE_CC_NO_DEFAULTS = None
[INFO] [stderr]   cargo:rerun-if-env-changed=CXXFLAGS
[INFO] [stderr]   CXXFLAGS = None
[INFO] [stderr]   cargo:rerun-if-env-changed=HOST_CXXFLAGS
[INFO] [stderr]   HOST_CXXFLAGS = None
[INFO] [stderr]   cargo:rerun-if-env-changed=CXXFLAGS_x86_64_unknown_linux_gnu
[INFO] [stderr]   CXXFLAGS_x86_64_unknown_linux_gnu = None
[INFO] [stderr]   cargo:rerun-if-env-changed=CXXFLAGS_x86_64-unknown-linux-gnu
[INFO] [stderr]   CXXFLAGS_x86_64-unknown-linux-gnu = None
[INFO] [stderr]   cargo:rerun-if-env-changed=CXX_x86_64-unknown-linux-gnu
[INFO] [stderr]   CXX_x86_64-unknown-linux-gnu = None
[INFO] [stderr]   cargo:rerun-if-env-changed=CXX_x86_64_unknown_linux_gnu
[INFO] [stderr]   CXX_x86_64_unknown_linux_gnu = None
[INFO] [stderr]   cargo:rerun-if-env-changed=HOST_CXX
[INFO] [stderr]   HOST_CXX = None
[INFO] [stderr]   cargo:rerun-if-env-changed=CXX
[INFO] [stderr]   CXX = None
[INFO] [stderr]   cargo:rerun-if-env-changed=CRATE_CC_NO_DEFAULTS
[INFO] [stderr]   CRATE_CC_NO_DEFAULTS = None
[INFO] [stderr]   cargo:rerun-if-env-changed=CXXFLAGS
[INFO] [stderr]   CXXFLAGS = None
[INFO] [stderr]   cargo:rerun-if-env-changed=HOST_CXXFLAGS
[INFO] [stderr]   HOST_CXXFLAGS = None
[INFO] [stderr]   cargo:rerun-if-env-changed=CXXFLAGS_x86_64_unknown_linux_gnu
[INFO] [stderr]   CXXFLAGS_x86_64_unknown_linux_gnu = None
[INFO] [stderr]   cargo:rerun-if-env-changed=CXXFLAGS_x86_64-unknown-linux-gnu
[INFO] [stderr]   CXXFLAGS_x86_64-unknown-linux-gnu = None
[INFO] [stderr]   cargo:warning=c++: fatal error: Killed signal terminated program cc1plus
[INFO] [stderr]   cargo:warning=compilation terminated.
[INFO] [stderr] 
[INFO] [stderr]   exit status: 1
[INFO] [stderr]   cargo:warning=ToolExecError: command did not execute successfully (status code exit status: 1): LC_ALL="C" "c++" "-O2" "-ffunction-sections" "-fdata-sections" "-fPIC" "-g" "-gdwarf-4" "-fno-omit-frame-pointer" "-m64" "-std=c++14" "-w" "-fPIC" "-Wno-switch" "-Wno-parentheses" "-Wno-macro-redefined" "-Wno-dangling-else" "-Wno-logical-op-parentheses" "-Wno-unused-parameter" "-Wno-unused-variable" "-Wno-unused-function" "-Wno-missing-braces" "-Wno-unknown-pragmas" "-Wno-deprecated-declarations" "-D_FILE_OFFSET_BITS=64" "-D_LARGEFILE_SOURCE" "-DRAR_SMP" "-DRARDLL" "-o" "/opt/rustwide/target/debug/build/unrar_sys-e6d0692497b4e3ed/out/0934600a39780889-rawread.o" "-c" "vendor/unrar/rawread.cpp"cargo:rerun-if-env-changed=CXX_x86_64-unknown-linux-gnu
[INFO] [stderr]   CXX_x86_64-unknown-linux-gnu = None
[INFO] [stderr]   cargo:rerun-if-env-changed=CXX_x86_64_unknown_linux_gnu
[INFO] [stderr]   CXX_x86_64_unknown_linux_gnu = None
[INFO] [stderr]   cargo:rerun-if-env-changed=HOST_CXX
[INFO] [stderr]   HOST_CXX = None
[INFO] [stderr]   cargo:rerun-if-env-changed=CXX
[INFO] [stderr]   CXX = None
[INFO] [stderr]   cargo:rerun-if-env-changed=CRATE_CC_NO_DEFAULTS
[INFO] [stderr]   CRATE_CC_NO_DEFAULTS = None
[INFO] [stderr]   cargo:rerun-if-env-changed=CXXFLAGS
[INFO] [stderr]   CXXFLAGS = None
[INFO] [stderr]   cargo:rerun-if-env-changed=HOST_CXXFLAGS
[INFO] [stderr]   HOST_CXXFLAGS = None
[INFO] [stderr]   cargo:rerun-if-env-changed=CXXFLAGS_x86_64_unknown_linux_gnu
[INFO] [stderr]   CXXFLAGS_x86_64_unknown_linux_gnu = None
[INFO] [stderr]   cargo:rerun-if-env-changed=CXXFLAGS_x86_64-unknown-linux-gnu
[INFO] [stderr]   CXXFLAGS_x86_64-unknown-linux-gnu = None
[INFO] [stderr]   cargo:warning=c++: fatal error: Killed signal terminated program cc1plus
[INFO] [stderr]   cargo:warning=compilation terminated.
[INFO] [stderr] 
[INFO] [stderr]   exit status: 1
[INFO] [stderr]   cargo:warning=ToolExecError: command did not execute successfully (status code exit status: 1): LC_ALL="C" "c++" "-O2" "-ffunction-sections" "-fdata-sections" "-fPIC" "-g" "-gdwarf-4" "-fno-omit-frame-pointer" "-m64" "-std=c++14" "-w" "-fPIC" "-Wno-switch" "-Wno-parentheses" "-Wno-macro-redefined" "-Wno-dangling-else" "-Wno-logical-op-parentheses" "-Wno-unused-parameter" "-Wno-unused-variable" "-Wno-unused-function" "-Wno-missing-braces" "-Wno-unknown-pragmas" "-Wno-deprecated-declarations" "-D_FILE_OFFSET_BITS=64" "-D_LARGEFILE_SOURCE" "-DRAR_SMP" "-DRARDLL" "-o" "/opt/rustwide/target/debug/build/unrar_sys-e6d0692497b4e3ed/out/0934600a39780889-timefn.o" "-c" "vendor/unrar/timefn.cpp"cargo:warning=c++: fatal error: Killed signal terminated program cc1plus
[INFO] [stderr]   cargo:warning=compilation terminated.
[INFO] [stderr] 
[INFO] [stderr]   exit status: 1
[INFO] [stderr]   cargo:warning=ToolExecError: command did not execute successfully (status code exit status: 1): LC_ALL="C" "c++" "-O2" "-ffunction-sections" "-fdata-sections" "-fPIC" "-g" "-gdwarf-4" "-fno-omit-frame-pointer" "-m64" "-std=c++14" "-w" "-fPIC" "-Wno-switch" "-Wno-parentheses" "-Wno-macro-redefined" "-Wno-dangling-else" "-Wno-logical-op-parentheses" "-Wno-unused-parameter" "-Wno-unused-variable" "-Wno-unused-function" "-Wno-missing-braces" "-Wno-unknown-pragmas" "-Wno-deprecated-declarations" "-D_FILE_OFFSET_BITS=64" "-D_LARGEFILE_SOURCE" "-DRAR_SMP" "-DRARDLL" "-o" "/opt/rustwide/target/debug/build/unrar_sys-e6d0692497b4e3ed/out/0934600a39780889-rdwrfn.o" "-c" "vendor/unrar/rdwrfn.cpp"cargo:rerun-if-env-changed=CXX_x86_64-unknown-linux-gnu
[INFO] [stderr]   CXX_x86_64-unknown-linux-gnu = None
[INFO] [stderr]   cargo:rerun-if-env-changed=CXX_x86_64_unknown_linux_gnu
[INFO] [stderr]   CXX_x86_64_unknown_linux_gnu = None
[INFO] [stderr]   cargo:rerun-if-env-changed=HOST_CXX
[INFO] [stderr]   HOST_CXX = None
[INFO] [stderr]   cargo:rerun-if-env-changed=CXX
[INFO] [stderr]   CXX = None
[INFO] [stderr]   cargo:rerun-if-env-changed=CRATE_CC_NO_DEFAULTS
[INFO] [stderr]   CRATE_CC_NO_DEFAULTS = None
[INFO] [stderr]   cargo:rerun-if-env-changed=CXXFLAGS
[INFO] [stderr]   CXXFLAGS = None
[INFO] [stderr]   cargo:rerun-if-env-changed=HOST_CXXFLAGS
[INFO] [stderr]   HOST_CXXFLAGS = None
[INFO] [stderr]   cargo:rerun-if-env-changed=CXXFLAGS_x86_64_unknown_linux_gnu
[INFO] [stderr]   CXXFLAGS_x86_64_unknown_linux_gnu = None
[INFO] [stderr]   cargo:rerun-if-env-changed=CXXFLAGS_x86_64-unknown-linux-gnu
[INFO] [stderr]   CXXFLAGS_x86_64-unknown-linux-gnu = None
[INFO] [stderr]   cargo:rerun-if-env-changed=CXX_x86_64-unknown-linux-gnu
[INFO] [stderr]   CXX_x86_64-unknown-linux-gnu = None
[INFO] [stderr]   cargo:rerun-if-env-changed=CXX_x86_64_unknown_linux_gnu
[INFO] [stderr]   CXX_x86_64_unknown_linux_gnu = None
[INFO] [stderr]   cargo:rerun-if-env-changed=HOST_CXX
[INFO] [stderr]   HOST_CXX = None
[INFO] [stderr]   cargo:rerun-if-env-changed=CXX
[INFO] [stderr]   CXX = None
[INFO] [stderr]   cargo:rerun-if-env-changed=CRATE_CC_NO_DEFAULTS
[INFO] [stderr]   CRATE_CC_NO_DEFAULTS = None
[INFO] [stderr]   cargo:rerun-if-env-changed=CXXFLAGS
[INFO] [stderr]   CXXFLAGS = None
[INFO] [stderr]   cargo:rerun-if-env-changed=HOST_CXXFLAGS
[INFO] [stderr]   HOST_CXXFLAGS = None
[INFO] [stderr]   cargo:rerun-if-env-changed=CXXFLAGS_x86_64_unknown_linux_gnu
[INFO] [stderr]   CXXFLAGS_x86_64_unknown_linux_gnu = None
[INFO] [stderr]   cargo:rerun-if-env-changed=CXXFLAGS_x86_64-unknown-linux-gnu
[INFO] [stderr]   CXXFLAGS_x86_64-unknown-linux-gnu = None
[INFO] [stderr]   cargo:warning=c++: fatal error: Killed signal terminated program cc1plus
[INFO] [stderr]   cargo:warning=compilation terminated.
[INFO] [stderr] 
[INFO] [stderr]   exit status: 1
[INFO] [stderr]   cargo:warning=ToolExecError: command did not execute successfully (status code exit status: 1): LC_ALL="C" "c++" "-O2" "-ffunction-sections" "-fdata-sections" "-fPIC" "-g" "-gdwarf-4" "-fno-omit-frame-pointer" "-m64" "-std=c++14" "-w" "-fPIC" "-Wno-switch" "-Wno-parentheses" "-Wno-macro-redefined" "-Wno-dangling-else" "-Wno-logical-op-parentheses" "-Wno-unused-parameter" "-Wno-unused-variable" "-Wno-unused-function" "-Wno-missing-braces" "-Wno-unknown-pragmas" "-Wno-deprecated-declarations" "-D_FILE_OFFSET_BITS=64" "-D_LARGEFILE_SOURCE" "-DRAR_SMP" "-DRARDLL" "-o" "/opt/rustwide/target/debug/build/unrar_sys-e6d0692497b4e3ed/out/0934600a39780889-match.o" "-c" "vendor/unrar/match.cpp"cargo:warning=c++: fatal error: Killed signal terminated program cc1plus
[INFO] [stderr]   cargo:warning=compilation terminated.
[INFO] [stderr] 
[INFO] [stderr]   exit status: 1
[INFO] [stderr]   cargo:warning=ToolExecError: command did not execute successfully (status code exit status: 1): LC_ALL="C" "c++" "-O2" "-ffunction-sections" "-fdata-sections" "-fPIC" "-g" "-gdwarf-4" "-fno-omit-frame-pointer" "-m64" "-std=c++14" "-w" "-fPIC" "-Wno-switch" "-Wno-parentheses" "-Wno-macro-redefined" "-Wno-dangling-else" "-Wno-logical-op-parentheses" "-Wno-unused-parameter" "-Wno-unused-variable" "-Wno-unused-function" "-Wno-missing-braces" "-Wno-unknown-pragmas" "-Wno-deprecated-declarations" "-D_FILE_OFFSET_BITS=64" "-D_LARGEFILE_SOURCE" "-DRAR_SMP" "-DRARDLL" "-o" "/opt/rustwide/target/debug/build/unrar_sys-e6d0692497b4e3ed/out/0934600a39780889-consio.o" "-c" "vendor/unrar/consio.cpp"cargo:warning=c++: fatal error: Killed signal terminated program cc1plus
[INFO] [stderr]   cargo:warning=compilation terminated.
[INFO] [stderr] 
[INFO] [stderr]   exit status: 1
[INFO] [stderr]   cargo:warning=ToolExecError: command did not execute successfully (status code exit status: 1): LC_ALL="C" "c++" "-O2" "-ffunction-sections" "-fdata-sections" "-fPIC" "-g" "-gdwarf-4" "-fno-omit-frame-pointer" "-m64" "-std=c++14" "-w" "-fPIC" "-Wno-switch" "-Wno-parentheses" "-Wno-macro-redefined" "-Wno-dangling-else" "-Wno-logical-op-parentheses" "-Wno-unused-parameter" "-Wno-unused-variable" "-Wno-unused-function" "-Wno-missing-braces" "-Wno-unknown-pragmas" "-Wno-deprecated-declarations" "-D_FILE_OFFSET_BITS=64" "-D_LARGEFILE_SOURCE" "-DRAR_SMP" "-DRARDLL" "-o" "/opt/rustwide/target/debug/build/unrar_sys-e6d0692497b4e3ed/out/0934600a39780889-errhnd.o" "-c" "vendor/unrar/errhnd.cpp"cargo:rerun-if-env-changed=CXX_x86_64-unknown-linux-gnu
[INFO] [stderr]   CXX_x86_64-unknown-linux-gnu = None
[INFO] [stderr]   cargo:rerun-if-env-changed=CXX_x86_64_unknown_linux_gnu
[INFO] [stderr]   CXX_x86_64_unknown_linux_gnu = None
[INFO] [stderr]   cargo:rerun-if-env-changed=HOST_CXX
[INFO] [stderr]   HOST_CXX = None
[INFO] [stderr]   cargo:rerun-if-env-changed=CXX
[INFO] [stderr]   CXX = None
[INFO] [stderr]   cargo:rerun-if-env-changed=CRATE_CC_NO_DEFAULTS
[INFO] [stderr]   CRATE_CC_NO_DEFAULTS = None
[INFO] [stderr]   cargo:rerun-if-env-changed=CXXFLAGS
[INFO] [stderr]   CXXFLAGS = None
[INFO] [stderr]   cargo:rerun-if-env-changed=HOST_CXXFLAGS
[INFO] [stderr]   HOST_CXXFLAGS = None
[INFO] [stderr]   cargo:rerun-if-env-changed=CXXFLAGS_x86_64_unknown_linux_gnu
[INFO] [stderr]   CXXFLAGS_x86_64_unknown_linux_gnu = None
[INFO] [stderr]   cargo:rerun-if-env-changed=CXXFLAGS_x86_64-unknown-linux-gnu
[INFO] [stderr]   CXXFLAGS_x86_64-unknown-linux-gnu = None
[INFO] [stderr]   cargo:rerun-if-env-changed=CXX_x86_64-unknown-linux-gnu
[INFO] [stderr]   CXX_x86_64-unknown-linux-gnu = None
[INFO] [stderr]   cargo:rerun-if-env-changed=CXX_x86_64_unknown_linux_gnu
[INFO] [stderr]   CXX_x86_64_unknown_linux_gnu = None
[INFO] [stderr]   cargo:rerun-if-env-changed=HOST_CXX
[INFO] [stderr]   HOST_CXX = None
[INFO] [stderr]   cargo:rerun-if-env-changed=CXX
[INFO] [stderr]   CXX = None
[INFO] [stderr]   cargo:rerun-if-env-changed=CRATE_CC_NO_DEFAULTS
[INFO] [stderr]   CRATE_CC_NO_DEFAULTS = None
[INFO] [stderr]   cargo:rerun-if-env-changed=CXXFLAGS
[INFO] [stderr]   CXXFLAGS = None
[INFO] [stderr]   cargo:rerun-if-env-changed=HOST_CXXFLAGS
[INFO] [stderr]   HOST_CXXFLAGS = None
[INFO] [stderr]   cargo:rerun-if-env-changed=CXXFLAGS_x86_64_unknown_linux_gnu
[INFO] [stderr]   CXXFLAGS_x86_64_unknown_linux_gnu = None
[INFO] [stderr]   cargo:rerun-if-env-changed=CXXFLAGS_x86_64-unknown-linux-gnu
[INFO] [stderr]   CXXFLAGS_x86_64-unknown-linux-gnu = None
[INFO] [stderr]   cargo:rerun-if-env-changed=CXX_x86_64-unknown-linux-gnu
[INFO] [stderr]   CXX_x86_64-unknown-linux-gnu = None
[INFO] [stderr]   cargo:rerun-if-env-changed=CXX_x86_64_unknown_linux_gnu
[INFO] [stderr]   CXX_x86_64_unknown_linux_gnu = None
[INFO] [stderr]   cargo:rerun-if-env-changed=HOST_CXX
[INFO] [stderr]   HOST_CXX = None
[INFO] [stderr]   cargo:rerun-if-env-changed=CXX
[INFO] [stderr]   CXX = None
[INFO] [stderr]   cargo:rerun-if-env-changed=CRATE_CC_NO_DEFAULTS
[INFO] [stderr]   CRATE_CC_NO_DEFAULTS = None
[INFO] [stderr]   cargo:rerun-if-env-changed=CXXFLAGS
[INFO] [stderr]   CXXFLAGS = None
[INFO] [stderr]   cargo:rerun-if-env-changed=HOST_CXXFLAGS
[INFO] [stderr]   HOST_CXXFLAGS = None
[INFO] [stderr]   cargo:rerun-if-env-changed=CXXFLAGS_x86_64_unknown_linux_gnu
[INFO] [stderr]   CXXFLAGS_x86_64_unknown_linux_gnu = None
[INFO] [stderr]   cargo:rerun-if-env-changed=CXXFLAGS_x86_64-unknown-linux-gnu
[INFO] [stderr]   CXXFLAGS_x86_64-unknown-linux-gnu = None
[INFO] [stderr]   cargo:rerun-if-env-changed=CXX_x86_64-unknown-linux-gnu
[INFO] [stderr]   CXX_x86_64-unknown-linux-gnu = None
[INFO] [stderr]   cargo:rerun-if-env-changed=CXX_x86_64_unknown_linux_gnu
[INFO] [stderr]   CXX_x86_64_unknown_linux_gnu = None
[INFO] [stderr]   cargo:rerun-if-env-changed=HOST_CXX
[INFO] [stderr]   HOST_CXX = None
[INFO] [stderr]   cargo:rerun-if-env-changed=CXX
[INFO] [stderr]   CXX = None
[INFO] [stderr]   cargo:rerun-if-env-changed=CRATE_CC_NO_DEFAULTS
[INFO] [stderr]   CRATE_CC_NO_DEFAULTS = None
[INFO] [stderr]   cargo:rerun-if-env-changed=CXXFLAGS
[INFO] [stderr]   CXXFLAGS = None
[INFO] [stderr]   cargo:rerun-if-env-changed=HOST_CXXFLAGS
[INFO] [stderr]   HOST_CXXFLAGS = None
[INFO] [stderr]   cargo:rerun-if-env-changed=CXXFLAGS_x86_64_unknown_linux_gnu
[INFO] [stderr]   CXXFLAGS_x86_64_unknown_linux_gnu = None
[INFO] [stderr]   cargo:rerun-if-env-changed=CXXFLAGS_x86_64-unknown-linux-gnu
[INFO] [stderr]   CXXFLAGS_x86_64-unknown-linux-gnu = None
[INFO] [stderr]   cargo:rerun-if-env-changed=CXX_x86_64-unknown-linux-gnu
[INFO] [stderr]   CXX_x86_64-unknown-linux-gnu = None
[INFO] [stderr]   cargo:rerun-if-env-changed=CXX_x86_64_unknown_linux_gnu
[INFO] [stderr]   CXX_x86_64_unknown_linux_gnu = None
[INFO] [stderr]   cargo:rerun-if-env-changed=HOST_CXX
[INFO] [stderr]   HOST_CXX = None
[INFO] [stderr]   cargo:rerun-if-env-changed=CXX
[INFO] [stderr]   CXX = None
[INFO] [stderr]   cargo:rerun-if-env-changed=CRATE_CC_NO_DEFAULTS
[INFO] [stderr]   CRATE_CC_NO_DEFAULTS = None
[INFO] [stderr]   cargo:rerun-if-env-changed=CXXFLAGS
[INFO] [stderr]   CXXFLAGS = None
[INFO] [stderr]   cargo:rerun-if-env-changed=HOST_CXXFLAGS
[INFO] [stderr]   HOST_CXXFLAGS = None
[INFO] [stderr]   cargo:rerun-if-env-changed=CXXFLAGS_x86_64_unknown_linux_gnu
[INFO] [stderr]   CXXFLAGS_x86_64_unknown_linux_gnu = None
[INFO] [stderr]   cargo:rerun-if-env-changed=CXXFLAGS_x86_64-unknown-linux-gnu
[INFO] [stderr]   CXXFLAGS_x86_64-unknown-linux-gnu = None
[INFO] [stderr]   cargo:warning=c++: fatal error: Killed signal terminated program cc1plus
[INFO] [stderr]   cargo:warning=compilation terminated.
[INFO] [stderr] 
[INFO] [stderr]   exit status: 1
[INFO] [stderr]   cargo:warning=ToolExecError: command did not execute successfully (status code exit status: 1): LC_ALL="C" "c++" "-O2" "-ffunction-sections" "-fdata-sections" "-fPIC" "-g" "-gdwarf-4" "-fno-omit-frame-pointer" "-m64" "-std=c++14" "-w" "-fPIC" "-Wno-switch" "-Wno-parentheses" "-Wno-macro-redefined" "-Wno-dangling-else" "-Wno-logical-op-parentheses" "-Wno-unused-parameter" "-Wno-unused-variable" "-Wno-unused-function" "-Wno-missing-braces" "-Wno-unknown-pragmas" "-Wno-deprecated-declarations" "-D_FILE_OFFSET_BITS=64" "-D_LARGEFILE_SOURCE" "-DRAR_SMP" "-DRARDLL" "-o" "/opt/rustwide/target/debug/build/unrar_sys-e6d0692497b4e3ed/out/0934600a39780889-options.o" "-c" "vendor/unrar/options.cpp"cargo:rerun-if-env-changed=CXX_x86_64-unknown-linux-gnu
[INFO] [stderr]   CXX_x86_64-unknown-linux-gnu = None
[INFO] [stderr]   cargo:rerun-if-env-changed=CXX_x86_64_unknown_linux_gnu
[INFO] [stderr]   CXX_x86_64_unknown_linux_gnu = None
[INFO] [stderr]   cargo:rerun-if-env-changed=HOST_CXX
[INFO] [stderr]   HOST_CXX = None
[INFO] [stderr]   cargo:rerun-if-env-changed=CXX
[INFO] [stderr]   CXX = None
[INFO] [stderr]   cargo:rerun-if-env-changed=CRATE_CC_NO_DEFAULTS
[INFO] [stderr]   CRATE_CC_NO_DEFAULTS = None
[INFO] [stderr]   cargo:rerun-if-env-changed=CXXFLAGS
[INFO] [stderr]   CXXFLAGS = None
[INFO] [stderr]   cargo:rerun-if-env-changed=HOST_CXXFLAGS
[INFO] [stderr]   HOST_CXXFLAGS = None
[INFO] [stderr]   cargo:rerun-if-env-changed=CXXFLAGS_x86_64_unknown_linux_gnu
[INFO] [stderr]   CXXFLAGS_x86_64_unknown_linux_gnu = None
[INFO] [stderr]   cargo:rerun-if-env-changed=CXXFLAGS_x86_64-unknown-linux-gnu
[INFO] [stderr]   CXXFLAGS_x86_64-unknown-linux-gnu = None
[INFO] [stderr]   cargo:warning=c++: fatal error: Killed signal terminated program cc1plus
[INFO] [stderr]   cargo:warning=compilation terminated.
[INFO] [stderr] 
[INFO] [stderr]   exit status: 1
[INFO] [stderr]   cargo:warning=ToolExecError: command did not execute successfully (status code exit status: 1): LC_ALL="C" "c++" "-O2" "-ffunction-sections" "-fdata-sections" "-fPIC" "-g" "-gdwarf-4" "-fno-omit-frame-pointer" "-m64" "-std=c++14" "-w" "-fPIC" "-Wno-switch" "-Wno-parentheses" "-Wno-macro-redefined" "-Wno-dangling-else" "-Wno-logical-op-parentheses" "-Wno-unused-parameter" "-Wno-unused-variable" "-Wno-unused-function" "-Wno-missing-braces" "-Wno-unknown-pragmas" "-Wno-deprecated-declarations" "-D_FILE_OFFSET_BITS=64" "-D_LARGEFILE_SOURCE" "-DRAR_SMP" "-DRARDLL" "-o" "/opt/rustwide/target/debug/build/unrar_sys-e6d0692497b4e3ed/out/0934600a39780889-secpassword.o" "-c" "vendor/unrar/secpassword.cpp"cargo:rerun-if-env-changed=CXX_x86_64-unknown-linux-gnu
[INFO] [stderr]   CXX_x86_64-unknown-linux-gnu = None
[INFO] [stderr]   cargo:rerun-if-env-changed=CXX_x86_64_unknown_linux_gnu
[INFO] [stderr]   CXX_x86_64_unknown_linux_gnu = None
[INFO] [stderr]   cargo:rerun-if-env-changed=HOST_CXX
[INFO] [stderr]   HOST_CXX = None
[INFO] [stderr]   cargo:rerun-if-env-changed=CXX
[INFO] [stderr]   CXX = None
[INFO] [stderr]   cargo:rerun-if-env-changed=CRATE_CC_NO_DEFAULTS
[INFO] [stderr]   CRATE_CC_NO_DEFAULTS = None
[INFO] [stderr]   cargo:rerun-if-env-changed=CXXFLAGS
[INFO] [stderr]   CXXFLAGS = None
[INFO] [stderr]   cargo:rerun-if-env-changed=HOST_CXXFLAGS
[INFO] [stderr]   HOST_CXXFLAGS = None
[INFO] [stderr]   cargo:rerun-if-env-changed=CXXFLAGS_x86_64_unknown_linux_gnu
[INFO] [stderr]   CXXFLAGS_x86_64_unknown_linux_gnu = None
[INFO] [stderr]   cargo:rerun-if-env-changed=CXXFLAGS_x86_64-unknown-linux-gnu
[INFO] [stderr]   CXXFLAGS_x86_64-unknown-linux-gnu = None
[INFO] [stderr]   cargo:warning=c++: fatal error: Killed signal terminated program cc1plus
[INFO] [stderr]   cargo:warning=compilation terminated.
[INFO] [stderr] 
[INFO] [stderr]   exit status: 1
[INFO] [stderr]   cargo:warning=ToolExecError: command did not execute successfully (status code exit status: 1): LC_ALL="C" "c++" "-O2" "-ffunction-sections" "-fdata-sections" "-fPIC" "-g" "-gdwarf-4" "-fno-omit-frame-pointer" "-m64" "-std=c++14" "-w" "-fPIC" "-Wno-switch" "-Wno-parentheses" "-Wno-macro-redefined" "-Wno-dangling-else" "-Wno-logical-op-parentheses" "-Wno-unused-parameter" "-Wno-unused-variable" "-Wno-unused-function" "-Wno-missing-braces" "-Wno-unknown-pragmas" "-Wno-deprecated-declarations" "-D_FILE_OFFSET_BITS=64" "-D_LARGEFILE_SOURCE" "-DRAR_SMP" "-DRARDLL" "-o" "/opt/rustwide/target/debug/build/unrar_sys-e6d0692497b4e3ed/out/0934600a39780889-rijndael.o" "-c" "vendor/unrar/rijndael.cpp"cargo:rerun-if-env-changed=CXX_x86_64-unknown-linux-gnu
[INFO] [stderr]   CXX_x86_64-unknown-linux-gnu = None
[INFO] [stderr]   cargo:rerun-if-env-changed=CXX_x86_64_unknown_linux_gnu
[INFO] [stderr]   CXX_x86_64_unknown_linux_gnu = None
[INFO] [stderr]   cargo:rerun-if-env-changed=HOST_CXX
[INFO] [stderr]   HOST_CXX = None
[INFO] [stderr]   cargo:rerun-if-env-changed=CXX
[INFO] [stderr]   CXX = None
[INFO] [stderr]   cargo:rerun-if-env-changed=CRATE_CC_NO_DEFAULTS
[INFO] [stderr]   CRATE_CC_NO_DEFAULTS = None
[INFO] [stderr]   cargo:rerun-if-env-changed=CXXFLAGS
[INFO] [stderr]   CXXFLAGS = None
[INFO] [stderr]   cargo:rerun-if-env-changed=HOST_CXXFLAGS
[INFO] [stderr]   HOST_CXXFLAGS = None
[INFO] [stderr]   cargo:rerun-if-env-changed=CXXFLAGS_x86_64_unknown_linux_gnu
[INFO] [stderr]   CXXFLAGS_x86_64_unknown_linux_gnu = None
[INFO] [stderr]   cargo:rerun-if-env-changed=CXXFLAGS_x86_64-unknown-linux-gnu
[INFO] [stderr]   CXXFLAGS_x86_64-unknown-linux-gnu = None
[INFO] [stderr]   cargo:warning=c++: fatal error: Killed signal terminated program cc1plus
[INFO] [stderr]   cargo:warning=compilation terminated.
[INFO] [stderr] 
[INFO] [stderr]   exit status: 1
[INFO] [stderr]   cargo:warning=ToolExecError: command did not execute successfully (status code exit status: 1): LC_ALL="C" "c++" "-O2" "-ffunction-sections" "-fdata-sections" "-fPIC" "-g" "-gdwarf-4" "-fno-omit-frame-pointer" "-m64" "-std=c++14" "-w" "-fPIC" "-Wno-switch" "-Wno-parentheses" "-Wno-macro-redefined" "-Wno-dangling-else" "-Wno-logical-op-parentheses" "-Wno-unused-parameter" "-Wno-unused-variable" "-Wno-unused-function" "-Wno-missing-braces" "-Wno-unknown-pragmas" "-Wno-deprecated-declarations" "-D_FILE_OFFSET_BITS=64" "-D_LARGEFILE_SOURCE" "-DRAR_SMP" "-DRARDLL" "-o" "/opt/rustwide/target/debug/build/unrar_sys-e6d0692497b4e3ed/out/0934600a39780889-getbits.o" "-c" "vendor/unrar/getbits.cpp"cargo:rerun-if-env-changed=CXX_x86_64-unknown-linux-gnu
[INFO] [stderr]   CXX_x86_64-unknown-linux-gnu = None
[INFO] [stderr]   cargo:rerun-if-env-changed=CXX_x86_64_unknown_linux_gnu
[INFO] [stderr]   CXX_x86_64_unknown_linux_gnu = None
[INFO] [stderr]   cargo:rerun-if-env-changed=HOST_CXX
[INFO] [stderr]   HOST_CXX = None
[INFO] [stderr]   cargo:rerun-if-env-changed=CXX
[INFO] [stderr]   CXX = None
[INFO] [stderr]   cargo:rerun-if-env-changed=CRATE_CC_NO_DEFAULTS
[INFO] [stderr]   CRATE_CC_NO_DEFAULTS = None
[INFO] [stderr]   cargo:rerun-if-env-changed=CXXFLAGS
[INFO] [stderr]   CXXFLAGS = None
[INFO] [stderr]   cargo:rerun-if-env-changed=HOST_CXXFLAGS
[INFO] [stderr]   HOST_CXXFLAGS = None
[INFO] [stderr]   cargo:rerun-if-env-changed=CXXFLAGS_x86_64_unknown_linux_gnu
[INFO] [stderr]   CXXFLAGS_x86_64_unknown_linux_gnu = None
[INFO] [stderr]   cargo:rerun-if-env-changed=CXXFLAGS_x86_64-unknown-linux-gnu
[INFO] [stderr]   CXXFLAGS_x86_64-unknown-linux-gnu = None
[INFO] [stderr]   cargo:warning=c++: fatal error: Killed signal terminated program cc1plus
[INFO] [stderr]   cargo:warning=compilation terminated.
[INFO] [stderr] 
[INFO] [stderr]   exit status: 1
[INFO] [stderr]   cargo:warning=ToolExecError: command did not execute successfully (status code exit status: 1): LC_ALL="C" "c++" "-O2" "-ffunction-sections" "-fdata-sections" "-fPIC" "-g" "-gdwarf-4" "-fno-omit-frame-pointer" "-m64" "-std=c++14" "-w" "-fPIC" "-Wno-switch" "-Wno-parentheses" "-Wno-macro-redefined" "-Wno-dangling-else" "-Wno-logical-op-parentheses" "-Wno-unused-parameter" "-Wno-unused-variable" "-Wno-unused-function" "-Wno-missing-braces" "-Wno-unknown-pragmas" "-Wno-deprecated-declarations" "-D_FILE_OFFSET_BITS=64" "-D_LARGEFILE_SOURCE" "-DRAR_SMP" "-DRARDLL" "-o" "/opt/rustwide/target/debug/build/unrar_sys-e6d0692497b4e3ed/out/0934600a39780889-rarvm.o" "-c" "vendor/unrar/rarvm.cpp"cargo:rerun-if-env-changed=CXX_x86_64-unknown-linux-gnu
[INFO] [stderr]   CXX_x86_64-unknown-linux-gnu = None
[INFO] [stderr]   cargo:rerun-if-env-changed=CXX_x86_64_unknown_linux_gnu
[INFO] [stderr]   CXX_x86_64_unknown_linux_gnu = None
[INFO] [stderr]   cargo:rerun-if-env-changed=HOST_CXX
[INFO] [stderr]   HOST_CXX = None
[INFO] [stderr]   cargo:rerun-if-env-changed=CXX
[INFO] [stderr]   CXX = None
[INFO] [stderr]   cargo:rerun-if-env-changed=CRATE_CC_NO_DEFAULTS
[INFO] [stderr]   CRATE_CC_NO_DEFAULTS = None
[INFO] [stderr]   cargo:rerun-if-env-changed=CXXFLAGS
[INFO] [stderr]   CXXFLAGS = None
[INFO] [stderr]   cargo:rerun-if-env-changed=HOST_CXXFLAGS
[INFO] [stderr]   HOST_CXXFLAGS = None
[INFO] [stderr]   cargo:rerun-if-env-changed=CXXFLAGS_x86_64_unknown_linux_gnu
[INFO] [stderr]   CXXFLAGS_x86_64_unknown_linux_gnu = None
[INFO] [stderr]   cargo:rerun-if-env-changed=CXXFLAGS_x86_64-unknown-linux-gnu
[INFO] [stderr]   CXXFLAGS_x86_64-unknown-linux-gnu = None
[INFO] [stderr]   cargo:warning=c++: fatal error: Killed signal terminated program cc1plus
[INFO] [stderr]   cargo:warning=compilation terminated.
[INFO] [stderr] 
[INFO] [stderr]   exit status: 1
[INFO] [stderr]   cargo:warning=ToolExecError: command did not execute successfully (status code exit status: 1): LC_ALL="C" "c++" "-O2" "-ffunction-sections" "-fdata-sections" "-fPIC" "-g" "-gdwarf-4" "-fno-omit-frame-pointer" "-m64" "-std=c++14" "-w" "-fPIC" "-Wno-switch" "-Wno-parentheses" "-Wno-macro-redefined" "-Wno-dangling-else" "-Wno-logical-op-parentheses" "-Wno-unused-parameter" "-Wno-unused-variable" "-Wno-unused-function" "-Wno-missing-braces" "-Wno-unknown-pragmas" "-Wno-deprecated-declarations" "-D_FILE_OFFSET_BITS=64" "-D_LARGEFILE_SOURCE" "-DRAR_SMP" "-DRARDLL" "-o" "/opt/rustwide/target/debug/build/unrar_sys-e6d0692497b4e3ed/out/0934600a39780889-sha1.o" "-c" "vendor/unrar/sha1.cpp"cargo:warning=c++: fatal error: Killed signal terminated program cc1plus
[INFO] [stderr]   cargo:warning=compilation terminated.
[INFO] [stderr] 
[INFO] [stderr]   exit status: 1
[INFO] [stderr]   cargo:warning=ToolExecError: command did not execute successfully (status code exit status: 1): LC_ALL="C" "c++" "-O2" "-ffunction-sections" "-fdata-sections" "-fPIC" "-g" "-gdwarf-4" "-fno-omit-frame-pointer" "-m64" "-std=c++14" "-w" "-fPIC" "-Wno-switch" "-Wno-parentheses" "-Wno-macro-redefined" "-Wno-dangling-else" "-Wno-logical-op-parentheses" "-Wno-unused-parameter" "-Wno-unused-variable" "-Wno-unused-function" "-Wno-missing-braces" "-Wno-unknown-pragmas" "-Wno-deprecated-declarations" "-D_FILE_OFFSET_BITS=64" "-D_LARGEFILE_SOURCE" "-DRAR_SMP" "-DRARDLL" "-o" "/opt/rustwide/target/debug/build/unrar_sys-e6d0692497b4e3ed/out/0934600a39780889-sha256.o" "-c" "vendor/unrar/sha256.cpp"cargo:warning=c++: fatal error: Killed signal terminated program cc1plus
[INFO] [stderr]   cargo:warning=compilation terminated.
[INFO] [stderr] 
[INFO] [stderr]   exit status: 1
[INFO] [stderr]   cargo:warning=ToolExecError: command did not execute successfully (status code exit status: 1): LC_ALL="C" "c++" "-O2" "-ffunction-sections" "-fdata-sections" "-fPIC" "-g" "-gdwarf-4" "-fno-omit-frame-pointer" "-m64" "-std=c++14" "-w" "-fPIC" "-Wno-switch" "-Wno-parentheses" "-Wno-macro-redefined" "-Wno-dangling-else" "-Wno-logical-op-parentheses" "-Wno-unused-parameter" "-Wno-unused-variable" "-Wno-unused-function" "-Wno-missing-braces" "-Wno-unknown-pragmas" "-Wno-deprecated-declarations" "-D_FILE_OFFSET_BITS=64" "-D_LARGEFILE_SOURCE" "-DRAR_SMP" "-DRARDLL" "-o" "/opt/rustwide/target/debug/build/unrar_sys-e6d0692497b4e3ed/out/0934600a39780889-blake2s.o" "-c" "vendor/unrar/blake2s.cpp"cargo:warning=c++: fatal error: Killed signal terminated program cc1plus
[INFO] [stderr]   cargo:warning=compilation terminated.
[INFO] [stderr] 
[INFO] [stderr]   exit status: 1
[INFO] [stderr]   cargo:warning=ToolExecError: command did not execute successfully (status code exit status: 1): LC_ALL="C" "c++" "-O2" "-ffunction-sections" "-fdata-sections" "-fPIC" "-g" "-gdwarf-4" "-fno-omit-frame-pointer" "-m64" "-std=c++14" "-w" "-fPIC" "-Wno-switch" "-Wno-parentheses" "-Wno-macro-redefined" "-Wno-dangling-else" "-Wno-logical-op-parentheses" "-Wno-unused-parameter" "-Wno-unused-variable" "-Wno-unused-function" "-Wno-missing-braces" "-Wno-unknown-pragmas" "-Wno-deprecated-declarations" "-D_FILE_OFFSET_BITS=64" "-D_LARGEFILE_SOURCE" "-DRAR_SMP" "-DRARDLL" "-o" "/opt/rustwide/target/debug/build/unrar_sys-e6d0692497b4e3ed/out/0934600a39780889-hash.o" "-c" "vendor/unrar/hash.cpp"cargo:warning=c++: fatal error: Killed signal terminated program cc1plus
[INFO] [stderr]   cargo:warning=compilation terminated.
[INFO] [stderr] 
[INFO] [stderr]   exit status: 1
[INFO] [stderr]   cargo:warning=ToolExecError: command did not execute successfully (status code exit status: 1): LC_ALL="C" "c++" "-O2" "-ffunction-sections" "-fdata-sections" "-fPIC" "-g" "-gdwarf-4" "-fno-omit-frame-pointer" "-m64" "-std=c++14" "-w" "-fPIC" "-Wno-switch" "-Wno-parentheses" "-Wno-macro-redefined" "-Wno-dangling-else" "-Wno-logical-op-parentheses" "-Wno-unused-parameter" "-Wno-unused-variable" "-Wno-unused-function" "-Wno-missing-braces" "-Wno-unknown-pragmas" "-Wno-deprecated-declarations" "-D_FILE_OFFSET_BITS=64" "-D_LARGEFILE_SOURCE" "-DRAR_SMP" "-DRARDLL" "-o" "/opt/rustwide/target/debug/build/unrar_sys-e6d0692497b4e3ed/out/0934600a39780889-extinfo.o" "-c" "vendor/unrar/extinfo.cpp"cargo:rerun-if-env-changed=CXX_x86_64-unknown-linux-gnu
[INFO] [stderr]   CXX_x86_64-unknown-linux-gnu = None
[INFO] [stderr]   cargo:rerun-if-env-changed=CXX_x86_64_unknown_linux_gnu
[INFO] [stderr]   CXX_x86_64_unknown_linux_gnu = None
[INFO] [stderr]   cargo:rerun-if-env-changed=HOST_CXX
[INFO] [stderr]   HOST_CXX = None
[INFO] [stderr]   cargo:rerun-if-env-changed=CXX
[INFO] [stderr]   CXX = None
[INFO] [stderr]   cargo:rerun-if-env-changed=CRATE_CC_NO_DEFAULTS
[INFO] [stderr]   CRATE_CC_NO_DEFAULTS = None
[INFO] [stderr]   cargo:rerun-if-env-changed=CXXFLAGS
[INFO] [stderr]   CXXFLAGS = None
[INFO] [stderr]   cargo:rerun-if-env-changed=HOST_CXXFLAGS
[INFO] [stderr]   HOST_CXXFLAGS = None
[INFO] [stderr]   cargo:rerun-if-env-changed=CXXFLAGS_x86_64_unknown_linux_gnu
[INFO] [stderr]   CXXFLAGS_x86_64_unknown_linux_gnu = None
[INFO] [stderr]   cargo:rerun-if-env-changed=CXXFLAGS_x86_64-unknown-linux-gnu
[INFO] [stderr]   CXXFLAGS_x86_64-unknown-linux-gnu = None
[INFO] [stderr]   cargo:rerun-if-env-changed=CXX_x86_64-unknown-linux-gnu
[INFO] [stderr]   CXX_x86_64-unknown-linux-gnu = None
[INFO] [stderr]   cargo:rerun-if-env-changed=CXX_x86_64_unknown_linux_gnu
[INFO] [stderr]   CXX_x86_64_unknown_linux_gnu = None
[INFO] [stderr]   cargo:rerun-if-env-changed=HOST_CXX
[INFO] [stderr]   HOST_CXX = None
[INFO] [stderr]   cargo:rerun-if-env-changed=CXX
[INFO] [stderr]   CXX = None
[INFO] [stderr]   cargo:rerun-if-env-changed=CRATE_CC_NO_DEFAULTS
[INFO] [stderr]   CRATE_CC_NO_DEFAULTS = None
[INFO] [stderr]   cargo:rerun-if-env-changed=CXXFLAGS
[INFO] [stderr]   CXXFLAGS = None
[INFO] [stderr]   cargo:rerun-if-env-changed=HOST_CXXFLAGS
[INFO] [stderr]   HOST_CXXFLAGS = None
[INFO] [stderr]   cargo:rerun-if-env-changed=CXXFLAGS_x86_64_unknown_linux_gnu
[INFO] [stderr]   CXXFLAGS_x86_64_unknown_linux_gnu = None
[INFO] [stderr]   cargo:rerun-if-env-changed=CXXFLAGS_x86_64-unknown-linux-gnu
[INFO] [stderr]   CXXFLAGS_x86_64-unknown-linux-gnu = None
[INFO] [stderr]   cargo:warning=c++: fatal error: Killed signal terminated program cc1plus
[INFO] [stderr]   cargo:warning=compilation terminated.
[INFO] [stderr] 
[INFO] [stderr]   exit status: 1
[INFO] [stderr]   cargo:warning=ToolExecError: command did not execute successfully (status code exit status: 1): LC_ALL="C" "c++" "-O2" "-ffunction-sections" "-fdata-sections" "-fPIC" "-g" "-gdwarf-4" "-fno-omit-frame-pointer" "-m64" "-std=c++14" "-w" "-fPIC" "-Wno-switch" "-Wno-parentheses" "-Wno-macro-redefined" "-Wno-dangling-else" "-Wno-logical-op-parentheses" "-Wno-unused-parameter" "-Wno-unused-variable" "-Wno-unused-function" "-Wno-missing-braces" "-Wno-unknown-pragmas" "-Wno-deprecated-declarations" "-D_FILE_OFFSET_BITS=64" "-D_LARGEFILE_SOURCE" "-DRAR_SMP" "-DRARDLL" "-o" "/opt/rustwide/target/debug/build/unrar_sys-e6d0692497b4e3ed/out/0934600a39780889-extract.o" "-c" "vendor/unrar/extract.cpp"cargo:warning=c++: fatal error: Killed signal terminated program cc1plus
[INFO] [stderr]   cargo:warning=compilation terminated.
[INFO] [stderr] 
[INFO] [stderr]   exit status: 1
[INFO] [stderr]   cargo:warning=ToolExecError: command did not execute successfully (status code exit status: 1): LC_ALL="C" "c++" "-O2" "-ffunction-sections" "-fdata-sections" "-fPIC" "-g" "-gdwarf-4" "-fno-omit-frame-pointer" "-m64" "-std=c++14" "-w" "-fPIC" "-Wno-switch" "-Wno-parentheses" "-Wno-macro-redefined" "-Wno-dangling-else" "-Wno-logical-op-parentheses" "-Wno-unused-parameter" "-Wno-unused-variable" "-Wno-unused-function" "-Wno-missing-braces" "-Wno-unknown-pragmas" "-Wno-deprecated-declarations" "-D_FILE_OFFSET_BITS=64" "-D_LARGEFILE_SOURCE" "-DRAR_SMP" "-DRARDLL" "-o" "/opt/rustwide/target/debug/build/unrar_sys-e6d0692497b4e3ed/out/0934600a39780889-find.o" "-c" "vendor/unrar/find.cpp"cargo:warning=c++: fatal error: Killed signal terminated program cc1plus
[INFO] [stderr]   cargo:warning=compilation terminated.
[INFO] [stderr] 
[INFO] [stderr]   exit status: 1
[INFO] [stderr]   cargo:warning=ToolExecError: command did not execute successfully (status code exit status: 1): LC_ALL="C" "c++" "-O2" "-ffunction-sections" "-fdata-sections" "-fPIC" "-g" "-gdwarf-4" "-fno-omit-frame-pointer" "-m64" "-std=c++14" "-w" "-fPIC" "-Wno-switch" "-Wno-parentheses" "-Wno-macro-redefined" "-Wno-dangling-else" "-Wno-logical-op-parentheses" "-Wno-unused-parameter" "-Wno-unused-variable" "-Wno-unused-function" "-Wno-missing-braces" "-Wno-unknown-pragmas" "-Wno-deprecated-declarations" "-D_FILE_OFFSET_BITS=64" "-D_LARGEFILE_SOURCE" "-DRAR_SMP" "-DRARDLL" "-o" "/opt/rustwide/target/debug/build/unrar_sys-e6d0692497b4e3ed/out/0934600a39780889-threadpool.o" "-c" "vendor/unrar/threadpool.cpp"cargo:warning=c++: fatal error: Killed signal terminated program cc1plus
[INFO] [stderr]   cargo:warning=compilation terminated.
[INFO] [stderr] 
[INFO] [stderr]   exit status: 1
[INFO] [stderr]   cargo:warning=ToolExecError: command did not execute successfully (status code exit status: 1): LC_ALL="C" "c++" "-O2" "-ffunction-sections" "-fdata-sections" "-fPIC" "-g" "-gdwarf-4" "-fno-omit-frame-pointer" "-m64" "-std=c++14" "-w" "-fPIC" "-Wno-switch" "-Wno-parentheses" "-Wno-macro-redefined" "-Wno-dangling-else" "-Wno-logical-op-parentheses" "-Wno-unused-parameter" "-Wno-unused-variable" "-Wno-unused-function" "-Wno-missing-braces" "-Wno-unknown-pragmas" "-Wno-deprecated-declarations" "-D_FILE_OFFSET_BITS=64" "-D_LARGEFILE_SOURCE" "-DRAR_SMP" "-DRARDLL" "-o" "/opt/rustwide/target/debug/build/unrar_sys-e6d0692497b4e3ed/out/0934600a39780889-volume.o" "-c" "vendor/unrar/volume.cpp"cargo:warning=c++: fatal error: Killed signal terminated program cc1plus
[INFO] [stderr]   cargo:warning=compilation terminated.
[INFO] [stderr] 
[INFO] [stderr]   exit status: 1
[INFO] [stderr]   cargo:warning=ToolExecError: command did not execute successfully (status code exit status: 1): LC_ALL="C" "c++" "-O2" "-ffunction-sections" "-fdata-sections" "-fPIC" "-g" "-gdwarf-4" "-fno-omit-frame-pointer" "-m64" "-std=c++14" "-w" "-fPIC" "-Wno-switch" "-Wno-parentheses" "-Wno-macro-redefined" "-Wno-dangling-else" "-Wno-logical-op-parentheses" "-Wno-unused-parameter" "-Wno-unused-variable" "-Wno-unused-function" "-Wno-missing-braces" "-Wno-unknown-pragmas" "-Wno-deprecated-declarations" "-D_FILE_OFFSET_BITS=64" "-D_LARGEFILE_SOURCE" "-DRAR_SMP" "-DRARDLL" "-o" "/opt/rustwide/target/debug/build/unrar_sys-e6d0692497b4e3ed/out/0934600a39780889-list.o" "-c" "vendor/unrar/list.cpp"cargo:warning=c++: fatal error: Killed signal terminated program cc1plus
[INFO] [stderr]   cargo:warning=compilation terminated.
[INFO] [stderr] 
[INFO] [stderr]   exit status: 1
[INFO] [stderr]   cargo:warning=ToolExecError: command did not execute successfully (status code exit status: 1): LC_ALL="C" "c++" "-O2" "-ffunction-sections" "-fdata-sections" "-fPIC" "-g" "-gdwarf-4" "-fno-omit-frame-pointer" "-m64" "-std=c++14" "-w" "-fPIC" "-Wno-switch" "-Wno-parentheses" "-Wno-macro-redefined" "-Wno-dangling-else" "-Wno-logical-op-parentheses" "-Wno-unused-parameter" "-Wno-unused-variable" "-Wno-unused-function" "-Wno-missing-braces" "-Wno-unknown-pragmas" "-Wno-deprecated-declarations" "-D_FILE_OFFSET_BITS=64" "-D_LARGEFILE_SOURCE" "-DRAR_SMP" "-DRARDLL" "-o" "/opt/rustwide/target/debug/build/unrar_sys-e6d0692497b4e3ed/out/0934600a39780889-unpack.o" "-c" "vendor/unrar/unpack.cpp"
[INFO] [stderr]   exit status: 0
[INFO] [stderr]   exit status: 0
[INFO] [stderr]   exit status: 0
[INFO] [stderr]   exit status: 0
[INFO] [stderr]   exit status: 0
[INFO] [stderr]   exit status: 0
[INFO] [stderr]   exit status: 0
[INFO] [stderr]   exit status: 0
[INFO] [stderr] 
[INFO] [stderr]   --- stderr
[INFO] [stderr] 
[INFO] [stderr] 
[INFO] [stderr]   error occurred in cc-rs: command did not execute successfully (status code exit status: 1): LC_ALL="C" "c++" "-O2" "-ffunction-sections" "-fdata-sections" "-fPIC" "-g" "-gdwarf-4" "-fno-omit-frame-pointer" "-m64" "-std=c++14" "-w" "-fPIC" "-Wno-switch" "-Wno-parentheses" "-Wno-macro-redefined" "-Wno-dangling-else" "-Wno-logical-op-parentheses" "-Wno-unused-parameter" "-Wno-unused-variable" "-Wno-unused-function" "-Wno-missing-braces" "-Wno-unknown-pragmas" "-Wno-deprecated-declarations" "-D_FILE_OFFSET_BITS=64" "-D_LARGEFILE_SOURCE" "-DRAR_SMP" "-DRARDLL" "-o" "/opt/rustwide/target/debug/build/unrar_sys-e6d0692497b4e3ed/out/0934600a39780889-unpack.o" "-c" "vendor/unrar/unpack.cpp"
[INFO] [stderr] 
[INFO] [stderr] 
[INFO] running `Command { std: "docker" "inspect" "179f460c571ae7c042de239d94575ab75189d7f95ba4243220b2a499599ea217", kill_on_drop: false }`
[INFO] running `Command { std: "docker" "rm" "-f" "179f460c571ae7c042de239d94575ab75189d7f95ba4243220b2a499599ea217", kill_on_drop: false }`
[INFO] [stdout] 179f460c571ae7c042de239d94575ab75189d7f95ba4243220b2a499599ea217
