[INFO] cloning repository https://github.com/nathan-osman/rust-daylight
[INFO] running `Command { std: "git" "-c" "credential.helper=" "-c" "credential.helper=/workspace/cargo-home/bin/git-credential-null" "clone" "--bare" "https://github.com/nathan-osman/rust-daylight" "/workspace/cache/git-repos/https%3A%2F%2Fgithub.com%2Fnathan-osman%2Frust-daylight", kill_on_drop: false }`
[INFO] [stderr] Cloning into bare repository '/workspace/cache/git-repos/https%3A%2F%2Fgithub.com%2Fnathan-osman%2Frust-daylight'...
[INFO] running `Command { std: "git" "rev-parse" "HEAD", kill_on_drop: false }`
[INFO] [stdout] ef95474b1c4babac4b29c8926c8610d54369577f
[INFO] documenting nathan-osman/rust-daylight against 1.100.0-beta.1 for beta-rustdoc-1.100
[INFO] running `Command { std: "git" "clone" "/workspace/cache/git-repos/https%3A%2F%2Fgithub.com%2Fnathan-osman%2Frust-daylight" "/workspace/builds/worker-4-tc2/source", kill_on_drop: false }`
[INFO] [stderr] Cloning into '/workspace/builds/worker-4-tc2/source'...
[INFO] [stderr] done.
[INFO] started tweaking git repo https://github.com/nathan-osman/rust-daylight
[INFO] finished tweaking git repo https://github.com/nathan-osman/rust-daylight
[INFO] tweaked toml for git repo https://github.com/nathan-osman/rust-daylight written to /workspace/builds/worker-4-tc2/source/Cargo.toml
[INFO] validating manifest of git repo https://github.com/nathan-osman/rust-daylight on toolchain 1.100.0-beta.1
[INFO] running `Command { std: CARGO_HOME="/workspace/cargo-home" RUSTUP_HOME="/workspace/rustup-home" "/workspace/cargo-home/bin/cargo" "+1.100.0-beta.1" "metadata" "--manifest-path" "Cargo.toml" "--no-deps", kill_on_drop: false }`
[INFO] crate git repo https://github.com/nathan-osman/rust-daylight already has a lockfile, it will not be regenerated
[INFO] running `Command { std: CARGO_HOME="/workspace/cargo-home" RUSTUP_HOME="/workspace/rustup-home" "/workspace/cargo-home/bin/cargo" "+1.100.0-beta.1" "fetch" "--manifest-path" "Cargo.toml", kill_on_drop: false }`
[INFO] [stderr] warning: Cargo.toml: `package.edition` is unspecified, defaulting to `2015` while the latest is `2024`
[INFO] [stderr] warning: `daylight` (manifest) generated 1 warning
[INFO] [stderr]     Blocking waiting for file lock on package cache
[INFO] [stderr]     Updating crates.io index
[INFO] [stderr]     Blocking waiting for file lock on package cache
[INFO] [stderr]     Blocking waiting for file lock on package cache
[INFO] [stderr]  Downloading crates ...
[INFO] [stderr]   Downloaded sunrise v1.0.0
[INFO] [stderr]   Downloaded time v0.1.41
[INFO] [stderr]   Downloaded staticfile v0.5.0
[INFO] [stderr]   Downloaded chrono v0.4.6
[INFO] [stderr]   Downloaded redox_syscall v0.1.44
[INFO] [stderr]   Downloaded mount v0.4.0
[INFO] [stderr]   Downloaded typemap v0.3.3
[INFO] [stderr]   Downloaded unsafe-any v0.4.2
[INFO] [stderr]   Downloaded plugin v0.2.6
[INFO] [stderr]   Downloaded modifier v0.1.0
[INFO] [stderr]   Downloaded phf_shared v0.7.23
[INFO] [stderr]   Downloaded itoa v0.4.3
[INFO] [stderr]   Downloaded router v0.6.0
[INFO] [stderr]   Downloaded ctrlc v3.1.1
[INFO] [stderr]   Downloaded bodyparser v0.8.0
[INFO] [stderr]   Downloaded safemem v0.3.0
[INFO] [stderr]   Downloaded phf_codegen v0.7.23
[INFO] [stderr]   Downloaded approx v0.3.1
[INFO] [stderr]   Downloaded phf_generator v0.7.23
[INFO] [stderr]   Downloaded route-recognizer v0.1.12
[INFO] [stderr]   Downloaded rand_core v0.2.2
[INFO] [stderr]   Downloaded persistent v0.4.0
[INFO] [stderr]   Downloaded sequence_trie v0.3.6
[INFO] [stderr]   Downloaded num-integer v0.1.39
[INFO] [stderr]   Downloaded mime_guess v1.8.6
[INFO] [stderr]   Downloaded phf v0.7.23
[INFO] [stderr]   Downloaded iron v0.6.0
[INFO] [stderr]   Downloaded rand_core v0.3.0
[INFO] [stderr]   Downloaded num_cpus v1.9.0
[INFO] [stderr]   Downloaded httparse v1.3.3
[INFO] [stderr]   Downloaded num-traits v0.2.6
[INFO] [stderr]   Downloaded ryu v0.2.7
[INFO] [stderr]   Downloaded serde_derive v1.0.82
[INFO] [stderr]   Downloaded cc v1.0.28
[INFO] [stderr]   Downloaded base64 v0.9.3
[INFO] [stderr]   Downloaded serde v1.0.82
[INFO] [stderr]   Downloaded serde_json v1.0.33
[INFO] [stderr]   Downloaded nix v0.11.0
[INFO] [stderr]   Downloaded hyper v0.10.15
[INFO] [stderr]   Downloaded rand v0.5.5
[INFO] [stderr]   Downloaded syn v0.15.23
[INFO] [stderr]   Downloaded libc v0.2.45
[INFO] [stderr]   Downloaded unicode-normalization v0.1.7
[INFO] running `Command { std: "docker" "create" "-v" "/var/lib/crater-agent-workspace/builds/worker-4-tc2/source:/opt/rustwide/workdir:ro,Z" "-v" "/var/lib/crater-agent-workspace/builds/worker-4-tc2/target:/opt/rustwide/target:rw,Z" "-v" "/var/lib/crater-agent-workspace/cargo-home:/opt/rustwide/cargo-home:ro,Z" "-v" "/var/lib/crater-agent-workspace/rustup-home:/opt/rustwide/rustup-home:ro,Z" "-m" "1610612736" "--network" "none" "ghcr.io/rust-lang/crates-build-env/linux@sha256:77db811e55d90add9212f6832c23229e3de5f1c1f9905e8cb07319ea15df73ac" "sleep" "infinity", kill_on_drop: false }`
[INFO] [stdout] 8813d129807b284aa4daad9a45aa2a92e4eb99c12f67ffa6d0dbe89c1e5150f4
[INFO] running `Command { std: "docker" "start" "8813d129807b284aa4daad9a45aa2a92e4eb99c12f67ffa6d0dbe89c1e5150f4", kill_on_drop: false }`
[INFO] running `Command { std: "docker" "inspect" "8813d129807b284aa4daad9a45aa2a92e4eb99c12f67ffa6d0dbe89c1e5150f4", kill_on_drop: false }`
[INFO] running `Command { std: "docker" "exec" "-e" "SOURCE_DIR=/opt/rustwide/workdir" "-e" "CARGO_HOME=/opt/rustwide/cargo-home" "-e" "RUSTUP_HOME=/opt/rustwide/rustup-home" "-e" "CARGO_TARGET_DIR=/opt/rustwide/target" "-w" "/opt/rustwide/workdir" "--user" "0:0" "8813d129807b284aa4daad9a45aa2a92e4eb99c12f67ffa6d0dbe89c1e5150f4" "/opt/rustwide/cargo-home/bin/cargo" "+1.100.0-beta.1" "metadata" "--no-deps" "--format-version=1", kill_on_drop: false }`
[INFO] running `Command { std: "docker" "inspect" "8813d129807b284aa4daad9a45aa2a92e4eb99c12f67ffa6d0dbe89c1e5150f4", kill_on_drop: false }`
[INFO] running `Command { std: "docker" "exec" "-e" "SOURCE_DIR=/opt/rustwide/workdir" "-e" "CARGO_HOME=/opt/rustwide/cargo-home" "-e" "RUSTUP_HOME=/opt/rustwide/rustup-home" "-e" "CARGO_TARGET_DIR=/opt/rustwide/target" "-e" "CARGO_INCREMENTAL=0" "-e" "RUST_BACKTRACE=full" "-e" "RUSTFLAGS=--cap-lints=warn" "-e" "RUSTDOCFLAGS=--cap-lints=warn" "-w" "/opt/rustwide/workdir" "--user" "0:0" "8813d129807b284aa4daad9a45aa2a92e4eb99c12f67ffa6d0dbe89c1e5150f4" "/opt/rustwide/cargo-home/bin/cargo" "+1.100.0-beta.1" "doc" "--frozen" "--no-deps" "--document-private-items" "--message-format=json", kill_on_drop: false }`
[INFO] [stderr] warning: Cargo.toml: `package.edition` is unspecified, defaulting to `2015` while the latest is `2024`
[INFO] [stderr] warning: `daylight` (manifest) generated 1 warning
[INFO] [stderr]    Compiling libc v0.2.45
[INFO] [stderr]    Compiling version_check v0.1.5
[INFO] [stderr]     Checking cfg-if v0.1.6
[INFO] [stderr]    Compiling rand_core v0.3.0
[INFO] [stderr]    Compiling siphasher v0.2.3
[INFO] [stderr]     Checking traitobject v0.1.0
[INFO] [stderr]     Checking unicode-normalization v0.1.7
[INFO] [stderr]    Compiling httparse v1.3.3
[INFO] [stderr]     Checking log v0.4.6
[INFO] [stdout] error[E0119]: conflicting implementations of trait `Trait` for type `(dyn Send + Sync + 'static)`
[INFO] [stdout]   --> /opt/rustwide/cargo-home/registry/src/index.crates.io-1949cf8c6b5b557f/traitobject-0.1.0/src/impls.rs:72:1
[INFO] [stdout]    |
[INFO] [stdout] 71 | unsafe impl Trait for ::std::marker::Send + Sync { }
[INFO] [stdout]    | ------------------------------------------------ first implementation here
[INFO] [stdout] 72 | unsafe impl Trait for ::std::marker::Send + Send + Sync { }
[INFO] [stdout]    | ^^^^^^^^^^^^^^^^^^^^^^^^^^^^^^^^^^^^^^^^^^^^^^^^^^^^^^^ conflicting implementation for `(dyn Send + Sync + 'static)`
[INFO] [stdout] 
[INFO] [stdout] 
[INFO] [stdout] error[E0119]: conflicting implementations of trait `Trait` for type `(dyn Send + Sync + 'static)`
[INFO] [stdout]   --> /opt/rustwide/cargo-home/registry/src/index.crates.io-1949cf8c6b5b557f/traitobject-0.1.0/src/impls.rs:73:1
[INFO] [stdout]    |
[INFO] [stdout] 71 | unsafe impl Trait for ::std::marker::Send + Sync { }
[INFO] [stdout]    | ------------------------------------------------ first implementation here
[INFO] [stdout] 72 | unsafe impl Trait for ::std::marker::Send + Send + Sync { }
[INFO] [stdout] 73 | unsafe impl Trait for ::std::marker::Sync + Send { }
[INFO] [stdout]    | ^^^^^^^^^^^^^^^^^^^^^^^^^^^^^^^^^^^^^^^^^^^^^^^^ conflicting implementation for `(dyn Send + Sync + 'static)`
[INFO] [stdout] 
[INFO] [stdout] 
[INFO] [stdout] error[E0119]: conflicting implementations of trait `Trait` for type `(dyn Send + Sync + 'static)`
[INFO] [stdout]   --> /opt/rustwide/cargo-home/registry/src/index.crates.io-1949cf8c6b5b557f/traitobject-0.1.0/src/impls.rs:75:1
[INFO] [stdout]    |
[INFO] [stdout] 71 | unsafe impl Trait for ::std::marker::Send + Sync { }
[INFO] [stdout]    | ------------------------------------------------ first implementation here
[INFO] [stdout] ...
[INFO] [stdout] 75 | unsafe impl Trait for ::std::marker::Sync + Send + Sync { }
[INFO] [stdout]    | ^^^^^^^^^^^^^^^^^^^^^^^^^^^^^^^^^^^^^^^^^^^^^^^^^^^^^^^ conflicting implementation for `(dyn Send + Sync + 'static)`
[INFO] [stdout] 
[INFO] [stdout] 
[INFO] [stdout] For more information about this error, try `rustc --explain E0119`.
[INFO] [stdout] 
[INFO] [stderr] error: could not compile `traitobject` (lib) due to 3 previous errors
[INFO] [stderr] warning: build failed, waiting for other jobs to finish...
[INFO] running `Command { std: "docker" "inspect" "8813d129807b284aa4daad9a45aa2a92e4eb99c12f67ffa6d0dbe89c1e5150f4", kill_on_drop: false }`
[INFO] running `Command { std: "docker" "rm" "-f" "8813d129807b284aa4daad9a45aa2a92e4eb99c12f67ffa6d0dbe89c1e5150f4", kill_on_drop: false }`
[INFO] [stdout] 8813d129807b284aa4daad9a45aa2a92e4eb99c12f67ffa6d0dbe89c1e5150f4
