[INFO] cloning repository https://github.com/mpwsh/actix-portier
[INFO] running `Command { std: "git" "-c" "credential.helper=" "-c" "credential.helper=/workspace/cargo-home/bin/git-credential-null" "clone" "--bare" "https://github.com/mpwsh/actix-portier" "/workspace/cache/git-repos/https%3A%2F%2Fgithub.com%2Fmpwsh%2Factix-portier", kill_on_drop: false }`
[INFO] [stderr] Cloning into bare repository '/workspace/cache/git-repos/https%3A%2F%2Fgithub.com%2Fmpwsh%2Factix-portier'...
[INFO] running `Command { std: "git" "rev-parse" "HEAD", kill_on_drop: false }`
[INFO] [stdout] 48fdade15900098d578664c608e0948e6383e4a9
[INFO] documenting mpwsh/actix-portier/48fdade15900098d578664c608e0948e6383e4a9 against 1.99.0-beta.8 for beta-rustdoc-1.100
[INFO] running `Command { std: "git" "clone" "/workspace/cache/git-repos/https%3A%2F%2Fgithub.com%2Fmpwsh%2Factix-portier" "/workspace/builds/worker-3-tc1/source", kill_on_drop: false }`
[INFO] [stderr] Cloning into '/workspace/builds/worker-3-tc1/source'...
[INFO] [stderr] done.
[INFO] removed /workspace/builds/worker-3-tc1/source/rust-toolchain.toml
[INFO] started tweaking git repo https://github.com/mpwsh/actix-portier
[INFO] finished tweaking git repo https://github.com/mpwsh/actix-portier
[INFO] tweaked toml for git repo https://github.com/mpwsh/actix-portier written to /workspace/builds/worker-3-tc1/source/Cargo.toml
[INFO] validating manifest of git repo https://github.com/mpwsh/actix-portier on toolchain 1.99.0-beta.8
[INFO] running `Command { std: CARGO_HOME="/workspace/cargo-home" RUSTUP_HOME="/workspace/rustup-home" "/workspace/cargo-home/bin/cargo" "+1.99.0-beta.8" "metadata" "--manifest-path" "Cargo.toml" "--no-deps", kill_on_drop: false }`
[INFO] crate git repo https://github.com/mpwsh/actix-portier already has a lockfile, it will not be regenerated
[INFO] running `Command { std: CARGO_HOME="/workspace/cargo-home" RUSTUP_HOME="/workspace/rustup-home" "/workspace/cargo-home/bin/cargo" "+1.99.0-beta.8" "fetch" "--manifest-path" "Cargo.toml", kill_on_drop: false }`
[INFO] [stderr]     Updating crates.io index
[INFO] [stderr]  Downloading crates ...
[INFO] [stderr]   Downloaded mutually_exclusive_features v0.1.0
[INFO] [stderr]   Downloaded impl-more v0.1.8
[INFO] [stderr]   Downloaded tracing-actix-web v0.7.14
[INFO] [stderr]   Downloaded actix-rt v2.10.0
[INFO] [stderr]   Downloaded actix-server v2.5.0
[INFO] [stderr]   Downloaded uuid v1.11.0
[INFO] [stderr]   Downloaded serde-aux v4.5.0
[INFO] [stderr]   Downloaded actix-http v3.9.0
[INFO] [stderr]   Downloaded secrecy v0.8.0
[INFO] [stderr]   Downloaded tracing-bunyan-formatter v0.3.9
[INFO] [stderr]   Downloaded actix-web v4.9.0
[INFO] [stderr]   Downloaded libc v0.2.161
[INFO] [stderr]   Downloaded webpki-roots v0.26.6
[INFO] [stderr]   Downloaded rustls-pki-types v1.10.0
[INFO] [stderr]   Downloaded rustls v0.23.16
[INFO] [stderr]   Downloaded quinn v0.11.5
[INFO] [stderr]   Downloaded rustc-hash v2.0.0
[INFO] [stderr]   Downloaded quinn-udp v0.5.7
[INFO] [stderr]   Downloaded quinn-proto v0.11.8
[INFO] [stderr]   Downloaded ipnet v2.10.1
[INFO] [stderr]   Downloaded hyper v1.5.0
[INFO] [stderr]   Downloaded cookie_store v0.21.0
[INFO] [stderr]   Downloaded portier v0.2.0
[INFO] [stderr]   Downloaded publicsuffix v2.2.3
[INFO] [stderr]   Downloaded schannel v0.1.26
[INFO] [stderr]   Downloaded openssl-sys v0.9.104
[INFO] [stderr]   Downloaded openssl v0.10.68
[INFO] [stderr]   Downloaded hyper v0.14.31
[INFO] [stderr]   Downloaded handlebars v6.2.0
[INFO] [stderr]   Downloaded pest_meta v2.7.14
[INFO] [stderr]   Downloaded pest_derive v2.7.14
[INFO] [stderr]   Downloaded pest_generator v2.7.14
[INFO] [stderr]   Downloaded pest v2.7.14
[INFO] [stderr]   Downloaded actix-web-flash-messages v0.5.0
[INFO] [stderr]   Downloaded actix-session v0.10.1
[INFO] [stderr]   Downloaded redis v0.26.1
[INFO] [stderr]   Downloaded v_htmlescape v0.15.8
[INFO] [stderr]   Downloaded actix-files v0.6.6
[INFO] [stderr]   Downloaded actix-cors v0.7.0
[INFO] [stderr]   Downloaded unicase v2.8.0
[INFO] running `Command { std: "docker" "create" "-v" "/var/lib/crater-agent-workspace/builds/worker-3-tc1/source:/opt/rustwide/workdir:ro,Z" "-v" "/var/lib/crater-agent-workspace/builds/worker-3-tc1/target:/opt/rustwide/target:rw,Z" "-v" "/var/lib/crater-agent-workspace/cargo-home:/opt/rustwide/cargo-home:ro,Z" "-v" "/var/lib/crater-agent-workspace/rustup-home:/opt/rustwide/rustup-home:ro,Z" "-m" "1610612736" "--network" "none" "ghcr.io/rust-lang/crates-build-env/linux@sha256:77db811e55d90add9212f6832c23229e3de5f1c1f9905e8cb07319ea15df73ac" "sleep" "infinity", kill_on_drop: false }`
[INFO] [stdout] bb37fb207a3aa007acaeb56aa30a75945423d1f7b1621985e33c22b21d935b6b
[INFO] running `Command { std: "docker" "start" "bb37fb207a3aa007acaeb56aa30a75945423d1f7b1621985e33c22b21d935b6b", kill_on_drop: false }`
[INFO] running `Command { std: "docker" "inspect" "bb37fb207a3aa007acaeb56aa30a75945423d1f7b1621985e33c22b21d935b6b", kill_on_drop: false }`
[INFO] running `Command { std: "docker" "exec" "-e" "SOURCE_DIR=/opt/rustwide/workdir" "-e" "CARGO_HOME=/opt/rustwide/cargo-home" "-e" "RUSTUP_HOME=/opt/rustwide/rustup-home" "-e" "CARGO_TARGET_DIR=/opt/rustwide/target" "-w" "/opt/rustwide/workdir" "--user" "0:0" "bb37fb207a3aa007acaeb56aa30a75945423d1f7b1621985e33c22b21d935b6b" "/opt/rustwide/cargo-home/bin/cargo" "+1.99.0-beta.8" "metadata" "--no-deps" "--format-version=1", kill_on_drop: false }`
[INFO] running `Command { std: "docker" "inspect" "bb37fb207a3aa007acaeb56aa30a75945423d1f7b1621985e33c22b21d935b6b", kill_on_drop: false }`
[INFO] running `Command { std: "docker" "exec" "-e" "SOURCE_DIR=/opt/rustwide/workdir" "-e" "CARGO_HOME=/opt/rustwide/cargo-home" "-e" "RUSTUP_HOME=/opt/rustwide/rustup-home" "-e" "CARGO_TARGET_DIR=/opt/rustwide/target" "-e" "CARGO_INCREMENTAL=0" "-e" "RUST_BACKTRACE=full" "-e" "RUSTFLAGS=--cap-lints=warn" "-e" "RUSTDOCFLAGS=--cap-lints=warn" "-w" "/opt/rustwide/workdir" "--user" "0:0" "bb37fb207a3aa007acaeb56aa30a75945423d1f7b1621985e33c22b21d935b6b" "/opt/rustwide/cargo-home/bin/cargo" "+1.99.0-beta.8" "doc" "--frozen" "--no-deps" "--document-private-items" "--message-format=json", kill_on_drop: false }`
[INFO] [stderr]    Compiling proc-macro2 v1.0.89
[INFO] [stderr]    Compiling unicode-ident v1.0.13
[INFO] [stderr]    Compiling libc v0.2.161
[INFO] [stderr]     Checking pin-project-lite v0.2.15
[INFO] [stderr]     Checking memchr v2.7.4
[INFO] [stderr]     Checking log v0.4.22
[INFO] [stderr]     Checking once_cell v1.20.2
[INFO] [stderr]     Checking smallvec v1.13.2
[INFO] [stderr]     Checking bytes v1.8.0
[INFO] [stderr]     Checking itoa v1.0.11
[INFO] [stderr]    Compiling parking_lot_core v0.9.10
[INFO] [stderr]    Compiling lock_api v0.4.12
[INFO] [stderr]    Compiling pkg-config v0.3.31
[INFO] [stderr]    Compiling slab v0.4.9
[INFO] [stderr]     Checking generic-array v0.14.7
[INFO] [stderr]    Compiling serde v1.0.214
[INFO] [stderr]     Checking litemap v0.7.3
[INFO] [stderr]     Checking writeable v0.5.5
[INFO] [stderr]     Checking icu_locid_transform_data v1.5.0
[INFO] [stderr]     Checking tracing-core v0.1.32
[INFO] [stderr]    Compiling httparse v1.9.5
[INFO] [stderr]     Checking icu_properties_data v1.5.0
[INFO] [stderr]     Checking ryu v1.0.18
[INFO] [stderr]    Compiling ahash v0.8.11
[INFO] [stderr]     Checking write16 v1.0.0
[INFO] [stderr]    Compiling serde_json v1.0.132
[INFO] [stderr]     Checking cpufeatures v0.2.14
[INFO] [stderr]     Checking bitflags v2.6.0
[INFO] [stderr]     Checking icu_normalizer_data v1.5.0
[INFO] [stderr]     Checking utf16_iter v1.0.5
[INFO] [stderr]     Checking http v0.2.12
[INFO] [stderr]    Compiling time-core v0.1.2
[INFO] [stderr]     Checking deranged v0.3.11
[INFO] [stderr]    Compiling time-macros v0.2.18
[INFO] [stderr]     Checking equivalent v1.0.1
[INFO] [stderr]     Checking hashbrown v0.15.1
[INFO] [stderr]     Checking regex-syntax v0.8.5
[INFO] [stderr]    Compiling thiserror v1.0.68
[INFO] [stderr]     Checking local-waker v0.1.4
[INFO] [stderr]    Compiling zstd-safe v7.2.1
[INFO] [stderr]     Checking adler2 v2.0.0
[INFO] [stderr]    Compiling quote v1.0.37
[INFO] [stderr]     Checking miniz_oxide v0.8.0
[INFO] [stderr]    Compiling syn v2.0.87
[INFO] [stderr]    Compiling jobserver v0.1.32
[INFO] [stderr]     Checking indexmap v2.6.0
[INFO] [stderr]     Checking actix-service v2.0.2
[INFO] [stderr]     Checking brotli-decompressor v4.0.1
[INFO] [stderr]    Compiling cc v1.1.36
[INFO] [stderr]     Checking aho-corasick v1.1.3
[INFO] [stderr]     Checking block-buffer v0.10.4
[INFO] [stderr]     Checking inout v0.1.3
[INFO] [stderr]    Compiling tracing v0.1.40
[INFO] [stderr]     Checking getrandom v0.2.15
[INFO] [stderr]     Checking signal-hook-registry v1.4.2
[INFO] [stderr]     Checking socket2 v0.5.7
[INFO] [stderr]     Checking mio v1.0.2
[INFO] [stderr]    Compiling bytestring v1.3.1
[INFO] [stderr]     Checking actix-utils v3.0.1
[INFO] [stderr]     Checking rand_core v0.6.4
[INFO] [stderr]    Compiling num-traits v0.2.19
[INFO] [stderr]     Checking time v0.3.36
[INFO] [stderr]     Checking crc32fast v1.4.2
[INFO] [stderr]    Compiling cookie v0.16.2
[INFO] [stderr]     Checking parking_lot v0.12.3
[INFO] [stderr]    Compiling openssl v0.10.68
[INFO] [stderr]    Compiling regex-lite v0.1.6
[INFO] [stderr]     Checking crypto-common v0.1.6
[INFO] [stderr]     Checking local-channel v0.1.5
[INFO] [stderr]     Checking flate2 v1.0.34
[INFO] [stderr]     Checking base64 v0.20.0
[INFO] [stderr]    Compiling native-tls v0.2.12
[INFO] [stderr]     Checking digest v0.10.7
[INFO] [stderr]     Checking universal-hash v0.5.1
[INFO] [stderr]     Checking cipher v0.4.4
[INFO] [stderr]     Checking aead v0.5.2
[INFO] [stderr]     Checking spin v0.9.8
[INFO] [stderr]     Checking rustls-pki-types v1.10.0
[INFO] [stderr]     Checking polyval v0.6.2
[INFO] [stderr]     Checking language-tags v0.3.2
[INFO] [stderr]     Checking ctr v0.9.2
[INFO] [stderr]     Checking ghash v0.5.1
[INFO] [stderr]     Checking aes v0.8.4
[INFO] [stderr]     Checking hmac v0.12.1
[INFO] [stderr]     Checking sha1 v0.10.6
[INFO] [stderr]     Checking sha2 v0.10.8
[INFO] [stderr]     Checking hkdf v0.12.4
[INFO] [stderr]     Checking brotli v6.0.0
[INFO] [stderr]     Checking tinyvec v1.8.0
[INFO] [stderr]     Checking http v1.1.0
[INFO] [stderr]     Checking impl-more v0.1.8
[INFO] [stderr]     Checking openssl-probe v0.1.5
[INFO] [stderr]    Compiling rustls v0.23.16
[INFO] [stderr]    Compiling ucd-trie v0.1.7
[INFO] [stderr]     Checking regex-automata v0.4.8
[INFO] [stderr]     Checking unicode-bidi v0.3.17
[INFO] [stderr]    Compiling cookie v0.18.1
[INFO] [stderr]    Compiling unicase v2.8.0
[INFO] [stderr]     Checking regex-syntax v0.6.29
[INFO] [stderr]     Checking aes-gcm v0.10.3
[INFO] [stderr]     Checking allocator-api2 v0.2.18
[INFO] [stderr]    Compiling anyhow v1.0.93
[INFO] [stderr]    Compiling mime_guess v2.0.5
[INFO] [stderr]     Checking http-body v0.4.6
[INFO] [stderr]     Checking overload v0.1.1
[INFO] [stderr]    Compiling v_htmlescape v0.15.8
[INFO] [stderr]     Checking psl-types v2.0.11
[INFO] [stderr]     Checking http-body v1.0.1
[INFO] [stderr]    Compiling zstd-sys v2.0.13+zstd.1.5.6
[INFO] [stderr]    Compiling openssl-sys v0.9.104
[INFO] [stderr]    Compiling ring v0.17.8
[INFO] [stderr]     Checking num-integer v0.1.46
[INFO] [stderr]     Checking num-bigint v0.4.6
[INFO] [stderr]     Checking nu-ansi-term v0.46.0
[INFO] [stderr]     Checking webpki-roots v0.26.6
[INFO] [stderr]     Checking tracing-log v0.2.0
[INFO] [stderr]     Checking thread_local v1.1.8
[INFO] [stderr]     Checking unicode-normalization v0.1.24
[INFO] [stderr]     Checking iana-time-zone v0.1.61
[INFO] [stderr]     Checking arc-swap v1.7.1
[INFO] [stderr]     Checking arraydeque v0.5.1
[INFO] [stderr]     Checking num-modular v0.6.1
[INFO] [stderr]     Checking nom v7.1.3
[INFO] [stderr]     Checking chrono v0.4.38
[INFO] [stderr]     Checking rustls-pemfile v2.2.0
[INFO] [stderr]     Checking uuid v1.11.0
[INFO] [stderr]     Checking gethostname v0.2.3
[INFO] [stderr]     Checking tracing-log v0.1.4
[INFO] [stderr]     Checking sync_wrapper v1.0.1
[INFO] [stderr]     Checking pathdiff v0.2.2
[INFO] [stderr]     Checking http-range v0.1.5
[INFO] [stderr]     Checking idna v0.3.0
[INFO] [stderr]     Checking idna v0.5.0
[INFO] [stderr]     Checking mutually_exclusive_features v0.1.0
[INFO] [stderr]     Checking ipnet v2.10.1
[INFO] [stderr]     Checking regex-automata v0.1.10
[INFO] [stderr]     Checking regex v1.11.1
[INFO] [stderr]     Checking num-order v1.2.0
[INFO] [stderr]     Checking publicsuffix v2.2.3
[INFO] [stderr]     Checking matchers v0.1.0
[INFO] [stderr]    Compiling synstructure v0.13.1
[INFO] [stderr]    Compiling actix-router v0.5.3
[INFO] [stderr]    Compiling tokio-macros v2.4.0
[INFO] [stderr]    Compiling zerofrom-derive v0.1.4
[INFO] [stderr]    Compiling yoke-derive v0.7.4
[INFO] [stderr]    Compiling zerovec-derive v0.10.3
[INFO] [stderr]    Compiling futures-macro v0.3.31
[INFO] [stderr]    Compiling tracing-attributes v0.1.27
[INFO] [stderr]    Compiling zerocopy-derive v0.7.35
[INFO] [stderr]    Compiling serde_derive v1.0.214
[INFO] [stderr]    Compiling displaydoc v0.2.5
[INFO] [stderr]    Compiling icu_provider_macros v1.5.0
[INFO] [stderr]    Compiling thiserror-impl v1.0.68
[INFO] [stderr]    Compiling derive_more v0.99.18
[INFO] [stderr]    Compiling openssl-macros v0.1.1
[INFO] [stderr]    Compiling actix-web-codegen v4.3.0
[INFO] [stderr]     Checking tokio v1.41.0
[INFO] [stderr]    Compiling actix-macros v0.2.4
[INFO] [stderr]     Checking futures-util v0.3.31
[INFO] [stderr]     Checking zerocopy v0.7.35
[INFO] [stderr]    Compiling pin-project-internal v1.1.7
[INFO] [stderr]    Compiling pest v2.7.14
[INFO] [stderr]     Checking rustls-webpki v0.102.8
[INFO] [stderr]    Compiling async-trait v0.1.83
[INFO] [stderr]    Compiling derive_more-impl v1.0.0
[INFO] [stderr]     Checking zerofrom v0.1.4
[INFO] [stderr]     Checking yoke v0.7.4
[INFO] [stderr]     Checking tracing-subscriber v0.3.18
[INFO] [stderr]     Checking zerovec v0.10.4
[INFO] [stderr]     Checking ppv-lite86 v0.2.20
[INFO] [stderr]     Checking hashbrown v0.14.5
[INFO] [stderr]     Checking pin-project v1.1.7
[INFO] [stderr]     Checking rand_chacha v0.3.1
[INFO] [stderr]     Checking rand v0.8.5
[INFO] [stderr]     Checking zstd v0.13.2
[INFO] [stderr]     Checking hashlink v0.8.4
[INFO] [stderr]    Compiling pest_meta v2.7.14
[INFO] [stderr]     Checking yaml-rust2 v0.8.1
[INFO] [stderr]     Checking tinystr v0.7.6
[INFO] [stderr]     Checking icu_collections v1.5.0
[INFO] [stderr]     Checking icu_locid v1.5.0
[INFO] [stderr]     Checking icu_provider v1.5.0
[INFO] [stderr]     Checking derive_more v1.0.0
[INFO] [stderr]     Checking icu_locid_transform v1.5.0
[INFO] [stderr]    Compiling pest_generator v2.7.14
[INFO] [stderr]     Checking futures-executor v0.3.31
[INFO] [stderr]     Checking http-body-util v0.1.2
[INFO] [stderr]     Checking icu_properties v1.5.1
[INFO] [stderr]     Checking futures v0.3.31
[INFO] [stderr]    Compiling pest_derive v2.7.14
[INFO] [stderr]     Checking tokio-util v0.7.12
[INFO] [stderr]     Checking actix-rt v2.10.0
[INFO] [stderr]     Checking tokio-native-tls v0.3.1
[INFO] [stderr]     Checking hyper v1.5.0
[INFO] [stderr]     Checking tokio-retry v0.3.0
[INFO] [stderr]     Checking tokio-rustls v0.26.0
[INFO] [stderr]     Checking actix-server v2.5.0
[INFO] [stderr]     Checking hyper-util v0.1.10
[INFO] [stderr]     Checking h2 v0.3.26
[INFO] [stderr]     Checking actix-codec v0.5.2
[INFO] [stderr]     Checking combine v4.6.7
[INFO] [stderr]     Checking serde_urlencoded v0.7.1
[INFO] [stderr]     Checking secrecy v0.8.0
[INFO] [stderr]     Checking config v0.14.1
[INFO] [stderr]     Checking icu_normalizer v1.5.0
[INFO] [stderr]     Checking hyper-rustls v0.27.3
[INFO] [stderr]     Checking tracing-bunyan-formatter v0.3.9
[INFO] [stderr]     Checking serde-aux v4.5.0
[INFO] [stderr]     Checking handlebars v6.2.0
[INFO] [stderr]     Checking idna_adapter v1.2.0
[INFO] [stderr]     Checking idna v1.0.3
[INFO] [stderr]     Checking url v2.5.3
[INFO] [stderr]     Checking cookie_store v0.21.0
[INFO] [stderr]     Checking reqwest v0.12.9
[INFO] [stderr]     Checking actix-http v3.9.0
[INFO] [stderr]     Checking hyper v0.14.31
[INFO] [stderr]     Checking redis v0.26.1
[INFO] [stderr]     Checking actix-web v4.9.0
[INFO] [stderr]     Checking hyper-tls v0.5.0
[INFO] [stderr]     Checking portier v0.2.0
[INFO] [stderr]     Checking actix-web-flash-messages v0.5.0
[INFO] [stderr]     Checking actix-files v0.6.6
[INFO] [stderr]     Checking actix-cors v0.7.0
[INFO] [stderr]     Checking tracing-actix-web v0.7.14
[INFO] [stderr]     Checking actix-session v0.10.1
[INFO] [stderr]  Documenting actix-portier v0.1.2 (/opt/rustwide/workdir)
[INFO] [stderr]     Finished `dev` profile [unoptimized + debuginfo] target(s) in 1m 08s
[INFO] [stderr]    Generated /opt/rustwide/target/doc/actix_portier/index.html
[INFO] running `Command { std: "docker" "inspect" "bb37fb207a3aa007acaeb56aa30a75945423d1f7b1621985e33c22b21d935b6b", kill_on_drop: false }`
[INFO] running `Command { std: "docker" "exec" "-e" "SOURCE_DIR=/opt/rustwide/workdir" "-e" "CARGO_HOME=/opt/rustwide/cargo-home" "-e" "RUSTUP_HOME=/opt/rustwide/rustup-home" "-e" "CARGO_TARGET_DIR=/opt/rustwide/target" "-e" "CARGO_INCREMENTAL=0" "-e" "RUST_BACKTRACE=full" "-e" "RUSTFLAGS=--cap-lints=warn" "-e" "RUSTDOCFLAGS=--cap-lints=warn" "-e" "RUSTC_BOOTSTRAP=1" "-e" "DOCS_RS=1" "-w" "/opt/rustwide/workdir" "--user" "0:0" "bb37fb207a3aa007acaeb56aa30a75945423d1f7b1621985e33c22b21d935b6b" "/opt/rustwide/cargo-home/bin/cargo" "+1.99.0-beta.8" "rustdoc" "--lib" "-Zrustdoc-map" "--config" "build.rustdocflags=[\"--cfg\", \"docsrs\", \"-Z\", \"unstable-options\", \"--document-private-items\"]" "--frozen" "--message-format=json", kill_on_drop: false }`
[INFO] [stderr]    Compiling proc-macro2 v1.0.89
[INFO] [stderr]    Compiling thiserror v1.0.68
[INFO] [stderr]    Compiling anyhow v1.0.93
[INFO] [stdout] error[E0425]: cannot find type `SourceFile` in crate `proc_macro`
[INFO] [stdout]    --> /opt/rustwide/cargo-home/registry/src/index.crates.io-1949cf8c6b5b557f/proc-macro2-1.0.89/src/wrapper.rs:365:26
[INFO] [stdout]     |
[INFO] [stdout] 365 |     Compiler(proc_macro::SourceFile),
[INFO] [stdout]     |                          ^^^^^^^^^^ not found in `proc_macro`
[INFO] [stdout]     |
[INFO] [stdout] help: consider importing one of these structs
[INFO] [stdout]     |
[INFO] [stdout]   1 + use crate::SourceFile;
[INFO] [stdout]     |
[INFO] [stdout]   1 + use crate::fallback::SourceFile;
[INFO] [stdout]     |
[INFO] [stdout] help: if you import `SourceFile`, refer to it directly
[INFO] [stdout]     |
[INFO] [stdout] 365 -     Compiler(proc_macro::SourceFile),
[INFO] [stdout] 365 +     Compiler(SourceFile),
[INFO] [stdout]     |
[INFO] [stdout] 
[INFO] [stdout] 
[INFO] [stdout] error[E0425]: cannot find type `SourceFile` in crate `proc_macro`
[INFO] [stdout]    --> /opt/rustwide/cargo-home/registry/src/index.crates.io-1949cf8c6b5b557f/proc-macro2-1.0.89/src/wrapper.rs:371:32
[INFO] [stdout]     |
[INFO] [stdout] 371 |     fn nightly(sf: proc_macro::SourceFile) -> Self {
[INFO] [stdout]     |                                ^^^^^^^^^^ not found in `proc_macro`
[INFO] [stdout]     |
[INFO] [stdout] help: consider importing one of these structs
[INFO] [stdout]     |
[INFO] [stdout]   1 + use crate::SourceFile;
[INFO] [stdout]     |
[INFO] [stdout]   1 + use crate::fallback::SourceFile;
[INFO] [stdout]     |
[INFO] [stdout] help: if you import `SourceFile`, refer to it directly
[INFO] [stdout]     |
[INFO] [stdout] 371 -     fn nightly(sf: proc_macro::SourceFile) -> Self {
[INFO] [stdout] 371 +     fn nightly(sf: SourceFile) -> Self {
[INFO] [stdout]     |
[INFO] [stdout] 
[INFO] [stdout] 
[INFO] [stdout] error[E0599]: no method named `source_file` found for reference `&proc_macro::Span` in the current scope
[INFO] [stdout]    --> /opt/rustwide/cargo-home/registry/src/index.crates.io-1949cf8c6b5b557f/proc-macro2-1.0.89/src/wrapper.rs:461:56
[INFO] [stdout]     |
[INFO] [stdout] 461 |             Span::Compiler(s) => SourceFile::nightly(s.source_file()),
[INFO] [stdout]     |                                                        ^^^^^^^^^^^
[INFO] [stdout]     |
[INFO] [stdout] help: there is a method `source` with a similar name
[INFO] [stdout]     |
[INFO] [stdout] 461 -             Span::Compiler(s) => SourceFile::nightly(s.source_file()),
[INFO] [stdout] 461 +             Span::Compiler(s) => SourceFile::nightly(s.source()),
[INFO] [stdout]     |
[INFO] [stdout] 
[INFO] [stdout] 
[INFO] [stdout] Some errors have detailed explanations: E0425, E0599.
[INFO] [stdout] 
[INFO] [stdout] For more information about an error, try `rustc --explain E0425`.
[INFO] [stdout] 
[INFO] [stderr] error: could not compile `proc-macro2` (lib) due to 3 previous errors
[INFO] running `Command { std: "docker" "inspect" "bb37fb207a3aa007acaeb56aa30a75945423d1f7b1621985e33c22b21d935b6b", kill_on_drop: false }`
[INFO] running `Command { std: "docker" "rm" "-f" "bb37fb207a3aa007acaeb56aa30a75945423d1f7b1621985e33c22b21d935b6b", kill_on_drop: false }`
[INFO] [stdout] bb37fb207a3aa007acaeb56aa30a75945423d1f7b1621985e33c22b21d935b6b
