[INFO] cloning repository https://github.com/hauntedhost/exmodhop
[INFO] running `Command { std: "git" "-c" "credential.helper=" "-c" "credential.helper=/workspace/cargo-home/bin/git-credential-null" "clone" "--bare" "https://github.com/hauntedhost/exmodhop" "/workspace/cache/git-repos/https%3A%2F%2Fgithub.com%2Fhauntedhost%2Fexmodhop", kill_on_drop: false }`
[INFO] [stderr] Cloning into bare repository '/workspace/cache/git-repos/https%3A%2F%2Fgithub.com%2Fhauntedhost%2Fexmodhop'...
[INFO] running `Command { std: "git" "rev-parse" "HEAD", kill_on_drop: false }`
[INFO] [stdout] 7f0770a2a87395f90ec4f5ffe28983a2073d7632
[INFO] documenting hauntedhost/exmodhop against 1.100.0-beta.1 for beta-rustdoc-1.100
[INFO] running `Command { std: "git" "clone" "/workspace/cache/git-repos/https%3A%2F%2Fgithub.com%2Fhauntedhost%2Fexmodhop" "/workspace/builds/worker-4-tc2/source", kill_on_drop: false }`
[INFO] [stderr] Cloning into '/workspace/builds/worker-4-tc2/source'...
[INFO] [stderr] done.
[INFO] started tweaking git repo https://github.com/hauntedhost/exmodhop
[INFO] finished tweaking git repo https://github.com/hauntedhost/exmodhop
[INFO] tweaked toml for git repo https://github.com/hauntedhost/exmodhop written to /workspace/builds/worker-4-tc2/source/Cargo.toml
[INFO] validating manifest of git repo https://github.com/hauntedhost/exmodhop on toolchain 1.100.0-beta.1
[INFO] running `Command { std: CARGO_HOME="/workspace/cargo-home" RUSTUP_HOME="/workspace/rustup-home" "/workspace/cargo-home/bin/cargo" "+1.100.0-beta.1" "metadata" "--manifest-path" "Cargo.toml" "--no-deps", kill_on_drop: false }`
[INFO] crate git repo https://github.com/hauntedhost/exmodhop already has a lockfile, it will not be regenerated
[INFO] running `Command { std: CARGO_HOME="/workspace/cargo-home" RUSTUP_HOME="/workspace/rustup-home" "/workspace/cargo-home/bin/cargo" "+1.100.0-beta.1" "fetch" "--manifest-path" "Cargo.toml", kill_on_drop: false }`
[INFO] [stderr] warning: Cargo.toml: unused manifest key: components
[INFO] [stderr] warning: `exmodhop` (manifest) generated 1 warning
[INFO] [stderr]     Blocking waiting for file lock on package cache
[INFO] [stderr]     Updating crates.io index
[INFO] [stderr]     Blocking waiting for file lock on package cache
[ERROR] error running command: no output for 300 seconds
[INFO] documenting hauntedhost/exmodhop against 1.100.0-beta.1 for beta-rustdoc-1.100
[INFO] running `Command { std: "git" "clone" "/workspace/cache/git-repos/https%3A%2F%2Fgithub.com%2Fhauntedhost%2Fexmodhop" "/workspace/builds/worker-4-tc2/source", kill_on_drop: false }`
[INFO] [stderr] Cloning into '/workspace/builds/worker-4-tc2/source'...
[INFO] [stderr] done.
[INFO] started tweaking git repo https://github.com/hauntedhost/exmodhop
[INFO] finished tweaking git repo https://github.com/hauntedhost/exmodhop
[INFO] tweaked toml for git repo https://github.com/hauntedhost/exmodhop written to /workspace/builds/worker-4-tc2/source/Cargo.toml
[INFO] validating manifest of git repo https://github.com/hauntedhost/exmodhop on toolchain 1.100.0-beta.1
[INFO] running `Command { std: CARGO_HOME="/workspace/cargo-home" RUSTUP_HOME="/workspace/rustup-home" "/workspace/cargo-home/bin/cargo" "+1.100.0-beta.1" "metadata" "--manifest-path" "Cargo.toml" "--no-deps", kill_on_drop: false }`
[INFO] crate git repo https://github.com/hauntedhost/exmodhop already has a lockfile, it will not be regenerated
[INFO] running `Command { std: CARGO_HOME="/workspace/cargo-home" RUSTUP_HOME="/workspace/rustup-home" "/workspace/cargo-home/bin/cargo" "+1.100.0-beta.1" "fetch" "--manifest-path" "Cargo.toml", kill_on_drop: false }`
[INFO] [stderr] warning: Cargo.toml: unused manifest key: components
[INFO] [stderr] warning: `exmodhop` (manifest) generated 1 warning
[INFO] [stderr]     Blocking waiting for file lock on package cache
[INFO] [stderr]     Blocking waiting for file lock on package cache
[INFO] [stderr]  Downloading crates ...
[INFO] [stderr]   Downloaded tree-sitter-language v0.1.2
[INFO] [stderr]   Downloaded indoc v2.0.5
[INFO] [stderr]   Downloaded ciborium-ll v0.2.2
[INFO] [stderr]   Downloaded ciborium-io v0.2.2
[INFO] [stderr]   Downloaded clap_lex v0.7.2
[INFO] [stderr]   Downloaded wasm-bindgen-shared v0.2.95
[INFO] [stderr]   Downloaded anstyle-wincon v3.0.6
[INFO] [stderr]   Downloaded plotters-backend v0.3.7
[INFO] [stderr]   Downloaded dirs-next v2.0.0
[INFO] [stderr]   Downloaded dirs-sys-next v0.1.2
[INFO] [stderr]   Downloaded hermit-abi v0.4.0
[INFO] [stderr]   Downloaded crunchy v0.2.2
[INFO] [stderr]   Downloaded quote v1.0.37
[INFO] [stderr]   Downloaded sha2 v0.10.8
[INFO] [stderr]   Downloaded cpufeatures v0.2.14
[INFO] [stderr]   Downloaded tinytemplate v1.2.1
[INFO] [stderr]   Downloaded wasm-bindgen-macro v0.2.95
[INFO] [stderr]   Downloaded is-terminal v0.4.13
[INFO] [stderr]   Downloaded crossbeam-deque v0.8.5
[INFO] [stderr]   Downloaded wasm-bindgen-macro-support v0.2.95
[INFO] [stderr]   Downloaded typenum v1.17.0
[INFO] [stderr]   Downloaded thiserror-impl v1.0.68
[INFO] [stderr]   Downloaded criterion-plot v0.5.0
[INFO] [stderr]   Downloaded clap_derive v4.5.18
[INFO] [stderr]   Downloaded wasm-bindgen v0.2.95
[INFO] [stderr]   Downloaded crossbeam-utils v0.8.20
[INFO] [stderr]   Downloaded memmap2 v0.9.5
[INFO] [stderr]   Downloaded wasm-bindgen-backend v0.2.95
[INFO] [stderr]   Downloaded ciborium v0.2.2
[INFO] [stderr]   Downloaded anes v0.1.6
[INFO] [stderr]   Downloaded serde_derive v1.0.214
[INFO] [stderr]   Downloaded js-sys v0.3.72
[INFO] [stderr]   Downloaded half v2.4.1
[INFO] [stderr]   Downloaded serde v1.0.214
[INFO] [stderr]   Downloaded criterion v0.5.1
[INFO] [stderr]   Downloaded serde_json v1.0.132
[INFO] [stderr]   Downloaded plotters v0.3.7
[INFO] [stderr]   Downloaded clap_builder v4.5.20
[INFO] [stderr]   Downloaded tree-sitter v0.24.3
[INFO] [stderr]   Downloaded proc-macro2 v1.0.89
[INFO] [stderr]   Downloaded chrono v0.4.38
[INFO] [stderr]   Downloaded syn v2.0.87
[INFO] [stderr]   Downloaded tree-sitter-elixir v0.3.1
[INFO] [stderr]   Downloaded regex-automata v0.4.8
[INFO] [stderr]   Downloaded libc v0.2.162
[INFO] [stderr]   Downloaded web-sys v0.3.72
[INFO] [stderr]   Downloaded oorandom v11.1.4
[INFO] [stderr]   Downloaded cc v1.1.36
[INFO] [stderr]   Downloaded unicode-ident v1.0.13
[INFO] [stderr]   Downloaded plotters-svg v0.3.7
[INFO] [stderr]   Downloaded thiserror v1.0.68
[INFO] [stderr]   Downloaded clap v4.5.20
[INFO] running `Command { std: "docker" "create" "-v" "/var/lib/crater-agent-workspace/builds/worker-4-tc2/source:/opt/rustwide/workdir:ro,Z" "-v" "/var/lib/crater-agent-workspace/builds/worker-4-tc2/target:/opt/rustwide/target:rw,Z" "-v" "/var/lib/crater-agent-workspace/cargo-home:/opt/rustwide/cargo-home:ro,Z" "-v" "/var/lib/crater-agent-workspace/rustup-home:/opt/rustwide/rustup-home:ro,Z" "-m" "1610612736" "--network" "none" "ghcr.io/rust-lang/crates-build-env/linux@sha256:77db811e55d90add9212f6832c23229e3de5f1c1f9905e8cb07319ea15df73ac" "sleep" "infinity", kill_on_drop: false }`
[INFO] [stdout] 7ca7912a4d21589f736aa2f18ac5f6dfce20d246fee54e7d183a04d407360692
[INFO] running `Command { std: "docker" "start" "7ca7912a4d21589f736aa2f18ac5f6dfce20d246fee54e7d183a04d407360692", kill_on_drop: false }`
[INFO] running `Command { std: "docker" "inspect" "7ca7912a4d21589f736aa2f18ac5f6dfce20d246fee54e7d183a04d407360692", kill_on_drop: false }`
[INFO] running `Command { std: "docker" "exec" "-e" "SOURCE_DIR=/opt/rustwide/workdir" "-e" "CARGO_HOME=/opt/rustwide/cargo-home" "-e" "RUSTUP_HOME=/opt/rustwide/rustup-home" "-e" "CARGO_TARGET_DIR=/opt/rustwide/target" "-w" "/opt/rustwide/workdir" "--user" "0:0" "7ca7912a4d21589f736aa2f18ac5f6dfce20d246fee54e7d183a04d407360692" "/opt/rustwide/cargo-home/bin/cargo" "+1.100.0-beta.1" "metadata" "--no-deps" "--format-version=1", kill_on_drop: false }`
[INFO] running `Command { std: "docker" "inspect" "7ca7912a4d21589f736aa2f18ac5f6dfce20d246fee54e7d183a04d407360692", kill_on_drop: false }`
[INFO] running `Command { std: "docker" "exec" "-e" "SOURCE_DIR=/opt/rustwide/workdir" "-e" "CARGO_HOME=/opt/rustwide/cargo-home" "-e" "RUSTUP_HOME=/opt/rustwide/rustup-home" "-e" "CARGO_TARGET_DIR=/opt/rustwide/target" "-e" "CARGO_INCREMENTAL=0" "-e" "RUST_BACKTRACE=full" "-e" "RUSTFLAGS=--cap-lints=warn" "-e" "RUSTDOCFLAGS=--cap-lints=warn" "-w" "/opt/rustwide/workdir" "--user" "0:0" "7ca7912a4d21589f736aa2f18ac5f6dfce20d246fee54e7d183a04d407360692" "/opt/rustwide/cargo-home/bin/cargo" "+1.100.0-beta.1" "doc" "--frozen" "--no-deps" "--document-private-items" "--message-format=json", kill_on_drop: false }`
[INFO] [stderr] warning: Cargo.toml: unused manifest key: components
[INFO] [stderr] warning: `exmodhop` (manifest) generated 1 warning
[INFO] [stderr]    Compiling proc-macro2 v1.0.89
[INFO] [stderr]    Compiling unicode-ident v1.0.13
[INFO] [stderr]    Compiling autocfg v1.4.0
[INFO] [stderr]    Compiling libc v0.2.162
[INFO] [stderr]    Compiling crossbeam-utils v0.8.20
[INFO] [stderr]     Checking cfg-if v1.0.0
[INFO] [stderr]     Checking memchr v2.7.4
[INFO] [stderr]    Compiling serde v1.0.214
[INFO] [stderr]    Compiling typenum v1.17.0
[INFO] [stderr]     Checking either v1.13.0
[INFO] [stderr]     Checking anstyle-query v1.1.2
[INFO] [stderr]    Compiling serde_json v1.0.132
[INFO] [stderr]     Checking regex-syntax v0.8.5
[INFO] [stderr]    Compiling cc v1.1.36
[INFO] [stderr]    Compiling generic-array v0.14.7
[INFO] [stderr]     Checking anstyle-parse v0.2.6
[INFO] [stderr]    Compiling rayon-core v1.12.1
[INFO] [stderr]     Checking anstyle v1.0.10
[INFO] [stderr]     Checking colorchoice v1.0.3
[INFO] [stderr]     Checking is_terminal_polyfill v1.70.1
[INFO] [stderr]     Checking half v2.4.1
[INFO] [stderr]     Checking ciborium-io v0.2.2
[INFO] [stderr]     Checking plotters-backend v0.3.7
[INFO] [stderr]     Checking ryu v1.0.18
[INFO] [stderr]     Checking clap_lex v0.7.2
[INFO] [stderr]    Compiling parking_lot_core v0.9.10
[INFO] [stderr]     Checking anstream v0.6.18
[INFO] [stderr]     Checking smallvec v1.13.2
[INFO] [stderr]     Checking ciborium-ll v0.2.2
[INFO] [stderr]     Checking once_cell v1.20.2
[INFO] [stderr]     Checking same-file v1.0.6
[INFO] [stderr]     Checking tree-sitter-language v0.1.2
[INFO] [stderr]     Checking itertools v0.10.5
[INFO] [stderr]     Checking cast v0.3.0
[INFO] [stderr]     Checking streaming-iterator v0.1.9
[INFO] [stderr]    Compiling num-traits v0.2.19
[INFO] [stderr]    Compiling lock_api v0.4.12
[INFO] [stderr]     Checking walkdir v2.5.0
[INFO] [stderr]     Checking plotters-svg v0.3.7
[INFO] [stderr]     Checking anes v0.1.6
[INFO] [stderr]     Checking clap_builder v4.5.20
[INFO] [stderr]     Checking hashbrown v0.14.5
[INFO] [stderr]     Checking oorandom v11.1.4
[INFO] [stderr]     Checking cpufeatures v0.2.14
[INFO] [stderr]     Checking iana-time-zone v0.1.61
[INFO] [stderr]     Checking glob v0.3.1
[INFO] [stderr]    Compiling indoc v2.0.5
[INFO] [stderr]     Checking aho-corasick v1.1.3
[INFO] [stderr]     Checking crossbeam-epoch v0.9.18
[INFO] [stderr]    Compiling quote v1.0.37
[INFO] [stderr]     Checking is-terminal v0.4.13
[INFO] [stderr]     Checking dirs-sys-next v0.1.2
[INFO] [stderr]    Compiling syn v2.0.87
[INFO] [stderr]     Checking crossbeam-deque v0.8.5
[INFO] [stderr]     Checking memmap2 v0.9.5
[INFO] [stderr]     Checking dirs-next v2.0.0
[INFO] [stderr]    Compiling tree-sitter-elixir v0.3.1
[INFO] [stderr]    Compiling tree-sitter v0.24.3
[INFO] [stderr]     Checking dashmap v6.1.0
[INFO] [stderr]     Checking plotters v0.3.7
[INFO] [stderr]     Checking chrono v0.4.38
[INFO] [stderr]     Checking rayon v1.10.0
[INFO] [stderr]     Checking crypto-common v0.1.6
[INFO] [stderr]     Checking block-buffer v0.10.4
[INFO] [stderr]     Checking regex-automata v0.4.8
[INFO] [stderr]     Checking digest v0.10.7
[INFO] [stderr]     Checking sha2 v0.10.8
[INFO] [stderr]     Checking criterion-plot v0.5.0
[INFO] [stderr]     Checking regex v1.11.1
[INFO] [stderr]    Compiling serde_derive v1.0.214
[INFO] [stderr]    Compiling clap_derive v4.5.18
[INFO] [stderr]     Checking clap v4.5.20
[INFO] [stderr]     Checking ciborium v0.2.2
[INFO] [stderr]     Checking bincode v1.3.3
[INFO] [stderr]     Checking tinytemplate v1.2.1
[INFO] [stderr]     Checking criterion v0.5.1
[INFO] [stderr]  Documenting exmodhop v0.1.0 (/opt/rustwide/workdir)
[INFO] [stderr]     Finished `dev` profile [unoptimized + debuginfo] target(s) in 18.19s
[INFO] [stderr]    Generated /opt/rustwide/target/doc/exmodhop/index.html
[INFO] running `Command { std: "docker" "inspect" "7ca7912a4d21589f736aa2f18ac5f6dfce20d246fee54e7d183a04d407360692", kill_on_drop: false }`
[INFO] running `Command { std: "docker" "exec" "-e" "SOURCE_DIR=/opt/rustwide/workdir" "-e" "CARGO_HOME=/opt/rustwide/cargo-home" "-e" "RUSTUP_HOME=/opt/rustwide/rustup-home" "-e" "CARGO_TARGET_DIR=/opt/rustwide/target" "-e" "CARGO_INCREMENTAL=0" "-e" "RUST_BACKTRACE=full" "-e" "RUSTFLAGS=--cap-lints=warn" "-e" "RUSTDOCFLAGS=--cap-lints=warn" "-e" "DOCS_RS=1" "-e" "RUSTC_BOOTSTRAP=1" "-w" "/opt/rustwide/workdir" "--user" "0:0" "7ca7912a4d21589f736aa2f18ac5f6dfce20d246fee54e7d183a04d407360692" "/opt/rustwide/cargo-home/bin/cargo" "+1.100.0-beta.1" "rustdoc" "--lib" "-Zrustdoc-map" "--config" "build.rustdocflags=[\"--cfg\", \"docsrs\", \"-Z\", \"unstable-options\", \"--document-private-items\"]" "--frozen" "--message-format=json", kill_on_drop: false }`
[INFO] [stderr] warning: Cargo.toml: unused manifest key: components
[INFO] [stderr] warning: `exmodhop` (manifest) generated 1 warning
[INFO] [stderr]    Compiling proc-macro2 v1.0.89
[INFO] [stdout] error[E0425]: cannot find type `SourceFile` in crate `proc_macro`
[INFO] [stdout]    --> /opt/rustwide/cargo-home/registry/src/index.crates.io-1949cf8c6b5b557f/proc-macro2-1.0.89/src/wrapper.rs:365:26
[INFO] [stdout]     |
[INFO] [stdout] 365 |     Compiler(proc_macro::SourceFile),
[INFO] [stdout]     |                          ^^^^^^^^^^ not found in `proc_macro`
[INFO] [stdout]     |
[INFO] [stdout] help: consider importing one of these structs
[INFO] [stdout]     |
[INFO] [stdout]   1 + use crate::SourceFile;
[INFO] [stdout]     |
[INFO] [stdout]   1 + use crate::fallback::SourceFile;
[INFO] [stdout]     |
[INFO] [stdout] help: if you import `SourceFile`, refer to it directly
[INFO] [stdout]     |
[INFO] [stdout] 365 -     Compiler(proc_macro::SourceFile),
[INFO] [stdout] 365 +     Compiler(SourceFile),
[INFO] [stdout]     |
[INFO] [stdout] 
[INFO] [stdout] 
[INFO] [stdout] error[E0425]: cannot find type `SourceFile` in crate `proc_macro`
[INFO] [stdout]    --> /opt/rustwide/cargo-home/registry/src/index.crates.io-1949cf8c6b5b557f/proc-macro2-1.0.89/src/wrapper.rs:371:32
[INFO] [stdout]     |
[INFO] [stdout] 371 |     fn nightly(sf: proc_macro::SourceFile) -> Self {
[INFO] [stdout]     |                                ^^^^^^^^^^ not found in `proc_macro`
[INFO] [stdout]     |
[INFO] [stdout] help: consider importing one of these structs
[INFO] [stdout]     |
[INFO] [stdout]   1 + use crate::SourceFile;
[INFO] [stdout]     |
[INFO] [stdout]   1 + use crate::fallback::SourceFile;
[INFO] [stdout]     |
[INFO] [stdout] help: if you import `SourceFile`, refer to it directly
[INFO] [stdout]     |
[INFO] [stdout] 371 -     fn nightly(sf: proc_macro::SourceFile) -> Self {
[INFO] [stdout] 371 +     fn nightly(sf: SourceFile) -> Self {
[INFO] [stdout]     |
[INFO] [stdout] 
[INFO] [stdout] 
[INFO] [stdout] error[E0599]: no method named `source_file` found for reference `&proc_macro::Span` in the current scope
[INFO] [stdout]    --> /opt/rustwide/cargo-home/registry/src/index.crates.io-1949cf8c6b5b557f/proc-macro2-1.0.89/src/wrapper.rs:461:56
[INFO] [stdout]     |
[INFO] [stdout] 461 |             Span::Compiler(s) => SourceFile::nightly(s.source_file()),
[INFO] [stdout]     |                                                        ^^^^^^^^^^^
[INFO] [stdout]     |
[INFO] [stdout] help: there is a method `source` with a similar name
[INFO] [stdout]     |
[INFO] [stdout] 461 -             Span::Compiler(s) => SourceFile::nightly(s.source_file()),
[INFO] [stdout] 461 +             Span::Compiler(s) => SourceFile::nightly(s.source()),
[INFO] [stdout]     |
[INFO] [stdout] 
[INFO] [stdout] 
[INFO] [stdout] Some errors have detailed explanations: E0425, E0599.
[INFO] [stdout] 
[INFO] [stdout] For more information about an error, try `rustc --explain E0425`.
[INFO] [stdout] 
[INFO] [stderr] error: could not compile `proc-macro2` (lib) due to 3 previous errors
[INFO] running `Command { std: "docker" "inspect" "7ca7912a4d21589f736aa2f18ac5f6dfce20d246fee54e7d183a04d407360692", kill_on_drop: false }`
[INFO] running `Command { std: "docker" "rm" "-f" "7ca7912a4d21589f736aa2f18ac5f6dfce20d246fee54e7d183a04d407360692", kill_on_drop: false }`
[INFO] [stdout] 7ca7912a4d21589f736aa2f18ac5f6dfce20d246fee54e7d183a04d407360692
