[INFO] cloning repository https://github.com/gquintard/vmod-brown
[INFO] running `Command { std: "git" "-c" "credential.helper=" "-c" "credential.helper=/workspace/cargo-home/bin/git-credential-null" "clone" "--bare" "https://github.com/gquintard/vmod-brown" "/workspace/cache/git-repos/https%3A%2F%2Fgithub.com%2Fgquintard%2Fvmod-brown", kill_on_drop: false }`
[INFO] [stderr] Cloning into bare repository '/workspace/cache/git-repos/https%3A%2F%2Fgithub.com%2Fgquintard%2Fvmod-brown'...
[INFO] running `Command { std: "git" "rev-parse" "HEAD", kill_on_drop: false }`
[INFO] [stdout] 2a679875ff8de9a5bdf081ffbe49b4b59bb9e9a9
[INFO] documenting gquintard/vmod-brown against 1.100.0-beta.1 for beta-rustdoc-1.100
[INFO] running `Command { std: "git" "clone" "/workspace/cache/git-repos/https%3A%2F%2Fgithub.com%2Fgquintard%2Fvmod-brown" "/workspace/builds/worker-6-tc2/source", kill_on_drop: false }`
[INFO] [stderr] Cloning into '/workspace/builds/worker-6-tc2/source'...
[INFO] [stderr] done.
[INFO] started tweaking git repo https://github.com/gquintard/vmod-brown
[INFO] finished tweaking git repo https://github.com/gquintard/vmod-brown
[INFO] tweaked toml for git repo https://github.com/gquintard/vmod-brown written to /workspace/builds/worker-6-tc2/source/Cargo.toml
[INFO] validating manifest of git repo https://github.com/gquintard/vmod-brown on toolchain 1.100.0-beta.1
[INFO] running `Command { std: CARGO_HOME="/workspace/cargo-home" RUSTUP_HOME="/workspace/rustup-home" "/workspace/cargo-home/bin/cargo" "+1.100.0-beta.1" "metadata" "--manifest-path" "Cargo.toml" "--no-deps", kill_on_drop: false }`
[INFO] crate git repo https://github.com/gquintard/vmod-brown already has a lockfile, it will not be regenerated
[INFO] running `Command { std: CARGO_HOME="/workspace/cargo-home" RUSTUP_HOME="/workspace/rustup-home" "/workspace/cargo-home/bin/cargo" "+1.100.0-beta.1" "fetch" "--manifest-path" "Cargo.toml", kill_on_drop: false }`
[INFO] [stderr]     Blocking waiting for file lock on package cache
[INFO] [stderr]     Updating crates.io index
[INFO] [stderr]     Blocking waiting for file lock on package cache
[ERROR] error running command: no output for 300 seconds
[INFO] documenting gquintard/vmod-brown against 1.100.0-beta.1 for beta-rustdoc-1.100
[INFO] running `Command { std: "git" "clone" "/workspace/cache/git-repos/https%3A%2F%2Fgithub.com%2Fgquintard%2Fvmod-brown" "/workspace/builds/worker-6-tc2/source", kill_on_drop: false }`
[INFO] [stderr] Cloning into '/workspace/builds/worker-6-tc2/source'...
[INFO] [stderr] done.
[INFO] started tweaking git repo https://github.com/gquintard/vmod-brown
[INFO] finished tweaking git repo https://github.com/gquintard/vmod-brown
[INFO] tweaked toml for git repo https://github.com/gquintard/vmod-brown written to /workspace/builds/worker-6-tc2/source/Cargo.toml
[INFO] validating manifest of git repo https://github.com/gquintard/vmod-brown on toolchain 1.100.0-beta.1
[INFO] running `Command { std: CARGO_HOME="/workspace/cargo-home" RUSTUP_HOME="/workspace/rustup-home" "/workspace/cargo-home/bin/cargo" "+1.100.0-beta.1" "metadata" "--manifest-path" "Cargo.toml" "--no-deps", kill_on_drop: false }`
[INFO] crate git repo https://github.com/gquintard/vmod-brown already has a lockfile, it will not be regenerated
[INFO] running `Command { std: CARGO_HOME="/workspace/cargo-home" RUSTUP_HOME="/workspace/rustup-home" "/workspace/cargo-home/bin/cargo" "+1.100.0-beta.1" "fetch" "--manifest-path" "Cargo.toml", kill_on_drop: false }`
[INFO] [stderr]     Blocking waiting for file lock on package cache
[INFO] [stderr]     Blocking waiting for file lock on package cache
[INFO] [stderr]  Downloading crates ...
[INFO] [stderr]   Downloaded proc-macro2 v1.0.52
[INFO] [stderr]   Downloaded pkg-config v0.3.22
[INFO] [stderr]   Downloaded which v4.2.2
[INFO] [stderr]   Downloaded clang-sys v1.3.0
[INFO] [stderr]   Downloaded varnish-sys v0.0.16
[INFO] [stderr]   Downloaded libloading v0.7.2
[INFO] [stderr]   Downloaded varnish v0.0.16
[INFO] [stderr]   Downloaded serde_derive v1.0.147
[INFO] [stderr]   Downloaded nom v7.1.0
[INFO] [stderr]   Downloaded libc v0.2.108
[INFO] running `Command { std: "docker" "create" "-v" "/var/lib/crater-agent-workspace/builds/worker-6-tc2/source:/opt/rustwide/workdir:ro,Z" "-v" "/var/lib/crater-agent-workspace/builds/worker-6-tc2/target:/opt/rustwide/target:rw,Z" "-v" "/var/lib/crater-agent-workspace/cargo-home:/opt/rustwide/cargo-home:ro,Z" "-v" "/var/lib/crater-agent-workspace/rustup-home:/opt/rustwide/rustup-home:ro,Z" "-m" "1610612736" "--network" "none" "ghcr.io/rust-lang/crates-build-env/linux@sha256:3111399a4047eeb3a02b7a90e478d715f38a8c6669b5c4b49d30a17385265909" "sleep" "infinity", kill_on_drop: false }`
[INFO] [stdout] ef3236c29930dbce1e66892dcc13b295c9c8f99c004d4d1f25c95c20c664495b
[INFO] running `Command { std: "docker" "start" "ef3236c29930dbce1e66892dcc13b295c9c8f99c004d4d1f25c95c20c664495b", kill_on_drop: false }`
[INFO] running `Command { std: "docker" "inspect" "ef3236c29930dbce1e66892dcc13b295c9c8f99c004d4d1f25c95c20c664495b", kill_on_drop: false }`
[INFO] running `Command { std: "docker" "exec" "-e" "SOURCE_DIR=/opt/rustwide/workdir" "-e" "CARGO_HOME=/opt/rustwide/cargo-home" "-e" "RUSTUP_HOME=/opt/rustwide/rustup-home" "-e" "CARGO_TARGET_DIR=/opt/rustwide/target" "-w" "/opt/rustwide/workdir" "--user" "0:0" "ef3236c29930dbce1e66892dcc13b295c9c8f99c004d4d1f25c95c20c664495b" "/opt/rustwide/cargo-home/bin/cargo" "+1.100.0-beta.1" "metadata" "--no-deps" "--format-version=1", kill_on_drop: false }`
[INFO] running `Command { std: "docker" "inspect" "ef3236c29930dbce1e66892dcc13b295c9c8f99c004d4d1f25c95c20c664495b", kill_on_drop: false }`
[INFO] running `Command { std: "docker" "exec" "-e" "SOURCE_DIR=/opt/rustwide/workdir" "-e" "CARGO_HOME=/opt/rustwide/cargo-home" "-e" "RUSTUP_HOME=/opt/rustwide/rustup-home" "-e" "CARGO_TARGET_DIR=/opt/rustwide/target" "-e" "CARGO_INCREMENTAL=0" "-e" "RUST_BACKTRACE=full" "-e" "RUSTFLAGS=--cap-lints=warn" "-e" "RUSTDOCFLAGS=--cap-lints=warn" "-w" "/opt/rustwide/workdir" "--user" "0:0" "ef3236c29930dbce1e66892dcc13b295c9c8f99c004d4d1f25c95c20c664495b" "/opt/rustwide/cargo-home/bin/cargo" "+1.100.0-beta.1" "doc" "--frozen" "--no-deps" "--document-private-items" "--message-format=json", kill_on_drop: false }`
[INFO] [stderr]    Compiling proc-macro2 v1.0.52
[INFO] [stderr]    Compiling syn v1.0.109
[INFO] [stderr]    Compiling libc v0.2.108
[INFO] [stderr]    Compiling version_check v0.9.3
[INFO] [stderr]    Compiling glob v0.3.0
[INFO] [stderr]    Compiling memchr v2.4.1
[INFO] [stderr]    Compiling minimal-lexical v0.2.1
[INFO] [stderr]    Compiling log v0.4.14
[INFO] [stderr]    Compiling either v1.6.1
[INFO] [stderr]    Compiling regex-syntax v0.6.25
[INFO] [stderr]    Compiling bindgen v0.64.0
[INFO] [stderr]    Compiling rustc-hash v1.1.0
[INFO] [stderr]    Compiling lazycell v1.3.0
[INFO] [stderr]    Compiling libloading v0.7.2
[INFO] [stderr]    Compiling bitflags v1.3.2
[INFO] [stderr]    Compiling peeking_take_while v0.1.2
[INFO] [stderr]    Compiling shlex v1.1.0
[INFO] [stderr]    Compiling pkg-config v0.3.22
[INFO] [stderr]    Compiling serde_derive v1.0.147
[INFO] [stderr]    Compiling serde v1.0.147
[INFO] [stderr]    Compiling nom v7.1.0
[INFO] [stderr]    Compiling clang-sys v1.3.0
[INFO] [stderr]    Compiling which v4.2.2
[INFO] [stderr]    Compiling quote v1.0.10
[INFO] [stderr]    Compiling regex v1.5.4
[INFO] [stderr]    Compiling cexpr v0.6.0
[INFO] [stderr]    Compiling varnish-sys v0.0.16
[INFO] [stderr]     Checking varnish v0.0.16
[INFO] [stderr]    Compiling vmod_brown v0.0.1 (/opt/rustwide/workdir)
[INFO] [stdout] error: linking with `cc` failed: exit status: 1
[INFO] [stdout]   |
[INFO] [stdout]   = note:  "cc" "-m64" "/opt/rustwide/target/debug/build/vmod_brown/f5b2cafc1d123d7f/out/rustc49JhWo/symbols.o" "<2 object files omitted>" "-Wl,--as-needed" "-Wl,-Bstatic" "/opt/rustwide/target/debug/build/varnish/4ac4e21cad43977b/out/libvarnish-4ac4e21cad43977b.rlib" "/opt/rustwide/target/debug/build/pkg-config/030b1eca1327e98d/out/libpkg_config-030b1eca1327e98d.rlib" "/opt/rustwide/target/debug/build/serde/ececdfc97f72630d/out/libserde-ececdfc97f72630d.rlib" "/opt/rustwide/target/debug/build/varnish-sys/7d7054e347de9ba9/out/libvarnish_sys-7d7054e347de9ba9.rlib" "<sysroot>/lib/rustlib/x86_64-unknown-linux-gnu/lib/{libstd-*,libpanic_unwind-*,libobject-*,libmemchr-*,libaddr2line-*,libgimli-*,libcfg_if-*,librustc_demangle-*,libstd_detect-*,libhashbrown-*,librustc_std_workspace_alloc-*,libminiz_oxide-*,libadler2-*,libunwind-*,liblibc-*,librustc_std_workspace_core-*,liballoc-*,libcore-*,libcompiler_builtins-*}.rlib" "-Wl,-Bdynamic" "-lvarnishapi" "-lgcc_s" "-lutil" "-lrt" "-lpthread" "-lm" "-ldl" "-lc" "-L" "/opt/rustwide/target/debug/build/vmod_brown/f5b2cafc1d123d7f/out/rustc49JhWo/raw-dylibs" "-B<sysroot>/lib/rustlib/x86_64-unknown-linux-gnu/bin/gcc-ld" "-fuse-ld=lld" "-Wl,--eh-frame-hdr" "-Wl,-z,noexecstack" "-L" "<sysroot>/lib/rustlib/x86_64-unknown-linux-gnu/lib" "-o" "/opt/rustwide/target/debug/build/vmod_brown/f5b2cafc1d123d7f/out/build_script_build" "-Wl,--gc-sections" "-pie" "-Wl,-z,relro,-z,now" "-nodefaultlibs"
[INFO] [stdout]   = note: some arguments are omitted. use `--verbose` to show all linker arguments
[INFO] [stdout]   = note: rust-lld: error: unable to find library -lvarnishapi
[INFO] [stdout]           collect2: error: ld returned 1 exit status
[INFO] [stdout]           
[INFO] [stdout] 
[INFO] [stdout] 
[INFO] [stderr] error: could not compile `vmod_brown` (build script) due to 1 previous error
[INFO] running `Command { std: "docker" "inspect" "ef3236c29930dbce1e66892dcc13b295c9c8f99c004d4d1f25c95c20c664495b", kill_on_drop: false }`
[INFO] running `Command { std: "docker" "rm" "-f" "ef3236c29930dbce1e66892dcc13b295c9c8f99c004d4d1f25c95c20c664495b", kill_on_drop: false }`
[INFO] [stdout] ef3236c29930dbce1e66892dcc13b295c9c8f99c004d4d1f25c95c20c664495b
