[INFO] cloning repository https://github.com/gpabois/jarnac
[INFO] running `Command { std: "git" "-c" "credential.helper=" "-c" "credential.helper=/workspace/cargo-home/bin/git-credential-null" "clone" "--bare" "https://github.com/gpabois/jarnac" "/workspace/cache/git-repos/https%3A%2F%2Fgithub.com%2Fgpabois%2Fjarnac", kill_on_drop: false }`
[INFO] [stderr] Cloning into bare repository '/workspace/cache/git-repos/https%3A%2F%2Fgithub.com%2Fgpabois%2Fjarnac'...
[INFO] running `Command { std: "git" "rev-parse" "HEAD", kill_on_drop: false }`
[INFO] [stdout] 70f417cff6cc4ce04efa938cb60b962b11aa75f0
[INFO] documenting gpabois/jarnac/70f417cff6cc4ce04efa938cb60b962b11aa75f0 against 1.99.0-beta.8 for beta-rustdoc-1.100
[INFO] running `Command { std: "git" "clone" "/workspace/cache/git-repos/https%3A%2F%2Fgithub.com%2Fgpabois%2Fjarnac" "/workspace/builds/worker-5-tc1/source", kill_on_drop: false }`
[INFO] [stderr] Cloning into '/workspace/builds/worker-5-tc1/source'...
[INFO] [stderr] done.
[INFO] started tweaking git repo https://github.com/gpabois/jarnac
[INFO] finished tweaking git repo https://github.com/gpabois/jarnac
[INFO] tweaked toml for git repo https://github.com/gpabois/jarnac written to /workspace/builds/worker-5-tc1/source/Cargo.toml
[INFO] validating manifest of git repo https://github.com/gpabois/jarnac on toolchain 1.99.0-beta.8
[INFO] running `Command { std: CARGO_HOME="/workspace/cargo-home" RUSTUP_HOME="/workspace/rustup-home" "/workspace/cargo-home/bin/cargo" "+1.99.0-beta.8" "metadata" "--manifest-path" "Cargo.toml" "--no-deps", kill_on_drop: false }`
[INFO] crate git repo https://github.com/gpabois/jarnac already has a lockfile, it will not be regenerated
[INFO] running `Command { std: CARGO_HOME="/workspace/cargo-home" RUSTUP_HOME="/workspace/rustup-home" "/workspace/cargo-home/bin/cargo" "+1.99.0-beta.8" "fetch" "--manifest-path" "Cargo.toml", kill_on_drop: false }`
[INFO] [stderr]     Updating crates.io index
[INFO] [stderr]  Downloading crates ...
[INFO] [stderr]   Downloaded into_variant v0.3.0
[INFO] [stderr]   Downloaded into_variant_macro v0.3.0
[INFO] [stderr]   Downloaded clap_builder v4.5.35
[INFO] [stderr]   Downloaded clap v4.5.35
[INFO] running `Command { std: "docker" "create" "-v" "/var/lib/crater-agent-workspace/builds/worker-5-tc1/source:/opt/rustwide/workdir:ro,Z" "-v" "/var/lib/crater-agent-workspace/builds/worker-5-tc1/target:/opt/rustwide/target:rw,Z" "-v" "/var/lib/crater-agent-workspace/cargo-home:/opt/rustwide/cargo-home:ro,Z" "-v" "/var/lib/crater-agent-workspace/rustup-home:/opt/rustwide/rustup-home:ro,Z" "-m" "1610612736" "--network" "none" "ghcr.io/rust-lang/crates-build-env/linux@sha256:77db811e55d90add9212f6832c23229e3de5f1c1f9905e8cb07319ea15df73ac" "sleep" "infinity", kill_on_drop: false }`
[INFO] [stdout] fe834f1428287ef944d08ca04d51cacb5db368fa79afc633baa0023e92c03fed
[INFO] running `Command { std: "docker" "start" "fe834f1428287ef944d08ca04d51cacb5db368fa79afc633baa0023e92c03fed", kill_on_drop: false }`
[INFO] running `Command { std: "docker" "inspect" "fe834f1428287ef944d08ca04d51cacb5db368fa79afc633baa0023e92c03fed", kill_on_drop: false }`
[INFO] running `Command { std: "docker" "exec" "-e" "SOURCE_DIR=/opt/rustwide/workdir" "-e" "CARGO_HOME=/opt/rustwide/cargo-home" "-e" "RUSTUP_HOME=/opt/rustwide/rustup-home" "-e" "CARGO_TARGET_DIR=/opt/rustwide/target" "-w" "/opt/rustwide/workdir" "--user" "0:0" "fe834f1428287ef944d08ca04d51cacb5db368fa79afc633baa0023e92c03fed" "/opt/rustwide/cargo-home/bin/cargo" "+1.99.0-beta.8" "metadata" "--no-deps" "--format-version=1", kill_on_drop: false }`
[INFO] running `Command { std: "docker" "inspect" "fe834f1428287ef944d08ca04d51cacb5db368fa79afc633baa0023e92c03fed", kill_on_drop: false }`
[INFO] running `Command { std: "docker" "exec" "-e" "SOURCE_DIR=/opt/rustwide/workdir" "-e" "CARGO_HOME=/opt/rustwide/cargo-home" "-e" "RUSTUP_HOME=/opt/rustwide/rustup-home" "-e" "CARGO_TARGET_DIR=/opt/rustwide/target" "-e" "CARGO_INCREMENTAL=0" "-e" "RUST_BACKTRACE=full" "-e" "RUSTFLAGS=--cap-lints=warn" "-e" "RUSTDOCFLAGS=--cap-lints=warn" "-w" "/opt/rustwide/workdir" "--user" "0:0" "fe834f1428287ef944d08ca04d51cacb5db368fa79afc633baa0023e92c03fed" "/opt/rustwide/cargo-home/bin/cargo" "+1.99.0-beta.8" "doc" "--frozen" "--no-deps" "--document-private-items" "--message-format=json", kill_on_drop: false }`
[INFO] [stderr]    Compiling libc v0.2.171
[INFO] [stderr]    Compiling getrandom v0.3.2
[INFO] [stderr]    Compiling syn v1.0.109
[INFO] [stderr]    Compiling siphasher v1.0.1
[INFO] [stderr]    Compiling crossbeam-utils v0.8.21
[INFO] [stderr]    Compiling serde v1.0.219
[INFO] [stderr]     Checking phf_shared v0.11.3
[INFO] [stderr]     Checking either v1.15.0
[INFO] [stderr]    Compiling syn v2.0.100
[INFO] [stderr]     Checking ppv-lite86 v0.2.21
[INFO] [stderr]     Checking itertools v0.14.0
[INFO] [stderr]    Compiling phf_generator v0.11.3
[INFO] [stderr]     Checking parking_lot_core v0.9.10
[INFO] [stderr]     Checking rand_core v0.9.3
[INFO] [stderr]     Checking parking_lot v0.12.3
[INFO] [stderr]     Checking dashmap v6.1.0
[INFO] [stderr]     Checking rand_chacha v0.9.0
[INFO] [stderr]     Checking rand v0.9.0
[INFO] [stderr]    Compiling phf_macros v0.11.3
[INFO] [stderr]    Compiling zerocopy-derive v0.8.24
[INFO] [stderr]     Checking phf v0.11.3
[INFO] [stderr]    Compiling into_variant_macro v0.3.0
[INFO] [stderr]     Checking into_variant v0.3.0
[INFO] [stderr]  Documenting jarnac v0.1.0 (/opt/rustwide/workdir)
[INFO] [stdout] warning: unresolved link to `crate::pager::free`
[INFO] [stdout]   --> src/page/kind.rs:11:29
[INFO] [stdout]    |
[INFO] [stdout] 11 |     /// Une page libre (cf [crate::pager::free])
[INFO] [stdout]    |                             ^^^^^^^^^^^^^^^^^^ no item named `free` in module `pager`
[INFO] [stdout]    |
[INFO] [stdout]    = note: `#[warn(rustdoc::broken_intra_doc_links)]` on by default
[INFO] [stdout] 
[INFO] [stdout] 
[INFO] [stdout] warning: unresolved link to `crate::pager::spill`
[INFO] [stdout]   --> src/page/kind.rs:13:38
[INFO] [stdout]    |
[INFO] [stdout] 13 |     /// Une page de débordement (cf [crate::pager::spill])
[INFO] [stdout]    |                                      ^^^^^^^^^^^^^^^^^^^ no item named `spill` in module `pager`
[INFO] [stdout] 
[INFO] [stdout] 
[INFO] [stdout] warning: unresolved link to `crate::bp_tree::BPlusTreePage`
[INFO] [stdout]   --> src/page/kind.rs:15:45
[INFO] [stdout]    |
[INFO] [stdout] 15 |     /// La page d'entrée d'un arbre B+ (cf [crate::bp_tree::BPlusTreePage])
[INFO] [stdout]    |                                             ^^^^^^^^^^^^^^^^^^^^^^^^^^^^^ no item named `bp_tree` in module `jarnac`
[INFO] [stdout] 
[INFO] [stdout] 
[INFO] [stdout] warning: unresolved link to `crate::bp_tree::BPTreeInteriorPage`
[INFO] [stdout]   --> src/page/kind.rs:17:68
[INFO] [stdout]    |
[INFO] [stdout] 17 |     /// La page représentant un noeud intérieur d'un arbre B+ (cf [crate::bp_tree::BPTreeInteriorPage])
[INFO] [stdout]    |                                                                    ^^^^^^^^^^^^^^^^^^^^^^^^^^^^^^^^^^ no item named `bp_tree` in module `jarnac`
[INFO] [stdout] 
[INFO] [stdout] 
[INFO] [stdout] warning: unresolved link to `crate::bp_tree::BPTreeLeafPage`
[INFO] [stdout]   --> src/page/kind.rs:19:61
[INFO] [stdout]    |
[INFO] [stdout] 19 |     /// La page représentant une feuille d'un arbre B+ (cf [crate::bp_tree::BPTreeLeafPage])
[INFO] [stdout]    |                                                             ^^^^^^^^^^^^^^^^^^^^^^^^^^^^^^ no item named `bp_tree` in module `jarnac`
[INFO] [stdout] 
[INFO] [stdout] 
[INFO] [stdout] warning: unresolved link to `crate::pager::page::PageKind`
[INFO] [stdout]  --> src/cell.rs:9:68
[INFO] [stdout]   |
[INFO] [stdout] 9 | //! - l'entête de la page doit contenir, après le nombre magique ([crate::pager::page::PageKind]), [CellPageHeader]
[INFO] [stdout]   |                                                                    ^^^^^^^^^^^^^^^^^^^^^^^^^^^^ no item named `page` in module `pager`
[INFO] [stdout] 
[INFO] [stdout] 
[INFO] [stdout] warning: unresolved link to `CellPageHeader`
[INFO] [stdout]  --> src/cell.rs:9:101
[INFO] [stdout]   |
[INFO] [stdout] 9 | //! - l'entête de la page doit contenir, après le nombre magique ([crate::pager::page::PageKind]), [CellPageHeader]
[INFO] [stdout]   |                                                                                                     ^^^^^^^^^^^^^^ no item named `CellPageHeader` in scope
[INFO] [stdout]   |
[INFO] [stdout]   = help: to escape `[` and `]` characters, add '\' before them like `\[` or `\]`
[INFO] [stdout] 
[INFO] [stdout] 
[INFO] [stdout] warning: unresolved link to `CellPageHeader::push`
[INFO] [stdout]   --> src/cell.rs:13:8
[INFO] [stdout]    |
[INFO] [stdout] 13 | //! - [CellPageHeader::push], et ses variantes [CellPageHeader::insert_after] ou [CellPageHeader::insert_before]
[INFO] [stdout]    |        ^^^^^^^^^^^^^^^^^^^^ no item named `CellPageHeader` in scope
[INFO] [stdout] 
[INFO] [stdout] 
[INFO] [stdout] warning: unresolved link to `CellPageHeader::insert_after`
[INFO] [stdout]   --> src/cell.rs:13:49
[INFO] [stdout]    |
[INFO] [stdout] 13 | //! - [CellPageHeader::push], et ses variantes [CellPageHeader::insert_after] ou [CellPageHeader::insert_before]
[INFO] [stdout]    |                                                 ^^^^^^^^^^^^^^^^^^^^^^^^^^^^ no item named `CellPageHeader` in scope
[INFO] [stdout] 
[INFO] [stdout] 
[INFO] [stdout] warning: unresolved link to `CellPageHeader::insert_before`
[INFO] [stdout]   --> src/cell.rs:13:83
[INFO] [stdout]    |
[INFO] [stdout] 13 | //! - [CellPageHeader::push], et ses variantes [CellPageHeader::insert_after] ou [CellPageHeader::insert_before]
[INFO] [stdout]    |                                                                                   ^^^^^^^^^^^^^^^^^^^^^^^^^^^^^ no item named `CellPageHeader` in scope
[INFO] [stdout] 
[INFO] [stdout] 
[INFO] [stdout] warning: unresolved link to `CellPageHeader::iter`
[INFO] [stdout]   --> src/cell.rs:14:8
[INFO] [stdout]    |
[INFO] [stdout] 14 | //! - [CellPageHeader::iter]
[INFO] [stdout]    |        ^^^^^^^^^^^^^^^^^^^^ no item named `CellPageHeader` in scope
[INFO] [stdout] 
[INFO] [stdout] 
[INFO] [stdout] warning: unresolved link to `cid`
[INFO] [stdout]    --> src/cell.rs:513:10
[INFO] [stdout]     |
[INFO] [stdout] 513 |     /// [cid] -> next (-> after) ?
[INFO] [stdout]     |          ^^^ no item named `cid` in scope
[INFO] [stdout]     |
[INFO] [stdout]     = help: to escape `[` and `]` characters, add '\' before them like `\[` or `\]`
[INFO] [stdout] 
[INFO] [stdout] 
[INFO] [stdout] warning: unresolved link to `KnackPath`
[INFO] [stdout]   --> src/jar.rs:43:32
[INFO] [stdout]    |
[INFO] [stdout] 43 | /// - fields: Liste de champs [KnackPath] indexés ;
[INFO] [stdout]    |                                ^^^^^^^^^ no item named `KnackPath` in scope
[INFO] [stdout]    |
[INFO] [stdout]    = help: to escape `[` and `]` characters, add '\' before them like `\[` or `\]`
[INFO] [stdout] 
[INFO] [stdout] 
[INFO] [stdout] warning: unresolved link to `IPagerStress`
[INFO] [stdout]    --> src/buffer/mod.rs:317:61
[INFO] [stdout]     |
[INFO] [stdout] 317 |     /// - soit en déchargeant des pages quelque part (voir [IPagerStress]).
[INFO] [stdout]     |                                                             ^^^^^^^^^^^^ no item named `IPagerStress` in scope
[INFO] [stdout]     |
[INFO] [stdout]     = help: to escape `[` and `]` characters, add '\' before them like `\[` or `\]`
[INFO] [stdout] 
[INFO] [stdout] 
[INFO] [stdout] warning: unresolved link to `self::BPTreeLeafPage`
[INFO] [stdout]    --> src/bpt/leaf.rs:314:29
[INFO] [stdout]     |
[INFO] [stdout] 314 | /// En-tête d'une [feuille](self::BPTreeLeafPage).
[INFO] [stdout]     |                             ^^^^^^^^^^^^^^^^^^^^ no item named `BPTreeLeafPage` in module `leaf`
[INFO] [stdout] 
[INFO] [stdout] 
[INFO] [stdout] warning: unclosed HTML tag `CellHeader`
[INFO] [stdout]    --> src/cell.rs:359:103
[INFO] [stdout]     |
[INFO] [stdout] 359 |     /// - content_size: The size of the cell content, it is used to compute the cell size (= size_of::<CellHeader> + content_size)
[INFO] [stdout]     |                                                                                                       ^^^^^^^^^^^^
[INFO] [stdout]     |
[INFO] [stdout]     = note: `#[warn(rustdoc::invalid_html_tags)]` on by default
[INFO] [stdout] help: try marking as source code
[INFO] [stdout]     |
[INFO] [stdout] 359 |     /// - content_size: The size of the cell content, it is used to compute the cell size (= `size_of::<CellHeader>` + content_size)
[INFO] [stdout]     |                                                                                              +                     +
[INFO] [stdout] 
[INFO] [stdout] 
[INFO] [stdout] warning: unclosed HTML tag `CellPageHeader`
[INFO] [stdout]    --> src/cell.rs:361:130
[INFO] [stdout]     |
[INFO] [stdout] 361 | ...d to compute the cell space base (= reserved + size_of::<CellPageHeader>())
[INFO] [stdout]     |                                                            ^^^^^^^^^^^^^^^^
[INFO] [stdout]     |
[INFO] [stdout] help: try marking as source code
[INFO] [stdout]     |
[INFO] [stdout] 361 |     /// - reserved: The number of reserved bytes in the header, it is used to compute the cell space base (= reserved + `size_of::<CellPageHeader>`())
[INFO] [stdout]     |                                                                                                                         +                         +
[INFO] [stdout] 
[INFO] [stdout] 
[INFO] [stdout] warning: unclosed HTML tag `Option`
[INFO] [stdout]   --> src/utils.rs:13:37
[INFO] [stdout]    |
[INFO] [stdout] 13 | /// Permet d'exécuter un flip Result<Option> vers Option<Result>
[INFO] [stdout]    |                                     ^^^^^^^^
[INFO] [stdout]    |
[INFO] [stdout] help: try marking as source code
[INFO] [stdout]    |
[INFO] [stdout] 13 | /// Permet d'exécuter un flip `Result<Option>` vers Option<Result>
[INFO] [stdout]    |                               +              +
[INFO] [stdout] 
[INFO] [stdout] 
[INFO] [stdout] warning: unclosed HTML tag `Result`
[INFO] [stdout]   --> src/utils.rs:13:57
[INFO] [stdout]    |
[INFO] [stdout] 13 | /// Permet d'exécuter un flip Result<Option> vers Option<Result>
[INFO] [stdout]    |                                                         ^^^^^^^^
[INFO] [stdout]    |
[INFO] [stdout] help: try marking as source code
[INFO] [stdout]    |
[INFO] [stdout] 13 | /// Permet d'exécuter un flip Result<Option> vers `Option<Result>`
[INFO] [stdout]    |                                                   +              +
[INFO] [stdout] 
[INFO] [stdout] 
[INFO] [stderr]     Finished `dev` profile [unoptimized + debuginfo] target(s) in 9.66s
[INFO] [stderr]    Generated /opt/rustwide/target/doc/jarnac/index.html
[INFO] running `Command { std: "docker" "inspect" "fe834f1428287ef944d08ca04d51cacb5db368fa79afc633baa0023e92c03fed", kill_on_drop: false }`
[INFO] running `Command { std: "docker" "exec" "-e" "SOURCE_DIR=/opt/rustwide/workdir" "-e" "CARGO_HOME=/opt/rustwide/cargo-home" "-e" "RUSTUP_HOME=/opt/rustwide/rustup-home" "-e" "CARGO_TARGET_DIR=/opt/rustwide/target" "-e" "CARGO_INCREMENTAL=0" "-e" "RUST_BACKTRACE=full" "-e" "RUSTFLAGS=--cap-lints=warn" "-e" "RUSTDOCFLAGS=--cap-lints=warn" "-e" "DOCS_RS=1" "-e" "RUSTC_BOOTSTRAP=1" "-w" "/opt/rustwide/workdir" "--user" "0:0" "fe834f1428287ef944d08ca04d51cacb5db368fa79afc633baa0023e92c03fed" "/opt/rustwide/cargo-home/bin/cargo" "+1.99.0-beta.8" "rustdoc" "--lib" "-Zrustdoc-map" "--config" "build.rustdocflags=[\"--cfg\", \"docsrs\", \"-Z\", \"unstable-options\", \"--document-private-items\"]" "--frozen" "--message-format=json", kill_on_drop: false }`
[INFO] [stderr]    Compiling proc-macro2 v1.0.94
[INFO] [stdout] error[E0425]: cannot find type `SourceFile` in crate `proc_macro`
[INFO] [stdout]    --> /opt/rustwide/cargo-home/registry/src/index.crates.io-1949cf8c6b5b557f/proc-macro2-1.0.94/src/wrapper.rs:366:26
[INFO] [stdout]     |
[INFO] [stdout] 366 |     Compiler(proc_macro::SourceFile),
[INFO] [stdout]     |                          ^^^^^^^^^^ not found in `proc_macro`
[INFO] [stdout]     |
[INFO] [stdout] help: consider importing one of these structs
[INFO] [stdout]     |
[INFO] [stdout]   1 + use crate::SourceFile;
[INFO] [stdout]     |
[INFO] [stdout]   1 + use crate::fallback::SourceFile;
[INFO] [stdout]     |
[INFO] [stdout] help: if you import `SourceFile`, refer to it directly
[INFO] [stdout]     |
[INFO] [stdout] 366 -     Compiler(proc_macro::SourceFile),
[INFO] [stdout] 366 +     Compiler(SourceFile),
[INFO] [stdout]     |
[INFO] [stdout] 
[INFO] [stdout] 
[INFO] [stdout] error[E0425]: cannot find type `SourceFile` in crate `proc_macro`
[INFO] [stdout]    --> /opt/rustwide/cargo-home/registry/src/index.crates.io-1949cf8c6b5b557f/proc-macro2-1.0.94/src/wrapper.rs:372:32
[INFO] [stdout]     |
[INFO] [stdout] 372 |     fn nightly(sf: proc_macro::SourceFile) -> Self {
[INFO] [stdout]     |                                ^^^^^^^^^^ not found in `proc_macro`
[INFO] [stdout]     |
[INFO] [stdout] help: consider importing one of these structs
[INFO] [stdout]     |
[INFO] [stdout]   1 + use crate::SourceFile;
[INFO] [stdout]     |
[INFO] [stdout]   1 + use crate::fallback::SourceFile;
[INFO] [stdout]     |
[INFO] [stdout] help: if you import `SourceFile`, refer to it directly
[INFO] [stdout]     |
[INFO] [stdout] 372 -     fn nightly(sf: proc_macro::SourceFile) -> Self {
[INFO] [stdout] 372 +     fn nightly(sf: SourceFile) -> Self {
[INFO] [stdout]     |
[INFO] [stdout] 
[INFO] [stdout] 
[INFO] [stdout] error[E0599]: no method named `source_file` found for reference `&proc_macro::Span` in the current scope
[INFO] [stdout]    --> /opt/rustwide/cargo-home/registry/src/index.crates.io-1949cf8c6b5b557f/proc-macro2-1.0.94/src/wrapper.rs:462:56
[INFO] [stdout]     |
[INFO] [stdout] 462 |             Span::Compiler(s) => SourceFile::nightly(s.source_file()),
[INFO] [stdout]     |                                                        ^^^^^^^^^^^
[INFO] [stdout]     |
[INFO] [stdout] help: there is a method `source` with a similar name
[INFO] [stdout]     |
[INFO] [stdout] 462 -             Span::Compiler(s) => SourceFile::nightly(s.source_file()),
[INFO] [stdout] 462 +             Span::Compiler(s) => SourceFile::nightly(s.source()),
[INFO] [stdout]     |
[INFO] [stdout] 
[INFO] [stdout] 
[INFO] [stdout] Some errors have detailed explanations: E0425, E0599.
[INFO] [stdout] 
[INFO] [stdout] For more information about an error, try `rustc --explain E0425`.
[INFO] [stdout] 
[INFO] [stderr] error: could not compile `proc-macro2` (lib) due to 3 previous errors
[INFO] running `Command { std: "docker" "inspect" "fe834f1428287ef944d08ca04d51cacb5db368fa79afc633baa0023e92c03fed", kill_on_drop: false }`
[INFO] running `Command { std: "docker" "rm" "-f" "fe834f1428287ef944d08ca04d51cacb5db368fa79afc633baa0023e92c03fed", kill_on_drop: false }`
[INFO] [stdout] fe834f1428287ef944d08ca04d51cacb5db368fa79afc633baa0023e92c03fed
