[INFO] cloning repository https://github.com/craig-mcmahon/saas-sync
[INFO] running `Command { std: "git" "-c" "credential.helper=" "-c" "credential.helper=/workspace/cargo-home/bin/git-credential-null" "clone" "--bare" "https://github.com/craig-mcmahon/saas-sync" "/workspace/cache/git-repos/https%3A%2F%2Fgithub.com%2Fcraig-mcmahon%2Fsaas-sync", kill_on_drop: false }`
[INFO] [stderr] Cloning into bare repository '/workspace/cache/git-repos/https%3A%2F%2Fgithub.com%2Fcraig-mcmahon%2Fsaas-sync'...
[INFO] running `Command { std: "git" "rev-parse" "HEAD", kill_on_drop: false }`
[INFO] [stdout] 337bc764e7d2838d0c1fa84b613cb06877f16a0b
[INFO] documenting craig-mcmahon/saas-sync against 1.100.0-beta.1 for beta-rustdoc-1.100
[INFO] running `Command { std: "git" "clone" "/workspace/cache/git-repos/https%3A%2F%2Fgithub.com%2Fcraig-mcmahon%2Fsaas-sync" "/workspace/builds/worker-0-tc2/source", kill_on_drop: false }`
[INFO] [stderr] Cloning into '/workspace/builds/worker-0-tc2/source'...
[INFO] [stderr] done.
[INFO] started tweaking git repo https://github.com/craig-mcmahon/saas-sync
[INFO] finished tweaking git repo https://github.com/craig-mcmahon/saas-sync
[INFO] tweaked toml for git repo https://github.com/craig-mcmahon/saas-sync written to /workspace/builds/worker-0-tc2/source/Cargo.toml
[INFO] validating manifest of git repo https://github.com/craig-mcmahon/saas-sync on toolchain 1.100.0-beta.1
[INFO] running `Command { std: CARGO_HOME="/workspace/cargo-home" RUSTUP_HOME="/workspace/rustup-home" "/workspace/cargo-home/bin/cargo" "+1.100.0-beta.1" "metadata" "--manifest-path" "Cargo.toml" "--no-deps", kill_on_drop: false }`
[INFO] crate git repo https://github.com/craig-mcmahon/saas-sync already has a lockfile, it will not be regenerated
[INFO] running `Command { std: CARGO_HOME="/workspace/cargo-home" RUSTUP_HOME="/workspace/rustup-home" "/workspace/cargo-home/bin/cargo" "+1.100.0-beta.1" "fetch" "--manifest-path" "Cargo.toml", kill_on_drop: false }`
[INFO] [stderr]     Blocking waiting for file lock on package cache
[INFO] [stderr]     Blocking waiting for file lock on package cache
[INFO] [stderr]  Downloading crates ...
[INFO] [stderr]   Downloaded worker-sys v0.3.0
[INFO] [stderr]   Downloaded sync_wrapper v0.1.2
[INFO] [stderr]   Downloaded proc-macro2 v1.0.81
[INFO] [stderr]   Downloaded tower-layer v0.3.2
[INFO] [stderr]   Downloaded worker-kv v0.7.0
[INFO] [stderr]   Downloaded autocfg v1.2.0
[INFO] [stderr]   Downloaded worker-macros v0.3.0
[INFO] [stderr]   Downloaded futures-macro v0.3.30
[INFO] [stderr]   Downloaded thiserror v1.0.59
[INFO] [stderr]   Downloaded serde-wasm-bindgen v0.5.0
[INFO] [stderr]   Downloaded windows-targets v0.52.5
[INFO] [stderr]   Downloaded hyper-tls v0.6.0
[INFO] [stderr]   Downloaded ryu v1.0.17
[INFO] [stderr]   Downloaded tokio-macros v2.2.0
[INFO] [stderr]   Downloaded want v0.3.1
[INFO] [stderr]   Downloaded tempfile v3.10.1
[INFO] [stderr]   Downloaded worker v0.3.0
[INFO] [stderr]   Downloaded wasm-bindgen-futures v0.4.42
[INFO] [stderr]   Downloaded num_cpus v1.16.0
[INFO] [stderr]   Downloaded thiserror-impl v1.0.59
[INFO] [stderr]   Downloaded hermit-abi v0.3.9
[INFO] [stderr]   Downloaded http-body-util v0.1.1
[INFO] [stderr]   Downloaded http-body v1.0.0
[INFO] [stderr]   Downloaded tower-service v0.3.2
[INFO] [stderr]   Downloaded fastrand v2.1.0
[INFO] [stderr]   Downloaded system-configuration v0.5.1
[INFO] [stderr]   Downloaded try-lock v0.2.5
[INFO] [stderr]   Downloaded system-configuration-sys v0.5.0
[INFO] [stderr]   Downloaded openssl-probe v0.1.5
[INFO] [stderr]   Downloaded wasm-streams v0.4.0
[INFO] [stderr]   Downloaded num-traits v0.2.18
[INFO] [stderr]   Downloaded tokio-native-tls v0.3.1
[INFO] [stderr]   Downloaded async-trait v0.1.80
[INFO] [stderr]   Downloaded httparse v1.8.0
[INFO] [stderr]   Downloaded serde_derive v1.0.200
[INFO] [stderr]   Downloaded syn v2.0.60
[INFO] [stderr]   Downloaded serde-wasm-bindgen v0.6.5
[INFO] [stderr]   Downloaded native-tls v0.2.11
[INFO] [stderr]   Downloaded rustls-pki-types v1.7.0
[INFO] [stderr]   Downloaded winreg v0.52.0
[INFO] [stderr]   Downloaded security-framework-sys v2.11.0
[INFO] [stderr]   Downloaded socket2 v0.5.7
[INFO] [stderr]   Downloaded signal-hook-registry v1.4.2
[INFO] [stderr]   Downloaded openssl-sys v0.9.102
[INFO] [stderr]   Downloaded rustls-pemfile v2.1.2
[INFO] [stderr]   Downloaded ipnet v2.9.0
[INFO] [stderr]   Downloaded parking_lot v0.12.2
[INFO] [stderr]   Downloaded redox_syscall v0.5.1
[INFO] [stderr]   Downloaded matchit v0.7.3
[INFO] [stderr]   Downloaded uuid v1.8.0
[INFO] [stderr]   Downloaded serde v1.0.200
[INFO] [stderr]   Downloaded bitflags v2.5.0
[INFO] [stderr]   Downloaded backtrace v0.3.71
[INFO] [stderr]   Downloaded log v0.4.21
[INFO] [stderr]   Downloaded hyper-util v0.1.3
[INFO] [stderr]   Downloaded miniz_oxide v0.7.2
[INFO] [stderr]   Downloaded security-framework v2.11.0
[INFO] [stderr]   Downloaded cc v1.0.96
[INFO] [stderr]   Downloaded tower v0.4.13
[INFO] [stderr]   Downloaded memchr v2.7.2
[INFO] [stderr]   Downloaded mio v0.8.11
[INFO] [stderr]   Downloaded bytes v1.6.0
[INFO] [stderr]   Downloaded http v1.1.0
[INFO] [stderr]   Downloaded unicode-normalization v0.1.23
[INFO] [stderr]   Downloaded tokio-util v0.7.10
[INFO] [stderr]   Downloaded serde_json v1.0.116
[INFO] [stderr]   Downloaded hyper v1.3.1
[INFO] [stderr]   Downloaded reqwest v0.12.4
[INFO] [stderr]   Downloaded h2 v0.4.4
[INFO] [stderr]   Downloaded openssl v0.10.64
[INFO] [stderr]   Downloaded windows_x86_64_gnullvm v0.52.5
[INFO] [stderr]   Downloaded windows_aarch64_gnullvm v0.52.5
[INFO] [stderr]   Downloaded windows_i686_gnullvm v0.52.5
[INFO] [stderr]   Downloaded web-sys v0.3.69
[INFO] [stderr]   Downloaded tokio v1.37.0
[INFO] [stderr]   Downloaded windows_x86_64_msvc v0.52.5
[INFO] [stderr]   Downloaded libc v0.2.154
[INFO] [stderr]   Downloaded windows_x86_64_gnu v0.52.5
[INFO] [stderr]   Downloaded windows_i686_gnu v0.52.5
[INFO] [stderr]   Downloaded windows_aarch64_msvc v0.52.5
[INFO] [stderr]   Downloaded windows_i686_msvc v0.52.5
[INFO] [stderr]   Downloaded encoding_rs v0.8.34
[INFO] running `Command { std: "docker" "create" "-v" "/var/lib/crater-agent-workspace/builds/worker-0-tc2/source:/opt/rustwide/workdir:ro,Z" "-v" "/var/lib/crater-agent-workspace/builds/worker-0-tc2/target:/opt/rustwide/target:rw,Z" "-v" "/var/lib/crater-agent-workspace/cargo-home:/opt/rustwide/cargo-home:ro,Z" "-v" "/var/lib/crater-agent-workspace/rustup-home:/opt/rustwide/rustup-home:ro,Z" "-m" "1610612736" "--network" "none" "ghcr.io/rust-lang/crates-build-env/linux@sha256:3111399a4047eeb3a02b7a90e478d715f38a8c6669b5c4b49d30a17385265909" "sleep" "infinity", kill_on_drop: false }`
[INFO] [stdout] 1aff4ceaaae7518bd97b0449d1f741dcbaa1e9a9cafc68d74399da9738e93d03
[INFO] running `Command { std: "docker" "start" "1aff4ceaaae7518bd97b0449d1f741dcbaa1e9a9cafc68d74399da9738e93d03", kill_on_drop: false }`
[INFO] running `Command { std: "docker" "inspect" "1aff4ceaaae7518bd97b0449d1f741dcbaa1e9a9cafc68d74399da9738e93d03", kill_on_drop: false }`
[INFO] running `Command { std: "docker" "exec" "-e" "SOURCE_DIR=/opt/rustwide/workdir" "-e" "CARGO_HOME=/opt/rustwide/cargo-home" "-e" "RUSTUP_HOME=/opt/rustwide/rustup-home" "-e" "CARGO_TARGET_DIR=/opt/rustwide/target" "-w" "/opt/rustwide/workdir" "--user" "0:0" "1aff4ceaaae7518bd97b0449d1f741dcbaa1e9a9cafc68d74399da9738e93d03" "/opt/rustwide/cargo-home/bin/cargo" "+1.100.0-beta.1" "metadata" "--no-deps" "--format-version=1", kill_on_drop: false }`
[INFO] running `Command { std: "docker" "inspect" "1aff4ceaaae7518bd97b0449d1f741dcbaa1e9a9cafc68d74399da9738e93d03", kill_on_drop: false }`
[INFO] running `Command { std: "docker" "exec" "-e" "SOURCE_DIR=/opt/rustwide/workdir" "-e" "CARGO_HOME=/opt/rustwide/cargo-home" "-e" "RUSTUP_HOME=/opt/rustwide/rustup-home" "-e" "CARGO_TARGET_DIR=/opt/rustwide/target" "-e" "CARGO_INCREMENTAL=0" "-e" "RUST_BACKTRACE=full" "-e" "RUSTFLAGS=--cap-lints=warn" "-e" "RUSTDOCFLAGS=--cap-lints=warn" "-w" "/opt/rustwide/workdir" "--user" "0:0" "1aff4ceaaae7518bd97b0449d1f741dcbaa1e9a9cafc68d74399da9738e93d03" "/opt/rustwide/cargo-home/bin/cargo" "+1.100.0-beta.1" "doc" "--frozen" "--no-deps" "--document-private-items" "--message-format=json", kill_on_drop: false }`
[INFO] [stderr]    Compiling proc-macro2 v1.0.81
[INFO] [stderr]    Compiling unicode-ident v1.0.12
[INFO] [stderr]    Compiling libc v0.2.154
[INFO] [stderr]    Compiling autocfg v1.2.0
[INFO] [stderr]    Compiling wasm-bindgen-shared v0.2.92
[INFO] [stderr]    Compiling log v0.4.21
[INFO] [stderr]    Compiling bumpalo v3.16.0
[INFO] [stderr]    Compiling once_cell v1.19.0
[INFO] [stderr]    Compiling wasm-bindgen v0.2.92
[INFO] [stderr]     Checking pin-project-lite v0.2.14
[INFO] [stderr]    Compiling parking_lot_core v0.9.10
[INFO] [stderr]     Checking bytes v1.6.0
[INFO] [stderr]     Checking itoa v1.0.11
[INFO] [stderr]     Checking scopeguard v1.2.0
[INFO] [stderr]     Checking smallvec v1.13.2
[INFO] [stderr]     Checking futures-core v0.3.30
[INFO] [stderr]    Compiling vcpkg v0.2.15
[INFO] [stderr]     Checking futures-sink v0.3.30
[INFO] [stderr]    Compiling pkg-config v0.3.30
[INFO] [stderr]    Compiling cc v1.0.96
[INFO] [stderr]     Checking memchr v2.7.2
[INFO] [stderr]     Checking futures-io v0.3.30
[INFO] [stderr]     Checking futures-task v0.3.30
[INFO] [stderr]     Checking pin-utils v0.1.0
[INFO] [stderr]    Compiling serde v1.0.200
[INFO] [stderr]     Checking fnv v1.0.7
[INFO] [stderr]     Checking tracing-core v0.1.32
[INFO] [stderr]    Compiling cfg-if v1.0.0
[INFO] [stderr]     Checking hashbrown v0.14.5
[INFO] [stderr]    Compiling httparse v1.8.0
[INFO] [stderr]    Compiling openssl v0.10.64
[INFO] [stderr]     Checking equivalent v1.0.1
[INFO] [stderr]     Checking foreign-types-shared v0.1.1
[INFO] [stderr]    Compiling lock_api v0.4.12
[INFO] [stderr]    Compiling slab v0.4.9
[INFO] [stderr]     Checking tinyvec_macros v0.1.1
[INFO] [stderr]     Checking tinyvec v1.6.0
[INFO] [stderr]     Checking foreign-types v0.3.2
[INFO] [stderr]     Checking futures-channel v0.3.30
[INFO] [stderr]    Compiling serde_json v1.0.116
[INFO] [stderr]     Checking http v1.1.0
[INFO] [stderr]     Checking ryu v1.0.17
[INFO] [stderr]     Checking try-lock v0.2.5
[INFO] [stderr]     Checking percent-encoding v2.3.1
[INFO] [stderr]    Compiling native-tls v0.2.11
[INFO] [stderr]     Checking bitflags v2.5.0
[INFO] [stderr]     Checking want v0.3.1
[INFO] [stderr]     Checking form_urlencoded v1.2.1
[INFO] [stderr]     Checking tracing v0.1.40
[INFO] [stderr]    Compiling num-traits v0.2.18
[INFO] [stderr]     Checking unicode-bidi v0.3.15
[INFO] [stderr]     Checking openssl-probe v0.1.5
[INFO] [stderr]     Checking tower-layer v0.3.2
[INFO] [stderr]     Checking tower-service v0.3.2
[INFO] [stderr]    Compiling thiserror v1.0.59
[INFO] [stderr]    Compiling quote v1.0.36
[INFO] [stderr]     Checking base64 v0.22.1
[INFO] [stderr]     Checking rustls-pki-types v1.7.0
[INFO] [stderr]     Checking encoding_rs v0.8.34
[INFO] [stderr]     Checking mime v0.3.17
[INFO] [stderr]     Checking sync_wrapper v0.1.2
[INFO] [stderr]     Checking socket2 v0.5.7
[INFO] [stderr]     Checking num_cpus v1.16.0
[INFO] [stderr]     Checking signal-hook-registry v1.4.2
[INFO] [stderr]     Checking mio v0.8.11
[INFO] [stderr]    Compiling syn v2.0.60
[INFO] [stderr]     Checking indexmap v2.2.6
[INFO] [stderr]     Checking getrandom v0.2.15
[INFO] [stderr]     Checking rustls-pemfile v2.1.2
[INFO] [stderr]     Checking ipnet v2.9.0
[INFO] [stderr]     Checking matchit v0.7.3
[INFO] [stderr]     Checking parking_lot v0.12.2
[INFO] [stderr]     Checking uuid v1.8.0
[INFO] [stderr]     Checking unicode-normalization v0.1.23
[INFO] [stderr]     Checking http-body v1.0.0
[INFO] [stderr]     Checking http-body-util v0.1.1
[INFO] [stderr]    Compiling openssl-sys v0.9.102
[INFO] [stderr]     Checking idna v0.5.0
[INFO] [stderr]     Checking chrono v0.4.38
[INFO] [stderr]     Checking url v2.5.0
[INFO] [stderr]    Compiling wasm-bindgen-backend v0.2.92
[INFO] [stderr]    Compiling tokio-macros v2.2.0
[INFO] [stderr]    Compiling futures-macro v0.3.30
[INFO] [stderr]    Compiling serde_derive v1.0.200
[INFO] [stderr]    Compiling pin-project-internal v1.1.5
[INFO] [stderr]    Compiling openssl-macros v0.1.1
[INFO] [stderr]    Compiling thiserror-impl v1.0.59
[INFO] [stderr]    Compiling async-trait v0.1.80
[INFO] [stderr]     Checking tokio v1.37.0
[INFO] [stderr]     Checking futures-util v0.3.30
[INFO] [stderr]    Compiling wasm-bindgen-macro-support v0.2.92
[INFO] [stderr]     Checking pin-project v1.1.5
[INFO] [stderr]    Compiling wasm-bindgen-macro v0.2.92
[INFO] [stderr]     Checking js-sys v0.3.69
[INFO] [stderr]     Checking tokio-util v0.7.10
[INFO] [stderr]     Checking tower v0.4.13
[INFO] [stderr]     Checking tokio-native-tls v0.3.1
[INFO] [stderr]     Checking h2 v0.4.4
[INFO] [stderr]     Checking web-sys v0.3.69
[INFO] [stderr]     Checking wasm-bindgen-futures v0.4.42
[INFO] [stderr]     Checking serde_urlencoded v0.7.1
[INFO] [stderr]     Checking serde-wasm-bindgen v0.5.0
[INFO] [stderr]     Checking serde-wasm-bindgen v0.6.5
[INFO] [stderr]     Checking worker-kv v0.7.0
[INFO] [stderr]    Compiling worker-sys v0.3.0
[INFO] [stderr]     Checking wasm-streams v0.4.0
[INFO] [stderr]    Compiling worker-macros v0.3.0
[INFO] [stderr]     Checking worker v0.3.0
[INFO] [stderr]     Checking hyper v1.3.1
[INFO] [stderr]     Checking hyper-util v0.1.3
[INFO] [stderr]     Checking hyper-tls v0.6.0
[INFO] [stderr]     Checking reqwest v0.12.4
[INFO] [stderr]  Documenting saas-sync v0.1.0 (/opt/rustwide/workdir)
[INFO] [stderr]     Finished `dev` profile [unoptimized + debuginfo] target(s) in 10.38s
[INFO] [stderr]    Generated /opt/rustwide/target/doc/saas_sync/index.html
[INFO] running `Command { std: "docker" "inspect" "1aff4ceaaae7518bd97b0449d1f741dcbaa1e9a9cafc68d74399da9738e93d03", kill_on_drop: false }`
[INFO] running `Command { std: "docker" "exec" "-e" "SOURCE_DIR=/opt/rustwide/workdir" "-e" "CARGO_HOME=/opt/rustwide/cargo-home" "-e" "RUSTUP_HOME=/opt/rustwide/rustup-home" "-e" "CARGO_TARGET_DIR=/opt/rustwide/target" "-e" "CARGO_INCREMENTAL=0" "-e" "RUST_BACKTRACE=full" "-e" "RUSTFLAGS=--cap-lints=warn" "-e" "RUSTDOCFLAGS=--cap-lints=warn" "-e" "RUSTC_BOOTSTRAP=1" "-e" "DOCS_RS=1" "-w" "/opt/rustwide/workdir" "--user" "0:0" "1aff4ceaaae7518bd97b0449d1f741dcbaa1e9a9cafc68d74399da9738e93d03" "/opt/rustwide/cargo-home/bin/cargo" "+1.100.0-beta.1" "rustdoc" "--lib" "-Zrustdoc-map" "--config" "build.rustdocflags=[\"--cfg\", \"docsrs\", \"-Z\", \"unstable-options\", \"--document-private-items\"]" "--frozen" "--message-format=json", kill_on_drop: false }`
[INFO] [stderr]    Compiling proc-macro2 v1.0.81
[INFO] [stderr]    Compiling thiserror v1.0.59
[INFO] [stdout] error[E0425]: cannot find type `SourceFile` in crate `proc_macro`
[INFO] [stdout]    --> /opt/rustwide/cargo-home/registry/src/index.crates.io-1949cf8c6b5b557f/proc-macro2-1.0.81/src/wrapper.rs:365:26
[INFO] [stdout]     |
[INFO] [stdout] 365 |     Compiler(proc_macro::SourceFile),
[INFO] [stdout]     |                          ^^^^^^^^^^ not found in `proc_macro`
[INFO] [stdout]     |
[INFO] [stdout] help: consider importing one of these structs
[INFO] [stdout]     |
[INFO] [stdout]   1 + use crate::SourceFile;
[INFO] [stdout]     |
[INFO] [stdout]   1 + use crate::fallback::SourceFile;
[INFO] [stdout]     |
[INFO] [stdout] help: if you import `SourceFile`, refer to it directly
[INFO] [stdout]     |
[INFO] [stdout] 365 -     Compiler(proc_macro::SourceFile),
[INFO] [stdout] 365 +     Compiler(SourceFile),
[INFO] [stdout]     |
[INFO] [stdout] 
[INFO] [stdout] 
[INFO] [stdout] error[E0425]: cannot find type `SourceFile` in crate `proc_macro`
[INFO] [stdout]    --> /opt/rustwide/cargo-home/registry/src/index.crates.io-1949cf8c6b5b557f/proc-macro2-1.0.81/src/wrapper.rs:371:32
[INFO] [stdout]     |
[INFO] [stdout] 371 |     fn nightly(sf: proc_macro::SourceFile) -> Self {
[INFO] [stdout]     |                                ^^^^^^^^^^ not found in `proc_macro`
[INFO] [stdout]     |
[INFO] [stdout] help: consider importing one of these structs
[INFO] [stdout]     |
[INFO] [stdout]   1 + use crate::SourceFile;
[INFO] [stdout]     |
[INFO] [stdout]   1 + use crate::fallback::SourceFile;
[INFO] [stdout]     |
[INFO] [stdout] help: if you import `SourceFile`, refer to it directly
[INFO] [stdout]     |
[INFO] [stdout] 371 -     fn nightly(sf: proc_macro::SourceFile) -> Self {
[INFO] [stdout] 371 +     fn nightly(sf: SourceFile) -> Self {
[INFO] [stdout]     |
[INFO] [stdout] 
[INFO] [stdout] 
[INFO] [stdout] error[E0599]: no method named `source_file` found for reference `&proc_macro::Span` in the current scope
[INFO] [stdout]    --> /opt/rustwide/cargo-home/registry/src/index.crates.io-1949cf8c6b5b557f/proc-macro2-1.0.81/src/wrapper.rs:461:56
[INFO] [stdout]     |
[INFO] [stdout] 461 |             Span::Compiler(s) => SourceFile::nightly(s.source_file()),
[INFO] [stdout]     |                                                        ^^^^^^^^^^^
[INFO] [stdout]     |
[INFO] [stdout] help: there is a method `source` with a similar name
[INFO] [stdout]     |
[INFO] [stdout] 461 -             Span::Compiler(s) => SourceFile::nightly(s.source_file()),
[INFO] [stdout] 461 +             Span::Compiler(s) => SourceFile::nightly(s.source()),
[INFO] [stdout]     |
[INFO] [stdout] 
[INFO] [stdout] 
[INFO] [stdout] Some errors have detailed explanations: E0425, E0599.
[INFO] [stdout] 
[INFO] [stdout] For more information about an error, try `rustc --explain E0425`.
[INFO] [stdout] 
[INFO] [stderr] error: could not compile `proc-macro2` (lib) due to 3 previous errors
[INFO] running `Command { std: "docker" "inspect" "1aff4ceaaae7518bd97b0449d1f741dcbaa1e9a9cafc68d74399da9738e93d03", kill_on_drop: false }`
[INFO] running `Command { std: "docker" "rm" "-f" "1aff4ceaaae7518bd97b0449d1f741dcbaa1e9a9cafc68d74399da9738e93d03", kill_on_drop: false }`
[INFO] [stdout] 1aff4ceaaae7518bd97b0449d1f741dcbaa1e9a9cafc68d74399da9738e93d03
