[INFO] cloning repository https://github.com/ainestal/virtual-currency-terminal
[INFO] running `Command { std: "git" "-c" "credential.helper=" "-c" "credential.helper=/workspace/cargo-home/bin/git-credential-null" "clone" "--bare" "https://github.com/ainestal/virtual-currency-terminal" "/workspace/cache/git-repos/https%3A%2F%2Fgithub.com%2Fainestal%2Fvirtual-currency-terminal", kill_on_drop: false }`
[INFO] [stderr] Cloning into bare repository '/workspace/cache/git-repos/https%3A%2F%2Fgithub.com%2Fainestal%2Fvirtual-currency-terminal'...
[INFO] running `Command { std: "git" "rev-parse" "HEAD", kill_on_drop: false }`
[INFO] [stdout] 8e8ba78392b3b76f351229e1507a2bb514239b59
[INFO] documenting ainestal/virtual-currency-terminal/8e8ba78392b3b76f351229e1507a2bb514239b59 against 1.99.0-beta.8 for beta-rustdoc-1.100
[INFO] running `Command { std: "git" "clone" "/workspace/cache/git-repos/https%3A%2F%2Fgithub.com%2Fainestal%2Fvirtual-currency-terminal" "/workspace/builds/worker-4-tc1/source", kill_on_drop: false }`
[INFO] [stderr] Cloning into '/workspace/builds/worker-4-tc1/source'...
[INFO] [stderr] done.
[INFO] started tweaking git repo https://github.com/ainestal/virtual-currency-terminal
[INFO] finished tweaking git repo https://github.com/ainestal/virtual-currency-terminal
[INFO] tweaked toml for git repo https://github.com/ainestal/virtual-currency-terminal written to /workspace/builds/worker-4-tc1/source/Cargo.toml
[INFO] validating manifest of git repo https://github.com/ainestal/virtual-currency-terminal on toolchain 1.99.0-beta.8
[INFO] running `Command { std: CARGO_HOME="/workspace/cargo-home" RUSTUP_HOME="/workspace/rustup-home" "/workspace/cargo-home/bin/cargo" "+1.99.0-beta.8" "metadata" "--manifest-path" "Cargo.toml" "--no-deps", kill_on_drop: false }`
[INFO] crate git repo https://github.com/ainestal/virtual-currency-terminal already has a lockfile, it will not be regenerated
[INFO] running `Command { std: CARGO_HOME="/workspace/cargo-home" RUSTUP_HOME="/workspace/rustup-home" "/workspace/cargo-home/bin/cargo" "+1.99.0-beta.8" "fetch" "--manifest-path" "Cargo.toml", kill_on_drop: false }`
[INFO] [stderr] warning: Cargo.toml: `package.edition` is unspecified, defaulting to `2015` while the latest is `2024`
[INFO] [stderr] warning: `virtual-currency-terminal` (manifest) generated 1 warning
[INFO] [stderr]     Updating crates.io index
[INFO] [stderr]     Blocking waiting for file lock on package cache
[INFO] [stderr]  Downloading crates ...
[INFO] [stderr]   Downloaded sha2 v0.6.0
[INFO] [stderr]   Downloaded typenum v1.9.0
[INFO] [stderr]   Downloaded generic-array v0.8.2
[INFO] [stderr]   Downloaded nodrop v0.1.9
[INFO] [stderr]   Downloaded redox_syscall v0.1.31
[INFO] [stderr]   Downloaded safemem v0.2.0
[INFO] [stderr]   Downloaded percent-encoding v1.0.0
[INFO] [stderr]   Downloaded bigdecimal v0.0.10
[INFO] [stderr]   Downloaded byte-tools v0.2.0
[INFO] [stderr]   Downloaded vec_map v0.8.0
[INFO] [stderr]   Downloaded version_check v0.1.3
[INFO] [stderr]   Downloaded crypto-mac v0.4.0
[INFO] [stderr]   Downloaded magenta v0.1.1
[INFO] [stderr]   Downloaded matches v0.1.6
[INFO] [stderr]   Downloaded num_cpus v1.6.2
[INFO] [stderr]   Downloaded constant_time_eq v0.1.3
[INFO] [stderr]   Downloaded digest v0.6.2
[INFO] [stderr]   Downloaded lazy_static v0.2.8
[INFO] [stderr]   Downloaded magenta-sys v0.1.1
[INFO] [stderr]   Downloaded foreign-types v0.2.0
[INFO] [stderr]   Downloaded block-buffer v0.2.0
[INFO] [stderr]   Downloaded httparse v1.2.3
[INFO] [stderr]   Downloaded textwrap v0.7.0
[INFO] [stderr]   Downloaded hyper-native-tls v0.2.4
[INFO] [stderr]   Downloaded bidir-map v0.3.3
[INFO] [stderr]   Downloaded base64 v0.6.0
[INFO] [stderr]   Downloaded byteorder v1.1.0
[INFO] [stderr]   Downloaded error-chain v0.7.2
[INFO] [stderr]   Downloaded backtrace v0.3.2
[INFO] [stderr]   Downloaded data-encoding v2.0.0-rc.2
[INFO] [stderr]   Downloaded rustc-serialize v0.3.24
[INFO] [stderr]   Downloaded odds v0.2.25
[INFO] [stderr]   Downloaded schannel v0.1.7
[INFO] [stderr]   Downloaded gcc v0.3.53
[INFO] [stderr]   Downloaded openssl-sys v0.9.17
[INFO] [stderr]   Downloaded rand v0.3.16
[INFO] [stderr]   Downloaded num-bigint v0.1.40
[INFO] [stderr]   Downloaded unicode-segmentation v1.2.0
[INFO] [stderr]   Downloaded serde_json v1.0.2
[INFO] [stderr]   Downloaded serde v1.0.11
[INFO] [stderr]   Downloaded hyper v0.10.13
[INFO] [stderr]   Downloaded url v1.5.1
[INFO] [stderr]   Downloaded openssl v0.9.17
[INFO] [stderr]   Downloaded unicode-normalization v0.1.5
[INFO] [stderr]   Downloaded clap v2.26.0
[INFO] [stderr]   Downloaded libc v0.2.30
[INFO] [stderr]   Downloaded idna v0.1.4
[INFO] [stderr]   Downloaded backtrace-sys v0.1.12
[INFO] [stderr]   Downloaded coinnect v0.5.2
[INFO] [stderr]   Downloaded itoa v0.3.2
[INFO] [stderr]   Downloaded hmac v0.3.1
[INFO] running `Command { std: "docker" "create" "-v" "/var/lib/crater-agent-workspace/builds/worker-4-tc1/source:/opt/rustwide/workdir:ro,Z" "-v" "/var/lib/crater-agent-workspace/builds/worker-4-tc1/target:/opt/rustwide/target:rw,Z" "-v" "/var/lib/crater-agent-workspace/cargo-home:/opt/rustwide/cargo-home:ro,Z" "-v" "/var/lib/crater-agent-workspace/rustup-home:/opt/rustwide/rustup-home:ro,Z" "-m" "1610612736" "--network" "none" "ghcr.io/rust-lang/crates-build-env/linux@sha256:3111399a4047eeb3a02b7a90e478d715f38a8c6669b5c4b49d30a17385265909" "sleep" "infinity", kill_on_drop: false }`
[INFO] [stdout] 148477c5ee2d6099f2bb6dd24b12264a67fa7396dfd97b063df2f2d5aede7f50
[INFO] running `Command { std: "docker" "start" "148477c5ee2d6099f2bb6dd24b12264a67fa7396dfd97b063df2f2d5aede7f50", kill_on_drop: false }`
[INFO] running `Command { std: "docker" "inspect" "148477c5ee2d6099f2bb6dd24b12264a67fa7396dfd97b063df2f2d5aede7f50", kill_on_drop: false }`
[INFO] running `Command { std: "docker" "exec" "-e" "SOURCE_DIR=/opt/rustwide/workdir" "-e" "CARGO_HOME=/opt/rustwide/cargo-home" "-e" "RUSTUP_HOME=/opt/rustwide/rustup-home" "-e" "CARGO_TARGET_DIR=/opt/rustwide/target" "-w" "/opt/rustwide/workdir" "--user" "0:0" "148477c5ee2d6099f2bb6dd24b12264a67fa7396dfd97b063df2f2d5aede7f50" "/opt/rustwide/cargo-home/bin/cargo" "+1.99.0-beta.8" "metadata" "--no-deps" "--format-version=1", kill_on_drop: false }`
[INFO] running `Command { std: "docker" "inspect" "148477c5ee2d6099f2bb6dd24b12264a67fa7396dfd97b063df2f2d5aede7f50", kill_on_drop: false }`
[INFO] running `Command { std: "docker" "exec" "-e" "SOURCE_DIR=/opt/rustwide/workdir" "-e" "CARGO_HOME=/opt/rustwide/cargo-home" "-e" "RUSTUP_HOME=/opt/rustwide/rustup-home" "-e" "CARGO_TARGET_DIR=/opt/rustwide/target" "-e" "CARGO_INCREMENTAL=0" "-e" "RUST_BACKTRACE=full" "-e" "RUSTFLAGS=--cap-lints=warn" "-e" "RUSTDOCFLAGS=--cap-lints=warn" "-w" "/opt/rustwide/workdir" "--user" "0:0" "148477c5ee2d6099f2bb6dd24b12264a67fa7396dfd97b063df2f2d5aede7f50" "/opt/rustwide/cargo-home/bin/cargo" "+1.99.0-beta.8" "doc" "--frozen" "--no-deps" "--document-private-items" "--message-format=json", kill_on_drop: false }`
[INFO] [stderr] warning: Cargo.toml: `package.edition` is unspecified, defaulting to `2015` while the latest is `2024`
[INFO] [stderr] warning: `virtual-currency-terminal` (manifest) generated 1 warning
[INFO] [stderr]     Checking libc v0.2.30
[INFO] [stderr]    Compiling gcc v0.3.53
[INFO] [stderr]    Compiling typenum v1.9.0
[INFO] [stderr]     Checking num-traits v0.1.40
[INFO] [stderr]    Compiling pkg-config v0.3.9
[INFO] [stderr]     Checking odds v0.2.25
[INFO] [stderr]    Compiling version_check v0.1.3
[INFO] [stderr]     Checking matches v0.1.6
[INFO] [stderr]     Checking unicode-bidi v0.3.4
[INFO] [stderr]    Compiling unicase v1.4.2
[INFO] [stderr]     Checking nodrop v0.1.9
[INFO] [stderr]     Checking bitflags v0.9.1
[INFO] [stderr]     Checking unicode-normalization v0.1.5
[INFO] [stderr]    Compiling openssl v0.9.17
[INFO] [stderr]     Checking rustc-serialize v0.3.24
[INFO] [stderr]     Checking log v0.3.8
[INFO] [stderr]     Checking rand v0.3.16
[INFO] [stderr]     Checking time v0.1.38
[INFO] [stderr]     Checking safemem v0.2.0
[INFO] [stderr]     Checking num-integer v0.1.35
[INFO] [stderr]     Checking byteorder v1.1.0
[INFO] [stdout] error[E0310]: the parameter type `T` may not live long enough
[INFO] [stdout]     --> /opt/rustwide/cargo-home/registry/src/index.crates.io-1949cf8c6b5b557f/rustc-serialize-0.3.24/src/serialize.rs:1155:5
[INFO] [stdout]      |
[INFO] [stdout] 1155 |     fn decode<D: Decoder>(d: &mut D) -> Result<Cow<'static, T>, D::Error> {
[INFO] [stdout]      |     ^^^^^^^^^^^^^^^^^^^^^^^^^^^^^^^^^^^^^^^^^^^^^^^^^^^^^^^^^^^^^^^^^^^^^
[INFO] [stdout]      |     |
[INFO] [stdout]      |     the parameter type `T` must be valid for the static lifetime...
[INFO] [stdout]      |     ...so that the type `T` will meet its required lifetime bounds...
[INFO] [stdout]      |
[INFO] [stdout] note: ...that is required by this bound
[INFO] [stdout]     --> /rustc/dfb0accb7f508ae8be965d8629557221c889dd98/library/alloc/src/borrow.rs:169:29
[INFO] [stdout] help: consider adding an explicit lifetime bound
[INFO] [stdout]      |
[INFO] [stdout] 1151 | impl<'a, T: ?Sized + 'static> Decodable for Cow<'a, T>
[INFO] [stdout]      |                    +++++++++
[INFO] [stdout] 
[INFO] [stdout] 
[INFO] [stderr]     Checking num-iter v0.1.34
[INFO] [stderr]     Checking idna v0.1.4
[INFO] [stderr]     Checking lazy_static v0.2.8
[INFO] [stderr]     Checking percent-encoding v1.0.0
[INFO] [stderr]     Checking foreign-types v0.2.0
[INFO] [stderr]     Checking base64 v0.6.0
[INFO] [stderr]     Checking mime v0.2.6
[INFO] [stderr]    Compiling openssl-sys v0.9.17
[INFO] [stderr]    Compiling backtrace-sys v0.1.12
[INFO] [stderr]     Checking num_cpus v1.6.2
[INFO] [stderr]     Checking cfg-if v0.1.2
[INFO] [stderr]     Checking generic-array v0.8.2
[INFO] [stderr]     Checking constant_time_eq v0.1.3
[INFO] [stderr]     Checking byte-tools v0.2.0
[INFO] [stderr]     Checking httparse v1.2.3
[INFO] [stderr]     Checking traitobject v0.1.0
[INFO] [stderr]     Checking rustc-demangle v0.1.5
[INFO] [stdout] error[E0119]: conflicting implementations of trait `Trait` for type `(dyn Send + Sync + 'static)`
[INFO] [stdout]   --> /opt/rustwide/cargo-home/registry/src/index.crates.io-1949cf8c6b5b557f/traitobject-0.1.0/src/impls.rs:72:1
[INFO] [stdout]    |
[INFO] [stdout] 71 | unsafe impl Trait for ::std::marker::Send + Sync { }
[INFO] [stdout]    | ------------------------------------------------ first implementation here
[INFO] [stdout] 72 | unsafe impl Trait for ::std::marker::Send + Send + Sync { }
[INFO] [stdout]    | ^^^^^^^^^^^^^^^^^^^^^^^^^^^^^^^^^^^^^^^^^^^^^^^^^^^^^^^ conflicting implementation for `(dyn Send + Sync + 'static)`
[INFO] [stdout] 
[INFO] [stdout] 
[INFO] [stdout] error[E0119]: conflicting implementations of trait `Trait` for type `(dyn Send + Sync + 'static)`
[INFO] [stdout]   --> /opt/rustwide/cargo-home/registry/src/index.crates.io-1949cf8c6b5b557f/traitobject-0.1.0/src/impls.rs:73:1
[INFO] [stdout]    |
[INFO] [stdout] 71 | unsafe impl Trait for ::std::marker::Send + Sync { }
[INFO] [stdout]    | ------------------------------------------------ first implementation here
[INFO] [stdout] 72 | unsafe impl Trait for ::std::marker::Send + Send + Sync { }
[INFO] [stdout] 73 | unsafe impl Trait for ::std::marker::Sync + Send { }
[INFO] [stdout]    | ^^^^^^^^^^^^^^^^^^^^^^^^^^^^^^^^^^^^^^^^^^^^^^^^ conflicting implementation for `(dyn Send + Sync + 'static)`
[INFO] [stdout] 
[INFO] [stdout] 
[INFO] [stdout] error[E0119]: conflicting implementations of trait `Trait` for type `(dyn Send + Sync + 'static)`
[INFO] [stdout]   --> /opt/rustwide/cargo-home/registry/src/index.crates.io-1949cf8c6b5b557f/traitobject-0.1.0/src/impls.rs:75:1
[INFO] [stdout]    |
[INFO] [stdout] 71 | unsafe impl Trait for ::std::marker::Send + Sync { }
[INFO] [stdout]    | ------------------------------------------------ first implementation here
[INFO] [stdout] ...
[INFO] [stdout] 75 | unsafe impl Trait for ::std::marker::Sync + Send + Sync { }
[INFO] [stdout]    | ^^^^^^^^^^^^^^^^^^^^^^^^^^^^^^^^^^^^^^^^^^^^^^^^^^^^^^^ conflicting implementation for `(dyn Send + Sync + 'static)`
[INFO] [stdout] 
[INFO] [stdout] 
[INFO] [stdout] For more information about this error, try `rustc --explain E0119`.
[INFO] [stdout] 
[INFO] [stderr] error: could not compile `traitobject` (lib) due to 3 previous errors
[INFO] [stderr] warning: build failed, waiting for other jobs to finish...
[INFO] [stdout] For more information about this error, try `rustc --explain E0310`.
[INFO] [stdout] 
[INFO] [stderr] error: could not compile `rustc-serialize` (lib) due to 1 previous error
[INFO] running `Command { std: "docker" "inspect" "148477c5ee2d6099f2bb6dd24b12264a67fa7396dfd97b063df2f2d5aede7f50", kill_on_drop: false }`
[INFO] running `Command { std: "docker" "rm" "-f" "148477c5ee2d6099f2bb6dd24b12264a67fa7396dfd97b063df2f2d5aede7f50", kill_on_drop: false }`
[INFO] [stdout] 148477c5ee2d6099f2bb6dd24b12264a67fa7396dfd97b063df2f2d5aede7f50
