[INFO] cloning repository https://github.com/actuallylost/serenity-test
[INFO] running `Command { std: "git" "-c" "credential.helper=" "-c" "credential.helper=/workspace/cargo-home/bin/git-credential-null" "clone" "--bare" "https://github.com/actuallylost/serenity-test" "/workspace/cache/git-repos/https%3A%2F%2Fgithub.com%2Factuallylost%2Fserenity-test", kill_on_drop: false }`
[INFO] [stderr] Cloning into bare repository '/workspace/cache/git-repos/https%3A%2F%2Fgithub.com%2Factuallylost%2Fserenity-test'...
[INFO] running `Command { std: "git" "rev-parse" "HEAD", kill_on_drop: false }`
[INFO] [stdout] ff02de62197a68d93f1b2cea4822a91f4c3fdb44
[INFO] documenting actuallylost/serenity-test against 1.100.0-beta.1 for beta-rustdoc-1.100
[INFO] running `Command { std: "git" "clone" "/workspace/cache/git-repos/https%3A%2F%2Fgithub.com%2Factuallylost%2Fserenity-test" "/workspace/builds/worker-3-tc2/source", kill_on_drop: false }`
[INFO] [stderr] Cloning into '/workspace/builds/worker-3-tc2/source'...
[INFO] [stderr] done.
[INFO] started tweaking git repo https://github.com/actuallylost/serenity-test
[INFO] finished tweaking git repo https://github.com/actuallylost/serenity-test
[INFO] tweaked toml for git repo https://github.com/actuallylost/serenity-test written to /workspace/builds/worker-3-tc2/source/Cargo.toml
[INFO] validating manifest of git repo https://github.com/actuallylost/serenity-test on toolchain 1.100.0-beta.1
[INFO] running `Command { std: CARGO_HOME="/workspace/cargo-home" RUSTUP_HOME="/workspace/rustup-home" "/workspace/cargo-home/bin/cargo" "+1.100.0-beta.1" "metadata" "--manifest-path" "Cargo.toml" "--no-deps", kill_on_drop: false }`
[INFO] crate git repo https://github.com/actuallylost/serenity-test already has a lockfile, it will not be regenerated
[INFO] running `Command { std: CARGO_HOME="/workspace/cargo-home" RUSTUP_HOME="/workspace/rustup-home" "/workspace/cargo-home/bin/cargo" "+1.100.0-beta.1" "fetch" "--manifest-path" "Cargo.toml", kill_on_drop: false }`
[INFO] [stderr]     Blocking waiting for file lock on package cache
[INFO] [stderr]     Updating crates.io index
[INFO] [stderr]     Blocking waiting for file lock on package cache
[ERROR] error running command: no output for 300 seconds
[INFO] documenting actuallylost/serenity-test against 1.100.0-beta.1 for beta-rustdoc-1.100
[INFO] running `Command { std: "git" "clone" "/workspace/cache/git-repos/https%3A%2F%2Fgithub.com%2Factuallylost%2Fserenity-test" "/workspace/builds/worker-3-tc2/source", kill_on_drop: false }`
[INFO] [stderr] Cloning into '/workspace/builds/worker-3-tc2/source'...
[INFO] [stderr] done.
[INFO] started tweaking git repo https://github.com/actuallylost/serenity-test
[INFO] finished tweaking git repo https://github.com/actuallylost/serenity-test
[INFO] tweaked toml for git repo https://github.com/actuallylost/serenity-test written to /workspace/builds/worker-3-tc2/source/Cargo.toml
[INFO] validating manifest of git repo https://github.com/actuallylost/serenity-test on toolchain 1.100.0-beta.1
[INFO] running `Command { std: CARGO_HOME="/workspace/cargo-home" RUSTUP_HOME="/workspace/rustup-home" "/workspace/cargo-home/bin/cargo" "+1.100.0-beta.1" "metadata" "--manifest-path" "Cargo.toml" "--no-deps", kill_on_drop: false }`
[INFO] crate git repo https://github.com/actuallylost/serenity-test already has a lockfile, it will not be regenerated
[INFO] running `Command { std: CARGO_HOME="/workspace/cargo-home" RUSTUP_HOME="/workspace/rustup-home" "/workspace/cargo-home/bin/cargo" "+1.100.0-beta.1" "fetch" "--manifest-path" "Cargo.toml", kill_on_drop: false }`
[INFO] [stderr]     Blocking waiting for file lock on package cache
[INFO] [stderr]     Blocking waiting for file lock on package cache
[ERROR] error running command: no output for 300 seconds
[INFO] documenting actuallylost/serenity-test against 1.100.0-beta.1 for beta-rustdoc-1.100
[INFO] running `Command { std: "git" "clone" "/workspace/cache/git-repos/https%3A%2F%2Fgithub.com%2Factuallylost%2Fserenity-test" "/workspace/builds/worker-3-tc2/source", kill_on_drop: false }`
[INFO] [stderr] Cloning into '/workspace/builds/worker-3-tc2/source'...
[INFO] [stderr] done.
[INFO] started tweaking git repo https://github.com/actuallylost/serenity-test
[INFO] finished tweaking git repo https://github.com/actuallylost/serenity-test
[INFO] tweaked toml for git repo https://github.com/actuallylost/serenity-test written to /workspace/builds/worker-3-tc2/source/Cargo.toml
[INFO] validating manifest of git repo https://github.com/actuallylost/serenity-test on toolchain 1.100.0-beta.1
[INFO] running `Command { std: CARGO_HOME="/workspace/cargo-home" RUSTUP_HOME="/workspace/rustup-home" "/workspace/cargo-home/bin/cargo" "+1.100.0-beta.1" "metadata" "--manifest-path" "Cargo.toml" "--no-deps", kill_on_drop: false }`
[INFO] crate git repo https://github.com/actuallylost/serenity-test already has a lockfile, it will not be regenerated
[INFO] running `Command { std: CARGO_HOME="/workspace/cargo-home" RUSTUP_HOME="/workspace/rustup-home" "/workspace/cargo-home/bin/cargo" "+1.100.0-beta.1" "fetch" "--manifest-path" "Cargo.toml", kill_on_drop: false }`
[INFO] [stderr]     Blocking waiting for file lock on package cache
[INFO] [stderr]     Blocking waiting for file lock on package cache
[INFO] [stderr]  Downloading crates ...
[INFO] [stderr]   Downloaded rustix v0.38.25
[INFO] [stderr]   Downloaded poise_macros v0.5.7
[INFO] [stderr]   Downloaded poise v0.5.7
[INFO] [stderr]   Downloaded rustls v0.21.9
[INFO] [stderr]   Downloaded serenity v0.11.7
[INFO] [stderr]   Downloaded linux-raw-sys v0.4.11
[INFO] [stderr]   Downloaded typesize v0.1.2
[INFO] [stderr]   Downloaded triomphe v0.1.10
[INFO] [stderr]   Downloaded typesize-derive v0.1.2
[INFO] running `Command { std: "docker" "create" "-v" "/var/lib/crater-agent-workspace/builds/worker-3-tc2/source:/opt/rustwide/workdir:ro,Z" "-v" "/var/lib/crater-agent-workspace/builds/worker-3-tc2/target:/opt/rustwide/target:rw,Z" "-v" "/var/lib/crater-agent-workspace/cargo-home:/opt/rustwide/cargo-home:ro,Z" "-v" "/var/lib/crater-agent-workspace/rustup-home:/opt/rustwide/rustup-home:ro,Z" "-m" "1610612736" "--network" "none" "ghcr.io/rust-lang/crates-build-env/linux@sha256:77db811e55d90add9212f6832c23229e3de5f1c1f9905e8cb07319ea15df73ac" "sleep" "infinity", kill_on_drop: false }`
[INFO] [stdout] d6e846b1bd8834ac04469cc230154096f2831159d23fecd1b7023e2353fe8c42
[INFO] running `Command { std: "docker" "start" "d6e846b1bd8834ac04469cc230154096f2831159d23fecd1b7023e2353fe8c42", kill_on_drop: false }`
[INFO] running `Command { std: "docker" "inspect" "d6e846b1bd8834ac04469cc230154096f2831159d23fecd1b7023e2353fe8c42", kill_on_drop: false }`
[INFO] running `Command { std: "docker" "exec" "-e" "SOURCE_DIR=/opt/rustwide/workdir" "-e" "CARGO_HOME=/opt/rustwide/cargo-home" "-e" "RUSTUP_HOME=/opt/rustwide/rustup-home" "-e" "CARGO_TARGET_DIR=/opt/rustwide/target" "-w" "/opt/rustwide/workdir" "--user" "0:0" "d6e846b1bd8834ac04469cc230154096f2831159d23fecd1b7023e2353fe8c42" "/opt/rustwide/cargo-home/bin/cargo" "+1.100.0-beta.1" "metadata" "--no-deps" "--format-version=1", kill_on_drop: false }`
[INFO] running `Command { std: "docker" "inspect" "d6e846b1bd8834ac04469cc230154096f2831159d23fecd1b7023e2353fe8c42", kill_on_drop: false }`
[INFO] running `Command { std: "docker" "exec" "-e" "SOURCE_DIR=/opt/rustwide/workdir" "-e" "CARGO_HOME=/opt/rustwide/cargo-home" "-e" "RUSTUP_HOME=/opt/rustwide/rustup-home" "-e" "CARGO_TARGET_DIR=/opt/rustwide/target" "-e" "CARGO_INCREMENTAL=0" "-e" "RUST_BACKTRACE=full" "-e" "RUSTFLAGS=--cap-lints=warn" "-e" "RUSTDOCFLAGS=--cap-lints=warn" "-w" "/opt/rustwide/workdir" "--user" "0:0" "d6e846b1bd8834ac04469cc230154096f2831159d23fecd1b7023e2353fe8c42" "/opt/rustwide/cargo-home/bin/cargo" "+1.100.0-beta.1" "doc" "--frozen" "--no-deps" "--document-private-items" "--message-format=json", kill_on_drop: false }`
[INFO] [stderr]    Compiling proc-macro2 v1.0.70
[INFO] [stderr]    Compiling libc v0.2.150
[INFO] [stderr]    Compiling serde v1.0.193
[INFO] [stderr]     Checking log v0.4.20
[INFO] [stderr]    Compiling futures-util v0.3.29
[INFO] [stderr]    Compiling generic-array v0.14.7
[INFO] [stderr]     Checking http v0.2.11
[INFO] [stderr]     Checking tracing-core v0.1.32
[INFO] [stderr]     Checking getrandom v0.2.11
[INFO] [stderr]     Checking num_cpus v1.16.0
[INFO] [stderr]     Checking signal-hook-registry v1.4.1
[INFO] [stderr]    Compiling unicase v2.7.0
[INFO] [stderr]    Compiling rustls v0.21.9
[INFO] [stderr]     Checking idna v0.5.0
[INFO] [stderr]     Checking hashbrown v0.14.3
[INFO] [stderr]     Checking cpufeatures v0.2.11
[INFO] [stderr]    Compiling num-traits v0.2.17
[INFO] [stderr]     Checking smallvec v1.11.2
[INFO] [stderr]    Compiling rustls v0.20.9
[INFO] [stderr]     Checking rand_core v0.6.4
[INFO] [stderr]     Checking spin v0.5.2
[INFO] [stderr]     Checking untrusted v0.7.1
[INFO] [stderr]     Checking rand_chacha v0.3.1
[INFO] [stderr]    Compiling parking_lot_core v0.9.9
[INFO] [stderr]    Compiling lock_api v0.4.11
[INFO] [stderr]     Checking webpki-roots v0.25.3
[INFO] [stderr]     Checking rustls-pemfile v1.0.4
[INFO] [stderr]     Checking iana-time-zone v0.1.58
[INFO] [stderr]    Compiling mime_guess v2.0.4
[INFO] [stderr]     Checking time-core v0.1.2
[INFO] [stderr]     Checking flate2 v1.0.28
[INFO] [stderr]     Checking rand v0.8.5
[INFO] [stderr]     Checking data-encoding v2.5.0
[INFO] [stderr]     Checking regex-syntax v0.8.2
[INFO] [stderr]     Checking indexmap v2.1.0
[INFO] [stderr]    Compiling serenity v0.11.7
[INFO] [stderr]    Compiling serenity v0.12.0
[INFO] [stderr]     Checking typemap_rev v0.1.5
[INFO] [stderr]     Checking parking_lot v0.12.1
[INFO] [stderr]     Checking zeroize v1.7.0
[INFO] [stderr]     Checking sharded-slab v0.1.7
[INFO] [stderr]     Checking crypto-common v0.1.6
[INFO] [stderr]     Checking block-buffer v0.10.4
[INFO] [stderr]     Checking tracing-log v0.2.0
[INFO] [stderr]     Checking thread_local v1.1.7
[INFO] [stderr]     Checking digest v0.10.7
[INFO] [stderr]     Checking levenshtein v1.0.5
[INFO] [stderr]     Checking uwl v0.6.0
[INFO] [stderr]    Compiling quote v1.0.33
[INFO] [stderr]     Checking typemap_rev v0.3.0
[INFO] [stderr]     Checking bitflags v2.4.1
[INFO] [stderr]     Checking dotenv v0.15.0
[INFO] [stderr]    Compiling cc v1.0.83
[INFO] [stderr]     Checking http-body v0.4.5
[INFO] [stderr]    Compiling syn v2.0.39
[INFO] [stderr]    Compiling syn v1.0.109
[INFO] [stderr]     Checking sha-1 v0.10.1
[INFO] [stderr]     Checking sha1 v0.10.6
[INFO] [stderr]     Checking ordered-float v2.10.1
[INFO] [stderr]     Checking tracing-subscriber v0.3.18
[INFO] [stderr]    Compiling ring v0.17.5
[INFO] [stderr]    Compiling ring v0.16.20
[INFO] [stderr]     Checking regex-automata v0.4.3
[INFO] [stderr]     Checking futures v0.3.29
[INFO] [stderr]     Checking regex v1.10.2
[INFO] [stderr]    Compiling serde_derive v1.0.193
[INFO] [stderr]    Compiling tokio-macros v2.2.0
[INFO] [stderr]    Compiling tracing-attributes v0.1.27
[INFO] [stderr]    Compiling thiserror-impl v1.0.50
[INFO] [stderr]    Compiling async-trait v0.1.74
[INFO] [stderr]     Checking tokio v1.34.0
[INFO] [stderr]    Compiling darling_core v0.14.4
[INFO] [stderr]     Checking tracing v0.1.40
[INFO] [stderr]     Checking thiserror v1.0.50
[INFO] [stderr]     Checking sct v0.7.1
[INFO] [stderr]     Checking rustls-webpki v0.101.7
[INFO] [stderr]     Checking webpki v0.22.4
[INFO] [stderr]    Compiling command_attr v0.5.1
[INFO] [stderr]    Compiling derivative v2.2.0
[INFO] [stderr]     Checking webpki-roots v0.22.6
[INFO] [stderr]    Compiling darling_macro v0.14.4
[INFO] [stderr]    Compiling darling v0.14.4
[INFO] [stderr]    Compiling poise_macros v0.5.7
[INFO] [stderr]     Checking tokio-util v0.7.10
[INFO] [stderr]     Checking tokio-rustls v0.24.1
[INFO] [stderr]     Checking tokio-rustls v0.23.4
[INFO] [stderr]     Checking h2 v0.3.22
[INFO] [stderr]     Checking url v2.5.0
[INFO] [stderr]     Checking deranged v0.3.9
[INFO] [stderr]     Checking serde_urlencoded v0.7.1
[INFO] [stderr]     Checking serde_json v1.0.108
[INFO] [stderr]     Checking chrono v0.4.31
[INFO] [stderr]     Checking dashmap v5.5.3
[INFO] [stderr]     Checking serde-value v0.7.0
[INFO] [stderr]     Checking arrayvec v0.7.4
[INFO] [stderr]     Checking secrecy v0.8.0
[INFO] [stderr]     Checking tungstenite v0.17.3
[INFO] [stderr]     Checking tungstenite v0.20.1
[INFO] [stderr]     Checking time v0.3.30
[INFO] [stderr]     Checking async-tungstenite v0.17.2
[INFO] [stderr]     Checking tokio-tungstenite v0.20.1
[INFO] [stdout] error[E0282]: type annotations needed for `Box<_>`
[INFO] [stdout]   --> /opt/rustwide/cargo-home/registry/src/index.crates.io-1949cf8c6b5b557f/time-0.3.30/src/format_description/parse/mod.rs:83:9
[INFO] [stdout]    |
[INFO] [stdout] 83 |     let items = format_items
[INFO] [stdout]    |         ^^^^^
[INFO] [stdout] ...
[INFO] [stdout] 86 |     Ok(items.into())
[INFO] [stdout]    |        ----- type must be known at this point
[INFO] [stdout]    |
[INFO] [stdout] help: consider giving `items` an explicit type, where the placeholder `_` is specified
[INFO] [stdout]    |
[INFO] [stdout] 83 |     let items: Box<_> = format_items
[INFO] [stdout]    |              ++++++++
[INFO] [stdout] 
[INFO] [stdout] 
[INFO] [stdout] For more information about this error, try `rustc --explain E0282`.
[INFO] [stdout] 
[INFO] [stderr] error: could not compile `time` (lib) due to 1 previous error
[INFO] [stderr] warning: build failed, waiting for other jobs to finish...
[INFO] running `Command { std: "docker" "inspect" "d6e846b1bd8834ac04469cc230154096f2831159d23fecd1b7023e2353fe8c42", kill_on_drop: false }`
[INFO] running `Command { std: "docker" "rm" "-f" "d6e846b1bd8834ac04469cc230154096f2831159d23fecd1b7023e2353fe8c42", kill_on_drop: false }`
[INFO] [stdout] d6e846b1bd8834ac04469cc230154096f2831159d23fecd1b7023e2353fe8c42
