[INFO] cloning repository https://github.com/SantaClaas/embedded-fan-control
[INFO] running `Command { std: "git" "-c" "credential.helper=" "-c" "credential.helper=/workspace/cargo-home/bin/git-credential-null" "clone" "--bare" "https://github.com/SantaClaas/embedded-fan-control" "/workspace/cache/git-repos/https%3A%2F%2Fgithub.com%2FSantaClaas%2Fembedded-fan-control", kill_on_drop: false }`
[INFO] [stderr] Cloning into bare repository '/workspace/cache/git-repos/https%3A%2F%2Fgithub.com%2FSantaClaas%2Fembedded-fan-control'...
[INFO] running `Command { std: "git" "rev-parse" "HEAD", kill_on_drop: false }`
[INFO] [stdout] 710b261c02e531cbe7d67c2342d2c78d2baa9d12
[INFO] documenting SantaClaas/embedded-fan-control against 1.100.0-beta.1 for beta-rustdoc-1.100
[INFO] running `Command { std: "git" "clone" "/workspace/cache/git-repos/https%3A%2F%2Fgithub.com%2FSantaClaas%2Fembedded-fan-control" "/workspace/builds/worker-1-tc2/source", kill_on_drop: false }`
[INFO] [stderr] Cloning into '/workspace/builds/worker-1-tc2/source'...
[INFO] [stderr] done.
[INFO] removed /workspace/builds/worker-1-tc2/source/rust-toolchain.toml
[INFO] started tweaking git repo https://github.com/SantaClaas/embedded-fan-control
[INFO] finished tweaking git repo https://github.com/SantaClaas/embedded-fan-control
[INFO] tweaked toml for git repo https://github.com/SantaClaas/embedded-fan-control written to /workspace/builds/worker-1-tc2/source/Cargo.toml
[INFO] validating manifest of git repo https://github.com/SantaClaas/embedded-fan-control on toolchain 1.100.0-beta.1
[INFO] running `Command { std: CARGO_HOME="/workspace/cargo-home" RUSTUP_HOME="/workspace/rustup-home" "/workspace/cargo-home/bin/cargo" "+1.100.0-beta.1" "metadata" "--manifest-path" "Cargo.toml" "--no-deps", kill_on_drop: false }`
[INFO] crate git repo https://github.com/SantaClaas/embedded-fan-control already has a lockfile, it will not be regenerated
[INFO] running `Command { std: CARGO_HOME="/workspace/cargo-home" RUSTUP_HOME="/workspace/rustup-home" "/workspace/cargo-home/bin/cargo" "+1.100.0-beta.1" "fetch" "--manifest-path" "Cargo.toml", kill_on_drop: false }`
[INFO] [stderr] warning: profiles for the non root package will be ignored, specify profiles at the workspace root:
[INFO] [stderr] package:   /workspace/builds/worker-1-tc2/source/fan-controller/Cargo.toml
[INFO] [stderr] workspace: /workspace/builds/worker-1-tc2/source/Cargo.toml
[INFO] [stderr]     Blocking waiting for file lock on package cache
[INFO] [stderr]     Updating crates.io index
[INFO] [stderr]     Updating git repository `https://github.com/embassy-rs/embassy.git`
[INFO] [stderr]     Blocking waiting for file lock on package cache
[INFO] [stderr]  Downloading crates ...
[INFO] [stderr]   Downloaded nourl v0.1.1
[INFO] [stderr]   Downloaded critical-section v1.1.2
[INFO] [stderr]   Downloaded static_cell v2.1.0
[INFO] [stderr]   Downloaded embassy-time-driver v0.1.0
[INFO] [stderr]   Downloaded reqwless v0.12.1
[INFO] [stderr]   Downloaded insta v1.43.2
[INFO] [stderr]   Downloaded buffered-io v0.5.4
[INFO] [stderr]   Downloaded panic-probe v0.3.2
[INFO] [stderr]   Downloaded embedded-nal v0.8.0
[INFO] [stderr]   Downloaded as-slice v0.1.5
[INFO] [stderr]   Downloaded embedded-nal-async v0.7.1
[INFO] [stderr]   Downloaded embassy-time-queue-driver v0.1.0
[INFO] [stderr]   Downloaded pio-proc v0.2.2
[INFO] [stderr]   Downloaded lalrpop-util v0.19.12
[INFO] [stderr]   Downloaded pio-parser v0.2.2
[INFO] [stderr]   Downloaded hash32 v0.1.1
[INFO] [stderr]   Downloaded generic-array v0.13.3
[INFO] [stderr]   Downloaded embassy-time v0.3.1
[INFO] [stderr]   Downloaded debug-helper v0.3.13
[INFO] [stderr]   Downloaded pio v0.2.1
[INFO] [stderr]   Downloaded embassy-futures v0.1.1
[INFO] [stderr]   Downloaded embassy-embedded-hal v0.1.0
[INFO] [stderr]   Downloaded rp2040-boot2 v0.3.0
[INFO] [stderr]   Downloaded heapless v0.6.1
[INFO] [stderr]   Downloaded embassy-usb-driver v0.1.0
[INFO] [stderr]   Downloaded atomic-pool v1.0.1
[INFO] [stderr]   Downloaded embedded-hal-nb v1.0.0
[INFO] [stderr]   Downloaded embassy-hal-internal v0.1.0
[INFO] [stderr]   Downloaded embedded-tls v0.17.0
[INFO] [stderr]   Downloaded az v1.2.1
[INFO] [stderr]   Downloaded embassy-sync v0.5.0
[INFO] [stderr]   Downloaded embassy-net v0.4.0
[INFO] [stderr]   Downloaded embassy-executor v0.5.0
[INFO] [stderr]   Downloaded embassy-net-driver-channel v0.2.0
[INFO] [stderr]   Downloaded embassy-executor-macros v0.4.1
[INFO] [stderr]   Downloaded defmt-rtt v0.4.1
[INFO] [stderr]   Downloaded cyw43-pio v0.1.0
[INFO] [stderr]   Downloaded embassy-rp v0.1.0
[INFO] [stderr]   Downloaded embassy-sync v0.3.0
[INFO] [stderr]   Downloaded unescaper v0.1.5
[INFO] [stderr]   Downloaded cyw43 v0.1.0
[INFO] [stderr]   Downloaded serialport v4.4.0
[INFO] [stderr]   Downloaded mio v1.0.1
[INFO] [stderr]   Downloaded rp-pac v6.0.0
[INFO] [stderr]   Downloaded lalrpop v0.19.12
[INFO] [stderr]   Downloaded fixed v1.27.0
[INFO] [stderr]   Downloaded smoltcp v0.11.0
[INFO] [stderr]   Downloaded tokio v1.39.1
[INFO] running `Command { std: "docker" "create" "-v" "/var/lib/crater-agent-workspace/builds/worker-1-tc2/source:/opt/rustwide/workdir:ro,Z" "-v" "/var/lib/crater-agent-workspace/builds/worker-1-tc2/target:/opt/rustwide/target:rw,Z" "-v" "/var/lib/crater-agent-workspace/cargo-home:/opt/rustwide/cargo-home:ro,Z" "-v" "/var/lib/crater-agent-workspace/rustup-home:/opt/rustwide/rustup-home:ro,Z" "-m" "1610612736" "--network" "none" "ghcr.io/rust-lang/crates-build-env/linux@sha256:3111399a4047eeb3a02b7a90e478d715f38a8c6669b5c4b49d30a17385265909" "sleep" "infinity", kill_on_drop: false }`
[INFO] [stdout] e81ed36ccfaadd443f70a911fd1ae2b5d55657dbc8ba839e1c051bc99f3b7758
[INFO] running `Command { std: "docker" "start" "e81ed36ccfaadd443f70a911fd1ae2b5d55657dbc8ba839e1c051bc99f3b7758", kill_on_drop: false }`
[INFO] running `Command { std: "docker" "inspect" "e81ed36ccfaadd443f70a911fd1ae2b5d55657dbc8ba839e1c051bc99f3b7758", kill_on_drop: false }`
[INFO] running `Command { std: "docker" "exec" "-e" "SOURCE_DIR=/opt/rustwide/workdir" "-e" "CARGO_HOME=/opt/rustwide/cargo-home" "-e" "RUSTUP_HOME=/opt/rustwide/rustup-home" "-e" "CARGO_TARGET_DIR=/opt/rustwide/target" "-w" "/opt/rustwide/workdir" "--user" "0:0" "e81ed36ccfaadd443f70a911fd1ae2b5d55657dbc8ba839e1c051bc99f3b7758" "/opt/rustwide/cargo-home/bin/cargo" "+1.100.0-beta.1" "metadata" "--no-deps" "--format-version=1", kill_on_drop: false }`
[INFO] running `Command { std: "docker" "inspect" "e81ed36ccfaadd443f70a911fd1ae2b5d55657dbc8ba839e1c051bc99f3b7758", kill_on_drop: false }`
[INFO] running `Command { std: "docker" "exec" "-e" "SOURCE_DIR=/opt/rustwide/workdir" "-e" "CARGO_HOME=/opt/rustwide/cargo-home" "-e" "RUSTUP_HOME=/opt/rustwide/rustup-home" "-e" "CARGO_TARGET_DIR=/opt/rustwide/target" "-e" "CARGO_INCREMENTAL=0" "-e" "RUST_BACKTRACE=full" "-e" "RUSTFLAGS=--cap-lints=warn" "-e" "RUSTDOCFLAGS=--cap-lints=warn" "-w" "/opt/rustwide/workdir" "--user" "0:0" "e81ed36ccfaadd443f70a911fd1ae2b5d55657dbc8ba839e1c051bc99f3b7758" "/opt/rustwide/cargo-home/bin/cargo" "+1.100.0-beta.1" "doc" "--frozen" "--no-deps" "--document-private-items" "--message-format=json", kill_on_drop: false }`
[INFO] [stderr] warning: profiles for the non root package will be ignored, specify profiles at the workspace root:
[INFO] [stderr] package:   /opt/rustwide/workdir/fan-controller/Cargo.toml
[INFO] [stderr] workspace: /opt/rustwide/workdir/Cargo.toml
[INFO] [stderr]    Compiling proc-macro2 v1.0.95
[INFO] [stderr]    Compiling defmt v1.0.1
[INFO] [stderr]    Compiling defmt-macros v1.0.1
[INFO] [stderr]     Checking zeroize v1.8.1
[INFO] [stderr]     Checking critical-section v1.1.2
[INFO] [stderr]     Checking nb v1.1.0
[INFO] [stderr]    Compiling heapless v0.8.0
[INFO] [stderr]    Compiling thiserror v2.0.12
[INFO] [stderr]    Compiling generic-array v0.14.7
[INFO] [stderr]    Compiling lock_api v0.4.12
[INFO] [stderr]     Checking hash32 v0.3.1
[INFO] [stderr]    Compiling libc v0.2.155
[INFO] [stderr]    Compiling cortex-m v0.7.7
[INFO] [stderr]    Compiling unicode-xid v0.2.4
[INFO] [stderr]    Compiling parking_lot_core v0.9.10
[INFO] [stderr]     Checking pin-project-lite v0.2.14
[INFO] [stderr]     Checking futures-core v0.3.30
[INFO] [stderr]    Compiling semver-parser v0.7.0
[INFO] [stderr]     Checking futures-sink v0.3.30
[INFO] [stderr]    Compiling embedded-io-async v0.6.1
[INFO] [stderr]     Checking nb v0.1.3
[INFO] [stderr]     Checking rand_core v0.6.4
[INFO] [stderr]     Checking void v1.0.2
[INFO] [stderr]     Checking futures-task v0.3.30
[INFO] [stderr]     Checking scopeguard v1.2.0
[INFO] [stderr]     Checking embedded-hal v0.2.7
[INFO] [stderr]    Compiling embassy-time-driver v0.1.0
[INFO] [stderr]    Compiling aho-corasick v1.1.3
[INFO] [stderr]    Compiling regex-syntax v0.8.4
[INFO] [stderr]    Compiling embassy-time-queue-driver v0.1.0
[INFO] [stderr]     Checking vcell v0.1.3
[INFO] [stderr]    Compiling cortex-m-rt v0.7.3
[INFO] [stderr]    Compiling hashbrown v0.14.5
[INFO] [stderr]    Compiling litrs v0.4.1
[INFO] [stderr]     Checking volatile-register v0.2.2
[INFO] [stderr]    Compiling phf_shared v0.10.0
[INFO] [stderr]    Compiling atomic-polyfill v1.0.3
[INFO] [stderr]    Compiling embedded-hal-async v1.0.0
[INFO] [stderr]    Compiling semver v0.9.0
[INFO] [stderr]     Checking bitfield v0.13.2
[INFO] [stderr]     Checking embedded-hal v1.0.0
[INFO] [stderr]    Compiling fixedbitset v0.4.2
[INFO] [stderr]    Compiling bit-set v0.5.3
[INFO] [stderr]    Compiling itertools v0.10.5
[INFO] [stderr]    Compiling ena v0.14.3
[INFO] [stderr]    Compiling rustc_version v0.2.3
[INFO] [stderr]    Compiling rustc_version v0.4.0
[INFO] [stderr]     Checking cpufeatures v0.2.12
[INFO] [stderr]    Compiling regex-syntax v0.6.29
[INFO] [stderr]    Compiling diff v0.1.13
[INFO] [stderr]    Compiling embassy-sync v0.5.0
[INFO] [stderr]    Compiling bare-metal v0.2.5
[INFO] [stderr]     Checking der v0.7.9
[INFO] [stderr]    Compiling document-features v0.2.10
[INFO] [stderr]     Checking ff v0.13.0
[INFO] [stderr]    Compiling heapless v0.7.17
[INFO] [stderr]    Compiling serde_core v1.0.228
[INFO] [stdout] error[E0425]: cannot find function `__basepri_r` in module `crate::asm::inline`
[INFO] [stdout]   --> /opt/rustwide/cargo-home/registry/src/index.crates.io-1949cf8c6b5b557f/cortex-m-0.7.7/src/register/basepri.rs:6:15
[INFO] [stdout]    |
[INFO] [stdout]  6 |     call_asm!(__basepri_r() -> u8)
[INFO] [stdout]    |               ^^^^^^^^^^^ not found in `crate::asm::inline`
[INFO] [stdout]    |
[INFO] [stdout]   ::: /opt/rustwide/cargo-home/registry/src/index.crates.io-1949cf8c6b5b557f/cortex-m-0.7.7/src/call_asm.rs:11:43
[INFO] [stdout]    |
[INFO] [stdout] 11 |                 () => crate::asm::inline::$func($($args),*),
[INFO] [stdout]    |                                           ----- due to this macro variable
[INFO] [stdout] 
[INFO] [stdout] 
[INFO] [stdout] error[E0425]: cannot find function `__basepri_w` in module `crate::asm::inline`
[INFO] [stdout]   --> /opt/rustwide/cargo-home/registry/src/index.crates.io-1949cf8c6b5b557f/cortex-m-0.7.7/src/register/basepri.rs:22:19
[INFO] [stdout]    |
[INFO] [stdout] 22 |         call_asm!(__basepri_w(basepri: u8));
[INFO] [stdout]    |                   ^^^^^^^^^^^ not found in `crate::asm::inline`
[INFO] [stdout]    |
[INFO] [stdout]   ::: /opt/rustwide/cargo-home/registry/src/index.crates.io-1949cf8c6b5b557f/cortex-m-0.7.7/src/call_asm.rs:11:43
[INFO] [stdout]    |
[INFO] [stdout] 11 |                 () => crate::asm::inline::$func($($args),*),
[INFO] [stdout]    |                                           ----- due to this macro variable
[INFO] [stdout] 
[INFO] [stdout] 
[INFO] [stdout] error[E0425]: cannot find function `__basepri_max` in module `crate::asm::inline`
[INFO] [stdout]   --> /opt/rustwide/cargo-home/registry/src/index.crates.io-1949cf8c6b5b557f/cortex-m-0.7.7/src/register/basepri_max.rs:19:19
[INFO] [stdout]    |
[INFO] [stdout] 19 |         call_asm!(__basepri_max(basepri: u8));
[INFO] [stdout]    |                   ^^^^^^^^^^^^^ not found in `crate::asm::inline`
[INFO] [stdout]    |
[INFO] [stdout]   ::: /opt/rustwide/cargo-home/registry/src/index.crates.io-1949cf8c6b5b557f/cortex-m-0.7.7/src/call_asm.rs:11:43
[INFO] [stdout]    |
[INFO] [stdout] 11 |                 () => crate::asm::inline::$func($($args),*),
[INFO] [stdout]    |                                           ----- due to this macro variable
[INFO] [stdout] 
[INFO] [stdout] 
[INFO] [stdout] error[E0425]: cannot find function `__faultmask_r` in module `crate::asm::inline`
[INFO] [stdout]   --> /opt/rustwide/cargo-home/registry/src/index.crates.io-1949cf8c6b5b557f/cortex-m-0.7.7/src/register/faultmask.rs:29:28
[INFO] [stdout]    |
[INFO] [stdout] 29 |     let r: u32 = call_asm!(__faultmask_r() -> u32);
[INFO] [stdout]    |                            ^^^^^^^^^^^^^ not found in `crate::asm::inline`
[INFO] [stdout]    |
[INFO] [stdout]   ::: /opt/rustwide/cargo-home/registry/src/index.crates.io-1949cf8c6b5b557f/cortex-m-0.7.7/src/call_asm.rs:11:43
[INFO] [stdout]    |
[INFO] [stdout] 11 |                 () => crate::asm::inline::$func($($args),*),
[INFO] [stdout]    |                                           ----- due to this macro variable
[INFO] [stdout] 
[INFO] [stdout] 
[INFO] [stdout] error: invalid register `r0`: unknown register
[INFO] [stdout]    --> /opt/rustwide/cargo-home/registry/src/index.crates.io-1949cf8c6b5b557f/cortex-m-0.7.7/src/../asm/inline.rs:197:24
[INFO] [stdout]     |
[INFO] [stdout] 197 |     asm!("bkpt #0xab", inout("r0") nr, in("r1") arg, options(nomem, nostack, preserves_flags));
[INFO] [stdout]     |                        ^^^^^^^^^^^^^^
[INFO] [stdout] 
[INFO] [stdout] 
[INFO] [stdout] error: invalid register `r1`: unknown register
[INFO] [stdout]    --> /opt/rustwide/cargo-home/registry/src/index.crates.io-1949cf8c6b5b557f/cortex-m-0.7.7/src/../asm/inline.rs:197:40
[INFO] [stdout]     |
[INFO] [stdout] 197 |     asm!("bkpt #0xab", inout("r0") nr, in("r1") arg, options(nomem, nostack, preserves_flags));
[INFO] [stdout]     |                                        ^^^^^^^^^^^^
[INFO] [stdout] 
[INFO] [stdout] 
[INFO] [stderr]    Compiling dirs-sys-next v0.1.2
[INFO] [stderr]    Compiling is-terminal v0.4.12
[INFO] [stdout] For more information about this error, try `rustc --explain E0425`.
[INFO] [stdout] 
[INFO] [stderr]    Compiling quote v1.0.40
[INFO] [stderr] error: could not compile `cortex-m` (lib) due to 6 previous errors
[INFO] [stderr] warning: build failed, waiting for other jobs to finish...
[INFO] running `Command { std: "docker" "inspect" "e81ed36ccfaadd443f70a911fd1ae2b5d55657dbc8ba839e1c051bc99f3b7758", kill_on_drop: false }`
[INFO] running `Command { std: "docker" "rm" "-f" "e81ed36ccfaadd443f70a911fd1ae2b5d55657dbc8ba839e1c051bc99f3b7758", kill_on_drop: false }`
[INFO] [stdout] e81ed36ccfaadd443f70a911fd1ae2b5d55657dbc8ba839e1c051bc99f3b7758
