[INFO] cloning repository https://github.com/Natoune/open_launcher_rs
[INFO] running `Command { std: "git" "-c" "credential.helper=" "-c" "credential.helper=/workspace/cargo-home/bin/git-credential-null" "clone" "--bare" "https://github.com/Natoune/open_launcher_rs" "/workspace/cache/git-repos/https%3A%2F%2Fgithub.com%2FNatoune%2Fopen_launcher_rs", kill_on_drop: false }`
[INFO] [stderr] Cloning into bare repository '/workspace/cache/git-repos/https%3A%2F%2Fgithub.com%2FNatoune%2Fopen_launcher_rs'...
[INFO] running `Command { std: "git" "rev-parse" "HEAD", kill_on_drop: false }`
[INFO] [stdout] 10b1a0ed57cdc17a5aafd35c1a002aa19529b6a0
[INFO] documenting Natoune/open_launcher_rs against 1.100.0-beta.1 for beta-rustdoc-1.100
[INFO] running `Command { std: "git" "clone" "/workspace/cache/git-repos/https%3A%2F%2Fgithub.com%2FNatoune%2Fopen_launcher_rs" "/workspace/builds/worker-7-tc2/source", kill_on_drop: false }`
[INFO] [stderr] Cloning into '/workspace/builds/worker-7-tc2/source'...
[INFO] [stderr] done.
[INFO] started tweaking git repo https://github.com/Natoune/open_launcher_rs
[INFO] removed 0 missing examples
[INFO] finished tweaking git repo https://github.com/Natoune/open_launcher_rs
[INFO] tweaked toml for git repo https://github.com/Natoune/open_launcher_rs written to /workspace/builds/worker-7-tc2/source/Cargo.toml
[INFO] validating manifest of git repo https://github.com/Natoune/open_launcher_rs on toolchain 1.100.0-beta.1
[INFO] running `Command { std: CARGO_HOME="/workspace/cargo-home" RUSTUP_HOME="/workspace/rustup-home" "/workspace/cargo-home/bin/cargo" "+1.100.0-beta.1" "metadata" "--manifest-path" "Cargo.toml" "--no-deps", kill_on_drop: false }`
[INFO] crate git repo https://github.com/Natoune/open_launcher_rs already has a lockfile, it will not be regenerated
[INFO] running `Command { std: CARGO_HOME="/workspace/cargo-home" RUSTUP_HOME="/workspace/rustup-home" "/workspace/cargo-home/bin/cargo" "+1.100.0-beta.1" "fetch" "--manifest-path" "Cargo.toml", kill_on_drop: false }`
[INFO] [stderr]     Blocking waiting for file lock on package cache
[INFO] [stderr]     Blocking waiting for file lock on package cache
[INFO] [stderr]  Downloading crates ...
[INFO] [stderr]   Downloaded zopfli v0.8.0
[INFO] [stderr]   Downloaded deflate64 v0.1.8
[INFO] [stderr]   Downloaded jobserver v0.1.30
[INFO] [stderr]   Downloaded zip v1.1.1
[INFO] [stderr]   Downloaded thiserror-impl v1.0.59
[INFO] [stderr]   Downloaded thiserror v1.0.59
[INFO] [stderr]   Downloaded async-recursion v1.1.0
[INFO] [stderr]   Downloaded event-listener-strategy v0.5.1
[INFO] [stderr]   Downloaded async-process v2.2.2
[INFO] [stderr]   Downloaded async-channel v2.2.1
[INFO] [stderr]   Downloaded event-listener v5.3.0
[INFO] [stderr]   Downloaded async-signal v0.2.6
[INFO] [stderr]   Downloaded async_zip v0.0.17
[INFO] [stderr]   Downloaded async-io v2.3.2
[INFO] [stderr]   Downloaded polling v3.7.0
[INFO] [stderr]   Downloaded async-compression v0.4.9
[INFO] [stderr]   Downloaded libz-ng-sys v1.1.15
[INFO] running `Command { std: "docker" "create" "-v" "/var/lib/crater-agent-workspace/builds/worker-7-tc2/source:/opt/rustwide/workdir:ro,Z" "-v" "/var/lib/crater-agent-workspace/builds/worker-7-tc2/target:/opt/rustwide/target:rw,Z" "-v" "/var/lib/crater-agent-workspace/cargo-home:/opt/rustwide/cargo-home:ro,Z" "-v" "/var/lib/crater-agent-workspace/rustup-home:/opt/rustwide/rustup-home:ro,Z" "-m" "1610612736" "--network" "none" "ghcr.io/rust-lang/crates-build-env/linux@sha256:3111399a4047eeb3a02b7a90e478d715f38a8c6669b5c4b49d30a17385265909" "sleep" "infinity", kill_on_drop: false }`
[INFO] [stdout] 043f9dd9024a009d2ec8a1b85243f6fd4de23ca8238cc030e9421eb244b29d03
[INFO] running `Command { std: "docker" "start" "043f9dd9024a009d2ec8a1b85243f6fd4de23ca8238cc030e9421eb244b29d03", kill_on_drop: false }`
[INFO] running `Command { std: "docker" "inspect" "043f9dd9024a009d2ec8a1b85243f6fd4de23ca8238cc030e9421eb244b29d03", kill_on_drop: false }`
[INFO] running `Command { std: "docker" "exec" "-e" "SOURCE_DIR=/opt/rustwide/workdir" "-e" "CARGO_HOME=/opt/rustwide/cargo-home" "-e" "RUSTUP_HOME=/opt/rustwide/rustup-home" "-e" "CARGO_TARGET_DIR=/opt/rustwide/target" "-w" "/opt/rustwide/workdir" "--user" "0:0" "043f9dd9024a009d2ec8a1b85243f6fd4de23ca8238cc030e9421eb244b29d03" "/opt/rustwide/cargo-home/bin/cargo" "+1.100.0-beta.1" "metadata" "--no-deps" "--format-version=1", kill_on_drop: false }`
[INFO] running `Command { std: "docker" "inspect" "043f9dd9024a009d2ec8a1b85243f6fd4de23ca8238cc030e9421eb244b29d03", kill_on_drop: false }`
[INFO] running `Command { std: "docker" "exec" "-e" "SOURCE_DIR=/opt/rustwide/workdir" "-e" "CARGO_HOME=/opt/rustwide/cargo-home" "-e" "RUSTUP_HOME=/opt/rustwide/rustup-home" "-e" "CARGO_TARGET_DIR=/opt/rustwide/target" "-e" "CARGO_INCREMENTAL=0" "-e" "RUST_BACKTRACE=full" "-e" "RUSTFLAGS=--cap-lints=warn" "-e" "RUSTDOCFLAGS=--cap-lints=warn" "-w" "/opt/rustwide/workdir" "--user" "0:0" "043f9dd9024a009d2ec8a1b85243f6fd4de23ca8238cc030e9421eb244b29d03" "/opt/rustwide/cargo-home/bin/cargo" "+1.100.0-beta.1" "doc" "--frozen" "--no-deps" "--document-private-items" "--message-format=json", kill_on_drop: false }`
[INFO] [stderr]    Compiling once_cell v1.19.0
[INFO] [stderr]    Compiling libc v0.2.153
[INFO] [stderr]     Checking futures-io v0.3.30
[INFO] [stderr]    Compiling crossbeam-utils v0.8.19
[INFO] [stderr]     Checking parking v2.2.0
[INFO] [stderr]     Checking bitflags v2.5.0
[INFO] [stderr]     Checking tokio v1.37.0
[INFO] [stderr]    Compiling crc32fast v1.4.0
[INFO] [stderr]     Checking futures-util v0.3.30
[INFO] [stderr]    Compiling zstd-safe v7.1.0
[INFO] [stderr]    Compiling rustix v0.38.32
[INFO] [stderr]     Checking subtle v2.5.0
[INFO] [stderr]     Checking linux-raw-sys v0.4.13
[INFO] [stderr]     Checking fastrand v2.0.2
[INFO] [stderr]     Checking digest v0.10.7
[INFO] [stderr]     Checking futures-lite v2.3.0
[INFO] [stderr]     Checking miniz_oxide v0.7.2
[INFO] [stderr]    Compiling num-traits v0.2.18
[INFO] [stderr]    Compiling jobserver v0.1.30
[INFO] [stderr]     Checking concurrent-queue v2.5.0
[INFO] [stderr]     Checking event-listener v4.0.3
[INFO] [stderr]    Compiling cc v1.0.95
[INFO] [stderr]     Checking event-listener v5.3.0
[INFO] [stderr]     Checking event-listener-strategy v0.4.0
[INFO] [stderr]     Checking inout v0.1.3
[INFO] [stderr]     Checking async-lock v3.3.0
[INFO] [stderr]    Compiling thiserror v1.0.59
[INFO] [stderr]    Compiling serde_json v1.0.116
[INFO] [stderr]     Checking deflate64 v0.1.8
[INFO] [stderr]     Checking cipher v0.4.4
[INFO] [stderr]     Checking event-listener-strategy v0.5.1
[INFO] [stderr]     Checking hmac v0.12.1
[INFO] [stderr]    Compiling thiserror-impl v1.0.59
[INFO] [stderr]     Checking typed-arena v2.0.2
[INFO] [stderr]     Checking simd-adler32 v0.3.7
[INFO] [stderr]     Checking lzma-rs v0.3.0
[INFO] [stderr]     Checking zopfli v0.8.0
[INFO] [stderr]    Compiling cmake v0.1.50
[INFO] [stderr]     Checking chrono v0.4.38
[INFO] [stderr]     Checking time v0.3.36
[INFO] [stderr]     Checking pbkdf2 v0.12.2
[INFO] [stderr]     Checking aes v0.8.4
[INFO] [stderr]     Checking async-channel v2.2.1
[INFO] [stderr]    Compiling openssl-sys v0.9.102
[INFO] [stderr]    Compiling zstd-sys v2.0.10+zstd.1.5.6
[INFO] [stderr]    Compiling libz-ng-sys v1.1.15
[INFO] [stderr]    Compiling bzip2-sys v0.1.11+1.0.8
[INFO] [stderr]    Compiling lzma-sys v0.1.20
[INFO] [stderr]     Checking bzip2 v0.4.4
[INFO] [stderr]     Checking xz2 v0.1.7
[INFO] [stderr]    Compiling openssl v0.10.64
[INFO] [stderr]    Compiling native-tls v0.2.11
[INFO] [stderr]     Checking sha1 v0.10.6
[INFO] [stderr]     Checking async-task v4.7.0
[INFO] [stderr]     Checking constant_time_eq v0.3.0
[INFO] [stderr]    Compiling async-recursion v1.1.0
[INFO] [stderr]     Checking md5 v0.7.0
[INFO] [stderr]     Checking tokio-util v0.7.10
[INFO] [stderr]     Checking tower v0.4.13
[INFO] [stderr]     Checking polling v3.7.0
[INFO] [stderr]     Checking h2 v0.4.4
[INFO] [stderr]     Checking async-io v2.3.2
[INFO] [stderr]     Checking async-signal v0.2.6
[INFO] [stderr]     Checking async-process v2.2.2
[INFO] [stderr]     Checking tokio-native-tls v0.3.1
[INFO] [stderr]     Checking zstd v0.13.1
[INFO] [stderr]     Checking hyper v1.3.1
[INFO] [stderr]     Checking hyper-util v0.1.3
[INFO] [stderr]     Checking hyper-tls v0.6.0
[INFO] [stderr]     Checking reqwest v0.12.4
[INFO] [stderr]     Checking flate2 v1.0.28
[INFO] [stderr]     Checking async-compression v0.4.9
[INFO] [stderr]     Checking zip v1.1.1
[INFO] [stderr]     Checking async_zip v0.0.17
[INFO] [stderr]  Documenting open_launcher v1.5.5 (/opt/rustwide/workdir)
[INFO] [stderr]     Finished `dev` profile [unoptimized + debuginfo] target(s) in 1m 00s
[INFO] [stderr]    Generated /opt/rustwide/target/doc/open_launcher/index.html
[INFO] running `Command { std: "docker" "inspect" "043f9dd9024a009d2ec8a1b85243f6fd4de23ca8238cc030e9421eb244b29d03", kill_on_drop: false }`
[INFO] running `Command { std: "docker" "exec" "-e" "SOURCE_DIR=/opt/rustwide/workdir" "-e" "CARGO_HOME=/opt/rustwide/cargo-home" "-e" "RUSTUP_HOME=/opt/rustwide/rustup-home" "-e" "CARGO_TARGET_DIR=/opt/rustwide/target" "-e" "CARGO_INCREMENTAL=0" "-e" "RUST_BACKTRACE=full" "-e" "RUSTFLAGS=--cap-lints=warn" "-e" "RUSTDOCFLAGS=--cap-lints=warn" "-e" "DOCS_RS=1" "-e" "RUSTC_BOOTSTRAP=1" "-w" "/opt/rustwide/workdir" "--user" "0:0" "043f9dd9024a009d2ec8a1b85243f6fd4de23ca8238cc030e9421eb244b29d03" "/opt/rustwide/cargo-home/bin/cargo" "+1.100.0-beta.1" "rustdoc" "--lib" "-Zrustdoc-map" "--config" "build.rustdocflags=[\"--cfg\", \"docsrs\", \"-Z\", \"unstable-options\", \"--document-private-items\"]" "--frozen" "--message-format=json", kill_on_drop: false }`
[INFO] [stderr]    Compiling proc-macro2 v1.0.81
[INFO] [stderr]    Compiling thiserror v1.0.59
[INFO] [stdout] error[E0425]: cannot find type `SourceFile` in crate `proc_macro`
[INFO] [stdout]    --> /opt/rustwide/cargo-home/registry/src/index.crates.io-1949cf8c6b5b557f/proc-macro2-1.0.81/src/wrapper.rs:365:26
[INFO] [stdout]     |
[INFO] [stdout] 365 |     Compiler(proc_macro::SourceFile),
[INFO] [stdout]     |                          ^^^^^^^^^^ not found in `proc_macro`
[INFO] [stdout]     |
[INFO] [stdout] help: consider importing one of these structs
[INFO] [stdout]     |
[INFO] [stdout]   1 + use crate::SourceFile;
[INFO] [stdout]     |
[INFO] [stdout]   1 + use crate::fallback::SourceFile;
[INFO] [stdout]     |
[INFO] [stdout] help: if you import `SourceFile`, refer to it directly
[INFO] [stdout]     |
[INFO] [stdout] 365 -     Compiler(proc_macro::SourceFile),
[INFO] [stdout] 365 +     Compiler(SourceFile),
[INFO] [stdout]     |
[INFO] [stdout] 
[INFO] [stdout] 
[INFO] [stdout] error[E0425]: cannot find type `SourceFile` in crate `proc_macro`
[INFO] [stdout]    --> /opt/rustwide/cargo-home/registry/src/index.crates.io-1949cf8c6b5b557f/proc-macro2-1.0.81/src/wrapper.rs:371:32
[INFO] [stdout]     |
[INFO] [stdout] 371 |     fn nightly(sf: proc_macro::SourceFile) -> Self {
[INFO] [stdout]     |                                ^^^^^^^^^^ not found in `proc_macro`
[INFO] [stdout]     |
[INFO] [stdout] help: consider importing one of these structs
[INFO] [stdout]     |
[INFO] [stdout]   1 + use crate::SourceFile;
[INFO] [stdout]     |
[INFO] [stdout]   1 + use crate::fallback::SourceFile;
[INFO] [stdout]     |
[INFO] [stdout] help: if you import `SourceFile`, refer to it directly
[INFO] [stdout]     |
[INFO] [stdout] 371 -     fn nightly(sf: proc_macro::SourceFile) -> Self {
[INFO] [stdout] 371 +     fn nightly(sf: SourceFile) -> Self {
[INFO] [stdout]     |
[INFO] [stdout] 
[INFO] [stdout] 
[INFO] [stdout] error[E0599]: no method named `source_file` found for reference `&proc_macro::Span` in the current scope
[INFO] [stdout]    --> /opt/rustwide/cargo-home/registry/src/index.crates.io-1949cf8c6b5b557f/proc-macro2-1.0.81/src/wrapper.rs:461:56
[INFO] [stdout]     |
[INFO] [stdout] 461 |             Span::Compiler(s) => SourceFile::nightly(s.source_file()),
[INFO] [stdout]     |                                                        ^^^^^^^^^^^
[INFO] [stdout]     |
[INFO] [stdout] help: there is a method `source` with a similar name
[INFO] [stdout]     |
[INFO] [stdout] 461 -             Span::Compiler(s) => SourceFile::nightly(s.source_file()),
[INFO] [stdout] 461 +             Span::Compiler(s) => SourceFile::nightly(s.source()),
[INFO] [stdout]     |
[INFO] [stdout] 
[INFO] [stdout] 
[INFO] [stdout] Some errors have detailed explanations: E0425, E0599.
[INFO] [stdout] 
[INFO] [stdout] For more information about an error, try `rustc --explain E0425`.
[INFO] [stdout] 
[INFO] [stderr] error: could not compile `proc-macro2` (lib) due to 3 previous errors
[INFO] running `Command { std: "docker" "inspect" "043f9dd9024a009d2ec8a1b85243f6fd4de23ca8238cc030e9421eb244b29d03", kill_on_drop: false }`
[INFO] running `Command { std: "docker" "rm" "-f" "043f9dd9024a009d2ec8a1b85243f6fd4de23ca8238cc030e9421eb244b29d03", kill_on_drop: false }`
[INFO] [stdout] 043f9dd9024a009d2ec8a1b85243f6fd4de23ca8238cc030e9421eb244b29d03
