[INFO] cloning repository https://github.com/NamanSharma89/time-series-ql
[INFO] running `Command { std: "git" "-c" "credential.helper=" "-c" "credential.helper=/workspace/cargo-home/bin/git-credential-null" "clone" "--bare" "https://github.com/NamanSharma89/time-series-ql" "/workspace/cache/git-repos/https%3A%2F%2Fgithub.com%2FNamanSharma89%2Ftime-series-ql", kill_on_drop: false }`
[INFO] [stderr] Cloning into bare repository '/workspace/cache/git-repos/https%3A%2F%2Fgithub.com%2FNamanSharma89%2Ftime-series-ql'...
[INFO] running `Command { std: "git" "rev-parse" "HEAD", kill_on_drop: false }`
[INFO] [stdout] 7d57f15d5a11d66b130f9d822e36e30542e4f81a
[INFO] documenting NamanSharma89/time-series-ql against 1.100.0-beta.1 for beta-rustdoc-1.100
[INFO] running `Command { std: "git" "clone" "/workspace/cache/git-repos/https%3A%2F%2Fgithub.com%2FNamanSharma89%2Ftime-series-ql" "/workspace/builds/worker-1-tc2/source", kill_on_drop: false }`
[INFO] [stderr] Cloning into '/workspace/builds/worker-1-tc2/source'...
[INFO] [stderr] done.
[INFO] started tweaking git repo https://github.com/NamanSharma89/time-series-ql
[INFO] finished tweaking git repo https://github.com/NamanSharma89/time-series-ql
[INFO] tweaked toml for git repo https://github.com/NamanSharma89/time-series-ql written to /workspace/builds/worker-1-tc2/source/Cargo.toml
[INFO] validating manifest of git repo https://github.com/NamanSharma89/time-series-ql on toolchain 1.100.0-beta.1
[INFO] running `Command { std: CARGO_HOME="/workspace/cargo-home" RUSTUP_HOME="/workspace/rustup-home" "/workspace/cargo-home/bin/cargo" "+1.100.0-beta.1" "metadata" "--manifest-path" "Cargo.toml" "--no-deps", kill_on_drop: false }`
[INFO] crate git repo https://github.com/NamanSharma89/time-series-ql already has a lockfile, it will not be regenerated
[INFO] running `Command { std: CARGO_HOME="/workspace/cargo-home" RUSTUP_HOME="/workspace/rustup-home" "/workspace/cargo-home/bin/cargo" "+1.100.0-beta.1" "fetch" "--manifest-path" "Cargo.toml", kill_on_drop: false }`
[INFO] [stderr]     Blocking waiting for file lock on package cache
[INFO] [stderr]     Blocking waiting for file lock on package cache
[INFO] [stderr]  Downloading crates ...
[INFO] [stderr]   Downloaded metrics v0.21.1
[INFO] [stderr]   Downloaded arrow-schema v55.0.0
[INFO] [stderr]   Downloaded metrics-macros v0.7.1
[INFO] [stderr]   Downloaded arrow-arith v55.0.0
[INFO] [stderr]   Downloaded arrow-data v55.0.0
[INFO] [stderr]   Downloaded lexical-parse-integer v1.0.5
[INFO] [stderr]   Downloaded flatbuffers v25.2.10
[INFO] [stderr]   Downloaded csv-core v0.1.12
[INFO] [stderr]   Downloaded arrow-row v55.0.0
[INFO] [stderr]   Downloaded lexical-core v1.0.5
[INFO] [stderr]   Downloaded arrow-csv v55.0.0
[INFO] [stderr]   Downloaded arrow-string v55.0.0
[INFO] [stderr]   Downloaded lexical-write-integer v1.0.5
[INFO] [stderr]   Downloaded arrow-ord v55.0.0
[INFO] [stderr]   Downloaded arrow-select v55.0.0
[INFO] [stderr]   Downloaded arrow-buffer v55.0.0
[INFO] [stderr]   Downloaded arrow v55.0.0
[INFO] [stderr]   Downloaded arrow-json v55.0.0
[INFO] [stderr]   Downloaded arrow-cast v55.0.0
[INFO] [stderr]   Downloaded lexical-write-float v1.0.5
[INFO] [stderr]   Downloaded arrow-ipc v55.0.0
[INFO] [stderr]   Downloaded lexical-util v1.0.6
[INFO] [stderr]   Downloaded lexical-parse-float v1.0.5
[INFO] [stderr]   Downloaded arrow-array v55.0.0
[INFO] running `Command { std: "docker" "create" "-v" "/var/lib/crater-agent-workspace/builds/worker-1-tc2/source:/opt/rustwide/workdir:ro,Z" "-v" "/var/lib/crater-agent-workspace/builds/worker-1-tc2/target:/opt/rustwide/target:rw,Z" "-v" "/var/lib/crater-agent-workspace/cargo-home:/opt/rustwide/cargo-home:ro,Z" "-v" "/var/lib/crater-agent-workspace/rustup-home:/opt/rustwide/rustup-home:ro,Z" "-m" "1610612736" "--network" "none" "ghcr.io/rust-lang/crates-build-env/linux@sha256:3111399a4047eeb3a02b7a90e478d715f38a8c6669b5c4b49d30a17385265909" "sleep" "infinity", kill_on_drop: false }`
[INFO] [stdout] 14fdc7027284d71c1bab3a99ff98adb7846df0b9e702b96fec5af8498a68b3c3
[INFO] running `Command { std: "docker" "start" "14fdc7027284d71c1bab3a99ff98adb7846df0b9e702b96fec5af8498a68b3c3", kill_on_drop: false }`
[INFO] running `Command { std: "docker" "inspect" "14fdc7027284d71c1bab3a99ff98adb7846df0b9e702b96fec5af8498a68b3c3", kill_on_drop: false }`
[INFO] running `Command { std: "docker" "exec" "-e" "SOURCE_DIR=/opt/rustwide/workdir" "-e" "CARGO_HOME=/opt/rustwide/cargo-home" "-e" "RUSTUP_HOME=/opt/rustwide/rustup-home" "-e" "CARGO_TARGET_DIR=/opt/rustwide/target" "-w" "/opt/rustwide/workdir" "--user" "0:0" "14fdc7027284d71c1bab3a99ff98adb7846df0b9e702b96fec5af8498a68b3c3" "/opt/rustwide/cargo-home/bin/cargo" "+1.100.0-beta.1" "metadata" "--no-deps" "--format-version=1", kill_on_drop: false }`
[INFO] running `Command { std: "docker" "inspect" "14fdc7027284d71c1bab3a99ff98adb7846df0b9e702b96fec5af8498a68b3c3", kill_on_drop: false }`
[INFO] running `Command { std: "docker" "exec" "-e" "SOURCE_DIR=/opt/rustwide/workdir" "-e" "CARGO_HOME=/opt/rustwide/cargo-home" "-e" "RUSTUP_HOME=/opt/rustwide/rustup-home" "-e" "CARGO_TARGET_DIR=/opt/rustwide/target" "-e" "CARGO_INCREMENTAL=0" "-e" "RUST_BACKTRACE=full" "-e" "RUSTFLAGS=--cap-lints=warn" "-e" "RUSTDOCFLAGS=--cap-lints=warn" "-w" "/opt/rustwide/workdir" "--user" "0:0" "14fdc7027284d71c1bab3a99ff98adb7846df0b9e702b96fec5af8498a68b3c3" "/opt/rustwide/cargo-home/bin/cargo" "+1.100.0-beta.1" "doc" "--frozen" "--no-deps" "--document-private-items" "--message-format=json", kill_on_drop: false }`
[INFO] [stderr]    Compiling num-traits v0.2.19
[INFO] [stderr]    Compiling ahash v0.8.11
[INFO] [stderr]     Checking tracing-core v0.1.33
[INFO] [stderr]     Checking arrow-schema v55.0.0
[INFO] [stderr]    Compiling syn v2.0.100
[INFO] [stderr]     Checking getrandom v0.2.15
[INFO] [stderr]     Checking signal-hook-registry v1.4.2
[INFO] [stderr]     Checking mio v1.0.3
[INFO] [stderr]     Checking lexical-util v1.0.6
[INFO] [stderr]    Compiling cc v1.2.19
[INFO] [stderr]    Compiling semver v1.0.26
[INFO] [stderr]    Compiling rustversion v1.0.20
[INFO] [stderr]    Compiling zerocopy v0.8.24
[INFO] [stderr]    Compiling serde v1.0.219
[INFO] [stderr]    Compiling log v0.4.27
[INFO] [stderr]    Compiling bytes v1.10.1
[INFO] [stderr]     Checking brotli-decompressor v4.0.2
[INFO] [stderr]     Checking http-body v0.4.6
[INFO] [stderr]     Checking csv-core v0.1.12
[INFO] [stderr]     Checking ciborium-io v0.2.2
[INFO] [stderr]    Compiling regex-lite v0.1.6
[INFO] [stderr]     Checking plotters-backend v0.3.7
[INFO] [stderr]    Compiling rustc_version v0.4.1
[INFO] [stderr]     Checking plotters-svg v0.3.7
[INFO] [stderr]     Checking clap_builder v4.5.36
[INFO] [stderr]    Compiling tracing v0.1.41
[INFO] [stderr]     Checking itertools v0.10.5
[INFO] [stderr]     Checking lexical-parse-integer v1.0.5
[INFO] [stderr]     Checking lexical-write-integer v1.0.5
[INFO] [stderr]     Checking lexical-parse-float v1.0.5
[INFO] [stderr]    Compiling flatbuffers v25.2.10
[INFO] [stderr]    Compiling axum-core v0.3.4
[INFO] [stderr]     Checking num-integer v0.1.46
[INFO] [stderr]     Checking half v2.6.0
[INFO] [stderr]     Checking num-complex v0.4.6
[INFO] [stderr]     Checking chrono v0.4.40
[INFO] [stderr]     Checking lexical-write-float v1.0.5
[INFO] [stderr]     Checking atoi v2.0.0
[INFO] [stderr]    Compiling bytestring v1.4.0
[INFO] [stderr]     Checking brotli v7.0.0
[INFO] [stderr]    Compiling axum v0.6.20
[INFO] [stderr]     Checking simdutf8 v0.1.5
[INFO] [stderr]     Checking num-bigint v0.4.6
[INFO] [stderr]     Checking num-iter v0.1.45
[INFO] [stderr]     Checking ciborium-ll v0.2.2
[INFO] [stderr]     Checking cast v0.3.0
[INFO] [stderr]     Checking plotters v0.3.7
[INFO] [stderr]    Compiling anyhow v1.0.98
[INFO] [stderr]     Checking rayon v1.10.0
[INFO] [stderr]     Checking tracing-log v0.2.0
[INFO] [stderr]     Checking atty v0.2.14
[INFO] [stderr]     Checking is-terminal v0.4.16
[INFO] [stderr]     Checking thread_local v1.1.8
[INFO] [stderr]     Checking anes v0.1.6
[INFO] [stderr]     Checking oorandom v11.1.5
[INFO] [stderr]     Checking sync_wrapper v0.1.2
[INFO] [stderr]     Checking env_logger v0.9.3
[INFO] [stderr]     Checking nom v7.1.3
[INFO] [stderr]     Checking tracing-subscriber v0.3.19
[INFO] [stderr]     Checking lexical-core v1.0.5
[INFO] [stderr]     Checking clap v4.5.36
[INFO] [stderr]     Checking ppv-lite86 v0.2.21
[INFO] [stderr]    Compiling zstd-sys v2.0.15+zstd.1.5.7
[INFO] [stderr]     Checking num-rational v0.4.2
[INFO] [stderr]     Checking rand_chacha v0.9.0
[INFO] [stderr]     Checking criterion-plot v0.5.0
[INFO] [stderr]     Checking rand v0.9.0
[INFO] [stderr]     Checking num v0.4.3
[INFO] [stderr]     Checking arrow-buffer v55.0.0
[INFO] [stderr]     Checking arrow-data v55.0.0
[INFO] [stderr]    Compiling actix-router v0.5.3
[INFO] [stderr]     Checking arrow-array v55.0.0
[INFO] [stderr]    Compiling synstructure v0.13.1
[INFO] [stderr]     Checking arrow-select v55.0.0
[INFO] [stderr]     Checking arrow-arith v55.0.0
[INFO] [stderr]     Checking arrow-ipc v55.0.0
[INFO] [stderr]     Checking arrow-row v55.0.0
[INFO] [stderr]    Compiling zstd-safe v7.2.4
[INFO] [stderr]     Checking zstd v0.13.3
[INFO] [stderr]    Compiling zerofrom-derive v0.1.6
[INFO] [stderr]    Compiling serde_derive v1.0.219
[INFO] [stderr]    Compiling yoke-derive v0.7.5
[INFO] [stderr]    Compiling tokio-macros v2.5.0
[INFO] [stderr]    Compiling futures-macro v0.3.31
[INFO] [stderr]    Compiling zerovec-derive v0.10.3
[INFO] [stderr]    Compiling displaydoc v0.2.5
[INFO] [stderr]    Compiling tracing-attributes v0.1.28
[INFO] [stderr]    Compiling icu_provider_macros v1.5.0
[INFO] [stderr]    Compiling derive_more-impl v2.0.1
[INFO] [stderr]    Compiling pin-project-internal v1.1.10
[INFO] [stderr]    Compiling async-trait v0.1.88
[INFO] [stderr]    Compiling actix-macros v0.2.4
[INFO] [stderr]    Compiling actix-web-codegen v4.3.0
[INFO] [stderr]     Checking arrow-cast v55.0.0
[INFO] [stderr]     Checking arrow-string v55.0.0
[INFO] [stderr]     Checking arrow-ord v55.0.0
[INFO] [stderr]    Compiling thiserror-impl v1.0.69
[INFO] [stderr]     Checking futures-util v0.3.31
[INFO] [stderr]     Checking tokio v1.44.2
[INFO] [stderr]    Compiling actix_derive v0.6.2
[INFO] [stderr]    Compiling metrics-macros v0.7.1
[INFO] [stderr]     Checking pin-project v1.1.10
[INFO] [stderr]     Checking zerofrom v0.1.6
[INFO] [stderr]     Checking metrics v0.21.1
[INFO] [stderr]     Checking yoke v0.7.5
[INFO] [stderr]     Checking thiserror v1.0.69
[INFO] [stderr]     Checking zerovec v0.10.4
[INFO] [stderr]     Checking derive_more v2.0.1
[INFO] [stderr]     Checking tinystr v0.7.6
[INFO] [stderr]     Checking icu_collections v1.5.0
[INFO] [stderr]     Checking icu_locid v1.5.0
[INFO] [stderr]     Checking icu_provider v1.5.0
[INFO] [stderr]     Checking icu_locid_transform v1.5.0
[INFO] [stderr]     Checking futures-executor v0.3.31
[INFO] [stderr]     Checking futures v0.3.31
[INFO] [stderr]     Checking serde_json v1.0.140
[INFO] [stderr]     Checking csv v1.3.1
[INFO] [stderr]     Checking serde_urlencoded v0.7.1
[INFO] [stderr]     Checking ciborium v0.2.2
[INFO] [stderr]     Checking serde_path_to_error v0.1.17
[INFO] [stderr]     Checking icu_properties v1.5.1
[INFO] [stderr]     Checking arrow-csv v55.0.0
[INFO] [stderr]     Checking tokio-util v0.7.14
[INFO] [stderr]     Checking actix-rt v2.10.0
[INFO] [stderr]     Checking hyper v0.14.32
[INFO] [stderr]     Checking tower v0.4.13
[INFO] [stderr]     Checking actix-server v2.5.1
[INFO] [stderr]     Checking h2 v0.3.26
[INFO] [stderr]     Checking actix-codec v0.5.2
[INFO] [stderr]     Checking actix v0.13.5
[INFO] [stderr]     Checking arrow-json v55.0.0
[INFO] [stderr]     Checking tinytemplate v1.2.1
[INFO] [stderr]     Checking criterion v0.5.1
[INFO] [stderr]     Checking arrow v55.0.0
[INFO] [stderr]     Checking icu_normalizer v1.5.0
[INFO] [stderr]     Checking idna_adapter v1.2.0
[INFO] [stderr]     Checking idna v1.0.3
[INFO] [stderr]     Checking url v2.5.4
[INFO] [stderr]     Checking actix-http v3.10.0
[INFO] [stderr]     Checking actix-web v4.10.2
[INFO] [stderr]  Documenting time-series-ql v0.1.0 (/opt/rustwide/workdir)
[INFO] [stderr]     Finished `dev` profile [unoptimized + debuginfo] target(s) in 22.05s
[INFO] [stderr]    Generated /opt/rustwide/target/doc/time_series_ql/index.html
[INFO] running `Command { std: "docker" "inspect" "14fdc7027284d71c1bab3a99ff98adb7846df0b9e702b96fec5af8498a68b3c3", kill_on_drop: false }`
[INFO] running `Command { std: "docker" "exec" "-e" "SOURCE_DIR=/opt/rustwide/workdir" "-e" "CARGO_HOME=/opt/rustwide/cargo-home" "-e" "RUSTUP_HOME=/opt/rustwide/rustup-home" "-e" "CARGO_TARGET_DIR=/opt/rustwide/target" "-e" "CARGO_INCREMENTAL=0" "-e" "RUST_BACKTRACE=full" "-e" "RUSTFLAGS=--cap-lints=warn" "-e" "RUSTDOCFLAGS=--cap-lints=warn" "-e" "RUSTC_BOOTSTRAP=1" "-e" "DOCS_RS=1" "-w" "/opt/rustwide/workdir" "--user" "0:0" "14fdc7027284d71c1bab3a99ff98adb7846df0b9e702b96fec5af8498a68b3c3" "/opt/rustwide/cargo-home/bin/cargo" "+1.100.0-beta.1" "rustdoc" "--lib" "-Zrustdoc-map" "--config" "build.rustdocflags=[\"--cfg\", \"docsrs\", \"-Z\", \"unstable-options\", \"--document-private-items\"]" "--frozen" "--message-format=json", kill_on_drop: false }`
[INFO] [stderr]    Compiling proc-macro2 v1.0.94
[INFO] [stderr]    Compiling thiserror v1.0.69
[INFO] [stderr]    Compiling anyhow v1.0.98
[INFO] [stdout] error[E0425]: cannot find type `SourceFile` in crate `proc_macro`
[INFO] [stdout]    --> /opt/rustwide/cargo-home/registry/src/index.crates.io-1949cf8c6b5b557f/proc-macro2-1.0.94/src/wrapper.rs:366:26
[INFO] [stdout]     |
[INFO] [stdout] 366 |     Compiler(proc_macro::SourceFile),
[INFO] [stdout]     |                          ^^^^^^^^^^ not found in `proc_macro`
[INFO] [stdout]     |
[INFO] [stdout] help: consider importing one of these structs
[INFO] [stdout]     |
[INFO] [stdout]   1 + use crate::SourceFile;
[INFO] [stdout]     |
[INFO] [stdout]   1 + use crate::fallback::SourceFile;
[INFO] [stdout]     |
[INFO] [stdout] help: if you import `SourceFile`, refer to it directly
[INFO] [stdout]     |
[INFO] [stdout] 366 -     Compiler(proc_macro::SourceFile),
[INFO] [stdout] 366 +     Compiler(SourceFile),
[INFO] [stdout]     |
[INFO] [stdout] 
[INFO] [stdout] 
[INFO] [stdout] error[E0425]: cannot find type `SourceFile` in crate `proc_macro`
[INFO] [stdout]    --> /opt/rustwide/cargo-home/registry/src/index.crates.io-1949cf8c6b5b557f/proc-macro2-1.0.94/src/wrapper.rs:372:32
[INFO] [stdout]     |
[INFO] [stdout] 372 |     fn nightly(sf: proc_macro::SourceFile) -> Self {
[INFO] [stdout]     |                                ^^^^^^^^^^ not found in `proc_macro`
[INFO] [stdout]     |
[INFO] [stdout] help: consider importing one of these structs
[INFO] [stdout]     |
[INFO] [stdout]   1 + use crate::SourceFile;
[INFO] [stdout]     |
[INFO] [stdout]   1 + use crate::fallback::SourceFile;
[INFO] [stdout]     |
[INFO] [stdout] help: if you import `SourceFile`, refer to it directly
[INFO] [stdout]     |
[INFO] [stdout] 372 -     fn nightly(sf: proc_macro::SourceFile) -> Self {
[INFO] [stdout] 372 +     fn nightly(sf: SourceFile) -> Self {
[INFO] [stdout]     |
[INFO] [stdout] 
[INFO] [stdout] 
[INFO] [stdout] error[E0599]: no method named `source_file` found for reference `&proc_macro::Span` in the current scope
[INFO] [stdout]    --> /opt/rustwide/cargo-home/registry/src/index.crates.io-1949cf8c6b5b557f/proc-macro2-1.0.94/src/wrapper.rs:462:56
[INFO] [stdout]     |
[INFO] [stdout] 462 |             Span::Compiler(s) => SourceFile::nightly(s.source_file()),
[INFO] [stdout]     |                                                        ^^^^^^^^^^^
[INFO] [stdout]     |
[INFO] [stdout] help: there is a method `source` with a similar name
[INFO] [stdout]     |
[INFO] [stdout] 462 -             Span::Compiler(s) => SourceFile::nightly(s.source_file()),
[INFO] [stdout] 462 +             Span::Compiler(s) => SourceFile::nightly(s.source()),
[INFO] [stdout]     |
[INFO] [stdout] 
[INFO] [stdout] 
[INFO] [stdout] Some errors have detailed explanations: E0425, E0599.
[INFO] [stdout] 
[INFO] [stdout] For more information about an error, try `rustc --explain E0425`.
[INFO] [stdout] 
[INFO] [stderr] error: could not compile `proc-macro2` (lib) due to 3 previous errors
[INFO] running `Command { std: "docker" "inspect" "14fdc7027284d71c1bab3a99ff98adb7846df0b9e702b96fec5af8498a68b3c3", kill_on_drop: false }`
[INFO] running `Command { std: "docker" "rm" "-f" "14fdc7027284d71c1bab3a99ff98adb7846df0b9e702b96fec5af8498a68b3c3", kill_on_drop: false }`
[INFO] [stdout] 14fdc7027284d71c1bab3a99ff98adb7846df0b9e702b96fec5af8498a68b3c3
