[INFO] cloning repository https://github.com/nkpar/westend-migrate
[INFO] running `Command { std: "git" "-c" "credential.helper=" "-c" "credential.helper=/workspace/cargo-home/bin/git-credential-null" "clone" "--bare" "https://github.com/nkpar/westend-migrate" "/workspace/cache/git-repos/https%3A%2F%2Fgithub.com%2Fnkpar%2Fwestend-migrate", kill_on_drop: false }`
[INFO] [stderr] Cloning into bare repository '/workspace/cache/git-repos/https%3A%2F%2Fgithub.com%2Fnkpar%2Fwestend-migrate'...
[INFO] running `Command { std: "git" "rev-parse" "HEAD", kill_on_drop: false }`
[INFO] [stdout] 94953eebdd97d7e345ee592d97e801916cec7a64
[INFO] documenting nkpar/westend-migrate against 1.100.0-beta.1 for beta-rustdoc-1.100-2
[INFO] running `Command { std: "git" "clone" "/workspace/cache/git-repos/https%3A%2F%2Fgithub.com%2Fnkpar%2Fwestend-migrate" "/workspace/builds/worker-0-tc2/source", kill_on_drop: false }`
[INFO] [stderr] Cloning into '/workspace/builds/worker-0-tc2/source'...
[INFO] [stderr] done.
[INFO] started tweaking git repo https://github.com/nkpar/westend-migrate
[INFO] finished tweaking git repo https://github.com/nkpar/westend-migrate
[INFO] tweaked toml for git repo https://github.com/nkpar/westend-migrate written to /workspace/builds/worker-0-tc2/source/Cargo.toml
[INFO] validating manifest of git repo https://github.com/nkpar/westend-migrate on toolchain 1.100.0-beta.1
[INFO] running `Command { std: CARGO_HOME="/workspace/cargo-home" RUSTUP_HOME="/workspace/rustup-home" "/workspace/cargo-home/bin/cargo" "+1.100.0-beta.1" "metadata" "--manifest-path" "Cargo.toml" "--no-deps", kill_on_drop: false }`
[INFO] crate git repo https://github.com/nkpar/westend-migrate already has a lockfile, it will not be regenerated
[INFO] running `Command { std: CARGO_HOME="/workspace/cargo-home" RUSTUP_HOME="/workspace/rustup-home" "/workspace/cargo-home/bin/cargo" "+1.100.0-beta.1" "fetch" "--manifest-path" "Cargo.toml", kill_on_drop: false }`
[INFO] [stderr]     Blocking waiting for file lock on package cache
[INFO] [stderr]     Blocking waiting for file lock on package cache
[ERROR] error running command: no output for 300 seconds
[INFO] documenting nkpar/westend-migrate against 1.100.0-beta.1 for beta-rustdoc-1.100-2
[INFO] running `Command { std: "git" "clone" "/workspace/cache/git-repos/https%3A%2F%2Fgithub.com%2Fnkpar%2Fwestend-migrate" "/workspace/builds/worker-0-tc2/source", kill_on_drop: false }`
[INFO] [stderr] Cloning into '/workspace/builds/worker-0-tc2/source'...
[INFO] [stderr] done.
[INFO] started tweaking git repo https://github.com/nkpar/westend-migrate
[INFO] finished tweaking git repo https://github.com/nkpar/westend-migrate
[INFO] tweaked toml for git repo https://github.com/nkpar/westend-migrate written to /workspace/builds/worker-0-tc2/source/Cargo.toml
[INFO] validating manifest of git repo https://github.com/nkpar/westend-migrate on toolchain 1.100.0-beta.1
[INFO] running `Command { std: CARGO_HOME="/workspace/cargo-home" RUSTUP_HOME="/workspace/rustup-home" "/workspace/cargo-home/bin/cargo" "+1.100.0-beta.1" "metadata" "--manifest-path" "Cargo.toml" "--no-deps", kill_on_drop: false }`
[INFO] crate git repo https://github.com/nkpar/westend-migrate already has a lockfile, it will not be regenerated
[INFO] running `Command { std: CARGO_HOME="/workspace/cargo-home" RUSTUP_HOME="/workspace/rustup-home" "/workspace/cargo-home/bin/cargo" "+1.100.0-beta.1" "fetch" "--manifest-path" "Cargo.toml", kill_on_drop: false }`
[INFO] [stderr]     Blocking waiting for file lock on package cache
[INFO] [stderr]     Blocking waiting for file lock on package cache
[ERROR] error running command: no output for 300 seconds
[INFO] documenting nkpar/westend-migrate against 1.100.0-beta.1 for beta-rustdoc-1.100-2
[INFO] running `Command { std: "git" "clone" "/workspace/cache/git-repos/https%3A%2F%2Fgithub.com%2Fnkpar%2Fwestend-migrate" "/workspace/builds/worker-0-tc2/source", kill_on_drop: false }`
[INFO] [stderr] Cloning into '/workspace/builds/worker-0-tc2/source'...
[INFO] [stderr] done.
[INFO] started tweaking git repo https://github.com/nkpar/westend-migrate
[INFO] finished tweaking git repo https://github.com/nkpar/westend-migrate
[INFO] tweaked toml for git repo https://github.com/nkpar/westend-migrate written to /workspace/builds/worker-0-tc2/source/Cargo.toml
[INFO] validating manifest of git repo https://github.com/nkpar/westend-migrate on toolchain 1.100.0-beta.1
[INFO] running `Command { std: CARGO_HOME="/workspace/cargo-home" RUSTUP_HOME="/workspace/rustup-home" "/workspace/cargo-home/bin/cargo" "+1.100.0-beta.1" "metadata" "--manifest-path" "Cargo.toml" "--no-deps", kill_on_drop: false }`
[INFO] crate git repo https://github.com/nkpar/westend-migrate already has a lockfile, it will not be regenerated
[INFO] running `Command { std: CARGO_HOME="/workspace/cargo-home" RUSTUP_HOME="/workspace/rustup-home" "/workspace/cargo-home/bin/cargo" "+1.100.0-beta.1" "fetch" "--manifest-path" "Cargo.toml", kill_on_drop: false }`
[INFO] [stderr]     Blocking waiting for file lock on package cache
[INFO] [stderr]     Blocking waiting for file lock on package cache
[ERROR] error running command: no output for 300 seconds
[INFO] documenting nkpar/westend-migrate against 1.100.0-beta.1 for beta-rustdoc-1.100-2
[INFO] running `Command { std: "git" "clone" "/workspace/cache/git-repos/https%3A%2F%2Fgithub.com%2Fnkpar%2Fwestend-migrate" "/workspace/builds/worker-0-tc2/source", kill_on_drop: false }`
[INFO] [stderr] Cloning into '/workspace/builds/worker-0-tc2/source'...
[INFO] [stderr] done.
[INFO] started tweaking git repo https://github.com/nkpar/westend-migrate
[INFO] finished tweaking git repo https://github.com/nkpar/westend-migrate
[INFO] tweaked toml for git repo https://github.com/nkpar/westend-migrate written to /workspace/builds/worker-0-tc2/source/Cargo.toml
[INFO] validating manifest of git repo https://github.com/nkpar/westend-migrate on toolchain 1.100.0-beta.1
[INFO] running `Command { std: CARGO_HOME="/workspace/cargo-home" RUSTUP_HOME="/workspace/rustup-home" "/workspace/cargo-home/bin/cargo" "+1.100.0-beta.1" "metadata" "--manifest-path" "Cargo.toml" "--no-deps", kill_on_drop: false }`
[INFO] crate git repo https://github.com/nkpar/westend-migrate already has a lockfile, it will not be regenerated
[INFO] running `Command { std: CARGO_HOME="/workspace/cargo-home" RUSTUP_HOME="/workspace/rustup-home" "/workspace/cargo-home/bin/cargo" "+1.100.0-beta.1" "fetch" "--manifest-path" "Cargo.toml", kill_on_drop: false }`
[INFO] [stderr]     Blocking waiting for file lock on package cache
[INFO] [stderr]     Blocking waiting for file lock on package cache
[ERROR] error running command: no output for 300 seconds
[INFO] documenting nkpar/westend-migrate against 1.100.0-beta.1 for beta-rustdoc-1.100-2
[INFO] running `Command { std: "git" "clone" "/workspace/cache/git-repos/https%3A%2F%2Fgithub.com%2Fnkpar%2Fwestend-migrate" "/workspace/builds/worker-0-tc2/source", kill_on_drop: false }`
[INFO] [stderr] Cloning into '/workspace/builds/worker-0-tc2/source'...
[INFO] [stderr] done.
[INFO] started tweaking git repo https://github.com/nkpar/westend-migrate
[INFO] finished tweaking git repo https://github.com/nkpar/westend-migrate
[INFO] tweaked toml for git repo https://github.com/nkpar/westend-migrate written to /workspace/builds/worker-0-tc2/source/Cargo.toml
[INFO] validating manifest of git repo https://github.com/nkpar/westend-migrate on toolchain 1.100.0-beta.1
[INFO] running `Command { std: CARGO_HOME="/workspace/cargo-home" RUSTUP_HOME="/workspace/rustup-home" "/workspace/cargo-home/bin/cargo" "+1.100.0-beta.1" "metadata" "--manifest-path" "Cargo.toml" "--no-deps", kill_on_drop: false }`
[INFO] crate git repo https://github.com/nkpar/westend-migrate already has a lockfile, it will not be regenerated
[INFO] running `Command { std: CARGO_HOME="/workspace/cargo-home" RUSTUP_HOME="/workspace/rustup-home" "/workspace/cargo-home/bin/cargo" "+1.100.0-beta.1" "fetch" "--manifest-path" "Cargo.toml", kill_on_drop: false }`
[INFO] [stderr]     Blocking waiting for file lock on package cache
[INFO] [stderr]     Blocking waiting for file lock on package cache
[INFO] [stderr]  Downloading crates ...
[INFO] [stderr]   Downloaded signal-hook-registry v1.4.7
[INFO] [stderr]   Downloaded tracing v0.1.43
[INFO] [stderr]   Downloaded subxt-signer v0.37.0
[INFO] [stderr]   Downloaded scale-encode-derive v0.7.2
[INFO] [stderr]   Downloaded scale-bits v0.6.0
[INFO] [stderr]   Downloaded jsonrpsee v0.22.5
[INFO] [stderr]   Downloaded jsonrpsee-types v0.22.5
[INFO] [stderr]   Downloaded scale-decode-derive v0.13.1
[INFO] [stderr]   Downloaded scale-type-resolver v0.2.0
[INFO] [stderr]   Downloaded sp-crypto-hashing v0.1.0
[INFO] [stderr]   Downloaded subxt-macro v0.37.0
[INFO] [stderr]   Downloaded jsonrpsee-http-client v0.22.5
[INFO] [stderr]   Downloaded scale-encode v0.7.2
[INFO] [stderr]   Downloaded jsonrpsee-client-transport v0.22.5
[INFO] [stderr]   Downloaded indexmap-nostd v0.4.0
[INFO] [stderr]   Downloaded subxt-lightclient v0.37.0
[INFO] [stderr]   Downloaded yap v0.11.0
[INFO] [stderr]   Downloaded subxt-codegen v0.37.0
[INFO] [stderr]   Downloaded subxt-core v0.37.1
[INFO] [stderr]   Downloaded wasmi_arena v0.4.1
[INFO] [stderr]   Downloaded tokio-rustls v0.25.0
[INFO] [stderr]   Downloaded wasmi_core v0.13.0
[INFO] [stderr]   Downloaded rustls-pemfile v2.2.0
[INFO] [stderr]   Downloaded scale-decode v0.13.1
[INFO] [stderr]   Downloaded no-std-net v0.6.0
[INFO] [stderr]   Downloaded subxt-metadata v0.37.0
[INFO] [stderr]   Downloaded scale-typegen v0.8.0
[INFO] [stderr]   Downloaded atomic-take v1.1.0
[INFO] [stderr]   Downloaded tracing-core v0.1.35
[INFO] [stderr]   Downloaded jsonrpsee-core v0.22.5
[INFO] [stderr]   Downloaded rustls-pki-types v1.13.1
[INFO] [stderr]   Downloaded rustls-native-certs v0.7.3
[INFO] [stderr]   Downloaded derive-where v1.6.0
[INFO] [stderr]   Downloaded scale-value v0.16.3
[INFO] [stderr]   Downloaded toml_edit v0.23.9
[INFO] [stderr]   Downloaded ruzstd v0.5.0
[INFO] [stderr]   Downloaded event-listener v4.0.3
[INFO] [stderr]   Downloaded jsonrpsee v0.23.2
[INFO] [stderr]   Downloaded jsonrpsee-types v0.23.2
[INFO] [stderr]   Downloaded cc v1.2.49
[INFO] [stderr]   Downloaded reconnecting-jsonrpsee-ws-client v0.4.3
[INFO] [stderr]   Downloaded jsonrpsee-client-transport v0.23.2
[INFO] [stderr]   Downloaded jsonrpsee-ws-client v0.23.2
[INFO] [stderr]   Downloaded finito v0.1.0
[INFO] [stderr]   Downloaded x25519-dalek v2.0.1
[INFO] [stderr]   Downloaded soketto v0.8.1
[INFO] [stderr]   Downloaded tokio-util v0.7.17
[INFO] [stderr]   Downloaded wasmi v0.31.2
[INFO] [stderr]   Downloaded wasmparser-nostd v0.100.2
[INFO] [stderr]   Downloaded jsonrpsee-core v0.23.2
[INFO] [stderr]   Downloaded rustls-webpki v0.103.8
[INFO] [stderr]   Downloaded rustls-platform-verifier v0.3.4
[INFO] [stderr]   Downloaded subxt v0.37.0
[INFO] [stderr]   Downloaded smoldot-light v0.14.0
[INFO] [stderr]   Downloaded wasm-bindgen-shared v0.2.106
[INFO] [stderr]   Downloaded wasm-bindgen-macro v0.2.106
[INFO] [stderr]   Downloaded wasm-bindgen-futures v0.4.56
[INFO] [stderr]   Downloaded rustls-webpki v0.102.8
[INFO] [stderr]   Downloaded wasm-bindgen v0.2.106
[INFO] [stderr]   Downloaded wasm-bindgen-macro-support v0.2.106
[INFO] [stderr]   Downloaded js-sys v0.3.83
[INFO] [stderr]   Downloaded zvariant_utils v3.2.1
[INFO] [stderr]   Downloaded frame-metadata v15.1.0
[INFO] [stderr]   Downloaded smol v2.0.2
[INFO] [stderr]   Downloaded frame-metadata v16.0.0
[INFO] [stderr]   Downloaded rustls v0.22.4
[INFO] [stderr]   Downloaded webpki-roots v1.0.4
[INFO] [stderr]   Downloaded rustls v0.23.35
[INFO] [stderr]   Downloaded zvariant_derive v5.8.0
[INFO] [stderr]   Downloaded zbus v5.12.0
[INFO] [stderr]   Downloaded zbus_names v4.2.0
[INFO] [stderr]   Downloaded zbus_macros v5.12.0
[INFO] [stderr]   Downloaded uuid v1.19.0
[INFO] [stderr]   Downloaded notify-rust v4.11.7
[INFO] [stderr]   Downloaded zvariant v5.8.0
[INFO] [stderr]   Downloaded nix v0.30.1
[INFO] [stderr]   Downloaded web-sys v0.3.83
[INFO] [stderr]   Downloaded smoldot v0.16.0
[INFO] running `Command { std: "docker" "create" "-v" "/var/lib/crater-agent-workspace/builds/worker-0-tc2/source:/opt/rustwide/workdir:ro,Z" "-v" "/var/lib/crater-agent-workspace/builds/worker-0-tc2/target:/opt/rustwide/target:rw,Z" "-v" "/var/lib/crater-agent-workspace/cargo-home:/opt/rustwide/cargo-home:ro,Z" "-v" "/var/lib/crater-agent-workspace/rustup-home:/opt/rustwide/rustup-home:ro,Z" "-m" "1610612736" "--network" "none" "ghcr.io/rust-lang/crates-build-env/linux@sha256:77db811e55d90add9212f6832c23229e3de5f1c1f9905e8cb07319ea15df73ac" "sleep" "infinity", kill_on_drop: false }`
[INFO] [stdout] 63ce4096b4c60e72e5ed35ae0359e6610a5d8aa319c8aa7590c8f78ba12c7076
[INFO] running `Command { std: "docker" "start" "63ce4096b4c60e72e5ed35ae0359e6610a5d8aa319c8aa7590c8f78ba12c7076", kill_on_drop: false }`
[INFO] running `Command { std: "docker" "inspect" "63ce4096b4c60e72e5ed35ae0359e6610a5d8aa319c8aa7590c8f78ba12c7076", kill_on_drop: false }`
[INFO] running `Command { std: "docker" "exec" "-e" "SOURCE_DIR=/opt/rustwide/workdir" "-e" "CARGO_HOME=/opt/rustwide/cargo-home" "-e" "RUSTUP_HOME=/opt/rustwide/rustup-home" "-e" "CARGO_TARGET_DIR=/opt/rustwide/target" "-w" "/opt/rustwide/workdir" "--user" "0:0" "63ce4096b4c60e72e5ed35ae0359e6610a5d8aa319c8aa7590c8f78ba12c7076" "/opt/rustwide/cargo-home/bin/cargo" "+1.100.0-beta.1" "metadata" "--no-deps" "--format-version=1", kill_on_drop: false }`
[INFO] running `Command { std: "docker" "inspect" "63ce4096b4c60e72e5ed35ae0359e6610a5d8aa319c8aa7590c8f78ba12c7076", kill_on_drop: false }`
[INFO] running `Command { std: "docker" "exec" "-e" "SOURCE_DIR=/opt/rustwide/workdir" "-e" "CARGO_HOME=/opt/rustwide/cargo-home" "-e" "RUSTUP_HOME=/opt/rustwide/rustup-home" "-e" "CARGO_TARGET_DIR=/opt/rustwide/target" "-e" "CARGO_INCREMENTAL=0" "-e" "RUST_BACKTRACE=full" "-e" "RUSTFLAGS=--cap-lints=warn" "-e" "RUSTDOCFLAGS=--cap-lints=warn" "-w" "/opt/rustwide/workdir" "--user" "0:0" "63ce4096b4c60e72e5ed35ae0359e6610a5d8aa319c8aa7590c8f78ba12c7076" "/opt/rustwide/cargo-home/bin/cargo" "+1.100.0-beta.1" "doc" "--frozen" "--no-deps" "--document-private-items" "--message-format=json", kill_on_drop: false }`
[INFO] [stderr]    Compiling proc-macro2 v1.0.103
[INFO] [stderr]    Compiling quote v1.0.42
[INFO] [stderr]    Compiling unicode-ident v1.0.22
[INFO] [stderr]    Compiling serde_core v1.0.228
[INFO] [stderr]    Compiling serde v1.0.228
[INFO] [stderr]    Compiling libc v0.2.178
[INFO] [stderr]    Compiling typenum v1.19.0
[INFO] [stderr]    Compiling hashbrown v0.16.1
[INFO] [stderr]    Compiling find-msvc-tools v0.1.5
[INFO] [stderr]    Compiling winnow v0.7.14
[INFO] [stderr]    Compiling toml_datetime v0.7.3
[INFO] [stderr]    Compiling zerocopy v0.8.31
[INFO] [stderr]    Compiling rustversion v1.0.22
[INFO] [stderr]     Checking smallvec v1.15.1
[INFO] [stderr]    Compiling unicode-xid v0.2.6
[INFO] [stderr]    Compiling cc v1.2.49
[INFO] [stderr]     Checking futures-core v0.3.31
[INFO] [stderr]    Compiling radium v0.7.0
[INFO] [stderr]     Checking futures-io v0.3.31
[INFO] [stderr]    Compiling pin-project-lite v0.2.16
[INFO] [stderr]    Compiling icu_normalizer_data v2.1.1
[INFO] [stderr]    Compiling icu_properties_data v2.1.2
[INFO] [stderr]    Compiling serde_json v1.0.145
[INFO] [stderr]    Compiling bytes v1.11.0
[INFO] [stderr]     Checking slab v0.4.11
[INFO] [stderr]    Compiling indexmap v2.12.1
[INFO] [stderr]    Compiling log v0.4.29
[INFO] [stderr]    Compiling memchr v2.7.6
[INFO] [stderr]    Compiling once_cell v1.21.3
[INFO] [stderr]    Compiling futures-sink v0.3.31
[INFO] [stderr]    Compiling parity-scale-codec v3.7.5
[INFO] [stderr]     Checking tracing-core v0.1.35
[INFO] [stderr]    Compiling syn v2.0.111
[INFO] [stderr]    Compiling crossbeam-utils v0.8.21
[INFO] [stderr]    Compiling untrusted v0.9.0
[INFO] [stderr]     Checking generic-array v0.14.7
[INFO] [stderr]    Compiling toml_parser v1.0.4
[INFO] [stderr]     Checking tap v1.0.1
[INFO] [stderr]    Compiling autocfg v1.5.0
[INFO] [stderr]     Checking byte-slice-cast v1.2.3
[INFO] [stderr]    Compiling const_format_proc_macros v0.2.34
[INFO] [stderr]    Compiling anyhow v1.0.100
[INFO] [stderr]     Checking static_assertions v1.1.0
[INFO] [stderr]     Checking wyz v0.5.1
[INFO] [stderr]    Compiling toml_edit v0.23.9
[INFO] [stderr]     Checking getrandom v0.2.16
[INFO] [stderr]    Compiling ring v0.17.14
[INFO] [stderr]     Checking signal-hook-registry v1.4.7
[INFO] [stderr]     Checking parking_lot_core v0.9.12
[INFO] [stderr]    Compiling futures-channel v0.3.31
[INFO] [stderr]     Checking rand_core v0.6.4
[INFO] [stderr]    Compiling futures-task v0.3.31
[INFO] [stderr]     Checking block-buffer v0.10.4
[INFO] [stderr]     Checking crypto-common v0.1.7
[INFO] [stderr]     Checking funty v2.0.0
[INFO] [stderr]    Compiling mio v1.1.1
[INFO] [stderr]    Compiling socket2 v0.6.1
[INFO] [stderr]    Compiling itoa v1.0.15
[INFO] [stderr]     Checking const_format v0.2.35
[INFO] [stderr]     Checking digest v0.10.7
[INFO] [stderr]     Checking parking_lot v0.12.5
[INFO] [stderr]    Compiling futures-util v0.3.31
[INFO] [stderr]     Checking bitflags v2.10.0
[INFO] [stderr]    Compiling litemap v0.8.1
[INFO] [stderr]    Compiling writeable v0.6.2
[INFO] [stderr]    Compiling syn v1.0.109
[INFO] [stderr]     Checking bitvec v1.0.1
[INFO] [stderr]     Checking concurrent-queue v2.5.0
[INFO] [stderr]     Checking ppv-lite86 v0.2.21
[INFO] [stderr]    Compiling ahash v0.8.12
[INFO] [stderr]    Compiling rustls v0.22.4
[INFO] [stderr]    Compiling http v0.2.12
[INFO] [stderr]    Compiling proc-macro-crate v3.4.0
[INFO] [stderr]     Checking rand_chacha v0.3.1
[INFO] [stderr]    Compiling zeroize v1.8.2
[INFO] [stderr]    Compiling rustls-pki-types v1.13.1
[INFO] [stderr]     Checking rand v0.8.5
[INFO] [stderr]    Compiling httparse v1.10.1
[INFO] [stderr]    Compiling try-lock v0.2.5
[INFO] [stderr]    Compiling arrayvec v0.7.6
[INFO] [stderr]    Compiling tower-service v0.3.3
[INFO] [stderr]    Compiling crunchy v0.2.4
[INFO] [stderr]    Compiling openssl-sys v0.9.111
[INFO] [stderr]    Compiling want v0.3.1
[INFO] [stderr]    Compiling socket2 v0.5.10
[INFO] [stderr]    Compiling openssl-probe v0.1.6
[INFO] [stderr]    Compiling httpdate v1.0.3
[INFO] [stderr]    Compiling rustls v0.21.12
[INFO] [stderr]    Compiling ryu v1.0.20
[INFO] [stderr]    Compiling strsim v0.10.0
[INFO] [stderr]     Checking fastrand v2.3.0
[INFO] [stderr]     Checking event-listener v5.4.1
[INFO] [stderr]    Compiling http-body v0.4.6
[INFO] [stderr]     Checking rustc-hex v2.1.0
[INFO] [stderr]    Compiling percent-encoding v2.3.2
[INFO] [stderr]    Compiling rustix v1.1.2
[INFO] [stderr]    Compiling base64 v0.21.7
[INFO] [stderr]     Checking keccak v0.1.5
[INFO] [stderr]    Compiling form_urlencoded v1.2.2
[INFO] [stderr]    Compiling rustls-pemfile v1.0.4
[INFO] [stderr]     Checking fixed-hash v0.8.0
[INFO] [stderr]     Checking event-listener-strategy v0.5.4
[INFO] [stderr]     Checking uint v0.9.5
[INFO] [stderr]     Checking futures-lite v2.6.1
[INFO] [stderr]    Compiling block-buffer v0.9.0
[INFO] [stderr]    Compiling digest v0.9.0
[INFO] [stderr]    Compiling rustc-hash v1.1.0
[INFO] [stderr]    Compiling opaque-debug v0.3.1
[INFO] [stderr]    Compiling futures-timer v3.0.3
[INFO] [stderr]     Checking arrayref v0.3.9
[INFO] [stderr]     Checking linux-raw-sys v0.11.0
[INFO] [stderr]    Compiling sha-1 v0.9.8
[INFO] [stderr]    Compiling rustls-native-certs v0.6.3
[INFO] [stderr]    Compiling rustls-pemfile v2.2.0
[INFO] [stderr]     Checking sha2 v0.10.9
[INFO] [stderr]    Compiling futures v0.3.31
[INFO] [stderr]    Compiling async-io v2.6.0
[INFO] [stderr]     Checking constant_time_eq v0.3.1
[INFO] [stderr]    Compiling semver v1.0.27
[INFO] [stderr]    Compiling tower-layer v0.3.3
[INFO] [stderr]    Compiling openssl v0.10.75
[INFO] [stderr]    Compiling base64 v0.13.1
[INFO] [stderr]    Compiling rustc_version v0.4.1
[INFO] [stderr]    Compiling sha3 v0.10.8
[INFO] [stderr]     Checking blake2b_simd v1.0.3
[INFO] [stderr]    Compiling rustls-native-certs v0.7.3
[INFO] [stderr]     Checking twox-hash v1.6.3
[INFO] [stderr]    Compiling memoffset v0.9.1
[INFO] [stderr]    Compiling proc-macro-error-attr v1.0.4
[INFO] [stderr]    Compiling endi v1.1.1
[INFO] [stderr]    Compiling byteorder v1.5.0
[INFO] [stderr]    Compiling cfg_aliases v0.2.1
[INFO] [stderr]     Checking regex-syntax v0.8.8
[INFO] [stderr]     Checking async-task v4.7.1
[INFO] [stderr]    Compiling sp-crypto-hashing v0.1.0
[INFO] [stderr]    Compiling native-tls v0.2.14
[INFO] [stderr]    Compiling nix v0.30.1
[INFO] [stderr]     Checking hashbrown v0.14.5
[INFO] [stderr]    Compiling curve25519-dalek v4.1.3
[INFO] [stderr]     Checking async-channel v2.5.0
[INFO] [stderr]    Compiling soketto v0.7.1
[INFO] [stderr]     Checking blake2 v0.10.6
[INFO] [stderr]    Compiling synstructure v0.13.2
[INFO] [stderr]    Compiling darling_core v0.20.11
[INFO] [stderr]    Compiling secp256k1-sys v0.9.2
[INFO] [stderr]    Compiling proc-macro-error v1.0.4
[INFO] [stderr]     Checking either v1.15.0
[INFO] [stderr]     Checking yap v0.11.0
[INFO] [stderr]     Checking utf8parse v0.2.2
[INFO] [stderr]     Checking base58 v0.2.0
[INFO] [stderr]     Checking piper v0.2.4
[INFO] [stderr]    Compiling sct v0.7.1
[INFO] [stderr]    Compiling rustls-webpki v0.101.7
[INFO] [stderr]    Compiling rustls-webpki v0.102.8
[INFO] [stderr]     Checking anstyle-parse v0.2.7
[INFO] [stderr]     Checking tinyvec v1.10.0
[INFO] [stderr]     Checking async-lock v3.4.1
[INFO] [stderr]    Compiling darling_core v0.14.4
[INFO] [stderr]    Compiling num-traits v0.2.19
[INFO] [stderr]     Checking hex-conservative v0.2.2
[INFO] [stderr]     Checking is_terminal_polyfill v1.70.2
[INFO] [stderr]     Checking base64ct v1.8.1
[INFO] [stderr]     Checking anstyle v1.0.13
[INFO] [stderr]     Checking regex-automata v0.4.13
[INFO] [stderr]    Compiling hex v0.4.3
[INFO] [stderr]     Checking anstyle-query v1.1.5
[INFO] [stderr]     Checking colorchoice v1.0.4
[INFO] [stderr]     Checking bitcoin_hashes v0.14.1
[INFO] [stderr]     Checking anstream v0.6.21
[INFO] [stderr]     Checking deranged v0.5.5
[INFO] [stderr]     Checking password-hash v0.5.0
[INFO] [stderr]     Checking unicode-normalization v0.1.22
[INFO] [stderr]     Checking blocking v1.6.2
[INFO] [stderr]     Checking async-executor v1.13.3
[INFO] [stderr]     Checking async-broadcast v0.7.2
[INFO] [stderr]     Checking getrandom_or_panic v0.0.3
[INFO] [stderr]     Checking uuid v1.19.0
[INFO] [stderr]     Checking serde_bytes v0.11.19
[INFO] [stderr]     Checking ordered-stream v0.2.0
[INFO] [stderr]     Checking strsim v0.11.1
[INFO] [stderr]     Checking time-core v0.1.6
[INFO] [stderr]     Checking lazy_static v1.5.0
[INFO] [stderr]     Checking clap_lex v0.7.6
[INFO] [stderr]     Checking num-conv v0.1.0
[INFO] [stderr]     Checking num_threads v0.1.7
[INFO] [stderr]    Compiling serde_derive v1.0.228
[INFO] [stderr]    Compiling zerofrom-derive v0.1.6
[INFO] [stderr]    Compiling yoke-derive v0.8.1
[INFO] [stderr]    Compiling zerovec-derive v0.11.2
[INFO] [stderr]    Compiling displaydoc v0.2.5
[INFO] [stderr]    Compiling tokio-macros v2.6.0
[INFO] [stderr]    Compiling tracing-attributes v0.1.31
[INFO] [stderr]    Compiling impl-trait-for-tuples v0.2.3
[INFO] [stderr] error: could not compile `syn` (lib)
[INFO] [stderr] 
[INFO] [stderr] Caused by:
[INFO] [stderr]   process didn't exit successfully: `/opt/rustwide/rustup-home/toolchains/1.100.0-beta.1-x86_64-unknown-linux-gnu/bin/rustc --crate-name syn --edition=2018 /opt/rustwide/cargo-home/registry/src/index.crates.io-1949cf8c6b5b557f/syn-1.0.109/src/lib.rs --error-format=json --json=diagnostic-rendered-ansi,artifacts,future-incompat,unused-externs-silent --crate-type lib --emit=dep-info,metadata,link -C embed-bitcode=no --cfg 'feature="clone-impls"' --cfg 'feature="default"' --cfg 'feature="derive"' --cfg 'feature="extra-traits"' --cfg 'feature="full"' --cfg 'feature="parsing"' --cfg 'feature="printing"' --cfg 'feature="proc-macro"' --cfg 'feature="quote"' --check-cfg 'cfg(docsrs,test)' --check-cfg 'cfg(feature, values("clone-impls", "default", "derive", "extra-traits", "fold", "full", "parsing", "printing", "proc-macro", "quote", "test", "visit", "visit-mut"))' -C metadata=eaee7976da376896 -C extra-filename=-1ef6fb4433edde56 --out-dir /opt/rustwide/target/debug/build/syn/1ef6fb4433edde56/out -L dependency=/opt/rustwide/target/debug/build/proc-macro2/65388fc95fe20566/out -L dependency=/opt/rustwide/target/debug/build/unicode-ident/3a00dd35274e822e/out --extern proc_macro2=/opt/rustwide/target/debug/build/proc-macro2/65388fc95fe20566/out/libproc_macro2-65388fc95fe20566.rmeta --extern quote=/opt/rustwide/target/debug/build/quote/ad711eb56f9bace1/out/libquote-ad711eb56f9bace1.rmeta --extern unicode_ident=/opt/rustwide/target/debug/build/unicode-ident/3a00dd35274e822e/out/libunicode_ident-3a00dd35274e822e.rmeta --cap-lints allow --cap-lints=warn --force-warn=unused_crate_dependencies --cfg syn_disable_nightly_tests` (signal: 9, SIGKILL: kill)
[INFO] [stderr] warning: build failed, waiting for other jobs to finish...
[INFO] [stderr] error: could not compile `rustix` (lib)
[INFO] [stderr] 
[INFO] [stderr] Caused by:
[INFO] [stderr]   process didn't exit successfully: `/opt/rustwide/rustup-home/toolchains/1.100.0-beta.1-x86_64-unknown-linux-gnu/bin/rustc --crate-name rustix --edition=2021 /opt/rustwide/cargo-home/registry/src/index.crates.io-1949cf8c6b5b557f/rustix-1.1.2/src/lib.rs --error-format=json --json=diagnostic-rendered-ansi,artifacts,future-incompat,unused-externs-silent --crate-type lib --emit=dep-info,metadata -C embed-bitcode=no -C debuginfo=2 --cfg 'feature="alloc"' --cfg 'feature="event"' --cfg 'feature="fs"' --cfg 'feature="net"' --cfg 'feature="pipe"' --cfg 'feature="process"' --cfg 'feature="std"' --cfg 'feature="time"' --check-cfg 'cfg(docsrs,test)' --check-cfg 'cfg(feature, values("all-apis", "alloc", "core", "default", "event", "fs", "io_uring", "libc", "libc_errno", "linux_4_11", "linux_5_1", "linux_5_11", "linux_latest", "mm", "mount", "net", "param", "pipe", "process", "pty", "rand", "runtime", "rustc-dep-of-std", "rustc-std-workspace-alloc", "shm", "std", "stdio", "system", "termios", "thread", "time", "try_close", "use-explicitly-provided-auxv", "use-libc", "use-libc-auxv"))' -C metadata=ecc6edda14581e4a -C extra-filename=-a46712998da29c69 --out-dir /opt/rustwide/target/debug/build/rustix/a46712998da29c69/out --extern bitflags=/opt/rustwide/target/debug/build/bitflags/8875fce70bed11fb/out/libbitflags-8875fce70bed11fb.rmeta --extern linux_raw_sys=/opt/rustwide/target/debug/build/linux-raw-sys/f8c8f9c9e5820a14/out/liblinux_raw_sys-f8c8f9c9e5820a14.rmeta --cap-lints allow --cap-lints=warn --force-warn=unused_crate_dependencies --cfg static_assertions --cfg lower_upper_exp_for_non_zero --cfg rustc_diagnostics --cfg linux_raw_dep --cfg linux_raw --cfg linux_like --cfg linux_kernel` (signal: 9, SIGKILL: kill)
[INFO] running `Command { std: "docker" "inspect" "63ce4096b4c60e72e5ed35ae0359e6610a5d8aa319c8aa7590c8f78ba12c7076", kill_on_drop: false }`
[INFO] running `Command { std: "docker" "rm" "-f" "63ce4096b4c60e72e5ed35ae0359e6610a5d8aa319c8aa7590c8f78ba12c7076", kill_on_drop: false }`
[INFO] [stdout] 63ce4096b4c60e72e5ed35ae0359e6610a5d8aa319c8aa7590c8f78ba12c7076
