[INFO] cloning repository https://github.com/mingozcj/mingo
[INFO] running `Command { std: "git" "-c" "credential.helper=" "-c" "credential.helper=/workspace/cargo-home/bin/git-credential-null" "clone" "--bare" "https://github.com/mingozcj/mingo" "/workspace/cache/git-repos/https%3A%2F%2Fgithub.com%2Fmingozcj%2Fmingo", kill_on_drop: false }`
[INFO] [stderr] Cloning into bare repository '/workspace/cache/git-repos/https%3A%2F%2Fgithub.com%2Fmingozcj%2Fmingo'...
[INFO] running `Command { std: "git" "rev-parse" "HEAD", kill_on_drop: false }`
[INFO] [stdout] c86aa52176f7bcd543f4db607845b31fe60215ec
[INFO] documenting mingozcj/mingo/c86aa52176f7bcd543f4db607845b31fe60215ec against 1.99.0-beta.8 for beta-rustdoc-1.100-2
[INFO] running `Command { std: "git" "clone" "/workspace/cache/git-repos/https%3A%2F%2Fgithub.com%2Fmingozcj%2Fmingo" "/workspace/builds/worker-7-tc1/source", kill_on_drop: false }`
[INFO] [stderr] Cloning into '/workspace/builds/worker-7-tc1/source'...
[INFO] [stderr] done.
[INFO] removed /workspace/builds/worker-7-tc1/source/.cargo/config.toml
[INFO] started tweaking git repo https://github.com/mingozcj/mingo
[INFO] finished tweaking git repo https://github.com/mingozcj/mingo
[INFO] tweaked toml for git repo https://github.com/mingozcj/mingo written to /workspace/builds/worker-7-tc1/source/Cargo.toml
[INFO] validating manifest of git repo https://github.com/mingozcj/mingo on toolchain 1.99.0-beta.8
[INFO] running `Command { std: CARGO_HOME="/workspace/cargo-home" RUSTUP_HOME="/workspace/rustup-home" "/workspace/cargo-home/bin/cargo" "+1.99.0-beta.8" "metadata" "--manifest-path" "Cargo.toml" "--no-deps", kill_on_drop: false }`
[INFO] crate git repo https://github.com/mingozcj/mingo already has a lockfile, it will not be regenerated
[INFO] running `Command { std: CARGO_HOME="/workspace/cargo-home" RUSTUP_HOME="/workspace/rustup-home" "/workspace/cargo-home/bin/cargo" "+1.99.0-beta.8" "fetch" "--manifest-path" "Cargo.toml", kill_on_drop: false }`
[INFO] [stderr]     Updating crates.io index
[INFO] [stderr]     Updating git repository `https://github.com/wp-labs/wp-motor`
[INFO] [stderr]     Updating git repository `https://github.com/wp-labs/wp-connectors`
[INFO] [stderr]     Updating git repository `https://github.com/wp-labs/wp-advanced-api`
[INFO] [stderr]  Downloading crates ...
[INFO] [stderr]   Downloaded wp-log v0.2.1
[INFO] [stderr]   Downloaded orion_conf v0.5.1
[INFO] [stderr]   Downloaded orion-variate v0.11.2
[INFO] [stderr]   Downloaded wp-self-update v0.1.10
[INFO] [stderr]   Downloaded log-mdc v0.1.0
[INFO] [stderr]   Downloaded wp-error v0.8.5
[INFO] [stderr]   Downloaded contracts v0.6.7
[INFO] [stderr]   Downloaded destructure_traitobject v0.2.0
[INFO] [stderr]   Downloaded thread-id v5.1.0
[INFO] [stderr]   Downloaded orion-sec v0.4.1
[INFO] [stderr]   Downloaded os_info v3.14.0
[INFO] [stderr]   Downloaded typemap-ors v1.0.0
[INFO] [stderr]   Downloaded mock_instant v0.6.0
[INFO] [stderr]   Downloaded serde_ini v0.2.0
[INFO] [stderr]   Downloaded result v1.0.0
[INFO] [stderr]   Downloaded unsafe-any-ors v1.0.0
[INFO] [stderr]   Downloaded wp-model-core v0.8.6
[INFO] [stderr]   Downloaded wildmatch v2.6.1
[INFO] [stderr]   Downloaded wp-connector-api v0.8.2
[INFO] [stderr]   Downloaded log4rs v1.4.0
[INFO] [stderr]   Downloaded orion-error v0.6.3
[INFO] [stderr]   Downloaded wp-data-fmt v0.2.4
[INFO] [stderr]   Downloaded wp-parse-api v0.8.1
[INFO] [stderr]   Downloaded strfmt v0.2.5
[INFO] [stderr]   Downloaded phone v0.1.2
[INFO] [stderr]   Downloaded wp-specs v0.8.1
[INFO] [stderr]   Downloaded wp-primitives v0.2.0
[INFO] [stderr]   Downloaded mailchecker v6.0.20
[INFO] [stderr]   Downloaded wp-lang v0.1.10
[INFO] [stderr]   Downloaded wp-knowledge v0.11.6
[INFO] [stderr]   Downloaded r2d2_sqlite v0.25.0
[INFO] [stderr]   Downloaded md5 v0.8.0
[INFO] [stderr]   Downloaded parse-display-derive v0.10.0
[INFO] [stderr]   Downloaded include-flate v0.3.3
[INFO] [stderr]   Downloaded include-flate-compress v0.3.3
[INFO] [stderr]   Downloaded parse-display v0.10.0
[INFO] [stderr]   Downloaded jieba-macros v0.8.1
[INFO] [stderr]   Downloaded libflate v2.3.0
[INFO] [stderr]   Downloaded mockall v0.14.0
[INFO] [stderr]   Downloaded include-flate-codegen v0.3.3
[INFO] [stderr]   Downloaded imap-types v1.0.0
[INFO] [stderr]   Downloaded utf8-width v0.1.8
[INFO] [stderr]   Downloaded escape8259 v0.5.3
[INFO] [stderr]   Downloaded mockall_derive v0.14.0
[INFO] [stderr]   Downloaded fragile v2.1.0
[INFO] [stderr]   Downloaded wp-core-connectors v0.1.4
[INFO] [stderr]   Downloaded arrow-schema v54.3.1
[INFO] [stderr]   Downloaded wp-conf-base v0.2.2
[INFO] [stderr]   Downloaded wp-arrow v0.1.1
[INFO] [stderr]   Downloaded arrow-select v54.3.1
[INFO] [stderr]   Downloaded arrow-data v54.3.1
[INFO] [stderr]   Downloaded arrow-buffer v54.3.1
[INFO] [stderr]   Downloaded arrow-ord v54.3.1
[INFO] [stderr]   Downloaded arrow-ipc v54.3.1
[INFO] [stderr]   Downloaded arrow v54.3.1
[INFO] [stderr]   Downloaded arrow-string v54.3.1
[INFO] [stderr]   Downloaded arrow-row v54.3.1
[INFO] [stderr]   Downloaded arrow-cast v54.3.1
[INFO] [stderr]   Downloaded arrow-arith v54.3.1
[INFO] [stderr]   Downloaded arrow-array v54.3.1
[INFO] [stderr]   Downloaded comfy-table v7.2.2
[INFO] [stderr]   Downloaded jieba-rs v0.8.1
[INFO] [stderr]   Downloaded tokio-async-drop v0.1.0
[INFO] [stderr]   Downloaded sysinfo v0.38.4
[INFO] [stderr]   Downloaded shadow-rs v1.7.1
[INFO] [stderr]   Downloaded tzdb v0.7.3
[INFO] [stderr]   Downloaded tz-rs v0.7.3
[INFO] [stderr]   Downloaded tzdb_data v0.2.4
[INFO] [stderr]   Downloaded git2 v0.20.4
[INFO] [stderr]   Downloaded libgit2-sys v0.18.3+1.9.2
[INFO] [stderr]   Downloaded ctor v0.9.1
[INFO] [stderr]   Downloaded link-section v0.0.12
[INFO] [stderr]   Downloaded dtor v0.6.0
[INFO] [stderr]   Downloaded dtor-proc-macro v0.0.12
[INFO] [stderr]   Downloaded ctor-proc-macro v0.0.12
[INFO] [stderr]   Downloaded rdkafka-wrap v0.1.12
[INFO] [stderr]   Downloaded rdkafka v0.33.2
[INFO] [stderr]   Downloaded higher-kinded-types v0.2.1
[INFO] [stderr]   Downloaded polonius-the-crab v0.5.0
[INFO] [stderr]   Downloaded orion_exp v0.1.2
[INFO] [stderr]   Downloaded never-say-never v6.6.666
[INFO] [stderr]   Downloaded clickhouse-macros v0.3.0
[INFO] [stderr]   Downloaded clickhouse-types v0.1.2
[INFO] [stderr]   Downloaded clickhouse v0.15.0
[INFO] [stderr]   Downloaded bnum v0.13.0
[INFO] [stderr]   Downloaded cityhash-rs v1.0.1
[INFO] [stderr]   Downloaded actix-web v4.13.0
[INFO] [stderr]   Downloaded actix-router v0.5.4
[INFO] [stderr]   Downloaded actix-http v3.12.1
[INFO] running `Command { std: "docker" "create" "-v" "/var/lib/crater-agent-workspace/builds/worker-7-tc1/source:/opt/rustwide/workdir:ro,Z" "-v" "/var/lib/crater-agent-workspace/builds/worker-7-tc1/target:/opt/rustwide/target:rw,Z" "-v" "/var/lib/crater-agent-workspace/cargo-home:/opt/rustwide/cargo-home:ro,Z" "-v" "/var/lib/crater-agent-workspace/rustup-home:/opt/rustwide/rustup-home:ro,Z" "-m" "1610612736" "--network" "none" "ghcr.io/rust-lang/crates-build-env/linux@sha256:77db811e55d90add9212f6832c23229e3de5f1c1f9905e8cb07319ea15df73ac" "sleep" "infinity", kill_on_drop: false }`
[INFO] [stdout] bd675f00a7849d0d91998a81f9eb0c22090076af2e4d37b80608835f7c973e86
[INFO] running `Command { std: "docker" "start" "bd675f00a7849d0d91998a81f9eb0c22090076af2e4d37b80608835f7c973e86", kill_on_drop: false }`
[INFO] running `Command { std: "docker" "inspect" "bd675f00a7849d0d91998a81f9eb0c22090076af2e4d37b80608835f7c973e86", kill_on_drop: false }`
[INFO] running `Command { std: "docker" "exec" "-e" "SOURCE_DIR=/opt/rustwide/workdir" "-e" "CARGO_HOME=/opt/rustwide/cargo-home" "-e" "RUSTUP_HOME=/opt/rustwide/rustup-home" "-e" "CARGO_TARGET_DIR=/opt/rustwide/target" "-w" "/opt/rustwide/workdir" "--user" "0:0" "bd675f00a7849d0d91998a81f9eb0c22090076af2e4d37b80608835f7c973e86" "/opt/rustwide/cargo-home/bin/cargo" "+1.99.0-beta.8" "metadata" "--no-deps" "--format-version=1", kill_on_drop: false }`
[INFO] running `Command { std: "docker" "inspect" "bd675f00a7849d0d91998a81f9eb0c22090076af2e4d37b80608835f7c973e86", kill_on_drop: false }`
[INFO] running `Command { std: "docker" "exec" "-e" "SOURCE_DIR=/opt/rustwide/workdir" "-e" "CARGO_HOME=/opt/rustwide/cargo-home" "-e" "RUSTUP_HOME=/opt/rustwide/rustup-home" "-e" "CARGO_TARGET_DIR=/opt/rustwide/target" "-e" "CARGO_INCREMENTAL=0" "-e" "RUST_BACKTRACE=full" "-e" "RUSTFLAGS=--cap-lints=warn" "-e" "RUSTDOCFLAGS=--cap-lints=warn" "-w" "/opt/rustwide/workdir" "--user" "0:0" "bd675f00a7849d0d91998a81f9eb0c22090076af2e4d37b80608835f7c973e86" "/opt/rustwide/cargo-home/bin/cargo" "+1.99.0-beta.8" "doc" "--frozen" "--no-deps" "--document-private-items" "--message-format=json", kill_on_drop: false }`
[INFO] [stderr]    Compiling quote v1.0.45
[INFO] [stderr]    Compiling serde_core v1.0.228
[INFO] [stderr]    Compiling serde v1.0.228
[INFO] [stderr]    Compiling libc v0.2.186
[INFO] [stderr]     Checking cfg-if v1.0.4
[INFO] [stderr]     Checking memchr v2.8.0
[INFO] [stderr]     Checking itoa v1.0.18
[INFO] [stderr]     Checking once_cell v1.21.4
[INFO] [stderr]    Compiling num-traits v0.2.19
[INFO] [stderr]     Checking futures-core v0.3.32
[INFO] [stderr]     Checking equivalent v1.0.2
[INFO] [stderr]     Checking pin-project-lite v0.2.17
[INFO] [stderr]     Checking libm v0.2.16
[INFO] [stderr]     Checking scopeguard v1.2.0
[INFO] [stderr]    Compiling zerocopy v0.8.48
[INFO] [stderr]    Compiling serde_json v1.0.149
[INFO] [stderr]     Checking lock_api v0.4.14
[INFO] [stderr]     Checking zmij v1.0.21
[INFO] [stderr]     Checking iana-time-zone v0.1.65
[INFO] [stderr]    Compiling icu_properties_data v2.2.0
[INFO] [stderr]    Compiling icu_normalizer_data v2.2.0
[INFO] [stderr]    Compiling schemars v0.8.22
[INFO] [stderr]     Checking dyn-clone v1.0.20
[INFO] [stderr]     Checking futures-sink v0.3.32
[INFO] [stderr]     Checking allocator-api2 v0.2.21
[INFO] [stderr]     Checking hashbrown v0.17.0
[INFO] [stderr]     Checking stable_deref_trait v1.2.1
[INFO] [stderr]     Checking slab v0.4.12
[INFO] [stderr]     Checking typenum v1.20.0
[INFO] [stderr]     Checking futures-io v0.3.32
[INFO] [stderr]     Checking zeroize v1.8.2
[INFO] [stderr]     Checking futures-channel v0.3.32
[INFO] [stderr]    Compiling unicode-segmentation v1.13.2
[INFO] [stderr]     Checking futures-task v0.3.32
[INFO] [stderr]    Compiling syn v2.0.117
[INFO] [stderr]    Compiling crossbeam-utils v0.8.21
[INFO] [stderr]     Checking writeable v0.6.3
[INFO] [stderr]     Checking litemap v0.8.2
[INFO] [stderr]     Checking foldhash v0.1.5
[INFO] [stderr]     Checking percent-encoding v2.3.2
[INFO] [stderr]     Checking tracing-core v0.1.36
[INFO] [stderr]     Checking utf8_iter v1.0.4
[INFO] [stderr]     Checking subtle v2.6.1
[INFO] [stderr]    Compiling dunce v1.0.5
[INFO] [stderr]    Compiling fs_extra v1.3.0
[INFO] [stderr]     Checking parking v2.2.1
[INFO] [stderr]    Compiling convert_case v0.10.0
[INFO] [stderr]     Checking const-oid v0.9.6
[INFO] [stderr]     Checking fnv v1.0.7
[INFO] [stderr]     Checking hashbrown v0.15.5
[INFO] [stderr]     Checking ryu v1.0.23
[INFO] [stderr]     Checking base64 v0.22.1
[INFO] [stderr]    Compiling ahash v0.8.12
[INFO] [stderr]     Checking winnow v1.0.2
[INFO] [stderr]     Checking form_urlencoded v1.2.2
[INFO] [stderr]     Checking rustls-pki-types v1.14.1
[INFO] [stderr]    Compiling aws-lc-rs v1.16.3
[INFO] [stderr]    Compiling proc-macro-error-attr2 v2.0.0
[INFO] [stderr]    Compiling getrandom v0.4.2
[INFO] [stderr]     Checking rand_core v0.10.1
[INFO] [stderr]     Checking cpufeatures v0.3.0
[INFO] [stderr]     Checking crc32fast v1.5.0
[INFO] [stderr]     Checking untrusted v0.9.0
[INFO] [stderr]    Compiling anyhow v1.0.102
[INFO] [stderr]     Checking concurrent-queue v2.5.0
[INFO] [stderr]     Checking toml_writer v1.1.1+spec-1.1.0
[INFO] [stderr]    Compiling nix v0.30.1
[INFO] [stderr]     Checking chacha20 v0.10.0
[INFO] [stderr]    Compiling rustls v0.23.39
[INFO] [stderr]     Checking unsafe-libyaml v0.2.11
[INFO] [stderr]     Checking event-listener v5.4.1
[INFO] [stderr]     Checking void v1.0.2
[INFO] [stderr]     Checking adler2 v2.0.1
[INFO] [stderr]     Checking simd-adler32 v0.3.9
[INFO] [stderr]     Checking result v1.0.0
[INFO] [stderr]     Checking aho-corasick v1.1.4
[INFO] [stderr]     Checking regex-syntax v0.8.10
[INFO] [stderr]     Checking base64ct v1.8.3
[INFO] [stderr]     Checking generic-array v0.14.7
[INFO] [stderr]     Checking miniz_oxide v0.8.9
[INFO] [stderr]    Compiling zstd-safe v7.2.4
[INFO] [stderr]    Compiling jobserver v0.1.34
[INFO] [stderr]     Checking cpufeatures v0.2.17
[INFO] [stderr]     Checking destructure_traitobject v0.2.0
[INFO] [stderr]     Checking pem-rfc7468 v0.7.0
[INFO] [stderr]     Checking unsafe-any-ors v1.0.0
[INFO] [stderr]     Checking event-listener-strategy v0.5.4
[INFO] [stderr]     Checking der v0.7.10
[INFO] [stderr]    Compiling bigdecimal v0.4.10
[INFO] [stderr]     Checking tinyvec_macros v0.1.1
[INFO] [stderr]     Checking num-integer v0.1.46
[INFO] [stderr]     Checking num-complex v0.4.6
[INFO] [stderr]     Checking atoi v2.0.0
[INFO] [stderr]     Checking flate2 v1.1.9
[INFO] [stderr]    Compiling cc v1.2.61
[INFO] [stderr]     Checking num-bigint v0.4.6
[INFO] [stderr]     Checking num-iter v0.1.45
[INFO] [stderr]     Checking ordered-float v2.10.1
[INFO] [stderr]     Checking foldhash v0.2.0
[INFO] [stderr]     Checking toml_parser v1.1.2+spec-1.1.0
[INFO] [stderr]     Checking spin v0.9.8
[INFO] [stderr]     Checking hex v0.4.3
[INFO] [stderr]     Checking lazy_static v1.5.0
[INFO] [stderr]     Checking errno v0.3.14
[INFO] [stderr]     Checking socket2 v0.6.3
[INFO] [stderr]     Checking getrandom v0.3.4
[INFO] [stderr]     Checking getrandom v0.2.17
[INFO] [stderr]     Checking signal-hook-registry v1.4.8
[INFO] [stderr]     Checking rand_core v0.9.5
[INFO] [stderr]     Checking thread-id v5.1.0
[INFO] [stderr]     Checking log v0.4.29
[INFO] [stderr]     Checking bitflags v2.11.1
[INFO] [stderr]     Checking indexmap v2.14.0
[INFO] [stderr]     Checking smol_str v0.3.6
[INFO] [stderr]     Checking block-buffer v0.10.4
[INFO] [stderr]     Checking mio v1.2.0
[INFO] [stderr]     Checking crypto-common v0.1.7
[INFO] [stderr]     Checking toml_datetime v1.1.1+spec-1.1.0
[INFO] [stderr]     Checking serde_spanned v1.1.1
[INFO] [stderr]     Checking rand v0.10.1
[INFO] [stderr]     Checking rand_core v0.6.4
[INFO] [stderr]     Checking hashbrown v0.16.1
[INFO] [stderr]     Checking digest v0.10.7
[INFO] [stderr]     Checking toml v1.1.2+spec-1.1.0
[INFO] [stderr]     Checking tinyvec v1.11.0
[INFO] [stderr]     Checking async-broadcast v0.7.2
[INFO] [stderr]     Checking spki v0.7.3
[INFO] [stderr]     Checking sha2 v0.10.9
[INFO] [stderr]     Checking typemap-ors v1.0.0
[INFO] [stderr]     Checking arc-swap v1.9.1
[INFO] [stderr]     Checking webpki-roots v1.0.7
[INFO] [stderr]     Checking log-mdc v0.1.0
[INFO] [stderr]     Checking arrow-schema v54.3.1
[INFO] [stderr]    Compiling num-bigint-dig v0.8.6
[INFO] [stderr]     Checking regex-automata v0.4.14
[INFO] [stderr]     Checking humantime v2.3.0
[INFO] [stderr]     Checking num-rational v0.4.2
[INFO] [stderr]     Checking crc-catalog v2.5.0
[INFO] [stderr]     Checking mock_instant v0.6.0
[INFO] [stderr]     Checking webpki-roots v0.26.11
[INFO] [stderr]     Checking pkcs8 v0.10.2
[INFO] [stderr]     Checking crc v3.4.0
[INFO] [stderr]    Compiling cmake v0.1.58
[INFO] [stderr]     Checking hmac v0.12.1
[INFO] [stderr]     Checking hashlink v0.10.0
[INFO] [stderr]     Checking crossbeam-queue v0.3.12
[INFO] [stderr]    Compiling rustix v1.1.4
[INFO] [stderr]     Checking unicode-bidi v0.3.18
[INFO] [stderr]    Compiling num-conv v0.2.1
[INFO] [stderr]     Checking unicode-properties v0.1.4
[INFO] [stderr]     Checking hkdf v0.12.4
[INFO] [stderr]     Checking num v0.4.3
[INFO] [stderr]     Checking uuid v1.23.1
[INFO] [stderr]     Checking pkcs1 v0.7.5
[INFO] [stderr]     Checking md-5 v0.10.6
[INFO] [stderr]     Checking signature v2.2.0
[INFO] [stderr]     Checking whoami v1.6.1
[INFO] [stderr]    Compiling smallvec v1.15.1
[INFO] [stderr]     Checking dotenvy v0.15.7
[INFO] [stderr]     Checking byteorder v1.5.0
[INFO] [stderr]     Checking linux-raw-sys v0.12.1
[INFO] [stderr]     Checking unicode-normalization v0.1.25
[INFO] [stderr]     Checking sha1 v0.10.6
[INFO] [stderr]     Checking lexical-util v1.0.7
[INFO] [stderr]     Checking unicase v2.9.0
[INFO] [stderr]     Checking home v0.5.12
[INFO] [stderr]    Compiling const_format_proc_macros v0.2.34
[INFO] [stderr]    Compiling libsqlite3-sys v0.30.1
[INFO] [stderr]    Compiling semver v1.0.28
[INFO] [stderr]     Checking httparse v1.10.1
[INFO] [stderr]    Compiling no_std_io2 v0.9.3
[INFO] [stderr]     Checking httpdate v1.0.3
[INFO] [stderr]    Compiling rle-decode-fast v1.0.3
[INFO] [stderr]    Compiling rustc_version v0.4.1
[INFO] [stderr]     Checking stringprep v0.1.5
[INFO] [stderr]    Compiling powerfmt v0.2.0
[INFO] [stderr]    Compiling tz-rs v0.7.3
[INFO] [stderr]    Compiling konst_macro_rules v0.2.19
[INFO] [stderr]    Compiling aws-lc-sys v0.40.0
[INFO] [stderr]    Compiling ring v0.17.14
[INFO] [stderr]    Compiling zstd-sys v2.0.16+zstd.1.5.7
[INFO] [stderr]    Compiling libz-sys v1.1.28
[INFO] [stderr]    Compiling libgit2-sys v0.18.3+1.9.2
[INFO] [stderr]    Compiling deranged v0.5.8
[INFO] [stderr]    Compiling flatbuffers v24.12.23
[INFO] [stderr]    Compiling konst v0.2.20
[INFO] [stderr]     Checking lexical-parse-integer v1.0.6
[INFO] [stderr]     Checking lexical-write-integer v1.0.6
[INFO] [stderr]    Compiling synstructure v0.13.2
[INFO] [stderr]    Compiling proc-macro-error2 v2.0.1
[INFO] [stderr]    Compiling darling_core v0.20.11
[INFO] [stderr]    Compiling tzdb_data v0.2.4
[INFO] [stderr]     Checking regex v1.12.3
[INFO] [stderr]     Checking lru v0.16.4
[INFO] [stderr]     Checking encoding_rs v0.8.35
[INFO] [stderr]    Compiling adler32 v1.2.0
[INFO] [stderr]    Compiling libflate_lz77 v2.3.0
[INFO] [stderr]     Checking anstyle v1.0.14
[INFO] [stderr]     Checking tower-service v0.3.3
[INFO] [stderr]     Checking fallible-streaming-iterator v0.1.9
[INFO] [stderr]    Compiling num_threads v0.1.7
[INFO] [stderr]     Checking arcstr v1.2.0
[INFO] [stderr]     Checking try-lock v0.2.5
[INFO] [stderr]     Checking atomic-waker v1.1.2
[INFO] [stderr]     Checking ascii_utils v0.9.3
[INFO] [stderr]     Checking fallible-iterator v0.3.0
[INFO] [stderr]    Compiling siphasher v1.0.2
[INFO] [stderr]    Compiling dary_heap v0.3.9
[INFO] [stderr]     Checking fast_chemail v0.9.6
[INFO] [stderr]    Compiling time v0.3.47
[INFO] [stderr]    Compiling phf_shared v0.13.1
[INFO] [stderr]     Checking want v0.3.1
[INFO] [stderr]    Compiling libflate v2.3.0
[INFO] [stderr]     Checking lexical-parse-float v1.0.6
[INFO] [stderr]    Compiling const_format v0.2.36
[INFO] [stderr]     Checking lexical-write-float v1.0.6
[INFO] [stderr]    Compiling openssl-sys v0.9.114
[INFO] [stderr]     Checking wp-primitives v0.2.0
[INFO] [stderr]     Checking hybrid-array v0.4.11
[INFO] [stderr]     Checking csv-core v0.1.13
[INFO] [stderr]     Checking unicode-width v0.2.2
[INFO] [stderr]     Checking bitflags v1.3.2
[INFO] [stderr]    Compiling fastrand v2.4.1
[INFO] [stderr]    Compiling is_debug v1.1.0
[INFO] [stderr]    Compiling toml_edit v0.25.11+spec-1.1.0
[INFO] [stderr]    Compiling serde_derive v1.0.228
[INFO] [stderr]    Compiling zerofrom-derive v0.1.7
[INFO] [stderr]    Compiling yoke-derive v0.8.2
[INFO] [stderr]    Compiling zerovec-derive v0.11.3
[INFO] [stderr]    Compiling displaydoc v0.2.5
[INFO] [stderr]    Compiling zerocopy-derive v0.8.48
[INFO] [stderr]    Compiling thiserror-impl v2.0.18
[INFO] [stderr]    Compiling tokio-macros v2.7.0
[INFO] [stderr]    Compiling futures-macro v0.3.32
[INFO] [stderr]    Compiling derive_more-impl v2.1.1
[INFO] [stderr]    Compiling tracing-attributes v0.1.31
[INFO] [stderr]    Compiling derive-getters v0.5.0
[INFO] [stderr]     Checking zerofrom v0.1.7
[INFO] [stderr]    Compiling contracts v0.6.7
[INFO] [stderr]     Checking yoke v0.8.2
[INFO] [stderr]    Compiling getset v0.1.6
[INFO] [stderr]     Checking zerovec v0.11.6
[INFO] [stderr]     Checking futures-util v0.3.32
[INFO] [stderr]     Checking zerotrie v0.2.4
[INFO] [stderr]    Compiling async-trait v0.1.89
[INFO] [stderr]     Checking thiserror v2.0.18
[INFO] [stderr]    Compiling strum_macros v0.27.2
[INFO] [stderr]     Checking tinystr v0.8.3
[INFO] [stderr]     Checking potential_utf v0.1.5
[INFO] [stderr]     Checking icu_collections v2.2.0
[INFO] [stderr]     Checking icu_locale_core v2.2.0
[INFO] [stderr]    Compiling darling_macro v0.20.11
[INFO] [stderr]    Compiling darling v0.20.11
[INFO] [stderr]    Compiling thiserror-impl v1.0.69
[INFO] [stderr]     Checking tracing v0.1.44
[INFO] [stderr]     Checking icu_provider v2.2.0
[INFO] [stderr]    Compiling derive_builder_core v0.20.2
[INFO] [stderr]    Compiling tzdb v0.7.3
[INFO] [stderr]    Compiling enum-ordinalize-derive v4.3.2
[INFO] [stderr]     Checking icu_properties v2.2.0
[INFO] [stderr]     Checking glob v0.3.3
[INFO] [stderr]     Checking thiserror v1.0.69
[INFO] [stderr]    Compiling enum-ordinalize v4.3.2
[INFO] [stderr]    Compiling proc-macro-crate v3.5.0
[INFO] [stderr]    Compiling enum_dispatch v0.3.13
[INFO] [stderr]    Compiling derive_builder_macro v0.20.2
[INFO] [stderr]    Compiling structmeta-derive v0.3.0
[INFO] [stderr]    Compiling phf_generator v0.13.1
[INFO] [stderr]    Compiling icu_normalizer v2.2.0
[INFO] [stderr]     Checking derive_builder v0.20.2
[INFO] [stderr]     Checking csv v1.4.0
[INFO] [stderr]     Checking lexical-core v1.0.6
[INFO] [stderr]     Checking mailchecker v6.0.20
[INFO] [stderr]    Compiling time-macros v0.2.27
[INFO] [stderr]    Compiling proc-macro2-diagnostics v0.10.1
[INFO] [stderr]     Checking utf8parse v0.2.2
[INFO] [stderr]     Checking futures-executor v0.3.32
[INFO] [stderr]     Checking phone v0.1.2
[INFO] [stderr]     Checking futures v0.3.32
[INFO] [stderr]     Checking local-waker v0.1.4
[INFO] [stderr]     Checking time-core v0.1.8
[INFO] [stderr]    Compiling litrs v1.0.0
[INFO] [stderr]     Checking bytes v1.11.1
[INFO] [stderr]     Checking chrono v0.4.44
[INFO] [stderr]     Checking wildmatch v2.6.1
[INFO] [stderr]     Checking serde_yaml v0.9.34+deprecated
[INFO] [stderr]     Checking os_info v3.14.0
[INFO] [stderr]     Checking serde_ini v0.2.0
[INFO] [stderr]     Checking parking_lot_core v0.9.12
[INFO] [stderr]     Checking parking_lot v0.12.5
[INFO] [stderr]     Checking serde-value v0.7.0
[INFO] [stderr]     Checking either v1.15.0
[INFO] [stderr]     Checking http v1.4.0
[INFO] [stderr]    Compiling idna_adapter v1.2.1
[INFO] [stderr]    Compiling idna v1.1.0
[INFO] [stderr]     Checking tokio v1.52.1
[INFO] [stderr]     Checking futures-intrusive v0.5.0
[INFO] [stderr]    Compiling url v2.5.8
[INFO] [stderr]     Checking scheduled-thread-pool v0.2.7
[INFO] [stderr]     Checking ipnet v2.12.0
[INFO] [stderr]    Compiling mockall_derive v0.14.0
[INFO] [stderr]     Checking r2d2 v0.8.10
[INFO] [stderr]     Checking http-body v1.0.1
[INFO] [stderr]     Checking predicates-core v1.0.10
[INFO] [stderr]     Checking strfmt v0.2.5
[INFO] [stderr]     Checking wp-model-core v0.8.6
[INFO] [stderr]     Checking orion_exp v1.20.7 (https://github.com/wp-labs/wp-motor?tag=v1.20.7#16cae9c5)
[INFO] [stderr]     Checking alloc-no-stdlib v2.0.4
[INFO] [stderr]     Checking ppv-lite86 v0.2.21
[INFO] [stderr]     Checking half v2.7.1
[INFO] [stderr]     Checking alloc-stdlib v0.2.2
[INFO] [stderr]     Checking wp-condition v1.20.7 (https://github.com/wp-labs/wp-motor?tag=v1.20.7#16cae9c5)
[INFO] [stderr]    Compiling document-features v0.2.12
[INFO] [stderr]     Checking http v0.2.12
[INFO] [stderr]     Checking orion_overload v1.20.7 (https://github.com/wp-labs/wp-motor?tag=v1.20.7#16cae9c5)
[INFO] [stderr]     Checking rand_chacha v0.3.1
[INFO] [stderr]     Checking rand_chacha v0.9.0
[INFO] [stderr]     Checking hashbrown v0.14.5
[INFO] [stderr]    Compiling structmeta v0.3.0
[INFO] [stderr]     Checking derive_more v2.1.1
[INFO] [stderr]     Checking arrow-buffer v54.3.1
[INFO] [stderr]     Checking orion-error v0.6.3
[INFO] [stderr]     Checking wp-data-fmt v0.2.4
[INFO] [stderr]     Checking rand v0.9.4
[INFO] [stderr]     Checking rand v0.8.6
[INFO] [stderr]     Checking anstyle-parse v1.0.0
[INFO] [stderr]    Compiling phf_codegen v0.13.1
[INFO] [stderr]     Checking hashlink v0.9.1
[INFO] [stderr]    Compiling num_enum_derive v0.7.6
[INFO] [stderr]     Checking orion-variate v0.11.2
[INFO] [stderr]     Checking wp-connector-api v0.8.2
[INFO] [stderr]     Checking wp-parse-api v0.8.1
[INFO] [stderr]     Checking wp-data-utils v1.20.7 (https://github.com/wp-labs/wp-motor?tag=v1.20.7#16cae9c5)
[INFO] [stderr]     Checking arrow-data v54.3.1
[INFO] [stderr]    Compiling educe v0.6.0
[INFO] [stderr]     Checking crypto-common v0.2.1
[INFO] [stderr]     Checking wp-specs v0.8.1
[INFO] [stderr]     Checking rusqlite v0.32.1
[INFO] [stderr]     Checking block-buffer v0.12.0
[INFO] [stderr]     Checking log4rs v1.4.0
[INFO] [stderr]    Compiling libssh2-sys v0.3.1
[INFO] [stderr]     Checking orion_conf v0.5.1
[INFO] [stderr]     Checking arrow-array v54.3.1
[INFO] [stderr]     Checking orion-sec v0.4.1
[INFO] [stderr]     Checking wp-conf-base v0.2.2
[INFO] [stderr]     Checking sync_wrapper v1.0.2
[INFO] [stderr]    Compiling rdkafka-sys v4.10.0+2.12.1
[INFO] [stderr]    Compiling async-io v2.6.0
[INFO] [stderr]     Checking is_terminal_polyfill v1.70.2
[INFO] [stderr]     Checking tower-layer v0.3.3
[INFO] [stderr]     Checking same-file v1.0.6
[INFO] [stderr]     Checking const-oid v0.10.2
[INFO] [stderr]    Compiling macro_rules_attribute-proc_macro v0.2.2
[INFO] [stderr]     Checking rsa v0.9.10
[INFO] [stderr]     Checking colorchoice v1.0.5
[INFO] [stderr]     Checking mime v0.3.17
[INFO] [stderr]     Checking termtree v0.5.1
[INFO] [stderr]     Checking wp-log v0.2.1
[INFO] [stderr]    Compiling mockall v0.14.0
[INFO] [stderr]    Compiling yansi v1.0.1
[INFO] [stderr]     Checking anstyle-query v1.1.5
[INFO] [stderr]     Checking openssl-probe v0.2.1
[INFO] [stderr]     Checking anstream v1.0.0
[INFO] [stderr]     Checking rustls-native-certs v0.8.3
[INFO] [stderr]     Checking macro_rules_attribute v0.2.2
[INFO] [stderr]     Checking predicates-tree v1.0.13
[INFO] [stderr]     Checking digest v0.11.2
[INFO] [stderr]     Checking futures-lite v2.6.1
[INFO] [stderr]     Checking wp-error v0.8.5
[INFO] [stderr]     Checking walkdir v2.5.0
[INFO] [stderr]     Checking r2d2_sqlite v0.25.0
[INFO] [stderr]    Compiling bytestring v1.5.0
[INFO] [stderr]     Checking num_enum v0.7.6
[INFO] [stderr]    Compiling jieba-macros v0.8.1
[INFO] [stderr]     Checking crossterm v0.29.0
[INFO] [stderr]     Checking wp-lang v0.1.10
[INFO] [stderr]     Checking phf v0.13.1
[INFO] [stderr]    Compiling parse-display-derive v0.10.0
[INFO] [stderr]     Checking brotli-decompressor v5.0.0
[INFO] [stderr]     Checking predicates v3.1.4
[INFO] [stderr]     Checking http-body-util v0.1.3
[INFO] [stderr]     Checking cedarwood v0.4.6
[INFO] [stderr]     Checking actix-utils v3.0.1
[INFO] [stderr]     Checking polling v3.11.0
[INFO] [stderr]    Compiling inherent v1.0.13
[INFO] [stderr]     Checking ordered-float v4.6.0
[INFO] [stderr]     Checking actix-service v2.0.3
[INFO] [stderr]     Checking arrow-select v54.3.1
[INFO] [stderr]     Checking arrow-row v54.3.1
[INFO] [stderr]     Checking arrow-ipc v54.3.1
[INFO] [stderr]     Checking arrow-arith v54.3.1
[INFO] [stderr]     Checking fragile v2.1.0
[INFO] [stderr]     Checking tokio-stream v0.1.18
[INFO] [stderr]     Checking tokio-util v0.7.18
[INFO] [stderr]     Checking actix-rt v2.11.0
[INFO] [stderr]     Checking tower v0.5.3
[INFO] [stderr]    Compiling cookie v0.16.2
[INFO] [stderr]     Checking arrow-string v54.3.1
[INFO] [stderr]     Checking arrow-cast v54.3.1
[INFO] [stderr]     Checking arrow-ord v54.3.1
[INFO] [stderr]     Checking h2 v0.4.13
[INFO] [stderr]     Checking downcast v0.11.0
[INFO] [stderr]     Checking base64 v0.21.7
[INFO] [stderr]    Compiling dtor-proc-macro v0.0.12
[INFO] [stderr]     Checking rustc-hash v2.1.2
[INFO] [stderr]     Checking strsim v0.11.1
[INFO] [stderr]     Checking iri-string v0.7.12
[INFO] [stderr]    Compiling protobuf v3.7.2
[INFO] [stderr]     Checking utf8-width v0.1.8
[INFO] [stderr]    Compiling regex-lite v0.1.9
[INFO] [stderr]     Checking never-say-never v6.6.666
[INFO] [stderr]     Checking clap_lex v1.1.0
[INFO] [stderr]     Checking html-escape v0.2.13
[INFO] [stderr]     Checking higher-kinded-types v0.2.1
[INFO] [stderr]     Checking clap_builder v4.6.0
[INFO] [stderr]     Checking imap-types v1.0.0
[INFO] [stderr]     Checking dtor v0.6.0
[INFO] [stderr]     Checking parse-display v0.10.0
[INFO] [stderr]    Compiling ouroboros_macro v0.18.5
[INFO] [stderr]     Checking actix-codec v0.5.2
[INFO] [stderr]     Checking h2 v0.3.27
[INFO] [stderr]     Checking arrow v54.3.1
[INFO] [stderr]    Compiling actix-router v0.5.4
[INFO] [stderr]     Checking sea-query v0.32.7
[INFO] [stderr]     Checking wp-arrow v0.1.1
[INFO] [stderr]     Checking brotli v8.0.2
[INFO] [stderr]     Checking comfy-table v7.2.2
[INFO] [stderr]     Checking sha1 v0.11.0
[INFO] [stderr]     Checking local-channel v0.1.5
[INFO] [stderr]     Checking protobuf-support v3.7.2
[INFO] [stderr]    Compiling clap_derive v4.6.1
[INFO] [stderr]    Compiling async-stream-impl v0.3.6
[INFO] [stderr]     Checking tower-http v0.6.8
[INFO] [stderr]    Compiling serde_derive_internals v0.29.1
[INFO] [stderr]    Compiling tikv-jemalloc-sys v0.6.1+5.3.0-1-ge13ca993e8ccb9ba9847cc330696e02839f328f7
[INFO] [stderr]     Checking socket2 v0.5.10
[INFO] [stderr]     Checking hostname v0.4.2
[INFO] [stderr]     Checking sysinfo v0.38.4
[INFO] [stderr]    Compiling ctor-proc-macro v0.0.12
[INFO] [stderr]     Checking link-section v0.0.12
[INFO] [stderr]     Checking language-tags v0.3.2
[INFO] [stderr]     Checking aliasable v0.1.3
[INFO] [stderr]    Compiling prometheus v0.14.0
[INFO] [stderr]     Checking escape8259 v0.5.3
[INFO] [stderr]     Checking strum v0.28.0
[INFO] [stderr]     Checking static_assertions v1.1.0
[INFO] [stderr]     Checking md5 v0.8.0
[INFO] [stderr]     Checking ouroboros v0.18.5
[INFO] [stderr]     Checking shadow-rs v1.7.1
[INFO] [stderr]     Checking ctor v0.9.1
[INFO] [stderr]     Checking hyper v1.9.0
[INFO] [stderr]     Checking actix-server v2.6.0
[INFO] [stderr]     Checking zstd v0.13.3
[INFO] [stderr]    Compiling clickhouse-macros v0.3.0
[INFO] [stderr]     Checking async-stream v0.3.6
[INFO] [stderr]     Checking wp-core-connectors v0.1.4
[INFO] [stderr]     Checking wp-stats v1.20.7 (https://github.com/wp-labs/wp-motor?tag=v1.20.7#16cae9c5)
[INFO] [stderr]    Compiling include-flate-compress v0.3.3
[INFO] [stderr]    Compiling actix-web-codegen v4.3.0
[INFO] [stderr]    Compiling include-flate-codegen v0.3.3
[INFO] [stderr]     Checking async-signal v0.2.14
[INFO] [stderr]     Checking portable-atomic v1.13.1
[INFO] [stderr]     Checking polonius-the-crab v0.5.0
[INFO] [stderr]     Checking wp-enrich-api v0.1.0 (https://github.com/wp-labs/wp-advanced-api?tag=v0.1.0#9ed1d5c9)
[INFO] [stderr]     Checking clickhouse-types v0.1.2
[INFO] [stderr]     Checking wp-ctrl-api v0.1.0 (https://github.com/wp-labs/wp-advanced-api?tag=v0.1.0#9ed1d5c9)
[INFO] [stderr]     Checking serde_urlencoded v0.7.1
[INFO] [stderr]     Checking clap v4.6.1
[INFO] [stderr]     Checking include-flate v0.3.3
[INFO] [stderr]     Checking xattr v1.6.1
[INFO] [stderr]     Checking jieba-rs v0.8.1
[INFO] [stderr]    Compiling actix-macros v0.2.4
[INFO] [stderr]    Compiling sea-orm-macros v1.1.20
[INFO] [stderr]     Checking console v0.16.3
[INFO] [stderr]     Checking filetime v0.2.27
[INFO] [stderr]     Checking bstr v1.12.1
[INFO] [stderr]     Checking impl-more v0.1.9
[INFO] [stderr]     Checking tokio-async-drop v0.1.0
[INFO] [stderr]     Checking cityhash-rs v1.0.1
[INFO] [stderr]     Checking unit-prefix v0.5.2
[INFO] [stderr]     Checking strum v0.26.3
[INFO] [stderr]     Checking lz4_flex v0.11.6
[INFO] [stderr]     Checking bnum v0.13.0
[INFO] [stderr]     Checking tar v0.4.45
[INFO] [stderr]     Checking orion_exp v0.1.2
[INFO] [stderr]     Checking hyper-util v0.1.20
[INFO] [stderr]     Checking openssl-probe v0.1.6
[INFO] [stderr]     Checking indicatif v0.18.4
[INFO] [stderr]     Checking actix-http v3.12.1
[INFO] [stderr]     Checking actix-web v4.13.0
[INFO] [stderr]     Checking clickhouse v0.15.0
[INFO] [stderr]    Compiling git2 v0.20.4
[INFO] [stderr] error: could not compile `shadow-rs` (lib)
[INFO] [stderr] 
[INFO] [stderr] Caused by:
[INFO] [stderr]   process didn't exit successfully: `/opt/rustwide/rustup-home/toolchains/1.99.0-beta.8-x86_64-unknown-linux-gnu/bin/rustc --crate-name shadow_rs --edition=2021 /opt/rustwide/cargo-home/registry/src/index.crates.io-1949cf8c6b5b557f/shadow-rs-1.7.1/src/lib.rs --error-format=json --json=diagnostic-rendered-ansi,artifacts,future-incompat --crate-type lib --emit=dep-info,metadata,link -C embed-bitcode=no --cfg 'feature="build"' --cfg 'feature="default"' --cfg 'feature="git2"' --cfg 'feature="std"' --cfg 'feature="time"' --cfg 'feature="tzdb"' --check-cfg 'cfg(docsrs,test)' --check-cfg 'cfg(feature, values("build", "cargo_metadata", "default", "document-features", "git2", "metadata", "no_std", "serde_json", "std", "time", "tzdb"))' -C metadata=5906d71a6b07f706 -C extra-filename=-a502024192467068 --out-dir /opt/rustwide/target/debug/deps -L dependency=/opt/rustwide/target/debug/deps --extern const_format=/opt/rustwide/target/debug/deps/libconst_format-816183ba8e16d545.rmeta --extern git2=/opt/rustwide/target/debug/deps/libgit2-b5b4854da7ae3c84.rmeta --extern is_debug=/opt/rustwide/target/debug/deps/libis_debug-fe9d4e75f69e132c.rmeta --extern time=/opt/rustwide/target/debug/deps/libtime-782a467b67689692.rmeta --extern tzdb=/opt/rustwide/target/debug/deps/libtzdb-8fa8d045119e2a7e.rmeta --cap-lints allow --cap-lints=warn -L native=/opt/rustwide/target/debug/build/libgit2-sys-034a662b26b2e5e6/out/build` (signal: 9, SIGKILL: kill)
[INFO] [stderr] warning: build failed, waiting for other jobs to finish...
[INFO] [stderr] error: could not compile `git2` (lib)
[INFO] [stderr] 
[INFO] [stderr] Caused by:
[INFO] [stderr]   process didn't exit successfully: `/opt/rustwide/rustup-home/toolchains/1.99.0-beta.8-x86_64-unknown-linux-gnu/bin/rustc --crate-name git2 --edition=2018 /opt/rustwide/cargo-home/registry/src/index.crates.io-1949cf8c6b5b557f/git2-0.20.4/src/lib.rs --error-format=json --json=diagnostic-rendered-ansi,artifacts,future-incompat --crate-type lib --emit=dep-info,metadata,link -C embed-bitcode=no --check-cfg 'cfg(docsrs,test)' --check-cfg 'cfg(feature, values("default", "https", "openssl-probe", "openssl-sys", "ssh", "unstable", "vendored-libgit2", "vendored-openssl", "zlib-ng-compat"))' -C metadata=6ea5f61583742c21 -C extra-filename=-b5b4854da7ae3c84 --out-dir /opt/rustwide/target/debug/deps -L dependency=/opt/rustwide/target/debug/deps --extern bitflags=/opt/rustwide/target/debug/deps/libbitflags-777bf451946e8ae1.rmeta --extern libc=/opt/rustwide/target/debug/deps/liblibc-1a631ae8c08eeb74.rmeta --extern libgit2_sys=/opt/rustwide/target/debug/deps/liblibgit2_sys-42052e7a959ca0b4.rmeta --extern log=/opt/rustwide/target/debug/deps/liblog-a938a9922e13232c.rmeta --extern url=/opt/rustwide/target/debug/deps/liburl-9d0bc9734b739dee.rmeta --cap-lints allow --cap-lints=warn -L native=/opt/rustwide/target/debug/build/libgit2-sys-034a662b26b2e5e6/out/build` (signal: 9, SIGKILL: kill)
[INFO] [stderr] error: could not compile `git2` (lib)
[INFO] [stderr] 
[INFO] [stderr] Caused by:
[INFO] [stderr]   process didn't exit successfully: `/opt/rustwide/rustup-home/toolchains/1.99.0-beta.8-x86_64-unknown-linux-gnu/bin/rustc --crate-name git2 --edition=2018 /opt/rustwide/cargo-home/registry/src/index.crates.io-1949cf8c6b5b557f/git2-0.20.4/src/lib.rs --error-format=json --json=diagnostic-rendered-ansi,artifacts,future-incompat --crate-type lib --emit=dep-info,metadata -C panic=abort -C embed-bitcode=no -C debuginfo=2 --cfg 'feature="default"' --cfg 'feature="https"' --cfg 'feature="openssl-probe"' --cfg 'feature="openssl-sys"' --cfg 'feature="ssh"' --check-cfg 'cfg(docsrs,test)' --check-cfg 'cfg(feature, values("default", "https", "openssl-probe", "openssl-sys", "ssh", "unstable", "vendored-libgit2", "vendored-openssl", "zlib-ng-compat"))' -C metadata=f48e75e4b09a34b5 -C extra-filename=-218ebbae193c1324 --out-dir /opt/rustwide/target/debug/deps -L dependency=/opt/rustwide/target/debug/deps --extern bitflags=/opt/rustwide/target/debug/deps/libbitflags-09dc98fa99d4168b.rmeta --extern libc=/opt/rustwide/target/debug/deps/liblibc-ab8546d42a3018f4.rmeta --extern libgit2_sys=/opt/rustwide/target/debug/deps/liblibgit2_sys-b7f6b4577fcefed8.rmeta --extern log=/opt/rustwide/target/debug/deps/liblog-b7c97c153a0398ec.rmeta --extern openssl_probe=/opt/rustwide/target/debug/deps/libopenssl_probe-405153c567a776c1.rmeta --extern openssl_sys=/opt/rustwide/target/debug/deps/libopenssl_sys-41a61e934b679207.rmeta --extern url=/opt/rustwide/target/debug/deps/liburl-59ac1cc04579b7fc.rmeta --cap-lints allow --cap-lints=warn -L native=/opt/rustwide/target/debug/build/libgit2-sys-457d5be61b73ade4/out/build -L native=/opt/rustwide/target/debug/build/libssh2-sys-b6026749bd746d86/out/build` (signal: 9, SIGKILL: kill)
[INFO] [stderr] error: failed to run custom build command for `rdkafka-sys v4.10.0+2.12.1`
[INFO] [stderr] note: To improve backtraces for build dependencies, set the CARGO_PROFILE_DEV_BUILD_OVERRIDE_DEBUG=true environment variable to enable debug information generation.
[INFO] [stderr] 
[INFO] [stderr] Caused by:
[INFO] [stderr]   process didn't exit successfully: `/opt/rustwide/target/debug/build/rdkafka-sys-de94601e1c719bcb/build-script-build` (exit status: 101)
[INFO] [stderr]   --- stdout
[INFO] [stderr]   Cloning librdkafka
[INFO] [stderr]   Configuring librdkafka
[INFO] [stderr]   checking for OS or distribution... ok (ubuntu)
[INFO] [stderr]   checking for C compiler from CC env... failed
[INFO] [stderr]   checking for gcc (by command)... ok
[INFO] [stderr]   checking for C++ compiler from CXX env... failed
[INFO] [stderr]   checking for C++ compiler (g++)... ok
[INFO] [stderr]   checking executable ld... ok
[INFO] [stderr]   checking executable nm... ok
[INFO] [stderr]   checking executable objdump... ok
[INFO] [stderr]   checking executable strip... ok
[INFO] [stderr]   checking executable libtool... ok
[INFO] [stderr]   checking executable ranlib... ok
[INFO] [stderr]   checking for pkgconfig (by command)... ok
[INFO] [stderr]   checking for install (by command)... ok
[INFO] [stderr]   checking for GNU ar... ok
[INFO] [stderr]   checking for PIC (by compile)... ok
[INFO] [stderr]   checking for GNU-compatible linker options... ok
[INFO] [stderr]   checking for GNU linker-script ld flag... ok
[INFO] [stderr]   checking for __atomic_32 (by compile)... ok
[INFO] [stderr]   checking for __atomic_64 (by compile)... ok
[INFO] [stderr]   checking for socket (by compile)... ok
[INFO] [stderr]   parsing version '0x020c01ff'... ok (2.12.1)
[INFO] [stderr]   checking for librt (by pkg-config)... failed
[INFO] [stderr]   checking for librt (by compile)... ok
[INFO] [stderr]   checking for libpthread (by pkg-config)... failed
[INFO] [stderr]   checking for libpthread (by compile)... ok
[INFO] [stderr]   checking for c11threads (by pkg-config)... failed
[INFO] [stderr]   checking for c11threads (by compile)... ok
[INFO] [stderr]   checking for libdl (by pkg-config)... failed
[INFO] [stderr]   checking for libdl (by compile)... ok
[INFO] [stderr]   checking for zlib (by pkg-config)... ok
[INFO] [stderr]   checking for libm (by pkg-config)... failed
[INFO] [stderr]   checking for libm (by compile)... ok
[INFO] [stderr]   checking for syslog (by compile)... ok
[INFO] [stderr]   checking for rapidjson (by compile)... failed (disable)
[INFO] [stderr]   checking for crc32chw (by compile)... ok
[INFO] [stderr]   checking for regex (by compile)... ok
[INFO] [stderr]   checking for rand_r (by compile)... ok
[INFO] [stderr]   checking for strndup (by compile)... ok
[INFO] [stderr]   checking for strlcpy (by compile)... ok
[INFO] [stderr]   checking for strerror_r (by compile)... ok
[INFO] [stderr]   checking for strcasestr (by compile)... ok
[INFO] [stderr]   checking for pthread_setname_gnu (by compile)... ok
[INFO] [stderr]   checking for nm (by env NM)... ok (cached)
[INFO] [stderr]   checking for python3 (by command)... ok
[INFO] [stderr]   checking for getrusage (by compile)... ok
[INFO] [stderr]   Generated Makefile.config
[INFO] [stderr]   Generated config.h
[INFO] [stderr] 
[INFO] [stderr]   Configuration summary:
[INFO] [stderr]     prefix                   /usr/local
[INFO] [stderr]     MKL_DISTRO               ubuntu
[INFO] [stderr]     SOLIB_EXT                .so
[INFO] [stderr]     ARCH                     x86_64
[INFO] [stderr]     CPU                      generic
[INFO] [stderr]     GEN_PKG_CONFIG           y
[INFO] [stderr]     MKL_APP_NAME             librdkafka
[INFO] [stderr]     MKL_APP_DESC_ONELINE     The Apache Kafka C/C++ library
[INFO] [stderr]     CC                       gcc
[INFO] [stderr]     CXX                      g++
[INFO] [stderr]     LD                       ld
[INFO] [stderr]     NM                       nm
[INFO] [stderr]     OBJDUMP                  objdump
[INFO] [stderr]     STRIP                    strip
[INFO] [stderr]     LIBTOOL                  libtool
[INFO] [stderr]     RANLIB                   ranlib
[INFO] [stderr]     CPPFLAGS                 -g -O2 -fPIC -Wall -Wsign-compare -Wfloat-equal -Wpointer-arith -Wcast-align
[INFO] [stderr]     PKG_CONFIG               pkg-config
[INFO] [stderr]     INSTALL                  /usr/bin/install
[INFO] [stderr]     HAS_GNU_AR               y
[INFO] [stderr]     LIB_LDFLAGS              -shared -Wl,-soname,$(LIBFILENAME)
[INFO] [stderr]     LDFLAG_LINKERSCRIPT      -Wl,--version-script=
[INFO] [stderr]     RDKAFKA_VERSION_STR      2.12.1
[INFO] [stderr]     MKL_APP_VERSION          2.12.1
[INFO] [stderr]     LIBS                     -lm -lz -ldl -lpthread -lrt -lpthread -lrt
[INFO] [stderr]     MKL_PKGCONFIG_LIBS_PRIVATE -lm -ldl -lpthread -lrt -lpthread -lrt
[INFO] [stderr]     MKL_PKGCONFIG_REQUIRES_PRIVATE zlib
[INFO] [stderr]     CFLAGS                   
[INFO] [stderr]     MKL_PKGCONFIG_REQUIRES   zlib
[INFO] [stderr]     CXXFLAGS                 -Wno-non-virtual-dtor
[INFO] [stderr]     SYMDUMPER                $(NM) -D
[INFO] [stderr]     MKL_DYNAMIC_LIBS         -lm -lz -ldl -lpthread -lrt -lpthread -lrt
[INFO] [stderr]     exec_prefix              /usr/local
[INFO] [stderr]     bindir                   /usr/local/bin
[INFO] [stderr]     sbindir                  /usr/local/sbin
[INFO] [stderr]     libexecdir               /usr/local/libexec
[INFO] [stderr]     datadir                  /usr/local/share
[INFO] [stderr]     sysconfdir               /usr/local/etc
[INFO] [stderr]     sharedstatedir           /usr/local/com
[INFO] [stderr]     localstatedir            /usr/local/var
[INFO] [stderr]     runstatedir              /usr/local/var/run
[INFO] [stderr]     libdir                   /usr/local/lib
[INFO] [stderr]     includedir               /usr/local/include
[INFO] [stderr]     infodir                  /usr/local/info
[INFO] [stderr]     mandir                   /usr/local/man
[INFO] [stderr]     BUILT_WITH               GCC GXX PKGCONFIG INSTALL GNULD LDS C11THREADS LIBDL PLUGINS ZLIB HDRHISTOGRAM SYSLOG SNAPPY SOCKEM CRC32C_HW
[INFO] [stderr]   Generated config.cache
[INFO] [stderr] 
[INFO] [stderr]   Now type 'make' to build
[INFO] [stderr]   Compiling librdkafka
[INFO] [stderr]   make[1]: Entering directory '/opt/rustwide/target/debug/build/rdkafka-sys-eeaa56e20e3ee595/out/src'
[INFO] [stderr]   gcc -MD -MP -g -O2 -fPIC -Wall -Wsign-compare -Wfloat-equal -Wpointer-arith -Wcast-align -I.  -c rdkafka.c -o rdkafka.o
[INFO] [stderr]   gcc -MD -MP -g -O2 -fPIC -Wall -Wsign-compare -Wfloat-equal -Wpointer-arith -Wcast-align -I.  -c rdkafka_broker.c -o rdkafka_broker.o
[INFO] [stderr]   gcc -MD -MP -g -O2 -fPIC -Wall -Wsign-compare -Wfloat-equal -Wpointer-arith -Wcast-align -I.  -c rdkafka_msg.c -o rdkafka_msg.o
[INFO] [stderr]   gcc -MD -MP -g -O2 -fPIC -Wall -Wsign-compare -Wfloat-equal -Wpointer-arith -Wcast-align -I.  -c rdkafka_topic.c -o rdkafka_topic.o
[INFO] [stderr]   gcc -MD -MP -g -O2 -fPIC -Wall -Wsign-compare -Wfloat-equal -Wpointer-arith -Wcast-align -I.  -c rdkafka_conf.c -o rdkafka_conf.o
[INFO] [stderr]   gcc -MD -MP -g -O2 -fPIC -Wall -Wsign-compare -Wfloat-equal -Wpointer-arith -Wcast-align -I.  -c rdkafka_timer.c -o rdkafka_timer.o
[INFO] [stderr]   gcc -MD -MP -g -O2 -fPIC -Wall -Wsign-compare -Wfloat-equal -Wpointer-arith -Wcast-align -I.  -c rdkafka_offset.c -o rdkafka_offset.o
[INFO] [stderr]   gcc -MD -MP -g -O2 -fPIC -Wall -Wsign-compare -Wfloat-equal -Wpointer-arith -Wcast-align -I.  -c rdkafka_transport.c -o rdkafka_transport.o
[INFO] [stderr]   gcc -MD -MP -g -O2 -fPIC -Wall -Wsign-compare -Wfloat-equal -Wpointer-arith -Wcast-align -I.  -c rdkafka_buf.c -o rdkafka_buf.o
[INFO] [stderr]   gcc -MD -MP -g -O2 -fPIC -Wall -Wsign-compare -Wfloat-equal -Wpointer-arith -Wcast-align -I.  -c rdkafka_queue.c -o rdkafka_queue.o
[INFO] [stderr]   gcc -MD -MP -g -O2 -fPIC -Wall -Wsign-compare -Wfloat-equal -Wpointer-arith -Wcast-align -I.  -c rdkafka_op.c -o rdkafka_op.o
[INFO] [stderr]   gcc -MD -MP -g -O2 -fPIC -Wall -Wsign-compare -Wfloat-equal -Wpointer-arith -Wcast-align -I.  -c rdkafka_request.c -o rdkafka_request.o
[INFO] [stderr]   gcc -MD -MP -g -O2 -fPIC -Wall -Wsign-compare -Wfloat-equal -Wpointer-arith -Wcast-align -I.  -c rdkafka_cgrp.c -o rdkafka_cgrp.o
[INFO] [stderr]   gcc -MD -MP -g -O2 -fPIC -Wall -Wsign-compare -Wfloat-equal -Wpointer-arith -Wcast-align -I.  -c rdkafka_pattern.c -o rdkafka_pattern.o
[INFO] [stderr]   gcc -MD -MP -g -O2 -fPIC -Wall -Wsign-compare -Wfloat-equal -Wpointer-arith -Wcast-align -I.  -c rdkafka_partition.c -o rdkafka_partition.o
[INFO] [stderr]   gcc -MD -MP -g -O2 -fPIC -Wall -Wsign-compare -Wfloat-equal -Wpointer-arith -Wcast-align -I.  -c rdkafka_subscription.c -o rdkafka_subscription.o
[INFO] [stderr]   gcc -MD -MP -g -O2 -fPIC -Wall -Wsign-compare -Wfloat-equal -Wpointer-arith -Wcast-align -I.  -c rdkafka_assignment.c -o rdkafka_assignment.o
[INFO] [stderr]   gcc -MD -MP -g -O2 -fPIC -Wall -Wsign-compare -Wfloat-equal -Wpointer-arith -Wcast-align -I.  -c rdkafka_assignor.c -o rdkafka_assignor.o
[INFO] [stderr]   gcc -MD -MP -g -O2 -fPIC -Wall -Wsign-compare -Wfloat-equal -Wpointer-arith -Wcast-align -I.  -c rdkafka_range_assignor.c -o rdkafka_range_assignor.o
[INFO] [stderr]   gcc -MD -MP -g -O2 -fPIC -Wall -Wsign-compare -Wfloat-equal -Wpointer-arith -Wcast-align -I.  -c rdkafka_roundrobin_assignor.c -o rdkafka_roundrobin_assignor.o
[INFO] [stderr]   gcc -MD -MP -g -O2 -fPIC -Wall -Wsign-compare -Wfloat-equal -Wpointer-arith -Wcast-align -I.  -c rdkafka_sticky_assignor.c -o rdkafka_sticky_assignor.o
[INFO] [stderr]   gcc -MD -MP -g -O2 -fPIC -Wall -Wsign-compare -Wfloat-equal -Wpointer-arith -Wcast-align -I.  -c rdkafka_feature.c -o rdkafka_feature.o
[INFO] [stderr]   gcc -MD -MP -g -O2 -fPIC -Wall -Wsign-compare -Wfloat-equal -Wpointer-arith -Wcast-align -I.  -c rdcrc32.c -o rdcrc32.o
[INFO] [stderr]   gcc -MD -MP -g -O2 -fPIC -Wall -Wsign-compare -Wfloat-equal -Wpointer-arith -Wcast-align -I.  -c crc32c.c -o crc32c.o
[INFO] [stderr]   gcc -MD -MP -g -O2 -fPIC -Wall -Wsign-compare -Wfloat-equal -Wpointer-arith -Wcast-align -I.  -c rdmurmur2.c -o rdmurmur2.o
[INFO] [stderr]   gcc -MD -MP -g -O2 -fPIC -Wall -Wsign-compare -Wfloat-equal -Wpointer-arith -Wcast-align -I.  -c rdfnv1a.c -o rdfnv1a.o
[INFO] [stderr]   gcc -MD -MP -g -O2 -fPIC -Wall -Wsign-compare -Wfloat-equal -Wpointer-arith -Wcast-align -I.  -c cJSON.c -o cJSON.o
[INFO] [stderr]   gcc -MD -MP -g -O2 -fPIC -Wall -Wsign-compare -Wfloat-equal -Wpointer-arith -Wcast-align -I.  -c rdaddr.c -o rdaddr.o
[INFO] [stderr]   gcc -MD -MP -g -O2 -fPIC -Wall -Wsign-compare -Wfloat-equal -Wpointer-arith -Wcast-align -I.  -c rdrand.c -o rdrand.o
[INFO] [stderr]   gcc -MD -MP -g -O2 -fPIC -Wall -Wsign-compare -Wfloat-equal -Wpointer-arith -Wcast-align -I.  -c rdlist.c -o rdlist.o
[INFO] [stderr]   gcc -MD -MP -g -O2 -fPIC -Wall -Wsign-compare -Wfloat-equal -Wpointer-arith -Wcast-align -I.  -c tinycthread.c -o tinycthread.o
[INFO] [stderr]   gcc -MD -MP -g -O2 -fPIC -Wall -Wsign-compare -Wfloat-equal -Wpointer-arith -Wcast-align -I.  -c tinycthread_extra.c -o tinycthread_extra.o
[INFO] [stderr]   gcc -MD -MP -g -O2 -fPIC -Wall -Wsign-compare -Wfloat-equal -Wpointer-arith -Wcast-align -I.  -c rdlog.c -o rdlog.o
[INFO] [stderr]   gcc -MD -MP -g -O2 -fPIC -Wall -Wsign-compare -Wfloat-equal -Wpointer-arith -Wcast-align -I.  -c rdstring.c -o rdstring.o
[INFO] [stderr]   gcc -MD -MP -g -O2 -fPIC -Wall -Wsign-compare -Wfloat-equal -Wpointer-arith -Wcast-align -I.  -c rdkafka_event.c -o rdkafka_event.o
[INFO] [stderr]   gcc -MD -MP -g -O2 -fPIC -Wall -Wsign-compare -Wfloat-equal -Wpointer-arith -Wcast-align -I.  -c rdkafka_metadata.c -o rdkafka_metadata.o
[INFO] [stderr]   gcc -MD -MP -g -O2 -fPIC -Wall -Wsign-compare -Wfloat-equal -Wpointer-arith -Wcast-align -I.  -c rdregex.c -o rdregex.o
[INFO] [stderr]   gcc -MD -MP -g -O2 -fPIC -Wall -Wsign-compare -Wfloat-equal -Wpointer-arith -Wcast-align -I.  -c rdports.c -o rdports.o
[INFO] [stderr]   gcc -MD -MP -g -O2 -fPIC -Wall -Wsign-compare -Wfloat-equal -Wpointer-arith -Wcast-align -I.  -c rdkafka_metadata_cache.c -o rdkafka_metadata_cache.o
[INFO] [stderr]   gcc -MD -MP -g -O2 -fPIC -Wall -Wsign-compare -Wfloat-equal -Wpointer-arith -Wcast-align -I.  -c rdavl.c -o rdavl.o
[INFO] [stderr]   gcc -MD -MP -g -O2 -fPIC -Wall -Wsign-compare -Wfloat-equal -Wpointer-arith -Wcast-align -I.  -c rdkafka_sasl.c -o rdkafka_sasl.o
[INFO] [stderr]   gcc -MD -MP -g -O2 -fPIC -Wall -Wsign-compare -Wfloat-equal -Wpointer-arith -Wcast-align -I.  -c rdkafka_sasl_plain.c -o rdkafka_sasl_plain.o
[INFO] [stderr]   gcc -MD -MP -g -O2 -fPIC -Wall -Wsign-compare -Wfloat-equal -Wpointer-arith -Wcast-align -I.  -c rdkafka_interceptor.c -o rdkafka_interceptor.o
[INFO] [stderr]   gcc -MD -MP -g -O2 -fPIC -Wall -Wsign-compare -Wfloat-equal -Wpointer-arith -Wcast-align -I.  -c rdkafka_msgset_writer.c -o rdkafka_msgset_writer.o
[INFO] [stderr]   gcc -MD -MP -g -O2 -fPIC -Wall -Wsign-compare -Wfloat-equal -Wpointer-arith -Wcast-align -I.  -c rdkafka_msgset_reader.c -o rdkafka_msgset_reader.o
[INFO] [stderr]   gcc -MD -MP -g -O2 -fPIC -Wall -Wsign-compare -Wfloat-equal -Wpointer-arith -Wcast-align -I.  -c rdkafka_header.c -o rdkafka_header.o
[INFO] [stderr]   gcc -MD -MP -g -O2 -fPIC -Wall -Wsign-compare -Wfloat-equal -Wpointer-arith -Wcast-align -I.  -c rdkafka_admin.c -o rdkafka_admin.o
[INFO] [stderr]   gcc -MD -MP -g -O2 -fPIC -Wall -Wsign-compare -Wfloat-equal -Wpointer-arith -Wcast-align -I.  -c rdkafka_aux.c -o rdkafka_aux.o
[INFO] [stderr]   gcc -MD -MP -g -O2 -fPIC -Wall -Wsign-compare -Wfloat-equal -Wpointer-arith -Wcast-align -I.  -c rdkafka_background.c -o rdkafka_background.o
[INFO] [stderr]   gcc -MD -MP -g -O2 -fPIC -Wall -Wsign-compare -Wfloat-equal -Wpointer-arith -Wcast-align -I.  -c rdkafka_idempotence.c -o rdkafka_idempotence.o
[INFO] [stderr]   gcc -MD -MP -g -O2 -fPIC -Wall -Wsign-compare -Wfloat-equal -Wpointer-arith -Wcast-align -I.  -c rdkafka_cert.c -o rdkafka_cert.o
[INFO] [stderr]   gcc -MD -MP -g -O2 -fPIC -Wall -Wsign-compare -Wfloat-equal -Wpointer-arith -Wcast-align -I.  -c rdkafka_txnmgr.c -o rdkafka_txnmgr.o
[INFO] [stderr]   gcc -MD -MP -g -O2 -fPIC -Wall -Wsign-compare -Wfloat-equal -Wpointer-arith -Wcast-align -I.  -c rdkafka_coord.c -o rdkafka_coord.o
[INFO] [stderr]   gcc -MD -MP -g -O2 -fPIC -Wall -Wsign-compare -Wfloat-equal -Wpointer-arith -Wcast-align -I.  -c rdbase64.c -o rdbase64.o
[INFO] [stderr]   gcc -MD -MP -g -O2 -fPIC -Wall -Wsign-compare -Wfloat-equal -Wpointer-arith -Wcast-align -I.  -c rdvarint.c -o rdvarint.o
[INFO] [stderr]   gcc -MD -MP -g -O2 -fPIC -Wall -Wsign-compare -Wfloat-equal -Wpointer-arith -Wcast-align -I.  -c rdbuf.c -o rdbuf.o
[INFO] [stderr]   gcc -MD -MP -g -O2 -fPIC -Wall -Wsign-compare -Wfloat-equal -Wpointer-arith -Wcast-align -I.  -c rdmap.c -o rdmap.o
[INFO] [stderr]   gcc -MD -MP -g -O2 -fPIC -Wall -Wsign-compare -Wfloat-equal -Wpointer-arith -Wcast-align -I.  -c rdunittest.c -o rdunittest.o
[INFO] [stderr]   gcc -MD -MP -g -O2 -fPIC -Wall -Wsign-compare -Wfloat-equal -Wpointer-arith -Wcast-align -I.  -c rdkafka_mock.c -o rdkafka_mock.o
[INFO] [stderr]   gcc -MD -MP -g -O2 -fPIC -Wall -Wsign-compare -Wfloat-equal -Wpointer-arith -Wcast-align -I.  -c rdkafka_mock_handlers.c -o rdkafka_mock_handlers.o
[INFO] [stderr]   gcc -MD -MP -g -O2 -fPIC -Wall -Wsign-compare -Wfloat-equal -Wpointer-arith -Wcast-align -I.  -c rdkafka_mock_cgrp.c -o rdkafka_mock_cgrp.o
[INFO] [stderr]   gcc -MD -MP -g -O2 -fPIC -Wall -Wsign-compare -Wfloat-equal -Wpointer-arith -Wcast-align -I.  -c rdkafka_error.c -o rdkafka_error.o
[INFO] [stderr]   gcc -MD -MP -g -O2 -fPIC -Wall -Wsign-compare -Wfloat-equal -Wpointer-arith -Wcast-align -I.  -c rdkafka_fetcher.c -o rdkafka_fetcher.o
[INFO] [stderr]   gcc -MD -MP -g -O2 -fPIC -Wall -Wsign-compare -Wfloat-equal -Wpointer-arith -Wcast-align -I.  -c rdkafka_telemetry.c -o rdkafka_telemetry.o
[INFO] [stderr]   gcc -MD -MP -g -O2 -fPIC -Wall -Wsign-compare -Wfloat-equal -Wpointer-arith -Wcast-align -I.  -c rdkafka_telemetry_encode.c -o rdkafka_telemetry_encode.o
[INFO] [stderr]   gcc -MD -MP -g -O2 -fPIC -Wall -Wsign-compare -Wfloat-equal -Wpointer-arith -Wcast-align -I.  -c rdkafka_telemetry_decode.c -o rdkafka_telemetry_decode.o
[INFO] [stderr]   gcc -MD -MP -g -O2 -fPIC -Wall -Wsign-compare -Wfloat-equal -Wpointer-arith -Wcast-align -I.  -c nanopb/pb_encode.c -o nanopb/pb_encode.o
[INFO] [stderr]   gcc -MD -MP -g -O2 -fPIC -Wall -Wsign-compare -Wfloat-equal -Wpointer-arith -Wcast-align -I.  -c nanopb/pb_decode.c -o nanopb/pb_decode.o
[INFO] [stderr]   gcc -MD -MP -g -O2 -fPIC -Wall -Wsign-compare -Wfloat-equal -Wpointer-arith -Wcast-align -I.  -c nanopb/pb_common.c -o nanopb/pb_common.o
[INFO] [stderr]   gcc -MD -MP -g -O2 -fPIC -Wall -Wsign-compare -Wfloat-equal -Wpointer-arith -Wcast-align -I.  -c opentelemetry/metrics.pb.c -o opentelemetry/metrics.pb.o
[INFO] [stderr]   gcc -MD -MP -g -O2 -fPIC -Wall -Wsign-compare -Wfloat-equal -Wpointer-arith -Wcast-align -I.  -c opentelemetry/common.pb.c -o opentelemetry/common.pb.o
[INFO] [stderr]   gcc -MD -MP -g -O2 -fPIC -Wall -Wsign-compare -Wfloat-equal -Wpointer-arith -Wcast-align -I.  -c opentelemetry/resource.pb.c -o opentelemetry/resource.pb.o
[INFO] [stderr]   gcc -MD -MP -g -O2 -fPIC -Wall -Wsign-compare -Wfloat-equal -Wpointer-arith -Wcast-align -I.  -c snappy.c -o snappy.o
[INFO] [stderr]   gcc -MD -MP -g -O2 -fPIC -Wall -Wsign-compare -Wfloat-equal -Wpointer-arith -Wcast-align -I.  -c rdgz.c -o rdgz.o
[INFO] [stderr]   gcc -MD -MP -g -O2 -fPIC -Wall -Wsign-compare -Wfloat-equal -Wpointer-arith -Wcast-align -I.  -c rdhdrhistogram.c -o rdhdrhistogram.o
[INFO] [stderr]   gcc -MD -MP -g -O2 -fPIC -Wall -Wsign-compare -Wfloat-equal -Wpointer-arith -Wcast-align -I.  -c rdkafka_lz4.c -o rdkafka_lz4.o
[INFO] [stderr]   gcc -MD -MP -g -O2 -fPIC -Wall -Wsign-compare -Wfloat-equal -Wpointer-arith -Wcast-align -I.  -O3 -c rdxxhash.c -o rdxxhash.o
[INFO] [stderr]   gcc -MD -MP -g -O2 -fPIC -Wall -Wsign-compare -Wfloat-equal -Wpointer-arith -Wcast-align -I.  -O3 -c lz4.c -o lz4.o
[INFO] [stderr]   gcc -MD -MP -g -O2 -fPIC -Wall -Wsign-compare -Wfloat-equal -Wpointer-arith -Wcast-align -I.  -O3 -c lz4frame.c -o lz4frame.o
[INFO] [stderr]   gcc -MD -MP -g -O2 -fPIC -Wall -Wsign-compare -Wfloat-equal -Wpointer-arith -Wcast-align -I.  -O3 -c lz4hc.c -o lz4hc.o
[INFO] [stderr]   gcc -MD -MP -g -O2 -fPIC -Wall -Wsign-compare -Wfloat-equal -Wpointer-arith -Wcast-align -I.  -c rddl.c -o rddl.o
[INFO] [stderr]   gcc -MD -MP -g -O2 -fPIC -Wall -Wsign-compare -Wfloat-equal -Wpointer-arith -Wcast-align -I.  -c rdkafka_plugin.c -o rdkafka_plugin.o
[INFO] [stderr]   Generating linker script librdkafka.lds from rdkafka.h rdkafka_mock.h
[INFO] [stderr]   Generating pkg-config file rdkafka.pc
[INFO] [stderr]   make[1]: Leaving directory '/opt/rustwide/target/debug/build/rdkafka-sys-eeaa56e20e3ee595/out/src'
[INFO] [stderr] 
[INFO] [stderr]   --- stderr
[INFO] [stderr]   Building and linking librdkafka statically
[INFO] [stderr]   Running command: "cp -a librdkafka/. /opt/rustwide/target/debug/build/rdkafka-sys-eeaa56e20e3ee595/out" in dir: .
[INFO] [stderr]   Running command: "/opt/rustwide/target/debug/build/rdkafka-sys-eeaa56e20e3ee595/out/configure --disable-ssl --disable-gssapi --disable-curl --disable-zstd --disable-lz4-ext" in dir: /opt/rustwide/target/debug/build/rdkafka-sys-eeaa56e20e3ee595/out
[INFO] [stderr]   Running command: "make libs" in dir: /opt/rustwide/target/debug/build/rdkafka-sys-eeaa56e20e3ee595/out
[INFO] [stderr]   rdkafka_aux.c: In function 'rd_kafka_Node_new_from_brokers':
[INFO] [stderr]   rdkafka_aux.c:270:13: warning: initialization discards 'const' qualifier from pointer target type [-Wdiscarded-qualifiers]
[INFO] [stderr]     270 |             bsearch(&key_sorted, brokers_sorted, broker_cnt,
[INFO] [stderr]         |             ^~~~~~~
[INFO] [stderr]   rdkafka_aux.c:275:13: warning: initialization discards 'const' qualifier from pointer target type [-Wdiscarded-qualifiers]
[INFO] [stderr]     275 |             bsearch(&key_internal, brokers_internal, broker_cnt,
[INFO] [stderr]         |             ^~~~~~~
[INFO] [stderr]   gcc: fatal error: Killed signal terminated program cc1
[INFO] [stderr]   compilation terminated.
[INFO] [stderr]   make[1]: *** [../mklove/Makefile.base:97: rdkafka_admin.o] Error 1
[INFO] [stderr]   make[1]: *** Waiting for unfinished jobs....
[INFO] [stderr]   make: *** [Makefile:28: libs] Error 2
[INFO] [stderr] 
[INFO] [stderr]   thread 'main' (4857) panicked at /opt/rustwide/cargo-home/registry/src/index.crates.io-1949cf8c6b5b557f/rdkafka-sys-4.10.0+2.12.1/build.rs:36:33:
[INFO] [stderr]   Command failed with error code 2
[INFO] [stderr]   stack backtrace:
[INFO] [stderr]      0:     0x59511fba5211 - std[70759c8f55707aa4]::backtrace_rs::backtrace::libunwind::trace
[INFO] [stderr]                                  at /rustc/dfb0accb7f508ae8be965d8629557221c889dd98/library/std/src/../../backtrace/src/backtrace/libunwind.rs:117:9
[INFO] [stderr]      1:     0x59511fba5211 - std[70759c8f55707aa4]::backtrace_rs::backtrace::trace_unsynchronized::<std[70759c8f55707aa4]::sys::backtrace::_print_fmt::{closure#1}>
[INFO] [stderr]                                  at /rustc/dfb0accb7f508ae8be965d8629557221c889dd98/library/std/src/../../backtrace/src/backtrace/mod.rs:66:14
[INFO] [stderr]      2:     0x59511fba5211 - std[70759c8f55707aa4]::sys::backtrace::_print_fmt
[INFO] [stderr]                                  at /rustc/dfb0accb7f508ae8be965d8629557221c889dd98/library/std/src/sys/backtrace.rs:74:9
[INFO] [stderr]      3:     0x59511fba5211 - <<std[70759c8f55707aa4]::sys::backtrace::BacktraceLock>::print::DisplayBacktrace as core[df12db4294e9bfd3]::fmt::Display>::fmt
[INFO] [stderr]                                  at /rustc/dfb0accb7f508ae8be965d8629557221c889dd98/library/std/src/sys/backtrace.rs:44:26
[INFO] [stderr]      4:     0x59511fbb6eca - <core[df12db4294e9bfd3]::fmt::rt::Argument>::fmt
[INFO] [stderr]                                  at /rustc/dfb0accb7f508ae8be965d8629557221c889dd98/library/core/src/fmt/rt.rs:152:76
[INFO] [stderr]      5:     0x59511fbb6eca - core[df12db4294e9bfd3]::fmt::write
[INFO] [stderr]      6:     0x59511fba961c - core[df12db4294e9bfd3]::io::write::default_write_fmt::<std[70759c8f55707aa4]::sys::stdio::unix::Stderr>
[INFO] [stderr]                                  at /rustc/dfb0accb7f508ae8be965d8629557221c889dd98/library/core/src/io/write.rs:402:11
[INFO] [stderr]      7:     0x59511fba961c - <std[70759c8f55707aa4]::sys::stdio::unix::Stderr as core[df12db4294e9bfd3]::io::write::Write>::write_fmt
[INFO] [stderr]                                  at /rustc/dfb0accb7f508ae8be965d8629557221c889dd98/library/core/src/io/write.rs:335:13
[INFO] [stderr]      8:     0x59511fb86136 - <std[70759c8f55707aa4]::sys::backtrace::BacktraceLock>::print
[INFO] [stderr]                                  at /rustc/dfb0accb7f508ae8be965d8629557221c889dd98/library/std/src/sys/backtrace.rs:47:9
[INFO] [stderr]      9:     0x59511fb86136 - std[70759c8f55707aa4]::panicking::default_hook::{closure#0}
[INFO] [stderr]                                  at /rustc/dfb0accb7f508ae8be965d8629557221c889dd98/library/std/src/panicking.rs:292:27
[INFO] [stderr]     10:     0x59511fba0691 - std[70759c8f55707aa4]::panicking::default_hook
[INFO] [stderr]                                  at /rustc/dfb0accb7f508ae8be965d8629557221c889dd98/library/std/src/panicking.rs:319:9
[INFO] [stderr]     11:     0x59511fba084b - std[70759c8f55707aa4]::panicking::panic_with_hook
[INFO] [stderr]                                  at /rustc/dfb0accb7f508ae8be965d8629557221c889dd98/library/std/src/panicking.rs:815:13
[INFO] [stderr]     12:     0x59511fb861e2 - std[70759c8f55707aa4]::panicking::panic_handler::{closure#0}
[INFO] [stderr]                                  at /rustc/dfb0accb7f508ae8be965d8629557221c889dd98/library/std/src/panicking.rs:688:13
[INFO] [stderr]     13:     0x59511fb7ecc9 - std[70759c8f55707aa4]::sys::backtrace::__rust_end_short_backtrace::<std[70759c8f55707aa4]::panicking::panic_handler::{closure#0}, !>
[INFO] [stderr]                                  at /rustc/dfb0accb7f508ae8be965d8629557221c889dd98/library/std/src/sys/backtrace.rs:182:18
[INFO] [stderr]     14:     0x59511fb86a9d - __rustc[8fa7c3cbc660c2b3]::rust_begin_unwind
[INFO] [stderr]                                  at /rustc/dfb0accb7f508ae8be965d8629557221c889dd98/library/std/src/panicking.rs:679:5
[INFO] [stderr]     15:     0x59511fbb765c - core[df12db4294e9bfd3]::panicking::panic_fmt
[INFO] [stderr]                                  at /rustc/dfb0accb7f508ae8be965d8629557221c889dd98/library/core/src/panicking.rs:80:14
[INFO] [stderr]     16:     0x59511fb4dc2d - build_script_build[5ef3e81bc74e25de]::run_command_or_fail::<&str, &str>
[INFO] [stderr]     17:     0x59511fb50c95 - build_script_build[5ef3e81bc74e25de]::build_librdkafka
[INFO] [stderr]     18:     0x59511fb51156 - build_script_build[5ef3e81bc74e25de]::main
[INFO] [stderr]     19:     0x59511fb52163 - <fn() as core[df12db4294e9bfd3]::ops::function::FnOnce<()>>::call_once
[INFO] [stderr]     20:     0x59511fb4ec86 - std[70759c8f55707aa4]::sys::backtrace::__rust_begin_short_backtrace::<fn(), ()>
[INFO] [stderr]     21:     0x59511fb4ee19 - std[70759c8f55707aa4]::rt::lang_start::<()>::{closure#0}
[INFO] [stderr]     22:     0x59511fb9fa59 - <&dyn core[df12db4294e9bfd3]::ops::function::Fn<(), Output = i32> + core[df12db4294e9bfd3]::panic::unwind_safe::RefUnwindSafe + core[df12db4294e9bfd3]::marker::Sync as core[df12db4294e9bfd3]::ops::function::FnOnce<()>>::call_once
[INFO] [stderr]                                  at /rustc/dfb0accb7f508ae8be965d8629557221c889dd98/library/core/src/ops/function.rs:287:21
[INFO] [stderr]     23:     0x59511fb9fa59 - std[70759c8f55707aa4]::panicking::catch_unwind::do_call::<&dyn core[df12db4294e9bfd3]::ops::function::Fn<(), Output = i32> + core[df12db4294e9bfd3]::panic::unwind_safe::RefUnwindSafe + core[df12db4294e9bfd3]::marker::Sync, i32>
[INFO] [stderr]                                  at /rustc/dfb0accb7f508ae8be965d8629557221c889dd98/library/std/src/panicking.rs:576:43
[INFO] [stderr]     24:     0x59511fb9fa59 - std[70759c8f55707aa4]::panicking::catch_unwind::<i32, &dyn core[df12db4294e9bfd3]::ops::function::Fn<(), Output = i32> + core[df12db4294e9bfd3]::panic::unwind_safe::RefUnwindSafe + core[df12db4294e9bfd3]::marker::Sync>
[INFO] [stderr]                                  at /rustc/dfb0accb7f508ae8be965d8629557221c889dd98/library/std/src/panicking.rs:544:19
[INFO] [stderr]     25:     0x59511fb9fa59 - std[70759c8f55707aa4]::panic::catch_unwind::<&dyn core[df12db4294e9bfd3]::ops::function::Fn<(), Output = i32> + core[df12db4294e9bfd3]::panic::unwind_safe::RefUnwindSafe + core[df12db4294e9bfd3]::marker::Sync, i32>
[INFO] [stderr]                                  at /rustc/dfb0accb7f508ae8be965d8629557221c889dd98/library/std/src/panic.rs:359:14
[INFO] [stderr]     26:     0x59511fb9fa59 - std[70759c8f55707aa4]::rt::lang_start_internal::{closure#0}
[INFO] [stderr]                                  at /rustc/dfb0accb7f508ae8be965d8629557221c889dd98/library/std/src/rt.rs:175:24
[INFO] [stderr]     27:     0x59511fb9fa59 - std[70759c8f55707aa4]::panicking::catch_unwind::do_call::<std[70759c8f55707aa4]::rt::lang_start_internal::{closure#0}, isize>
[INFO] [stderr]                                  at /rustc/dfb0accb7f508ae8be965d8629557221c889dd98/library/std/src/panicking.rs:576:43
[INFO] [stderr]     28:     0x59511fb9fa59 - std[70759c8f55707aa4]::panicking::catch_unwind::<isize, std[70759c8f55707aa4]::rt::lang_start_internal::{closure#0}>
[INFO] [stderr]                                  at /rustc/dfb0accb7f508ae8be965d8629557221c889dd98/library/std/src/panicking.rs:544:19
[INFO] [stderr]     29:     0x59511fb9fa59 - std[70759c8f55707aa4]::panic::catch_unwind::<std[70759c8f55707aa4]::rt::lang_start_internal::{closure#0}, isize>
[INFO] [stderr]                                  at /rustc/dfb0accb7f508ae8be965d8629557221c889dd98/library/std/src/panic.rs:359:14
[INFO] [stderr]     30:     0x59511fb9fa59 - std[70759c8f55707aa4]::rt::lang_start_internal
[INFO] [stderr]                                  at /rustc/dfb0accb7f508ae8be965d8629557221c889dd98/library/std/src/rt.rs:171:5
[INFO] [stderr]     31:     0x59511fb4e9d1 - std[70759c8f55707aa4]::rt::lang_start::<()>
[INFO] [stderr]     32:     0x59511fb521b5 - main
[INFO] [stderr]     33:     0x73c268a31601 - <unknown>
[INFO] [stderr]     34:     0x73c268a31718 - __libc_start_main
[INFO] [stderr]     35:     0x59511fb4d4f5 - _start
[INFO] [stderr]     36:                0x0 - <unknown>
[INFO] running `Command { std: "docker" "inspect" "bd675f00a7849d0d91998a81f9eb0c22090076af2e4d37b80608835f7c973e86", kill_on_drop: false }`
[INFO] running `Command { std: "docker" "rm" "-f" "bd675f00a7849d0d91998a81f9eb0c22090076af2e4d37b80608835f7c973e86", kill_on_drop: false }`
[INFO] [stdout] bd675f00a7849d0d91998a81f9eb0c22090076af2e4d37b80608835f7c973e86
