[INFO] fetching crate reflow_rt_capi 0.2.1...
[INFO] documenting reflow_rt_capi-0.2.1 against 1.100.0-beta.1 for beta-rustdoc-1.100-2
[INFO] extracting crate reflow_rt_capi 0.2.1 into /workspace/builds/worker-0-tc2/source
[INFO] started tweaking crates.io crate reflow_rt_capi 0.2.1
[INFO] removed 0 missing tests
[INFO] finished tweaking crates.io crate reflow_rt_capi 0.2.1
[INFO] tweaked toml for crates.io crate reflow_rt_capi 0.2.1 written to /workspace/builds/worker-0-tc2/source/Cargo.toml
[INFO] validating manifest of crates.io crate reflow_rt_capi 0.2.1 on toolchain 1.100.0-beta.1
[INFO] running `Command { std: CARGO_HOME="/workspace/cargo-home" RUSTUP_HOME="/workspace/rustup-home" "/workspace/cargo-home/bin/cargo" "+1.100.0-beta.1" "metadata" "--manifest-path" "Cargo.toml" "--no-deps", kill_on_drop: false }`
[INFO] crate crates.io crate reflow_rt_capi 0.2.1 already has a lockfile, it will not be regenerated
[INFO] running `Command { std: CARGO_HOME="/workspace/cargo-home" RUSTUP_HOME="/workspace/rustup-home" "/workspace/cargo-home/bin/cargo" "+1.100.0-beta.1" "fetch" "--manifest-path" "Cargo.toml", kill_on_drop: false }`
[INFO] [stderr] warning: `package.homepage` is redundant with `package.repository`
[INFO] [stderr]   --> Cargo.toml:65:12
[INFO] [stderr]    |
[INFO] [stderr] 65 | homepage = "https://github.com/offbit-ai/reflow"
[INFO] [stderr]    |            ^^^^^^^^^^^^^^^^^^^^^^^^^^^^^^^^^^^^^
[INFO] [stderr] ...
[INFO] [stderr] 70 | repository = "https://github.com/offbit-ai/reflow"
[INFO] [stderr]    |              -------------------------------------
[INFO] [stderr]    |
[INFO] [stderr]    = note: `cargo::redundant_homepage` is set to `warn` by default
[INFO] [stderr] help: consider removing `package.homepage`
[INFO] [stderr] warning: `reflow_rt_capi` (manifest) generated 1 warning
[INFO] [stderr]     Blocking waiting for file lock on package cache
[INFO] running `Command { std: "docker" "create" "-v" "/var/lib/crater-agent-workspace/builds/worker-0-tc2/source:/opt/rustwide/workdir:ro,Z" "-v" "/var/lib/crater-agent-workspace/builds/worker-0-tc2/target:/opt/rustwide/target:rw,Z" "-v" "/var/lib/crater-agent-workspace/cargo-home:/opt/rustwide/cargo-home:ro,Z" "-v" "/var/lib/crater-agent-workspace/rustup-home:/opt/rustwide/rustup-home:ro,Z" "-m" "1610612736" "--network" "none" "ghcr.io/rust-lang/crates-build-env/linux@sha256:77db811e55d90add9212f6832c23229e3de5f1c1f9905e8cb07319ea15df73ac" "sleep" "infinity", kill_on_drop: false }`
[INFO] [stdout] 9156de1f45135d10c86414d67a699ff29859e186d7abbd7464de88df596eedf9
[INFO] running `Command { std: "docker" "start" "9156de1f45135d10c86414d67a699ff29859e186d7abbd7464de88df596eedf9", kill_on_drop: false }`
[INFO] running `Command { std: "docker" "inspect" "9156de1f45135d10c86414d67a699ff29859e186d7abbd7464de88df596eedf9", kill_on_drop: false }`
[INFO] running `Command { std: "docker" "exec" "-e" "SOURCE_DIR=/opt/rustwide/workdir" "-e" "CARGO_HOME=/opt/rustwide/cargo-home" "-e" "RUSTUP_HOME=/opt/rustwide/rustup-home" "-e" "CARGO_TARGET_DIR=/opt/rustwide/target" "-w" "/opt/rustwide/workdir" "--user" "0:0" "9156de1f45135d10c86414d67a699ff29859e186d7abbd7464de88df596eedf9" "/opt/rustwide/cargo-home/bin/cargo" "+1.100.0-beta.1" "metadata" "--no-deps" "--format-version=1", kill_on_drop: false }`
[INFO] running `Command { std: "docker" "inspect" "9156de1f45135d10c86414d67a699ff29859e186d7abbd7464de88df596eedf9", kill_on_drop: false }`
[INFO] running `Command { std: "docker" "exec" "-e" "SOURCE_DIR=/opt/rustwide/workdir" "-e" "CARGO_HOME=/opt/rustwide/cargo-home" "-e" "RUSTUP_HOME=/opt/rustwide/rustup-home" "-e" "CARGO_TARGET_DIR=/opt/rustwide/target" "-e" "CARGO_INCREMENTAL=0" "-e" "RUST_BACKTRACE=full" "-e" "RUSTFLAGS=--cap-lints=warn" "-e" "RUSTDOCFLAGS=--cap-lints=warn" "-w" "/opt/rustwide/workdir" "--user" "0:0" "9156de1f45135d10c86414d67a699ff29859e186d7abbd7464de88df596eedf9" "/opt/rustwide/cargo-home/bin/cargo" "+1.100.0-beta.1" "doc" "--frozen" "--no-deps" "--document-private-items" "--message-format=json", kill_on_drop: false }`
[INFO] [stderr] warning: `package.homepage` is redundant with `package.repository`
[INFO] [stderr]   --> Cargo.toml:65:12
[INFO] [stderr]    |
[INFO] [stderr] 65 | homepage = "https://github.com/offbit-ai/reflow"
[INFO] [stderr]    |            ^^^^^^^^^^^^^^^^^^^^^^^^^^^^^^^^^^^^^
[INFO] [stderr] ...
[INFO] [stderr] 70 | repository = "https://github.com/offbit-ai/reflow"
[INFO] [stderr]    |              -------------------------------------
[INFO] [stderr]    |
[INFO] [stderr]    = note: `cargo::redundant_homepage` is set to `warn` by default
[INFO] [stderr] help: consider removing `package.homepage`
[INFO] [stderr] warning: `reflow_rt_capi` (manifest) generated 1 warning
[INFO] [stderr]    Compiling proc-macro2 v1.0.95
[INFO] [stderr]    Compiling unicode-ident v1.0.18
[INFO] [stderr]     Checking cfg-if v1.0.1
[INFO] [stderr]    Compiling libc v0.2.174
[INFO] [stderr]    Compiling serde v1.0.219
[INFO] [stderr]     Checking smallvec v1.15.1
[INFO] [stderr]    Compiling libm v0.2.15
[INFO] [stderr]    Compiling num-traits v0.2.19
[INFO] [stderr]     Checking slab v0.4.10
[INFO] [stderr]    Compiling crossbeam-utils v0.8.21
[INFO] [stderr]    Compiling zerocopy v0.8.26
[INFO] [stderr]     Checking futures-channel v0.3.31
[INFO] [stderr]     Checking futures-io v0.3.31
[INFO] [stderr]    Compiling getrandom v0.3.3
[INFO] [stderr]     Checking log v0.4.27
[INFO] [stderr]    Compiling serde_json v1.0.140
[INFO] [stderr]     Checking crc32fast v1.4.2
[INFO] [stderr]     Checking simd-adler32 v0.3.8
[INFO] [stderr]    Compiling thiserror v2.0.12
[INFO] [stderr]    Compiling quote v1.0.40
[INFO] [stderr]    Compiling anyhow v1.0.98
[INFO] [stderr]     Checking miniz_oxide v0.8.9
[INFO] [stderr]    Compiling syn v2.0.104
[INFO] [stderr]     Checking hashbrown v0.15.4
[INFO] [stderr]    Compiling jobserver v0.1.33
[INFO] [stderr]     Checking percent-encoding v2.3.1
[INFO] [stderr]    Compiling cc v1.2.29
[INFO] [stderr]     Checking flate2 v1.1.2
[INFO] [stderr]     Checking crossbeam-epoch v0.9.18
[INFO] [stderr]     Checking zeroize v1.8.1
[INFO] [stderr]     Checking crossbeam-deque v0.8.6
[INFO] [stderr]     Checking sha1 v0.10.6
[INFO] [stderr]     Checking rustls-pki-types v1.12.0
[INFO] [stderr]     Checking http-body v1.0.1
[INFO] [stderr]     Checking iana-time-zone v0.1.63
[INFO] [stderr]     Checking form_urlencoded v1.2.1
[INFO] [stderr]     Checking getrandom v0.2.16
[INFO] [stderr]     Checking parking_lot_core v0.9.11
[INFO] [stderr]     Checking socket2 v0.5.10
[INFO] [stderr]     Checking mio v1.0.4
[INFO] [stderr]     Checking signal-hook-registry v1.4.5
[INFO] [stderr]     Checking parking_lot v0.12.4
[INFO] [stderr]     Checking rand_core v0.6.4
[INFO] [stderr]     Checking rand_core v0.9.3
[INFO] [stderr]    Compiling rustls v0.23.28
[INFO] [stderr]    Compiling zstd-safe v7.2.4
[INFO] [stderr]    Compiling rayon-core v1.12.1
[INFO] [stderr]     Checking either v1.15.0
[INFO] [stderr]     Checking ppv-lite86 v0.2.21
[INFO] [stderr]     Checking nanorand v0.7.0
[INFO] [stderr]     Checking concurrent-queue v2.5.0
[INFO] [stderr]     Checking fdeflate v0.3.7
[INFO] [stderr]     Checking spin v0.9.8
[INFO] [stderr]    Compiling matrixmultiply v0.3.10
[INFO] [stderr]    Compiling memoffset v0.6.5
[INFO] [stderr]    Compiling convert_case v0.4.0
[INFO] [stderr]    Compiling heapless v0.8.0
[INFO] [stderr]     Checking flume v0.11.1
[INFO] [stderr]     Checking event-listener v5.4.0
[INFO] [stderr]     Checking rand_chacha v0.9.0
[INFO] [stderr]     Checking rand_chacha v0.3.1
[INFO] [stderr]     Checking rand v0.9.1
[INFO] [stderr]     Checking approx v0.5.1
[INFO] [stderr]     Checking rand v0.8.5
[INFO] [stderr]     Checking num-integer v0.1.46
[INFO] [stderr]     Checking indexmap v2.10.0
[INFO] [stderr]    Compiling ring v0.17.14
[INFO] [stderr]    Compiling zstd-sys v2.0.15+zstd.1.5.7
[INFO] [stderr]    Compiling rquickjs-sys v0.6.2
[INFO] [stderr]     Checking hash32 v0.3.1
[INFO] [stderr]     Checking crossbeam-channel v0.5.15
[INFO] [stderr]     Checking sync_wrapper v1.0.2
[INFO] [stderr]     Checking alloc-no-stdlib v2.0.4
[INFO] [stderr]    Compiling rustix v1.0.7
[INFO] [stderr]     Checking rawpointer v0.2.1
[INFO] [stderr]    Compiling protobuf v3.7.2
[INFO] [stderr]     Checking ipnet v2.11.0
[INFO] [stderr]    Compiling toml_datetime v0.6.11
[INFO] [stderr]     Checking alloc-stdlib v0.2.2
[INFO] [stderr]    Compiling toml_edit v0.19.15
[INFO] [stderr]     Checking num-rational v0.4.2
[INFO] [stderr]     Checking rayon v1.10.0
[INFO] [stderr]     Checking event-listener-strategy v0.5.4
[INFO] [stderr]    Compiling proc-macro-error-attr v1.0.4
[INFO] [stderr]    Compiling syn v1.0.109
[INFO] [stderr]     Checking ordered-float v5.0.0
[INFO] [stderr]     Checking webpki-roots v1.0.1
[INFO] [stderr]    Compiling ahash v0.8.12
[INFO] [stderr]     Checking byteorder-lite v0.1.0
[INFO] [stderr]     Checking quick-error v2.0.1
[INFO] [stderr]     Checking zune-core v0.5.1
[INFO] [stderr]     Checking color_quant v1.1.0
[INFO] [stderr]    Compiling relative-path v1.9.3
[INFO] [stderr]     Checking linux-raw-sys v0.9.4
[INFO] [stderr]     Checking arrayvec v0.7.6
[INFO] [stderr]    Compiling synstructure v0.13.2
[INFO] [stderr]    Compiling semver v1.0.26
[INFO] [stderr]    Compiling inflections v1.1.1
[INFO] [stderr]     Checking iri-string v0.7.8
[INFO] [stderr]     Checking rle-decode-fast v1.0.3
[INFO] [stderr]    Compiling prometheus v0.14.0
[INFO] [stderr]     Checking pxfm v0.1.28
[INFO] [stderr]     Checking twox-hash v2.1.1
[INFO] [stderr]     Checking robust v1.2.0
[INFO] [stderr]     Checking lz4_flex v0.11.5
[INFO] [stderr]     Checking spade v2.14.0
[INFO] [stderr]     Checking gif v0.14.1
[INFO] [stderr]     Checking libflate_lz77 v1.2.0
[INFO] [stderr]    Compiling proc-macro-crate v1.3.1
[INFO] [stderr]     Checking zune-jpeg v0.5.13
[INFO] [stderr]    Compiling serde_derive v1.0.219
[INFO] [stderr]    Compiling zerofrom-derive v0.1.6
[INFO] [stderr]    Compiling tokio-macros v2.5.0
[INFO] [stderr]    Compiling yoke-derive v0.8.0
[INFO] [stderr]    Compiling futures-macro v0.3.31
[INFO] [stderr]     Checking tokio v1.46.1
[INFO] [stderr]     Checking futures-util v0.3.31
[INFO] [stderr]    Compiling displaydoc v0.2.5
[INFO] [stderr]    Compiling zerovec-derive v0.11.1
[INFO] [stderr]     Checking zerofrom v0.1.6
[INFO] [stderr]     Checking yoke v0.8.0
[INFO] [stderr]    Compiling bytemuck_derive v1.10.2
[INFO] [stderr]     Checking zerotrie v0.2.2
[INFO] [stderr]    Compiling thiserror-impl v2.0.12
[INFO] [stderr]     Checking zerovec v0.11.2
[INFO] [stderr]    Compiling tracing-attributes v0.1.30
[INFO] [stderr]     Checking bytemuck v1.23.1
[INFO] [stderr]    Compiling thiserror-impl v1.0.69
[INFO] [stderr]     Checking tinystr v0.8.1
[INFO] [stderr]     Checking potential_utf v0.1.2
[INFO] [stderr]     Checking icu_locale_core v2.0.0
[INFO] [stderr]     Checking icu_collections v2.0.0
[INFO] [stderr]     Checking tungstenite v0.27.0
[INFO] [stderr]     Checking tracing v0.1.41
[INFO] [stderr]     Checking icu_provider v2.0.0
[INFO] [stderr]     Checking futures-executor v0.3.31
[INFO] [stderr]     Checking safe_arch v0.7.4
[INFO] [stderr]     Checking futures v0.3.31
[INFO] [stderr]     Checking rustls-webpki v0.103.3
[INFO] [stderr]     Checking icu_properties v2.0.1
[INFO] [stderr]     Checking icu_normalizer v2.0.0
[INFO] [stderr]     Checking thiserror v1.0.69
[INFO] [stderr]    Compiling pin-project-internal v1.1.10
[INFO] [stderr]     Checking wide v0.7.33
[INFO] [stderr]    Compiling bitcode_derive v0.6.5
[INFO] [stderr]     Checking idna_adapter v1.2.1
[INFO] [stderr]     Checking idna v1.0.3
[INFO] [stderr]     Checking hyper v1.6.0
[INFO] [stderr]     Checking tokio-tungstenite v0.27.0
[INFO] [stderr]     Checking url v2.5.4
[INFO] [stderr]     Checking tokio-util v0.7.15
[INFO] [stderr]    Compiling derive_more v0.99.20
[INFO] [stderr]     Checking bitflags v2.9.1
[INFO] [stderr]     Checking chrono v0.4.41
[INFO] [stderr]     Checking num-complex v0.4.6
[INFO] [stderr]     Checking uuid v1.17.0
[INFO] [stderr]     Checking hyper-util v0.1.15
[INFO] [stderr]     Checking bitcode v0.6.6
[INFO] [stderr]     Checking simba v0.9.1
[INFO] [stderr]     Checking pin-project v1.1.10
[INFO] [stderr]     Checking tower v0.5.2
[INFO] [stderr]     Checking reflow_graph v0.2.1
[INFO] [stderr]     Checking protobuf-support v3.7.2
[INFO] [stderr]    Compiling nalgebra-macros v0.2.2
[INFO] [stderr]     Checking tokio-rustls v0.26.2
[INFO] [stderr]    Compiling reflow_actor_macro v0.2.1
[INFO] [stderr]     Checking hyper-rustls v0.27.7
[INFO] [stderr]    Compiling rquickjs-core v0.6.2
[INFO] [stderr]     Checking tower-http v0.6.6
[INFO] [stderr]     Checking tokio-retry v0.3.0
[INFO] [stderr]     Checking combine v4.6.7
[INFO] [stderr]     Checking png v0.18.1
[INFO] [stderr]     Checking reflow_tracing_protocol v0.2.1
[INFO] [stderr]     Checking serde_urlencoded v0.7.1
[INFO] [stderr]     Checking moxcms v0.8.1
[INFO] [stderr]    Compiling gltf-derive v1.4.1
[INFO] [stderr]     Checking zstd v0.13.3
[INFO] [stderr]     Checking reflow_actor v0.2.1
[INFO] [stderr]    Compiling async-trait v0.1.88
[INFO] [stderr]    Compiling num-derive v0.4.2
[INFO] [stderr]     Checking image-webp v0.2.4
[INFO] [stderr]    Compiling proc-macro-error v1.0.4
[INFO] [stderr]     Checking nix v0.23.2
[INFO] [stderr]     Checking async-lock v3.4.0
[INFO] [stderr]     Checking rstar v0.12.2
[INFO] [stderr]     Checking nalgebra v0.33.2
[INFO] [stderr]     Checking brotli-decompressor v4.0.3
[INFO] [stderr]     Checking ordered-float v4.6.0
[INFO] [stderr]     Checking socket2 v0.4.10
[INFO] [stderr]     Checking num_cpus v1.17.0
[INFO] [stderr]     Checking http-body-util v0.1.3
[INFO] [stderr]     Checking sha2 v0.10.9
[INFO] [stderr]     Checking crossbeam-queue v0.3.12
[INFO] [stderr]     Checking ena v0.14.4
[INFO] [stderr]     Checking http v0.2.12
[INFO] [stderr]     Checking unsafe-libyaml v0.2.11
[INFO] [stderr]     Checking downcast-rs v1.2.1
[INFO] [stderr]     Checking arrayref v0.3.9
[INFO] [stderr]     Checking strict-num v0.1.1
[INFO] [stderr]     Checking rustc-hash v2.1.1
[INFO] [stderr]     Checking arc-swap v1.7.1
[INFO] [stderr]     Checking bumpalo v3.19.0
[INFO] [stderr]     Checking sha1_smol v1.0.1
[INFO] [stderr]    Compiling zip v2.4.2
[INFO] [stderr]     Checking adler32 v1.2.0
[INFO] [stderr]     Checking libflate v1.4.0
[INFO] [stderr]     Checking serde_yaml v0.9.34+deprecated
[INFO] [stderr]     Checking tungstenite v0.20.1
[INFO] [stderr]    Compiling rquickjs-macro v0.6.2
[INFO] [stderr]     Checking redis v0.24.0
[INFO] [stderr]     Checking zopfli v0.8.2
[INFO] [stderr]     Checking image v0.25.10
[INFO] [stdout] error[E0277]: the trait bound `!: value::convert::FromJs<'_>` is not satisfied
[INFO] [stdout]    --> /opt/rustwide/cargo-home/registry/src/index.crates.io-1949cf8c6b5b557f/rquickjs-core-0.6.2/src/value/promise.rs:190:18
[INFO] [stdout]     |
[INFO] [stdout] 190 |                 .call((This(this.promise.clone()), resolve.clone(), resolve))?;
[INFO] [stdout]     |                  ^^^^ the trait `value::convert::FromJs<'_>` is not implemented for `!`
[INFO] [stdout]     |
[INFO] [stdout]     = help: the following other types implement trait `value::convert::FromJs<'js>`:
[INFO] [stdout]               ()
[INFO] [stdout]               Arc<T>
[INFO] [stdout]               ArrayBuffer<'js>
[INFO] [stdout]               BTreeMap<K, V>
[INFO] [stdout]               BTreeSet<T>
[INFO] [stdout]               Box<T>
[INFO] [stdout]               Cell<T>
[INFO] [stdout]               Class<'js, C>
[INFO] [stdout]             and 67 others
[INFO] [stdout]     = note: this error might have been caused by changes to Rust's type-inference algorithm (see issue #148922 <https://github.com/rust-lang/rust/issues/148922> for more information)
[INFO] [stdout]     = help: you might have intended to use the type `()` here instead
[INFO] [stdout] note: required by a bound in `function::Function::<'js>::call`
[INFO] [stdout]    --> /opt/rustwide/cargo-home/registry/src/index.crates.io-1949cf8c6b5b557f/rquickjs-core-0.6.2/src/value/function.rs:64:12
[INFO] [stdout]     |
[INFO] [stdout]  44 | impl<'js> Function<'js> {
[INFO] [stdout] ...
[INFO] [stdout]  61 |     pub fn call<A, R>(&self, args: A) -> Result<R>
[INFO] [stdout] ...
[INFO] [stdout]  64 |         R: FromJs<'js>,
[INFO] [stdout]     |            ^^^^^^^^^^^ required by this bound in `Function::<'js>::call`
[INFO] [stdout] 
[INFO] [stdout] 
[INFO] [stderr]     Checking tempfile v3.21.0
[INFO] [stderr]     Checking shared_memory v0.12.4
[INFO] [stderr]     Checking brotli v7.0.0
[INFO] [stderr]     Checking tiny-skia-path v0.11.4
[INFO] [stderr]     Checking crossbeam v0.8.4
[INFO] [stderr]    Compiling reflow_pack_loader v0.2.1
[INFO] [stdout] error[E0277]: the trait bound `!: FromRedisValue` is not satisfied
[INFO] [stdout]    --> /opt/rustwide/cargo-home/registry/src/index.crates.io-1949cf8c6b5b557f/redis-0.24.0/src/script.rs:176:37
[INFO] [stdout]     |
[INFO] [stdout] 176 |                     self.load_cmd().query_async(con).await?;
[INFO] [stdout]     |                                     ^^^^^^^^^^^ the trait `FromRedisValue` is not implemented for `!`
[INFO] [stdout]     |
[INFO] [stdout]     = help: the following other types implement trait `FromRedisValue`:
[INFO] [stdout]               ()
[INFO] [stdout]               (T12,)
[INFO] [stdout]               (T11, T12)
[INFO] [stdout]               (T10, T11, T12)
[INFO] [stdout]               (T9, T10, T11, T12)
[INFO] [stdout]               (T8, T9, T10, T11, T12)
[INFO] [stdout]               (T7, T8, T9, T10, T11, T12)
[INFO] [stdout]               (T6, T7, T8, T9, T10, T11, T12)
[INFO] [stdout]             and 44 others
[INFO] [stdout]     = note: this error might have been caused by changes to Rust's type-inference algorithm (see issue #148922 <https://github.com/rust-lang/rust/issues/148922> for more information)
[INFO] [stdout]     = help: you might have intended to use the type `()` here instead
[INFO] [stdout] note: required by a bound in `Cmd::query_async`
[INFO] [stdout]    --> /opt/rustwide/cargo-home/registry/src/index.crates.io-1949cf8c6b5b557f/redis-0.24.0/src/cmd.rs:429:36
[INFO] [stdout]     |
[INFO] [stdout] 320 | impl Cmd {
[INFO] [stdout] ...
[INFO] [stdout] 429 |     pub async fn query_async<C, T: FromRedisValue>(&self, con: &mut C) -> RedisResult<T>
[INFO] [stdout]     |                                    ^^^^^^^^^^^^^^ required by this bound in `Cmd::query_async`
[INFO] [stdout] 
[INFO] [stdout] 
[INFO] [stderr]     Checking reqwest v0.12.22
[INFO] [stdout] For more information about this error, try `rustc --explain E0277`.
[INFO] [stdout] 
[INFO] [stderr] error: could not compile `rquickjs-core` (lib) due to 1 previous error
[INFO] [stderr] warning: build failed, waiting for other jobs to finish...
[INFO] [stdout] error[E0277]: the trait bound `!: FromRedisValue` is not satisfied
[INFO] [stdout]    --> /opt/rustwide/cargo-home/registry/src/index.crates.io-1949cf8c6b5b557f/redis-0.24.0/src/script.rs:150:37
[INFO] [stdout]     |
[INFO] [stdout] 150 |                     self.load_cmd().query(con)?;
[INFO] [stdout]     |                                     ^^^^^ the trait `FromRedisValue` is not implemented for `!`
[INFO] [stdout]     |
[INFO] [stdout]     = help: the following other types implement trait `FromRedisValue`:
[INFO] [stdout]               ()
[INFO] [stdout]               (T12,)
[INFO] [stdout]               (T11, T12)
[INFO] [stdout]               (T10, T11, T12)
[INFO] [stdout]               (T9, T10, T11, T12)
[INFO] [stdout]               (T8, T9, T10, T11, T12)
[INFO] [stdout]               (T7, T8, T9, T10, T11, T12)
[INFO] [stdout]               (T6, T7, T8, T9, T10, T11, T12)
[INFO] [stdout]             and 44 others
[INFO] [stdout]     = note: this error might have been caused by changes to Rust's type-inference algorithm (see issue #148922 <https://github.com/rust-lang/rust/issues/148922> for more information)
[INFO] [stdout]     = help: you might have intended to use the type `()` here instead
[INFO] [stdout] note: required by a bound in `Cmd::query`
[INFO] [stdout]    --> /opt/rustwide/cargo-home/registry/src/index.crates.io-1949cf8c6b5b557f/redis-0.24.0/src/cmd.rs:419:21
[INFO] [stdout]     |
[INFO] [stdout] 320 | impl Cmd {
[INFO] [stdout] ...
[INFO] [stdout] 419 |     pub fn query<T: FromRedisValue>(&self, con: &mut dyn ConnectionLike) -> RedisResult<T> {
[INFO] [stdout]     |                     ^^^^^^^^^^^^^^ required by this bound in `Cmd::query`
[INFO] [stdout] 
[INFO] [stdout] 
[INFO] [stdout] For more information about this error, try `rustc --explain E0277`.
[INFO] [stdout] 
[INFO] [stderr] error: could not compile `redis` (lib) due to 2 previous errors; 1 warning emitted
[INFO] running `Command { std: "docker" "inspect" "9156de1f45135d10c86414d67a699ff29859e186d7abbd7464de88df596eedf9", kill_on_drop: false }`
[INFO] running `Command { std: "docker" "rm" "-f" "9156de1f45135d10c86414d67a699ff29859e186d7abbd7464de88df596eedf9", kill_on_drop: false }`
[INFO] [stdout] 9156de1f45135d10c86414d67a699ff29859e186d7abbd7464de88df596eedf9
