[INFO] crate nest-rs-redis 6.1.0 is already in cache
[INFO] documenting nest-rs-redis-6.1.0 against 1.100.0-beta.1 for beta-rustdoc-1.100-2
[INFO] extracting crate nest-rs-redis 6.1.0 into /workspace/builds/worker-7-tc2/source
[INFO] started tweaking crates.io crate nest-rs-redis 6.1.0
[INFO] removed 0 missing tests
[INFO] finished tweaking crates.io crate nest-rs-redis 6.1.0
[INFO] tweaked toml for crates.io crate nest-rs-redis 6.1.0 written to /workspace/builds/worker-7-tc2/source/Cargo.toml
[INFO] validating manifest of crates.io crate nest-rs-redis 6.1.0 on toolchain 1.100.0-beta.1
[INFO] running `Command { std: CARGO_HOME="/workspace/cargo-home" RUSTUP_HOME="/workspace/rustup-home" "/workspace/cargo-home/bin/cargo" "+1.100.0-beta.1" "metadata" "--manifest-path" "Cargo.toml" "--no-deps", kill_on_drop: false }`
[INFO] crate crates.io crate nest-rs-redis 6.1.0 already has a lockfile, it will not be regenerated
[INFO] running `Command { std: CARGO_HOME="/workspace/cargo-home" RUSTUP_HOME="/workspace/rustup-home" "/workspace/cargo-home/bin/cargo" "+1.100.0-beta.1" "fetch" "--manifest-path" "Cargo.toml", kill_on_drop: false }`
[INFO] [stderr]     Blocking waiting for file lock on package cache
[INFO] [stderr]     Blocking waiting for file lock on package cache
[INFO] running `Command { std: "docker" "create" "-v" "/var/lib/crater-agent-workspace/builds/worker-7-tc2/source:/opt/rustwide/workdir:ro,Z" "-v" "/var/lib/crater-agent-workspace/builds/worker-7-tc2/target:/opt/rustwide/target:rw,Z" "-v" "/var/lib/crater-agent-workspace/cargo-home:/opt/rustwide/cargo-home:ro,Z" "-v" "/var/lib/crater-agent-workspace/rustup-home:/opt/rustwide/rustup-home:ro,Z" "-m" "1610612736" "--network" "none" "ghcr.io/rust-lang/crates-build-env/linux@sha256:77db811e55d90add9212f6832c23229e3de5f1c1f9905e8cb07319ea15df73ac" "sleep" "infinity", kill_on_drop: false }`
[INFO] [stdout] 2969abe5c637664afb32e1c3cab923cf70abb8930522cfc67461fee3a6978b25
[INFO] running `Command { std: "docker" "start" "2969abe5c637664afb32e1c3cab923cf70abb8930522cfc67461fee3a6978b25", kill_on_drop: false }`
[INFO] running `Command { std: "docker" "inspect" "2969abe5c637664afb32e1c3cab923cf70abb8930522cfc67461fee3a6978b25", kill_on_drop: false }`
[INFO] running `Command { std: "docker" "exec" "-e" "SOURCE_DIR=/opt/rustwide/workdir" "-e" "CARGO_HOME=/opt/rustwide/cargo-home" "-e" "RUSTUP_HOME=/opt/rustwide/rustup-home" "-e" "CARGO_TARGET_DIR=/opt/rustwide/target" "-w" "/opt/rustwide/workdir" "--user" "0:0" "2969abe5c637664afb32e1c3cab923cf70abb8930522cfc67461fee3a6978b25" "/opt/rustwide/cargo-home/bin/cargo" "+1.100.0-beta.1" "metadata" "--no-deps" "--format-version=1", kill_on_drop: false }`
[INFO] running `Command { std: "docker" "inspect" "2969abe5c637664afb32e1c3cab923cf70abb8930522cfc67461fee3a6978b25", kill_on_drop: false }`
[INFO] running `Command { std: "docker" "exec" "-e" "SOURCE_DIR=/opt/rustwide/workdir" "-e" "CARGO_HOME=/opt/rustwide/cargo-home" "-e" "RUSTUP_HOME=/opt/rustwide/rustup-home" "-e" "CARGO_TARGET_DIR=/opt/rustwide/target" "-e" "CARGO_INCREMENTAL=0" "-e" "RUST_BACKTRACE=full" "-e" "RUSTFLAGS=--cap-lints=warn" "-e" "RUSTDOCFLAGS=--cap-lints=warn" "-w" "/opt/rustwide/workdir" "--user" "0:0" "2969abe5c637664afb32e1c3cab923cf70abb8930522cfc67461fee3a6978b25" "/opt/rustwide/cargo-home/bin/cargo" "+1.100.0-beta.1" "doc" "--frozen" "--no-deps" "--document-private-items" "--message-format=json", kill_on_drop: false }`
[INFO] [stderr]    Compiling proc-macro2 v1.0.107
[INFO] [stderr]     Checking smallvec v1.15.2
[INFO] [stderr]    Compiling serde_core v1.0.229
[INFO] [stderr]    Compiling serde v1.0.229
[INFO] [stderr]     Checking tracing-core v0.1.36
[INFO] [stderr]     Checking slab v0.4.12
[INFO] [stderr]    Compiling serde_json v1.0.151
[INFO] [stderr]     Checking errno v0.3.14
[INFO] [stderr]    Compiling num-traits v0.2.19
[INFO] [stderr]    Compiling hashbrown v0.17.1
[INFO] [stderr]    Compiling winnow v1.0.4
[INFO] [stderr]    Compiling zerocopy v0.8.56
[INFO] [stderr]    Compiling toml_datetime v1.1.1+spec-1.1.0
[INFO] [stderr]     Checking regex-syntax v0.8.11
[INFO] [stderr]    Compiling getrandom v0.3.4
[INFO] [stderr]    Compiling thiserror v2.0.20
[INFO] [stderr]     Checking form_urlencoded v1.2.2
[INFO] [stderr]     Checking signal-hook-registry v1.4.8
[INFO] [stderr]     Checking parking_lot_core v0.9.12
[INFO] [stderr]    Compiling getrandom v0.4.3
[INFO] [stderr]     Checking rand_core v0.9.5
[INFO] [stderr]     Checking log v0.4.33
[INFO] [stderr]    Compiling ref-cast v1.0.26
[INFO] [stderr]     Checking iana-time-zone v0.1.65
[INFO] [stderr]     Checking parking_lot v0.12.5
[INFO] [stderr]     Checking sharded-slab v0.1.7
[INFO] [stderr]     Checking tracing-log v0.2.0
[INFO] [stderr]     Checking thread_local v1.1.10
[INFO] [stderr]     Checking nu-ansi-term v0.50.3
[INFO] [stderr]     Checking sync_wrapper v1.0.2
[INFO] [stderr]     Checking dyn-clone v1.0.20
[INFO] [stderr]     Checking inventory v0.3.24
[INFO] [stderr]     Checking futures-timer v3.0.4
[INFO] [stderr]     Checking fastrand v2.5.0
[INFO] [stderr]     Checking arc-swap v1.9.2
[INFO] [stderr]     Checking sha1_smol v1.0.1
[INFO] [stderr]    Compiling quote v1.0.47
[INFO] [stderr]     Checking backon v1.6.0
[INFO] [stderr]    Compiling indexmap v2.14.0
[INFO] [stderr]    Compiling syn v3.0.3
[INFO] [stderr]    Compiling syn v2.0.119
[INFO] [stderr]    Compiling proc-macro-error-attr3 v3.1.0
[INFO] [stderr]     Checking regex-automata v0.4.18
[INFO] [stderr]     Checking num-integer v0.1.47
[INFO] [stderr]    Compiling toml_parser v1.1.3+spec-1.1.0
[INFO] [stderr]     Checking num-bigint v0.4.8
[INFO] [stderr]    Compiling toml_edit v0.25.13+spec-1.1.0
[INFO] [stderr]    Compiling proc-macro-crate v3.5.0
[INFO] [stderr]     Checking uuid v1.24.1
[INFO] [stderr]     Checking matchers v0.2.0
[INFO] [stderr]     Checking regex v1.13.1
[INFO] [stderr]    Compiling nest-rs-codegen v6.1.0
[INFO] [stderr]    Compiling serde_derive_internals v0.30.0
[INFO] [stderr]    Compiling proc-macro-error3 v3.1.0
[INFO] [stderr]     Checking ppv-lite86 v0.2.21
[INFO] [stderr]    Compiling zerovec-derive v0.11.5
[INFO] [stderr]    Compiling displaydoc v0.2.7
[INFO] [stderr]    Compiling futures-macro v0.3.34
[INFO] [stderr]    Compiling serde_derive v1.0.229
[INFO] [stderr]    Compiling tokio-macros v2.7.2
[INFO] [stderr]    Compiling thiserror-impl v2.0.20
[INFO] [stderr]    Compiling ref-cast-impl v1.0.26
[INFO] [stderr]    Compiling async-trait v0.1.92
[INFO] [stderr]    Compiling schemars_derive v1.2.2
[INFO] [stderr]    Compiling nest-rs-core-macros v6.1.0
[INFO] [stderr]    Compiling nest-rs-queue-macros v6.1.0
[INFO] [stderr]    Compiling nest-rs-config-macros v6.1.0
[INFO] [stderr]     Checking rand_chacha v0.9.0
[INFO] [stderr]    Compiling synstructure v0.13.2
[INFO] [stderr]    Compiling darling_core v0.23.0
[INFO] [stderr]     Checking rand v0.9.5
[INFO] [stderr]     Checking tokio v1.53.1
[INFO] [stderr]     Checking futures-util v0.3.34
[INFO] [stderr]     Checking ulid v1.2.1
[INFO] [stderr]    Compiling zerofrom-derive v0.1.7
[INFO] [stderr]    Compiling yoke-derive v0.8.2
[INFO] [stderr]    Compiling tracing-attributes v0.1.31
[INFO] [stderr]     Checking zerofrom v0.1.8
[INFO] [stderr]     Checking yoke v0.8.3
[INFO] [stderr]     Checking zerovec v0.11.7
[INFO] [stderr]     Checking zerotrie v0.2.5
[INFO] [stderr]     Checking tracing v0.1.44
[INFO] [stderr]     Checking tracing-futures v0.2.5
[INFO] [stderr]     Checking nest-rs-worker v6.1.0
[INFO] [stderr]     Checking tinystr v0.8.4
[INFO] [stderr]     Checking potential_utf v0.1.6
[INFO] [stderr]     Checking icu_collections v2.3.0
[INFO] [stderr]     Checking icu_locale_core v2.3.0
[INFO] [stderr]    Compiling darling_macro v0.23.0
[INFO] [stderr]    Compiling darling v0.23.0
[INFO] [stderr]    Compiling validator_derive v0.20.1
[INFO] [stderr]     Checking icu_provider v2.3.0
[INFO] [stderr]     Checking icu_properties v2.3.0
[INFO] [stderr]     Checking icu_normalizer v2.3.0
[INFO] [stderr]     Checking chrono v0.4.45
[INFO] [stderr]     Checking tracing-serde v0.2.0
[INFO] [stderr]     Checking futures-executor v0.3.34
[INFO] [stderr]     Checking tracing-subscriber v0.3.23
[INFO] [stderr]     Checking futures v0.3.34
[INFO] [stderr]     Checking idna_adapter v1.2.2
[INFO] [stderr]     Checking idna v1.1.0
[INFO] [stderr]     Checking url v2.5.8
[INFO] [stderr]     Checking schemars v1.2.2
[INFO] [stderr]     Checking validator v0.21.0
[INFO] [stderr]     Checking tokio-util v0.7.19
[INFO] [stderr]     Checking tower v0.5.3
[INFO] [stderr]     Checking combine v4.6.7
[INFO] [stderr]     Checking nest-rs-core v6.1.0
[INFO] [stderr]     Checking apalis-core v0.7.4
[INFO] [stderr]     Checking nest-rs-config v6.1.0
[INFO] [stderr]     Checking nest-rs-queue v6.1.0
[INFO] [stderr]     Checking apalis v0.7.4
[INFO] [stderr]     Checking redis v0.32.7
[INFO] [stderr]     Checking apalis-redis v0.7.4
[INFO] [stdout] error[E0277]: the trait bound `!: FromRedisValue` is not satisfied
[INFO] [stdout]    --> /opt/rustwide/cargo-home/registry/src/index.crates.io-1949cf8c6b5b557f/apalis-redis-0.7.4/src/storage.rs:733:14
[INFO] [stdout]     |
[INFO] [stdout] 733 |             .invoke_async(conn)
[INFO] [stdout]     |              ^^^^^^^^^^^^ the trait `FromRedisValue` is not implemented for `!`
[INFO] [stdout]     |
[INFO] [stdout]     = help: the following other types implement trait `FromRedisValue`:
[INFO] [stdout]               ()
[INFO] [stdout]               (T,)
[INFO] [stdout]               (T1, T2)
[INFO] [stdout]               (T1, T2, T3)
[INFO] [stdout]               (T1, T2, T3, T4)
[INFO] [stdout]               (T1, T2, T3, T4, T5)
[INFO] [stdout]               (T1, T2, T3, T4, T5, T6)
[INFO] [stdout]               (T1, T2, T3, T4, T5, T6, T7)
[INFO] [stdout]             and 41 others
[INFO] [stdout]     = note: this error might have been caused by changes to Rust's type-inference algorithm (see issue #148922 <https://github.com/rust-lang/rust/issues/148922> for more information)
[INFO] [stdout]     = help: you might have intended to use the type `()` here instead
[INFO] [stdout] note: required by a bound in `ScriptInvocation::<'a>::invoke_async`
[INFO] [stdout]    --> /opt/rustwide/cargo-home/registry/src/index.crates.io-1949cf8c6b5b557f/redis-0.32.7/src/script.rs:193:34
[INFO] [stdout]     |
[INFO] [stdout] 150 | impl<'a> ScriptInvocation<'a> {
[INFO] [stdout] ...
[INFO] [stdout] 193 |     pub async fn invoke_async<T: FromRedisValue>(
[INFO] [stdout]     |                                  ^^^^^^^^^^^^^^ required by this bound in `ScriptInvocation::<'a>::invoke_async`
[INFO] [stdout] 
[INFO] [stdout] 
[INFO] [stdout] error[E0277]: the trait bound `!: FromRedisValue` is not satisfied
[INFO] [stdout]    --> /opt/rustwide/cargo-home/registry/src/index.crates.io-1949cf8c6b5b557f/apalis-redis-0.7.4/src/storage.rs:756:14
[INFO] [stdout]     |
[INFO] [stdout] 756 |             .invoke_async(conn)
[INFO] [stdout]     |              ^^^^^^^^^^^^ the trait `FromRedisValue` is not implemented for `!`
[INFO] [stdout]     |
[INFO] [stdout]     = help: the following other types implement trait `FromRedisValue`:
[INFO] [stdout]               ()
[INFO] [stdout]               (T,)
[INFO] [stdout]               (T1, T2)
[INFO] [stdout]               (T1, T2, T3)
[INFO] [stdout]               (T1, T2, T3, T4)
[INFO] [stdout]               (T1, T2, T3, T4, T5)
[INFO] [stdout]               (T1, T2, T3, T4, T5, T6)
[INFO] [stdout]               (T1, T2, T3, T4, T5, T6, T7)
[INFO] [stdout]             and 41 others
[INFO] [stdout]     = note: this error might have been caused by changes to Rust's type-inference algorithm (see issue #148922 <https://github.com/rust-lang/rust/issues/148922> for more information)
[INFO] [stdout]     = help: you might have intended to use the type `()` here instead
[INFO] [stdout] note: required by a bound in `ScriptInvocation::<'a>::invoke_async`
[INFO] [stdout]    --> /opt/rustwide/cargo-home/registry/src/index.crates.io-1949cf8c6b5b557f/redis-0.32.7/src/script.rs:193:34
[INFO] [stdout]     |
[INFO] [stdout] 150 | impl<'a> ScriptInvocation<'a> {
[INFO] [stdout] ...
[INFO] [stdout] 193 |     pub async fn invoke_async<T: FromRedisValue>(
[INFO] [stdout]     |                                  ^^^^^^^^^^^^^^ required by this bound in `ScriptInvocation::<'a>::invoke_async`
[INFO] [stdout] 
[INFO] [stdout] 
[INFO] [stdout] error[E0277]: the trait bound `!: FromRedisValue` is not satisfied
[INFO] [stdout]    --> /opt/rustwide/cargo-home/registry/src/index.crates.io-1949cf8c6b5b557f/apalis-redis-0.7.4/src/storage.rs:777:14
[INFO] [stdout]     |
[INFO] [stdout] 777 |             .invoke_async(&mut self.conn)
[INFO] [stdout]     |              ^^^^^^^^^^^^ the trait `FromRedisValue` is not implemented for `!`
[INFO] [stdout]     |
[INFO] [stdout]     = help: the following other types implement trait `FromRedisValue`:
[INFO] [stdout]               ()
[INFO] [stdout]               (T,)
[INFO] [stdout]               (T1, T2)
[INFO] [stdout]               (T1, T2, T3)
[INFO] [stdout]               (T1, T2, T3, T4)
[INFO] [stdout]               (T1, T2, T3, T4, T5)
[INFO] [stdout]               (T1, T2, T3, T4, T5, T6)
[INFO] [stdout]               (T1, T2, T3, T4, T5, T6, T7)
[INFO] [stdout]             and 41 others
[INFO] [stdout]     = note: this error might have been caused by changes to Rust's type-inference algorithm (see issue #148922 <https://github.com/rust-lang/rust/issues/148922> for more information)
[INFO] [stdout]     = help: you might have intended to use the type `()` here instead
[INFO] [stdout] note: required by a bound in `ScriptInvocation::<'a>::invoke_async`
[INFO] [stdout]    --> /opt/rustwide/cargo-home/registry/src/index.crates.io-1949cf8c6b5b557f/redis-0.32.7/src/script.rs:193:34
[INFO] [stdout]     |
[INFO] [stdout] 150 | impl<'a> ScriptInvocation<'a> {
[INFO] [stdout] ...
[INFO] [stdout] 193 |     pub async fn invoke_async<T: FromRedisValue>(
[INFO] [stdout]     |                                  ^^^^^^^^^^^^^^ required by this bound in `ScriptInvocation::<'a>::invoke_async`
[INFO] [stdout] 
[INFO] [stdout] 
[INFO] [stdout] error[E0277]: the trait bound `!: FromRedisValue` is not satisfied
[INFO] [stdout]    --> /opt/rustwide/cargo-home/registry/src/index.crates.io-1949cf8c6b5b557f/apalis-redis-0.7.4/src/storage.rs:841:14
[INFO] [stdout]     |
[INFO] [stdout] 841 |             .query_async(&mut self.conn)
[INFO] [stdout]     |              ^^^^^^^^^^^ the trait `FromRedisValue` is not implemented for `!`
[INFO] [stdout]     |
[INFO] [stdout]     = help: the following other types implement trait `FromRedisValue`:
[INFO] [stdout]               ()
[INFO] [stdout]               (T,)
[INFO] [stdout]               (T1, T2)
[INFO] [stdout]               (T1, T2, T3)
[INFO] [stdout]               (T1, T2, T3, T4)
[INFO] [stdout]               (T1, T2, T3, T4, T5)
[INFO] [stdout]               (T1, T2, T3, T4, T5, T6)
[INFO] [stdout]               (T1, T2, T3, T4, T5, T6, T7)
[INFO] [stdout]             and 41 others
[INFO] [stdout]     = note: this error might have been caused by changes to Rust's type-inference algorithm (see issue #148922 <https://github.com/rust-lang/rust/issues/148922> for more information)
[INFO] [stdout]     = help: you might have intended to use the type `()` here instead
[INFO] [stdout] note: required by a bound in `Cmd::query_async`
[INFO] [stdout]    --> /opt/rustwide/cargo-home/registry/src/index.crates.io-1949cf8c6b5b557f/redis-0.32.7/src/cmd.rs:671:33
[INFO] [stdout]     |
[INFO] [stdout] 519 | impl Cmd {
[INFO] [stdout] ...
[INFO] [stdout] 671 |     pub async fn query_async<T: FromRedisValue>(
[INFO] [stdout]     |                                 ^^^^^^^^^^^^^^ required by this bound in `Cmd::query_async`
[INFO] [stdout] 
[INFO] [stdout] 
[INFO] [stdout] error[E0277]: the trait bound `!: FromRedisValue` is not satisfied
[INFO] [stdout]    --> /opt/rustwide/cargo-home/registry/src/index.crates.io-1949cf8c6b5b557f/apalis-redis-0.7.4/src/storage.rs:847:14
[INFO] [stdout]     |
[INFO] [stdout] 847 |             .query_async(&mut self.conn)
[INFO] [stdout]     |              ^^^^^^^^^^^ the trait `FromRedisValue` is not implemented for `!`
[INFO] [stdout]     |
[INFO] [stdout]     = help: the following other types implement trait `FromRedisValue`:
[INFO] [stdout]               ()
[INFO] [stdout]               (T,)
[INFO] [stdout]               (T1, T2)
[INFO] [stdout]               (T1, T2, T3)
[INFO] [stdout]               (T1, T2, T3, T4)
[INFO] [stdout]               (T1, T2, T3, T4, T5)
[INFO] [stdout]               (T1, T2, T3, T4, T5, T6)
[INFO] [stdout]               (T1, T2, T3, T4, T5, T6, T7)
[INFO] [stdout]             and 41 others
[INFO] [stdout]     = note: this error might have been caused by changes to Rust's type-inference algorithm (see issue #148922 <https://github.com/rust-lang/rust/issues/148922> for more information)
[INFO] [stdout]     = help: you might have intended to use the type `()` here instead
[INFO] [stdout] note: required by a bound in `Cmd::query_async`
[INFO] [stdout]    --> /opt/rustwide/cargo-home/registry/src/index.crates.io-1949cf8c6b5b557f/redis-0.32.7/src/cmd.rs:671:33
[INFO] [stdout]     |
[INFO] [stdout] 519 | impl Cmd {
[INFO] [stdout] ...
[INFO] [stdout] 671 |     pub async fn query_async<T: FromRedisValue>(
[INFO] [stdout]     |                                 ^^^^^^^^^^^^^^ required by this bound in `Cmd::query_async`
[INFO] [stdout] 
[INFO] [stdout] 
[INFO] [stdout] For more information about this error, try `rustc --explain E0277`.
[INFO] [stdout] 
[INFO] [stderr] error: could not compile `apalis-redis` (lib) due to 5 previous errors
[INFO] running `Command { std: "docker" "inspect" "2969abe5c637664afb32e1c3cab923cf70abb8930522cfc67461fee3a6978b25", kill_on_drop: false }`
[INFO] running `Command { std: "docker" "rm" "-f" "2969abe5c637664afb32e1c3cab923cf70abb8930522cfc67461fee3a6978b25", kill_on_drop: false }`
[INFO] [stdout] 2969abe5c637664afb32e1c3cab923cf70abb8930522cfc67461fee3a6978b25
