[INFO] fetching crate chimes-utils 0.1.0...
[INFO] documenting chimes-utils-0.1.0 against 1.100.0-beta.1 for beta-rustdoc-1.100-2
[INFO] extracting crate chimes-utils 0.1.0 into /workspace/builds/worker-7-tc2/source
[INFO] started tweaking crates.io crate chimes-utils 0.1.0
[INFO] finished tweaking crates.io crate chimes-utils 0.1.0
[INFO] tweaked toml for crates.io crate chimes-utils 0.1.0 written to /workspace/builds/worker-7-tc2/source/Cargo.toml
[INFO] validating manifest of crates.io crate chimes-utils 0.1.0 on toolchain 1.100.0-beta.1
[INFO] running `Command { std: CARGO_HOME="/workspace/cargo-home" RUSTUP_HOME="/workspace/rustup-home" "/workspace/cargo-home/bin/cargo" "+1.100.0-beta.1" "metadata" "--manifest-path" "Cargo.toml" "--no-deps", kill_on_drop: false }`
[INFO] running `Command { std: CARGO_HOME="/workspace/cargo-home" RUSTUP_HOME="/workspace/rustup-home" "/workspace/cargo-home/bin/cargo" "+1.100.0-beta.1" "generate-lockfile" "--manifest-path" "Cargo.toml", kill_on_drop: false }`
[INFO] [stderr]     Updating crates.io index
[INFO] [stderr]      Locking 463 packages to highest compatible versions
[INFO] [stderr]       Adding base64 v0.21.7 (available: v0.23.1)
[INFO] [stderr]       Adding generic-array v0.14.7 (available: v0.14.9)
[INFO] [stderr]       Adding lettre v0.10.4 (available: v0.11.23)
[INFO] [stderr]       Adding nix v0.28.0 (available: v0.31.3)
[INFO] [stderr]       Adding psm v0.1.24 (available: v0.1.32)
[INFO] [stderr]       Adding rand v0.8.8 (available: v0.10.3)
[INFO] [stderr]       Adding rbatis v3.1.16 (available: v4.9.7)
[INFO] [stderr]       Adding redis v0.22.4 (available: v1.7.1)
[INFO] [stderr]       Adding rsa v0.6.1 (available: v0.9.10)
[INFO] [stderr]       Adding rustls v0.20.9 (available: v0.23.45)
[INFO] [stderr]       Adding tera v1.20.1 (available: v2.4.0)
[INFO] [stderr]       Adding windows v0.48.0 (available: v0.62.2)
[INFO] [stderr]       Adding windows-service v0.6.0 (available: v0.8.1)
[INFO] running `Command { std: CARGO_HOME="/workspace/cargo-home" RUSTUP_HOME="/workspace/rustup-home" "/workspace/cargo-home/bin/cargo" "+1.100.0-beta.1" "fetch" "--manifest-path" "Cargo.toml", kill_on_drop: false }`
[INFO] running `Command { std: "docker" "create" "-v" "/var/lib/crater-agent-workspace/builds/worker-7-tc2/source:/opt/rustwide/workdir:ro,Z" "-v" "/var/lib/crater-agent-workspace/builds/worker-7-tc2/target:/opt/rustwide/target:rw,Z" "-v" "/var/lib/crater-agent-workspace/cargo-home:/opt/rustwide/cargo-home:ro,Z" "-v" "/var/lib/crater-agent-workspace/rustup-home:/opt/rustwide/rustup-home:ro,Z" "-m" "1610612736" "--network" "none" "ghcr.io/rust-lang/crates-build-env/linux@sha256:77db811e55d90add9212f6832c23229e3de5f1c1f9905e8cb07319ea15df73ac" "sleep" "infinity", kill_on_drop: false }`
[INFO] [stdout] dd2e8f1a3678db900061b3c43fb1ede48be8885a3dda586b2bbfa09823c1d412
[INFO] running `Command { std: "docker" "start" "dd2e8f1a3678db900061b3c43fb1ede48be8885a3dda586b2bbfa09823c1d412", kill_on_drop: false }`
[INFO] running `Command { std: "docker" "inspect" "dd2e8f1a3678db900061b3c43fb1ede48be8885a3dda586b2bbfa09823c1d412", kill_on_drop: false }`
[INFO] running `Command { std: "docker" "exec" "-e" "SOURCE_DIR=/opt/rustwide/workdir" "-e" "CARGO_HOME=/opt/rustwide/cargo-home" "-e" "RUSTUP_HOME=/opt/rustwide/rustup-home" "-e" "CARGO_TARGET_DIR=/opt/rustwide/target" "-w" "/opt/rustwide/workdir" "--user" "0:0" "dd2e8f1a3678db900061b3c43fb1ede48be8885a3dda586b2bbfa09823c1d412" "/opt/rustwide/cargo-home/bin/cargo" "+1.100.0-beta.1" "metadata" "--no-deps" "--format-version=1", kill_on_drop: false }`
[INFO] running `Command { std: "docker" "inspect" "dd2e8f1a3678db900061b3c43fb1ede48be8885a3dda586b2bbfa09823c1d412", kill_on_drop: false }`
[INFO] running `Command { std: "docker" "exec" "-e" "SOURCE_DIR=/opt/rustwide/workdir" "-e" "CARGO_HOME=/opt/rustwide/cargo-home" "-e" "RUSTUP_HOME=/opt/rustwide/rustup-home" "-e" "CARGO_TARGET_DIR=/opt/rustwide/target" "-e" "CARGO_INCREMENTAL=0" "-e" "RUST_BACKTRACE=full" "-e" "RUSTFLAGS=--cap-lints=warn" "-e" "RUSTDOCFLAGS=--cap-lints=warn" "-w" "/opt/rustwide/workdir" "--user" "0:0" "dd2e8f1a3678db900061b3c43fb1ede48be8885a3dda586b2bbfa09823c1d412" "/opt/rustwide/cargo-home/bin/cargo" "+1.100.0-beta.1" "doc" "--frozen" "--no-deps" "--document-private-items" "--message-format=json", kill_on_drop: false }`
[INFO] [stderr]    Compiling libc v0.2.190
[INFO] [stderr]     Checking cfg-if v1.0.5
[INFO] [stderr]    Compiling find-msvc-tools v0.1.14
[INFO] [stderr]    Compiling proc-macro2 v1.0.107
[INFO] [stderr]    Compiling portable-atomic v1.15.0
[INFO] [stderr]     Checking value-bag v1.14.1
[INFO] [stderr]     Checking smallvec v1.16.3
[INFO] [stderr]    Compiling serde_core v1.0.229
[INFO] [stderr]     Checking futures-io v0.3.34
[INFO] [stderr]    Compiling crossbeam-utils v0.8.23
[INFO] [stderr]    Compiling num-traits v0.2.19
[INFO] [stderr]     Checking log v0.4.34
[INFO] [stderr]    Compiling zerocopy v0.8.62
[INFO] [stderr]     Checking bitflags v2.13.2
[INFO] [stderr]    Compiling quote v1.0.47
[INFO] [stderr]    Compiling syn v3.0.7
[INFO] [stderr]    Compiling syn v2.0.119
[INFO] [stderr]     Checking once_cell v1.21.4
[INFO] [stderr]     Checking futures-channel v0.3.34
[INFO] [stderr]     Checking futures-task v0.3.34
[INFO] [stderr]     Checking indexmap v2.14.2
[INFO] [stderr]    Compiling jobserver v0.1.35
[INFO] [stderr]     Checking aho-corasick v1.1.5
[INFO] [stderr]    Compiling cc v1.7.0
[INFO] [stderr]     Checking getrandom v0.2.17
[INFO] [stderr]     Checking parking_lot_core v0.9.12
[INFO] [stderr]     Checking errno v0.3.14
[INFO] [stderr]     Checking signal-hook-registry v1.4.8
[INFO] [stderr]     Checking parking_lot v0.12.5
[INFO] [stderr]     Checking socket2 v0.6.5
[INFO] [stderr]     Checking mio v1.2.4
[INFO] [stderr]     Checking rand_core v0.6.4
[INFO] [stderr]     Checking regex-automata v0.4.18
[INFO] [stderr]     Checking spin v0.9.9
[INFO] [stderr]    Compiling serde_json v1.0.152
[INFO] [stderr]    Compiling litemap v0.8.3
[INFO] [stderr]    Compiling openssl-src v300.6.1+3.6.3
[INFO] [stderr]    Compiling writeable v0.6.4
[INFO] [stderr]    Compiling serde v1.0.229
[INFO] [stderr]     Checking digest v0.10.7
[INFO] [stderr]     Checking tracing-core v0.1.36
[INFO] [stderr]    Compiling ahash v0.7.8
[INFO] [stderr]    Compiling siphasher v1.0.4
[INFO] [stderr]    Compiling openssl v0.10.81
[INFO] [stderr]    Compiling phf_shared v0.11.3
[INFO] [stderr]    Compiling ring v0.16.20
[INFO] [stderr]    Compiling psm v0.1.24
[INFO] [stderr]    Compiling stacker v0.1.25
[INFO] [stderr]    Compiling openssl-sys v0.9.117
[INFO] [stderr]    Compiling ring v0.17.14
[INFO] [stderr]    Compiling pest v2.9.3
[INFO] [stderr]     Checking ppv-lite86 v0.2.21
[INFO] [stderr]    Compiling zstd-sys v2.1.1+zstd.1.5.7
[INFO] [stderr]     Checking pem-rfc7468 v0.3.1
[INFO] [stderr]     Checking rand_chacha v0.3.1
[INFO] [stderr]    Compiling synstructure v0.14.0
[INFO] [stderr]     Checking rand v0.8.8
[INFO] [stderr]    Compiling tracing-attributes v0.1.31
[INFO] [stderr]    Compiling thiserror-impl v1.0.69
[INFO] [stderr]    Compiling openssl-macros v0.1.1
[INFO] [stderr]    Compiling pest_meta v2.9.3
[INFO] [stderr]    Compiling encoding_rs v0.8.42
[INFO] [stderr]    Compiling syn v1.0.109
[INFO] [stderr]    Compiling zerofrom-derive v0.1.8
[INFO] [stderr]    Compiling yoke-derive v0.8.4
[INFO] [stderr]    Compiling zerovec-derive v0.11.6
[INFO] [stderr]    Compiling serde_derive v1.0.229
[INFO] [stderr]    Compiling displaydoc v0.2.7
[INFO] [stderr]    Compiling tokio-macros v2.7.2
[INFO] [stderr]     Checking zerofrom v0.1.8
[INFO] [stderr]     Checking yoke v0.8.3
[INFO] [stderr]     Checking tokio v1.53.2
[INFO] [stderr]    Compiling futures-macro v0.3.34
[INFO] [stderr]     Checking zerovec v0.11.8
[INFO] [stderr]     Checking tinystr v0.8.4
[INFO] [stderr]     Checking icu_locale_core v2.3.0
[INFO] [stderr]     Checking potential_utf v0.1.6
[INFO] [stderr]     Checking zerotrie v0.2.5
[INFO] [stderr]     Checking icu_collections v2.3.0
[INFO] [stderr]     Checking futures-util v0.3.34
[INFO] [stderr]     Checking icu_provider v2.3.1
[INFO] [stderr]     Checking icu_normalizer v2.3.0
[INFO] [stderr]     Checking icu_properties v2.3.0
[INFO] [stderr]     Checking tracing v0.1.44
[INFO] [stderr]     Checking lazy_static v1.5.1
[INFO] [stderr]     Checking num-integer v0.1.47
[INFO] [stderr]     Checking crypto-bigint v0.3.2
[INFO] [stderr]     Checking concurrent-queue v2.5.0
[INFO] [stderr]    Compiling regex-syntax v0.8.11
[INFO] [stderr]     Checking chrono v0.4.45
[INFO] [stderr]     Checking idna_adapter v1.2.2
[INFO] [stderr]     Checking webpki v0.22.4
[INFO] [stderr]     Checking webpki v0.21.4
[INFO] [stderr]    Compiling pest_generator v2.9.3
[INFO] [stderr]     Checking der v0.5.1
[INFO] [stderr]     Checking event-listener v5.4.2
[INFO] [stderr]     Checking tokio-util v0.7.20
[INFO] [stderr]    Compiling icu_normalizer_data v2.3.0
[INFO] [stderr]    Compiling icu_properties_data v2.3.0
[INFO] [stderr]     Checking hybrid-array v0.4.15
[INFO] [stderr]    Compiling standback v0.2.17
[INFO] [stderr]     Checking simdutf8 v0.1.5
[INFO] [stderr]    Compiling rustix v1.1.5
[INFO] [stderr]     Checking tinyvec v1.13.3
[INFO] [stderr]     Checking core_detect v1.0.0
[INFO] [stderr]    Compiling rustls v0.20.9
[INFO] [stderr]    Compiling multiversion_no_op v1.0.0
[INFO] [stderr]     Checking zeroize v1.9.1
[INFO] [stderr]     Checking unicode-normalization v0.1.25
[INFO] [stderr]    Compiling pest_derive v2.9.3
[INFO] [stderr]     Checking spki v0.5.4
[INFO] [stderr]     Checking event-listener-strategy v0.5.4
[INFO] [stderr]    Compiling phf_generator v0.11.3
[INFO] [stderr]     Checking idna v1.1.0
[INFO] [stderr]     Checking getrandom v0.3.4
[INFO] [stderr]     Checking futures-lite v2.6.1
[INFO] [stderr]     Checking sct v0.7.1
[INFO] [stderr]     Checking sct v0.6.1
[INFO] [stderr]     Checking regex v1.13.1
[INFO] [stderr]    Compiling zmij v1.0.23
[INFO] [stderr]     Checking instant v0.1.13
[INFO] [stderr]    Compiling num-bigint v0.3.3
[INFO] [stderr]     Checking linux-raw-sys v0.12.1
[INFO] [stderr]    Compiling tokio-openssl v0.6.5
[INFO] [stderr]    Compiling crossbeam-epoch v0.9.21
[INFO] [stderr]    Compiling zstd-safe v7.3.0
[INFO] [stderr]    Compiling crc32fast v1.5.2
[INFO] [stderr]     Checking cpufeatures v0.3.1
[INFO] [stderr]     Checking nom v7.1.3
[INFO] [stderr]    Compiling parse-zoneinfo v0.3.1
[INFO] [stderr]     Checking parking_lot_core v0.8.6
[INFO] [stderr]     Checking rustls v0.19.1
[INFO] [stderr]     Checking url v2.5.8
[INFO] [stderr]    Compiling phf_codegen v0.11.3
[INFO] [stderr]     Checking pkcs8 v0.8.0
[INFO] [stderr]     Checking crypto-common v0.2.2
[INFO] [stderr]     Checking block-buffer v0.12.1
[INFO] [stderr]     Checking actix-rt v2.15.0
[INFO] [stderr]     Checking num-iter v0.1.46
[INFO] [stderr]     Checking either v1.19.0
[INFO] [stderr]     Checking uuid v0.8.2
[INFO] [stderr]    Compiling thiserror v1.0.69
[INFO] [stderr]    Compiling pin-project-internal v1.1.13
[INFO] [stderr]    Compiling phf v0.11.3
[INFO] [stderr]    Compiling libsqlite3-sys v0.24.2
[INFO] [stderr]     Checking actix-service v2.0.3
[INFO] [stderr]    Compiling async-io v2.6.0
[INFO] [stderr]    Compiling rust_decimal v1.43.0
[INFO] [stderr]    Compiling crossbeam-deque v0.8.8
[INFO] [stderr]     Checking simd-adler32 v0.3.10
[INFO] [stderr]    Compiling percent-encoding v2.3.2
[INFO] [stderr]     Checking miniz_oxide v0.9.1
[INFO] [stderr]    Compiling time-macros v0.2.32
[INFO] [stderr]    Compiling form_urlencoded v1.2.2
[INFO] [stderr]     Checking digest v0.11.3
[INFO] [stderr]     Checking tokio-rustls v0.23.4
[INFO] [stderr]    Compiling derive_more-impl v2.1.1
[INFO] [stderr]     Checking piper v0.2.5
[INFO] [stderr]     Checking pin-project v1.1.13
[INFO] [stderr]     Checking tokio-rustls v0.22.0
[INFO] [stderr]    Compiling chrono-tz-build v0.3.0
[INFO] [stderr]    Compiling html_parser v0.6.3
[INFO] [stderr]     Checking itertools v0.10.5
[INFO] [stderr]     Checking num-bigint-dig v0.8.6
[INFO] [stderr]    Compiling time-macros-impl v0.1.2
[INFO] [stderr]     Checking pkcs1 v0.3.3
[INFO] [stderr]     Checking parking_lot v0.11.2
[INFO] [stderr]     Checking getrandom v0.4.3
[INFO] [stderr]     Checking polling v3.11.0
[INFO] [stderr]     Checking chacha20 v0.10.2
[INFO] [stderr]     Checking actix-utils v3.0.2
[INFO] [stderr]     Checking async-channel v2.5.0
[INFO] [stderr]     Checking hashbrown v0.11.2
[INFO] [stderr]     Checking webpki-roots v0.22.6
[INFO] [stderr]     Checking futures-executor v0.3.34
[INFO] [stderr]    Compiling async-trait v0.1.92
[INFO] [stderr]     Checking hmac v0.12.1
[INFO] [stderr]     Checking serde_bytes v0.11.19
[INFO] [stderr]     Checking dirs-sys v0.3.7
[INFO] [stderr]     Checking bytestring v1.5.1
[INFO] [stderr]     Checking bstr v1.13.1
[INFO] [stderr]    Compiling time v0.2.27
[INFO] [stderr]     Checking arrayvec v0.7.8
[INFO] [stderr]     Checking powerfmt v0.2.1
[INFO] [stderr]     Checking crc-catalog v1.1.1
[INFO] [stderr]     Checking impl-more v0.3.10
[INFO] [stderr]    Compiling bytes v1.12.1
[INFO] [stderr]     Checking globset v0.4.20
[INFO] [stderr]    Compiling const-random-macro v0.1.16
[INFO] [stderr]     Checking stringprep v0.1.5
[INFO] [stderr]     Checking rsa v0.6.1
[INFO] [stderr]     Checking time v0.3.55
[INFO] [stderr]     Checking crc v2.1.0
[INFO] [stderr]     Checking derive_more v2.1.1
[INFO] [stderr]     Checking sqlformat v0.1.8
[INFO] [stderr]     Checking bigdecimal v0.2.2
[INFO] [stderr]     Checking hashlink v0.7.0
[INFO] [stderr]     Checking dirs v4.0.0
[INFO] [stderr]     Checking rbson v2.0.5
[INFO] [stderr]     Checking hkdf v0.12.4
[INFO] [stderr]     Checking blocking v1.7.0
[INFO] [stderr]     Checking rand v0.10.3
[INFO] [stderr]     Checking flate2 v1.1.10
[INFO] [stderr]     Checking time-macros v0.1.1
[INFO] [stderr]     Checking futures-intrusive v0.4.2
[INFO] [stderr]    Compiling chrono-tz v0.9.0
[INFO] [stderr]     Checking sqlx-rt v0.5.13
[INFO] [stderr]     Checking flume v0.10.14
[INFO] [stderr]     Checking sha1 v0.11.0
[INFO] [stderr]     Checking sha-1 v0.10.1
[INFO] [stderr]     Checking sha2 v0.10.9
[INFO] [stderr]     Checking async-executor v1.14.0
[INFO] [stderr]     Checking local-channel v0.1.5
[INFO] [stderr]     Checking rand_core v0.9.5
[INFO] [stderr]     Checking async-lock v3.4.2
[INFO] [stderr]     Checking h2 v0.3.27
[INFO] [stderr]     Checking actix-codec v0.5.4
[INFO] [stderr]     Checking tokio-stream v0.1.19
[INFO] [stderr]     Checking webpki-roots v0.21.1
[INFO] [stderr]     Checking bit-vec v0.6.3
[INFO] [stderr]     Checking md-5 v0.10.6
[INFO] [stderr]     Checking atoi v0.4.0
[INFO] [stderr]     Checking crossbeam-queue v0.3.14
[INFO] [stderr]    Compiling smartstring v1.0.1
[INFO] [stderr]    Compiling ahash v0.8.12
[INFO] [stderr]    Compiling crc16 v0.4.0
[INFO] [stderr]     Checking foldhash v0.2.0
[INFO] [stderr]    Compiling regex-lite v0.1.9
[INFO] [stderr]     Checking whoami v1.6.1
[INFO] [stderr]    Compiling nix v0.28.0
[INFO] [stderr]    Compiling rbatis_sql_macro v3.0.17
[INFO] [stderr]     Checking zstd v0.13.3
[INFO] [stderr]     Checking async-global-executor v2.4.1
[INFO] [stderr]     Checking rand_chacha v0.9.0
[INFO] [stderr]     Checking cookie v0.16.2
[INFO] [stderr]    Compiling actix-router v0.5.4
[INFO] [stderr]     Checking ignore v0.4.33
[INFO] [stderr]     Checking const-random v0.1.18
[INFO] [stderr]     Checking serde_urlencoded v0.7.1
[INFO] [stderr]     Checking async-channel v1.9.0
[INFO] [stderr]     Checking ipnetwork v0.17.0
[INFO] [stderr]     Checking kv-log-macro v1.0.7
[INFO] [stderr]    Compiling substring v1.4.5
[INFO] [stderr]     Checking deunicode v1.6.2
[INFO] [stderr]     Checking pin-utils v0.1.1
[INFO] [stderr]     Checking match_cfg v0.1.0
[INFO] [stderr]     Checking async-std v1.13.2
[INFO] [stderr]     Checking hostname v0.3.1
[INFO] [stderr]     Checking slug v0.1.6
[INFO] [stderr]     Checking sqlx-core v0.5.13
[INFO] [stderr]    Compiling actix-web-codegen v4.4.0
[INFO] [stderr]     Checking rbatis_sql v3.0.26
[INFO] [stderr]     Checking globwalk v0.9.1
[INFO] [stderr]     Checking rand v0.9.5
[INFO] [stderr]     Checking futures v0.3.34
[INFO] [stderr]    Compiling rbatis-macro-driver v3.1.3
[INFO] [stderr]     Checking actix-server v2.9.8
[INFO] [stderr]     Checking email-encoding v0.2.1
[INFO] [stderr]     Checking idna v0.3.0
[INFO] [stderr]     Checking combine v4.6.8
[INFO] [stderr]    Compiling actix-macros v0.2.5
[INFO] [stderr]    Compiling rhai_codegen v3.2.0
[INFO] [stderr]     Checking scheduled-thread-pool v0.2.7
[INFO] [stderr]     Checking socket2 v0.4.10
[INFO] [stderr]     Checking humansize v2.1.3
[INFO] [stderr]     Checking thin-vec v0.2.21
[INFO] [stderr]     Checking quoted_printable v0.4.8
[INFO] [stderr]     Checking email_address v0.2.9
[INFO] [stderr]     Checking r2d2 v0.8.10
[INFO] [stdout] error[E0277]: the trait bound `!: io::decode::Decode<'_>` is not satisfied
[INFO] [stdout]   --> /opt/rustwide/cargo-home/registry/src/index.crates.io-1949cf8c6b5b557f/sqlx-core-0.5.13/src/postgres/connection/executor.rs:67:10
[INFO] [stdout]    |
[INFO] [stdout] 67 |         .recv_expect(MessageFormat::ParseComplete)
[INFO] [stdout]    |          ^^^^^^^^^^^ the trait `io::decode::Decode<'_>` is not implemented for `!`
[INFO] [stdout]    |
[INFO] [stdout]    = help: the following other types implement trait `io::decode::Decode<'de, Context>`:
[INFO] [stdout]              `()` implements `io::decode::Decode<'_>`
[INFO] [stdout]              `AuthSwitchRequest` implements `io::decode::Decode<'_>`
[INFO] [stdout]              `Authentication` implements `io::decode::Decode<'_>`
[INFO] [stdout]              `AuthenticationSaslContinue` implements `io::decode::Decode<'_>`
[INFO] [stdout]              `AuthenticationSaslFinal` implements `io::decode::Decode<'_>`
[INFO] [stdout]              `BackendKeyData` implements `io::decode::Decode<'_>`
[INFO] [stdout]              `BinaryRow` implements `io::decode::Decode<'de, &'de [MySqlColumn]>`
[INFO] [stdout]              `ColumnDefinition` implements `io::decode::Decode<'_, Capabilities>`
[INFO] [stdout]            and 21 others
[INFO] [stdout]    = note: this error might have been caused by changes to Rust's type-inference algorithm (see issue #148922 <https://github.com/rust-lang/rust/issues/148922> for more information)
[INFO] [stdout]    = help: you might have intended to use the type `()` here instead
[INFO] [stdout] note: required by a bound in `PgStream::recv_expect`
[INFO] [stdout]   --> /opt/rustwide/cargo-home/registry/src/index.crates.io-1949cf8c6b5b557f/sqlx-core-0.5.13/src/postgres/connection/stream.rs:64:45
[INFO] [stdout]    |
[INFO] [stdout] 38 | impl PgStream {
[INFO] [stdout] ...
[INFO] [stdout] 64 |     pub(crate) async fn recv_expect<'de, T: Decode<'de>>(
[INFO] [stdout]    |                                             ^^^^^^^^^^^ required by this bound in `PgStream::recv_expect`
[INFO] [stdout] 
[INFO] [stdout] 
[INFO] [stdout] error[E0277]: the trait bound `!: io::decode::Decode<'_>` is not satisfied
[INFO] [stdout]   --> /opt/rustwide/cargo-home/registry/src/index.crates.io-1949cf8c6b5b557f/sqlx-core-0.5.13/src/postgres/connection/executor.rs:65:13
[INFO] [stdout]    |
[INFO] [stdout] 65 |       let _ = conn
[INFO] [stdout]    |  _____________^
[INFO] [stdout] 66 | |         .stream
[INFO] [stdout] 67 | |         .recv_expect(MessageFormat::ParseComplete)
[INFO] [stdout]    | |__________________________________________________^ the trait `io::decode::Decode<'_>` is not implemented for `!`
[INFO] [stdout]    |
[INFO] [stdout]    = help: the following other types implement trait `io::decode::Decode<'de, Context>`:
[INFO] [stdout]              `()` implements `io::decode::Decode<'_>`
[INFO] [stdout]              `AuthSwitchRequest` implements `io::decode::Decode<'_>`
[INFO] [stdout]              `Authentication` implements `io::decode::Decode<'_>`
[INFO] [stdout]              `AuthenticationSaslContinue` implements `io::decode::Decode<'_>`
[INFO] [stdout]              `AuthenticationSaslFinal` implements `io::decode::Decode<'_>`
[INFO] [stdout]              `BackendKeyData` implements `io::decode::Decode<'_>`
[INFO] [stdout]              `BinaryRow` implements `io::decode::Decode<'de, &'de [MySqlColumn]>`
[INFO] [stdout]              `ColumnDefinition` implements `io::decode::Decode<'_, Capabilities>`
[INFO] [stdout]            and 21 others
[INFO] [stdout]    = note: this error might have been caused by changes to Rust's type-inference algorithm (see issue #148922 <https://github.com/rust-lang/rust/issues/148922> for more information)
[INFO] [stdout]    = help: you might have intended to use the type `()` here instead
[INFO] [stdout] note: required by a bound in `PgStream::recv_expect`
[INFO] [stdout]   --> /opt/rustwide/cargo-home/registry/src/index.crates.io-1949cf8c6b5b557f/sqlx-core-0.5.13/src/postgres/connection/stream.rs:64:45
[INFO] [stdout]    |
[INFO] [stdout] 38 | impl PgStream {
[INFO] [stdout] ...
[INFO] [stdout] 64 |     pub(crate) async fn recv_expect<'de, T: Decode<'de>>(
[INFO] [stdout]    |                                             ^^^^^^^^^^^ required by this bound in `PgStream::recv_expect`
[INFO] [stdout] 
[INFO] [stdout] 
[INFO] [stdout] error[E0277]: the trait bound `!: io::decode::Decode<'_>` is not satisfied
[INFO] [stdout]   --> /opt/rustwide/cargo-home/registry/src/index.crates.io-1949cf8c6b5b557f/sqlx-core-0.5.13/src/postgres/connection/executor.rs:68:10
[INFO] [stdout]    |
[INFO] [stdout] 68 |         .await?;
[INFO] [stdout]    |          ^^^^^ the trait `io::decode::Decode<'_>` is not implemented for `!`
[INFO] [stdout]    |
[INFO] [stdout]    = help: the following other types implement trait `io::decode::Decode<'de, Context>`:
[INFO] [stdout]              `()` implements `io::decode::Decode<'_>`
[INFO] [stdout]              `AuthSwitchRequest` implements `io::decode::Decode<'_>`
[INFO] [stdout]              `Authentication` implements `io::decode::Decode<'_>`
[INFO] [stdout]              `AuthenticationSaslContinue` implements `io::decode::Decode<'_>`
[INFO] [stdout]              `AuthenticationSaslFinal` implements `io::decode::Decode<'_>`
[INFO] [stdout]              `BackendKeyData` implements `io::decode::Decode<'_>`
[INFO] [stdout]              `BinaryRow` implements `io::decode::Decode<'de, &'de [MySqlColumn]>`
[INFO] [stdout]              `ColumnDefinition` implements `io::decode::Decode<'_, Capabilities>`
[INFO] [stdout]            and 21 others
[INFO] [stdout]    = note: this error might have been caused by changes to Rust's type-inference algorithm (see issue #148922 <https://github.com/rust-lang/rust/issues/148922> for more information)
[INFO] [stdout]    = help: you might have intended to use the type `()` here instead
[INFO] [stdout] note: required by a bound in `PgStream::recv_expect`
[INFO] [stdout]   --> /opt/rustwide/cargo-home/registry/src/index.crates.io-1949cf8c6b5b557f/sqlx-core-0.5.13/src/postgres/connection/stream.rs:64:45
[INFO] [stdout]    |
[INFO] [stdout] 38 | impl PgStream {
[INFO] [stdout] ...
[INFO] [stdout] 64 |     pub(crate) async fn recv_expect<'de, T: Decode<'de>>(
[INFO] [stdout]    |                                             ^^^^^^^^^^^ required by this bound in `PgStream::recv_expect`
[INFO] [stdout] 
[INFO] [stdout] 
[INFO] [stdout] error[E0277]: the trait bound `!: io::decode::Decode<'_>` is not satisfied
[INFO] [stdout]    --> /opt/rustwide/cargo-home/registry/src/index.crates.io-1949cf8c6b5b557f/sqlx-core-0.5.13/src/postgres/copy.rs:261:30
[INFO] [stdout]     |
[INFO] [stdout] 261 | ...                   .recv_expect(MessageFormat::ReadyForQuery)
[INFO] [stdout]     |                        ^^^^^^^^^^^ the trait `io::decode::Decode<'_>` is not implemented for `!`
[INFO] [stdout]     |
[INFO] [stdout]     = help: the following other types implement trait `io::decode::Decode<'de, Context>`:
[INFO] [stdout]               `()` implements `io::decode::Decode<'_>`
[INFO] [stdout]               `AuthSwitchRequest` implements `io::decode::Decode<'_>`
[INFO] [stdout]               `Authentication` implements `io::decode::Decode<'_>`
[INFO] [stdout]               `AuthenticationSaslContinue` implements `io::decode::Decode<'_>`
[INFO] [stdout]               `AuthenticationSaslFinal` implements `io::decode::Decode<'_>`
[INFO] [stdout]               `BackendKeyData` implements `io::decode::Decode<'_>`
[INFO] [stdout]               `BinaryRow` implements `io::decode::Decode<'de, &'de [MySqlColumn]>`
[INFO] [stdout]               `ColumnDefinition` implements `io::decode::Decode<'_, Capabilities>`
[INFO] [stdout]             and 21 others
[INFO] [stdout]     = note: this error might have been caused by changes to Rust's type-inference algorithm (see issue #148922 <https://github.com/rust-lang/rust/issues/148922> for more information)
[INFO] [stdout]     = help: you might have intended to use the type `()` here instead
[INFO] [stdout] note: required by a bound in `PgStream::recv_expect`
[INFO] [stdout]    --> /opt/rustwide/cargo-home/registry/src/index.crates.io-1949cf8c6b5b557f/sqlx-core-0.5.13/src/postgres/connection/stream.rs:64:45
[INFO] [stdout]     |
[INFO] [stdout]  38 | impl PgStream {
[INFO] [stdout] ...
[INFO] [stdout]  64 |     pub(crate) async fn recv_expect<'de, T: Decode<'de>>(
[INFO] [stdout]     |                                             ^^^^^^^^^^^ required by this bound in `PgStream::recv_expect`
[INFO] [stdout] 
[INFO] [stdout] 
[INFO] [stdout] error[E0277]: the trait bound `!: io::decode::Decode<'_>` is not satisfied
[INFO] [stdout]    --> /opt/rustwide/cargo-home/registry/src/index.crates.io-1949cf8c6b5b557f/sqlx-core-0.5.13/src/postgres/copy.rs:260:25
[INFO] [stdout]     |
[INFO] [stdout] 260 | /                         conn.stream
[INFO] [stdout] 261 | |                             .recv_expect(MessageFormat::ReadyForQuery)
[INFO] [stdout]     | |______________________________________________________________________^ the trait `io::decode::Decode<'_>` is not implemented for `!`
[INFO] [stdout]     |
[INFO] [stdout]     = help: the following other types implement trait `io::decode::Decode<'de, Context>`:
[INFO] [stdout]               `()` implements `io::decode::Decode<'_>`
[INFO] [stdout]               `AuthSwitchRequest` implements `io::decode::Decode<'_>`
[INFO] [stdout]               `Authentication` implements `io::decode::Decode<'_>`
[INFO] [stdout]               `AuthenticationSaslContinue` implements `io::decode::Decode<'_>`
[INFO] [stdout]               `AuthenticationSaslFinal` implements `io::decode::Decode<'_>`
[INFO] [stdout]               `BackendKeyData` implements `io::decode::Decode<'_>`
[INFO] [stdout]               `BinaryRow` implements `io::decode::Decode<'de, &'de [MySqlColumn]>`
[INFO] [stdout]               `ColumnDefinition` implements `io::decode::Decode<'_, Capabilities>`
[INFO] [stdout]             and 21 others
[INFO] [stdout]     = note: this error might have been caused by changes to Rust's type-inference algorithm (see issue #148922 <https://github.com/rust-lang/rust/issues/148922> for more information)
[INFO] [stdout]     = help: you might have intended to use the type `()` here instead
[INFO] [stdout] note: required by a bound in `PgStream::recv_expect`
[INFO] [stdout]    --> /opt/rustwide/cargo-home/registry/src/index.crates.io-1949cf8c6b5b557f/sqlx-core-0.5.13/src/postgres/connection/stream.rs:64:45
[INFO] [stdout]     |
[INFO] [stdout]  38 | impl PgStream {
[INFO] [stdout] ...
[INFO] [stdout]  64 |     pub(crate) async fn recv_expect<'de, T: Decode<'de>>(
[INFO] [stdout]     |                                             ^^^^^^^^^^^ required by this bound in `PgStream::recv_expect`
[INFO] [stdout] 
[INFO] [stdout] 
[INFO] [stdout] error[E0277]: the trait bound `!: io::decode::Decode<'_>` is not satisfied
[INFO] [stdout]    --> /opt/rustwide/cargo-home/registry/src/index.crates.io-1949cf8c6b5b557f/sqlx-core-0.5.13/src/postgres/copy.rs:262:30
[INFO] [stdout]     |
[INFO] [stdout] 262 | ...                   .await?;
[INFO] [stdout]     |                        ^^^^^ the trait `io::decode::Decode<'_>` is not implemented for `!`
[INFO] [stdout]     |
[INFO] [stdout]     = help: the following other types implement trait `io::decode::Decode<'de, Context>`:
[INFO] [stdout]               `()` implements `io::decode::Decode<'_>`
[INFO] [stdout]               `AuthSwitchRequest` implements `io::decode::Decode<'_>`
[INFO] [stdout]               `Authentication` implements `io::decode::Decode<'_>`
[INFO] [stdout]               `AuthenticationSaslContinue` implements `io::decode::Decode<'_>`
[INFO] [stdout]               `AuthenticationSaslFinal` implements `io::decode::Decode<'_>`
[INFO] [stdout]               `BackendKeyData` implements `io::decode::Decode<'_>`
[INFO] [stdout]               `BinaryRow` implements `io::decode::Decode<'de, &'de [MySqlColumn]>`
[INFO] [stdout]               `ColumnDefinition` implements `io::decode::Decode<'_, Capabilities>`
[INFO] [stdout]             and 21 others
[INFO] [stdout]     = note: this error might have been caused by changes to Rust's type-inference algorithm (see issue #148922 <https://github.com/rust-lang/rust/issues/148922> for more information)
[INFO] [stdout]     = help: you might have intended to use the type `()` here instead
[INFO] [stdout] note: required by a bound in `PgStream::recv_expect`
[INFO] [stdout]    --> /opt/rustwide/cargo-home/registry/src/index.crates.io-1949cf8c6b5b557f/sqlx-core-0.5.13/src/postgres/connection/stream.rs:64:45
[INFO] [stdout]     |
[INFO] [stdout]  38 | impl PgStream {
[INFO] [stdout] ...
[INFO] [stdout]  64 |     pub(crate) async fn recv_expect<'de, T: Decode<'de>>(
[INFO] [stdout]     |                                             ^^^^^^^^^^^ required by this bound in `PgStream::recv_expect`
[INFO] [stdout] 
[INFO] [stdout] 
[INFO] [stdout] error[E0277]: the trait bound `!: io::decode::Decode<'_>` is not satisfied
[INFO] [stdout]    --> /opt/rustwide/cargo-home/registry/src/index.crates.io-1949cf8c6b5b557f/sqlx-core-0.5.13/src/postgres/copy.rs:288:14
[INFO] [stdout]     |
[INFO] [stdout] 288 |             .recv_expect(MessageFormat::ReadyForQuery)
[INFO] [stdout]     |              ^^^^^^^^^^^ the trait `io::decode::Decode<'_>` is not implemented for `!`
[INFO] [stdout]     |
[INFO] [stdout]     = help: the following other types implement trait `io::decode::Decode<'de, Context>`:
[INFO] [stdout]               `()` implements `io::decode::Decode<'_>`
[INFO] [stdout]               `AuthSwitchRequest` implements `io::decode::Decode<'_>`
[INFO] [stdout]               `Authentication` implements `io::decode::Decode<'_>`
[INFO] [stdout]               `AuthenticationSaslContinue` implements `io::decode::Decode<'_>`
[INFO] [stdout]               `AuthenticationSaslFinal` implements `io::decode::Decode<'_>`
[INFO] [stdout]               `BackendKeyData` implements `io::decode::Decode<'_>`
[INFO] [stdout]               `BinaryRow` implements `io::decode::Decode<'de, &'de [MySqlColumn]>`
[INFO] [stdout]               `ColumnDefinition` implements `io::decode::Decode<'_, Capabilities>`
[INFO] [stdout]             and 21 others
[INFO] [stdout]     = note: this error might have been caused by changes to Rust's type-inference algorithm (see issue #148922 <https://github.com/rust-lang/rust/issues/148922> for more information)
[INFO] [stdout]     = help: you might have intended to use the type `()` here instead
[INFO] [stdout] note: required by a bound in `PgStream::recv_expect`
[INFO] [stdout]    --> /opt/rustwide/cargo-home/registry/src/index.crates.io-1949cf8c6b5b557f/sqlx-core-0.5.13/src/postgres/connection/stream.rs:64:45
[INFO] [stdout]     |
[INFO] [stdout]  38 | impl PgStream {
[INFO] [stdout] ...
[INFO] [stdout]  64 |     pub(crate) async fn recv_expect<'de, T: Decode<'de>>(
[INFO] [stdout]     |                                             ^^^^^^^^^^^ required by this bound in `PgStream::recv_expect`
[INFO] [stdout] 
[INFO] [stdout] 
[INFO] [stdout] error[E0277]: the trait bound `!: io::decode::Decode<'_>` is not satisfied
[INFO] [stdout]    --> /opt/rustwide/cargo-home/registry/src/index.crates.io-1949cf8c6b5b557f/sqlx-core-0.5.13/src/postgres/copy.rs:287:9
[INFO] [stdout]     |
[INFO] [stdout] 287 | /         conn.stream
[INFO] [stdout] 288 | |             .recv_expect(MessageFormat::ReadyForQuery)
[INFO] [stdout]     | |______________________________________________________^ the trait `io::decode::Decode<'_>` is not implemented for `!`
[INFO] [stdout]     |
[INFO] [stdout]     = help: the following other types implement trait `io::decode::Decode<'de, Context>`:
[INFO] [stdout]               `()` implements `io::decode::Decode<'_>`
[INFO] [stdout]               `AuthSwitchRequest` implements `io::decode::Decode<'_>`
[INFO] [stdout]               `Authentication` implements `io::decode::Decode<'_>`
[INFO] [stdout]               `AuthenticationSaslContinue` implements `io::decode::Decode<'_>`
[INFO] [stdout]               `AuthenticationSaslFinal` implements `io::decode::Decode<'_>`
[INFO] [stdout]               `BackendKeyData` implements `io::decode::Decode<'_>`
[INFO] [stdout]               `BinaryRow` implements `io::decode::Decode<'de, &'de [MySqlColumn]>`
[INFO] [stdout]               `ColumnDefinition` implements `io::decode::Decode<'_, Capabilities>`
[INFO] [stdout]             and 21 others
[INFO] [stdout]     = note: this error might have been caused by changes to Rust's type-inference algorithm (see issue #148922 <https://github.com/rust-lang/rust/issues/148922> for more information)
[INFO] [stdout]     = help: you might have intended to use the type `()` here instead
[INFO] [stdout] note: required by a bound in `PgStream::recv_expect`
[INFO] [stdout]    --> /opt/rustwide/cargo-home/registry/src/index.crates.io-1949cf8c6b5b557f/sqlx-core-0.5.13/src/postgres/connection/stream.rs:64:45
[INFO] [stdout]     |
[INFO] [stdout]  38 | impl PgStream {
[INFO] [stdout] ...
[INFO] [stdout]  64 |     pub(crate) async fn recv_expect<'de, T: Decode<'de>>(
[INFO] [stdout]     |                                             ^^^^^^^^^^^ required by this bound in `PgStream::recv_expect`
[INFO] [stdout] 
[INFO] [stdout] 
[INFO] [stdout] error[E0277]: the trait bound `!: io::decode::Decode<'_>` is not satisfied
[INFO] [stdout]    --> /opt/rustwide/cargo-home/registry/src/index.crates.io-1949cf8c6b5b557f/sqlx-core-0.5.13/src/postgres/copy.rs:289:14
[INFO] [stdout]     |
[INFO] [stdout] 289 |             .await?;
[INFO] [stdout]     |              ^^^^^ the trait `io::decode::Decode<'_>` is not implemented for `!`
[INFO] [stdout]     |
[INFO] [stdout]     = help: the following other types implement trait `io::decode::Decode<'de, Context>`:
[INFO] [stdout]               `()` implements `io::decode::Decode<'_>`
[INFO] [stdout]               `AuthSwitchRequest` implements `io::decode::Decode<'_>`
[INFO] [stdout]               `Authentication` implements `io::decode::Decode<'_>`
[INFO] [stdout]               `AuthenticationSaslContinue` implements `io::decode::Decode<'_>`
[INFO] [stdout]               `AuthenticationSaslFinal` implements `io::decode::Decode<'_>`
[INFO] [stdout]               `BackendKeyData` implements `io::decode::Decode<'_>`
[INFO] [stdout]               `BinaryRow` implements `io::decode::Decode<'de, &'de [MySqlColumn]>`
[INFO] [stdout]               `ColumnDefinition` implements `io::decode::Decode<'_, Capabilities>`
[INFO] [stdout]             and 21 others
[INFO] [stdout]     = note: this error might have been caused by changes to Rust's type-inference algorithm (see issue #148922 <https://github.com/rust-lang/rust/issues/148922> for more information)
[INFO] [stdout]     = help: you might have intended to use the type `()` here instead
[INFO] [stdout] note: required by a bound in `PgStream::recv_expect`
[INFO] [stdout]    --> /opt/rustwide/cargo-home/registry/src/index.crates.io-1949cf8c6b5b557f/sqlx-core-0.5.13/src/postgres/connection/stream.rs:64:45
[INFO] [stdout]     |
[INFO] [stdout]  38 | impl PgStream {
[INFO] [stdout] ...
[INFO] [stdout]  64 |     pub(crate) async fn recv_expect<'de, T: Decode<'de>>(
[INFO] [stdout]     |                                             ^^^^^^^^^^^ required by this bound in `PgStream::recv_expect`
[INFO] [stdout] 
[INFO] [stdout] 
[INFO] [stdout] error[E0277]: the trait bound `!: io::decode::Decode<'_>` is not satisfied
[INFO] [stdout]    --> /opt/rustwide/cargo-home/registry/src/index.crates.io-1949cf8c6b5b557f/sqlx-core-0.5.13/src/postgres/copy.rs:324:33
[INFO] [stdout]     |
[INFO] [stdout] 324 |                     conn.stream.recv_expect(MessageFormat::CommandComplete).await?;
[INFO] [stdout]     |                                 ^^^^^^^^^^^ the trait `io::decode::Decode<'_>` is not implemented for `!`
[INFO] [stdout]     |
[INFO] [stdout]     = help: the following other types implement trait `io::decode::Decode<'de, Context>`:
[INFO] [stdout]               `()` implements `io::decode::Decode<'_>`
[INFO] [stdout]               `AuthSwitchRequest` implements `io::decode::Decode<'_>`
[INFO] [stdout]               `Authentication` implements `io::decode::Decode<'_>`
[INFO] [stdout]               `AuthenticationSaslContinue` implements `io::decode::Decode<'_>`
[INFO] [stdout]               `AuthenticationSaslFinal` implements `io::decode::Decode<'_>`
[INFO] [stdout]               `BackendKeyData` implements `io::decode::Decode<'_>`
[INFO] [stdout]               `BinaryRow` implements `io::decode::Decode<'de, &'de [MySqlColumn]>`
[INFO] [stdout]               `ColumnDefinition` implements `io::decode::Decode<'_, Capabilities>`
[INFO] [stdout]             and 21 others
[INFO] [stdout]     = note: this error might have been caused by changes to Rust's type-inference algorithm (see issue #148922 <https://github.com/rust-lang/rust/issues/148922> for more information)
[INFO] [stdout]     = help: you might have intended to use the type `()` here instead
[INFO] [stdout] note: required by a bound in `PgStream::recv_expect`
[INFO] [stdout]    --> /opt/rustwide/cargo-home/registry/src/index.crates.io-1949cf8c6b5b557f/sqlx-core-0.5.13/src/postgres/connection/stream.rs:64:45
[INFO] [stdout]     |
[INFO] [stdout]  38 | impl PgStream {
[INFO] [stdout] ...
[INFO] [stdout]  64 |     pub(crate) async fn recv_expect<'de, T: Decode<'de>>(
[INFO] [stdout]     |                                             ^^^^^^^^^^^ required by this bound in `PgStream::recv_expect`
[INFO] [stdout] 
[INFO] [stdout] 
[INFO] [stdout] error[E0277]: the trait bound `!: io::decode::Decode<'_>` is not satisfied
[INFO] [stdout]    --> /opt/rustwide/cargo-home/registry/src/index.crates.io-1949cf8c6b5b557f/sqlx-core-0.5.13/src/postgres/copy.rs:324:21
[INFO] [stdout]     |
[INFO] [stdout] 324 |                     conn.stream.recv_expect(MessageFormat::CommandComplete).await?;
[INFO] [stdout]     |                     ^^^^^^^^^^^^^^^^^^^^^^^^^^^^^^^^^^^^^^^^^^^^^^^^^^^^^^^ the trait `io::decode::Decode<'_>` is not implemented for `!`
[INFO] [stdout]     |
[INFO] [stdout]     = help: the following other types implement trait `io::decode::Decode<'de, Context>`:
[INFO] [stdout]               `()` implements `io::decode::Decode<'_>`
[INFO] [stdout]               `AuthSwitchRequest` implements `io::decode::Decode<'_>`
[INFO] [stdout]               `Authentication` implements `io::decode::Decode<'_>`
[INFO] [stdout]               `AuthenticationSaslContinue` implements `io::decode::Decode<'_>`
[INFO] [stdout]               `AuthenticationSaslFinal` implements `io::decode::Decode<'_>`
[INFO] [stdout]               `BackendKeyData` implements `io::decode::Decode<'_>`
[INFO] [stdout]               `BinaryRow` implements `io::decode::Decode<'de, &'de [MySqlColumn]>`
[INFO] [stdout]               `ColumnDefinition` implements `io::decode::Decode<'_, Capabilities>`
[INFO] [stdout]             and 21 others
[INFO] [stdout]     = note: this error might have been caused by changes to Rust's type-inference algorithm (see issue #148922 <https://github.com/rust-lang/rust/issues/148922> for more information)
[INFO] [stdout]     = help: you might have intended to use the type `()` here instead
[INFO] [stdout] note: required by a bound in `PgStream::recv_expect`
[INFO] [stdout]    --> /opt/rustwide/cargo-home/registry/src/index.crates.io-1949cf8c6b5b557f/sqlx-core-0.5.13/src/postgres/connection/stream.rs:64:45
[INFO] [stdout]     |
[INFO] [stdout]  38 | impl PgStream {
[INFO] [stdout] ...
[INFO] [stdout]  64 |     pub(crate) async fn recv_expect<'de, T: Decode<'de>>(
[INFO] [stdout]     |                                             ^^^^^^^^^^^ required by this bound in `PgStream::recv_expect`
[INFO] [stdout] 
[INFO] [stdout] 
[INFO] [stdout] error[E0277]: the trait bound `!: io::decode::Decode<'_>` is not satisfied
[INFO] [stdout]    --> /opt/rustwide/cargo-home/registry/src/index.crates.io-1949cf8c6b5b557f/sqlx-core-0.5.13/src/postgres/copy.rs:325:33
[INFO] [stdout]     |
[INFO] [stdout] 325 |                     conn.stream.recv_expect(MessageFormat::ReadyForQuery).await?;
[INFO] [stdout]     |                                 ^^^^^^^^^^^ the trait `io::decode::Decode<'_>` is not implemented for `!`
[INFO] [stdout]     |
[INFO] [stdout]     = help: the following other types implement trait `io::decode::Decode<'de, Context>`:
[INFO] [stdout]               `()` implements `io::decode::Decode<'_>`
[INFO] [stdout]               `AuthSwitchRequest` implements `io::decode::Decode<'_>`
[INFO] [stdout]               `Authentication` implements `io::decode::Decode<'_>`
[INFO] [stdout]               `AuthenticationSaslContinue` implements `io::decode::Decode<'_>`
[INFO] [stdout]               `AuthenticationSaslFinal` implements `io::decode::Decode<'_>`
[INFO] [stdout]               `BackendKeyData` implements `io::decode::Decode<'_>`
[INFO] [stdout]               `BinaryRow` implements `io::decode::Decode<'de, &'de [MySqlColumn]>`
[INFO] [stdout]               `ColumnDefinition` implements `io::decode::Decode<'_, Capabilities>`
[INFO] [stdout]             and 21 others
[INFO] [stdout]     = note: this error might have been caused by changes to Rust's type-inference algorithm (see issue #148922 <https://github.com/rust-lang/rust/issues/148922> for more information)
[INFO] [stdout]     = help: you might have intended to use the type `()` here instead
[INFO] [stdout] note: required by a bound in `PgStream::recv_expect`
[INFO] [stdout]    --> /opt/rustwide/cargo-home/registry/src/index.crates.io-1949cf8c6b5b557f/sqlx-core-0.5.13/src/postgres/connection/stream.rs:64:45
[INFO] [stdout]     |
[INFO] [stdout]  38 | impl PgStream {
[INFO] [stdout] ...
[INFO] [stdout]  64 |     pub(crate) async fn recv_expect<'de, T: Decode<'de>>(
[INFO] [stdout]     |                                             ^^^^^^^^^^^ required by this bound in `PgStream::recv_expect`
[INFO] [stdout] 
[INFO] [stdout] 
[INFO] [stdout] error[E0277]: the trait bound `!: io::decode::Decode<'_>` is not satisfied
[INFO] [stdout]    --> /opt/rustwide/cargo-home/registry/src/index.crates.io-1949cf8c6b5b557f/sqlx-core-0.5.13/src/postgres/copy.rs:325:21
[INFO] [stdout]     |
[INFO] [stdout] 325 |                     conn.stream.recv_expect(MessageFormat::ReadyForQuery).await?;
[INFO] [stdout]     |                     ^^^^^^^^^^^^^^^^^^^^^^^^^^^^^^^^^^^^^^^^^^^^^^^^^^^^^ the trait `io::decode::Decode<'_>` is not implemented for `!`
[INFO] [stdout]     |
[INFO] [stdout]     = help: the following other types implement trait `io::decode::Decode<'de, Context>`:
[INFO] [stdout]               `()` implements `io::decode::Decode<'_>`
[INFO] [stdout]               `AuthSwitchRequest` implements `io::decode::Decode<'_>`
[INFO] [stdout]               `Authentication` implements `io::decode::Decode<'_>`
[INFO] [stdout]               `AuthenticationSaslContinue` implements `io::decode::Decode<'_>`
[INFO] [stdout]               `AuthenticationSaslFinal` implements `io::decode::Decode<'_>`
[INFO] [stdout]               `BackendKeyData` implements `io::decode::Decode<'_>`
[INFO] [stdout]               `BinaryRow` implements `io::decode::Decode<'de, &'de [MySqlColumn]>`
[INFO] [stdout]               `ColumnDefinition` implements `io::decode::Decode<'_, Capabilities>`
[INFO] [stdout]             and 21 others
[INFO] [stdout]     = note: this error might have been caused by changes to Rust's type-inference algorithm (see issue #148922 <https://github.com/rust-lang/rust/issues/148922> for more information)
[INFO] [stdout]     = help: you might have intended to use the type `()` here instead
[INFO] [stdout] note: required by a bound in `PgStream::recv_expect`
[INFO] [stdout]    --> /opt/rustwide/cargo-home/registry/src/index.crates.io-1949cf8c6b5b557f/sqlx-core-0.5.13/src/postgres/connection/stream.rs:64:45
[INFO] [stdout]     |
[INFO] [stdout]  38 | impl PgStream {
[INFO] [stdout] ...
[INFO] [stdout]  64 |     pub(crate) async fn recv_expect<'de, T: Decode<'de>>(
[INFO] [stdout]     |                                             ^^^^^^^^^^^ required by this bound in `PgStream::recv_expect`
[INFO] [stdout] 
[INFO] [stdout] 
[INFO] [stdout] error[E0277]: the trait bound `!: io::decode::Decode<'_>` is not satisfied
[INFO] [stdout]    --> /opt/rustwide/cargo-home/registry/src/index.crates.io-1949cf8c6b5b557f/sqlx-core-0.5.13/src/postgres/copy.rs:324:77
[INFO] [stdout]     |
[INFO] [stdout] 324 |                     conn.stream.recv_expect(MessageFormat::CommandComplete).await?;
[INFO] [stdout]     |                                                                             ^^^^^ the trait `io::decode::Decode<'_>` is not implemented for `!`
[INFO] [stdout]     |
[INFO] [stdout]     = help: the following other types implement trait `io::decode::Decode<'de, Context>`:
[INFO] [stdout]               `()` implements `io::decode::Decode<'_>`
[INFO] [stdout]               `AuthSwitchRequest` implements `io::decode::Decode<'_>`
[INFO] [stdout]               `Authentication` implements `io::decode::Decode<'_>`
[INFO] [stdout]               `AuthenticationSaslContinue` implements `io::decode::Decode<'_>`
[INFO] [stdout]               `AuthenticationSaslFinal` implements `io::decode::Decode<'_>`
[INFO] [stdout]               `BackendKeyData` implements `io::decode::Decode<'_>`
[INFO] [stdout]               `BinaryRow` implements `io::decode::Decode<'de, &'de [MySqlColumn]>`
[INFO] [stdout]               `ColumnDefinition` implements `io::decode::Decode<'_, Capabilities>`
[INFO] [stdout]             and 21 others
[INFO] [stdout]     = note: this error might have been caused by changes to Rust's type-inference algorithm (see issue #148922 <https://github.com/rust-lang/rust/issues/148922> for more information)
[INFO] [stdout]     = help: you might have intended to use the type `()` here instead
[INFO] [stdout] note: required by a bound in `PgStream::recv_expect`
[INFO] [stdout]    --> /opt/rustwide/cargo-home/registry/src/index.crates.io-1949cf8c6b5b557f/sqlx-core-0.5.13/src/postgres/connection/stream.rs:64:45
[INFO] [stdout]     |
[INFO] [stdout]  38 | impl PgStream {
[INFO] [stdout] ...
[INFO] [stdout]  64 |     pub(crate) async fn recv_expect<'de, T: Decode<'de>>(
[INFO] [stdout]     |                                             ^^^^^^^^^^^ required by this bound in `PgStream::recv_expect`
[INFO] [stdout] 
[INFO] [stdout] 
[INFO] [stdout] error[E0277]: the trait bound `!: io::decode::Decode<'_>` is not satisfied
[INFO] [stdout]    --> /opt/rustwide/cargo-home/registry/src/index.crates.io-1949cf8c6b5b557f/sqlx-core-0.5.13/src/postgres/copy.rs:325:75
[INFO] [stdout]     |
[INFO] [stdout] 325 |                     conn.stream.recv_expect(MessageFormat::ReadyForQuery).await?;
[INFO] [stdout]     |                                                                           ^^^^^ the trait `io::decode::Decode<'_>` is not implemented for `!`
[INFO] [stdout]     |
[INFO] [stdout]     = help: the following other types implement trait `io::decode::Decode<'de, Context>`:
[INFO] [stdout]               `()` implements `io::decode::Decode<'_>`
[INFO] [stdout]               `AuthSwitchRequest` implements `io::decode::Decode<'_>`
[INFO] [stdout]               `Authentication` implements `io::decode::Decode<'_>`
[INFO] [stdout]               `AuthenticationSaslContinue` implements `io::decode::Decode<'_>`
[INFO] [stdout]               `AuthenticationSaslFinal` implements `io::decode::Decode<'_>`
[INFO] [stdout]               `BackendKeyData` implements `io::decode::Decode<'_>`
[INFO] [stdout]               `BinaryRow` implements `io::decode::Decode<'de, &'de [MySqlColumn]>`
[INFO] [stdout]               `ColumnDefinition` implements `io::decode::Decode<'_, Capabilities>`
[INFO] [stdout]             and 21 others
[INFO] [stdout]     = note: this error might have been caused by changes to Rust's type-inference algorithm (see issue #148922 <https://github.com/rust-lang/rust/issues/148922> for more information)
[INFO] [stdout]     = help: you might have intended to use the type `()` here instead
[INFO] [stdout] note: required by a bound in `PgStream::recv_expect`
[INFO] [stdout]    --> /opt/rustwide/cargo-home/registry/src/index.crates.io-1949cf8c6b5b557f/sqlx-core-0.5.13/src/postgres/connection/stream.rs:64:45
[INFO] [stdout]     |
[INFO] [stdout]  38 | impl PgStream {
[INFO] [stdout] ...
[INFO] [stdout]  64 |     pub(crate) async fn recv_expect<'de, T: Decode<'de>>(
[INFO] [stdout]     |                                             ^^^^^^^^^^^ required by this bound in `PgStream::recv_expect`
[INFO] [stdout] 
[INFO] [stdout] 
[INFO] [stderr]     Checking rhai v1.26.1
[INFO] [stderr]     Checking tera v1.20.1
[INFO] [stderr]     Checking redis v0.22.4
[INFO] [stdout] For more information about this error, try `rustc --explain E0277`.
[INFO] [stdout] 
[INFO] [stderr] error: could not compile `sqlx-core` (lib) due to 15 previous errors
[INFO] [stderr] warning: build failed, waiting for other jobs to finish...
[INFO] running `Command { std: "docker" "inspect" "dd2e8f1a3678db900061b3c43fb1ede48be8885a3dda586b2bbfa09823c1d412", kill_on_drop: false }`
[INFO] running `Command { std: "docker" "rm" "-f" "dd2e8f1a3678db900061b3c43fb1ede48be8885a3dda586b2bbfa09823c1d412", kill_on_drop: false }`
[INFO] [stdout] dd2e8f1a3678db900061b3c43fb1ede48be8885a3dda586b2bbfa09823c1d412
