[INFO] cloning repository https://github.com/yinho999/rust_store
[INFO] running `Command { std: "git" "-c" "credential.helper=" "-c" "credential.helper=/workspace/cargo-home/bin/git-credential-null" "clone" "--bare" "https://github.com/yinho999/rust_store" "/workspace/cache/git-repos/https%3A%2F%2Fgithub.com%2Fyinho999%2Frust_store", kill_on_drop: false }`
[INFO] [stderr] Cloning into bare repository '/workspace/cache/git-repos/https%3A%2F%2Fgithub.com%2Fyinho999%2Frust_store'...
[INFO] running `Command { std: "git" "rev-parse" "HEAD", kill_on_drop: false }`
[INFO] [stdout] b1ee56746d85013e92c37a9984e182a0e2667620
[INFO] documenting yinho999/rust_store against 1.100.0-beta.1 for beta-rustdoc-1.100-2
[INFO] running `Command { std: "git" "clone" "/workspace/cache/git-repos/https%3A%2F%2Fgithub.com%2Fyinho999%2Frust_store" "/workspace/builds/worker-4-tc2/source", kill_on_drop: false }`
[INFO] [stderr] Cloning into '/workspace/builds/worker-4-tc2/source'...
[INFO] [stderr] done.
[INFO] started tweaking git repo https://github.com/yinho999/rust_store
[INFO] finished tweaking git repo https://github.com/yinho999/rust_store
[INFO] tweaked toml for git repo https://github.com/yinho999/rust_store written to /workspace/builds/worker-4-tc2/source/Cargo.toml
[INFO] validating manifest of git repo https://github.com/yinho999/rust_store on toolchain 1.100.0-beta.1
[INFO] running `Command { std: CARGO_HOME="/workspace/cargo-home" RUSTUP_HOME="/workspace/rustup-home" "/workspace/cargo-home/bin/cargo" "+1.100.0-beta.1" "metadata" "--manifest-path" "Cargo.toml" "--no-deps", kill_on_drop: false }`
[INFO] crate git repo https://github.com/yinho999/rust_store already has a lockfile, it will not be regenerated
[INFO] running `Command { std: CARGO_HOME="/workspace/cargo-home" RUSTUP_HOME="/workspace/rustup-home" "/workspace/cargo-home/bin/cargo" "+1.100.0-beta.1" "fetch" "--manifest-path" "Cargo.toml", kill_on_drop: false }`
[INFO] running `Command { std: "docker" "create" "-v" "/var/lib/crater-agent-workspace/builds/worker-4-tc2/source:/opt/rustwide/workdir:ro,Z" "-v" "/var/lib/crater-agent-workspace/builds/worker-4-tc2/target:/opt/rustwide/target:rw,Z" "-v" "/var/lib/crater-agent-workspace/cargo-home:/opt/rustwide/cargo-home:ro,Z" "-v" "/var/lib/crater-agent-workspace/rustup-home:/opt/rustwide/rustup-home:ro,Z" "-m" "1610612736" "--network" "none" "ghcr.io/rust-lang/crates-build-env/linux@sha256:77db811e55d90add9212f6832c23229e3de5f1c1f9905e8cb07319ea15df73ac" "sleep" "infinity", kill_on_drop: false }`
[INFO] [stdout] bf92fee08afe8124f1313a49f778fc711e4828932a82461ca0b6303a251ae272
[INFO] running `Command { std: "docker" "start" "bf92fee08afe8124f1313a49f778fc711e4828932a82461ca0b6303a251ae272", kill_on_drop: false }`
[INFO] running `Command { std: "docker" "inspect" "bf92fee08afe8124f1313a49f778fc711e4828932a82461ca0b6303a251ae272", kill_on_drop: false }`
[INFO] running `Command { std: "docker" "exec" "-e" "SOURCE_DIR=/opt/rustwide/workdir" "-e" "CARGO_HOME=/opt/rustwide/cargo-home" "-e" "RUSTUP_HOME=/opt/rustwide/rustup-home" "-e" "CARGO_TARGET_DIR=/opt/rustwide/target" "-w" "/opt/rustwide/workdir" "--user" "0:0" "bf92fee08afe8124f1313a49f778fc711e4828932a82461ca0b6303a251ae272" "/opt/rustwide/cargo-home/bin/cargo" "+1.100.0-beta.1" "metadata" "--no-deps" "--format-version=1", kill_on_drop: false }`
[INFO] running `Command { std: "docker" "inspect" "bf92fee08afe8124f1313a49f778fc711e4828932a82461ca0b6303a251ae272", kill_on_drop: false }`
[INFO] running `Command { std: "docker" "exec" "-e" "SOURCE_DIR=/opt/rustwide/workdir" "-e" "CARGO_HOME=/opt/rustwide/cargo-home" "-e" "RUSTUP_HOME=/opt/rustwide/rustup-home" "-e" "CARGO_TARGET_DIR=/opt/rustwide/target" "-e" "CARGO_INCREMENTAL=0" "-e" "RUST_BACKTRACE=full" "-e" "RUSTFLAGS=--cap-lints=warn" "-e" "RUSTDOCFLAGS=--cap-lints=warn" "-w" "/opt/rustwide/workdir" "--user" "0:0" "bf92fee08afe8124f1313a49f778fc711e4828932a82461ca0b6303a251ae272" "/opt/rustwide/cargo-home/bin/cargo" "+1.100.0-beta.1" "doc" "--frozen" "--no-deps" "--document-private-items" "--message-format=json", kill_on_drop: false }`
[INFO] [stderr]    Compiling libc v0.2.132
[INFO] [stderr]    Compiling proc-macro2 v1.0.43
[INFO] [stderr]    Compiling unicode-ident v1.0.3
[INFO] [stderr]    Compiling syn v1.0.99
[INFO] [stderr]    Compiling futures-core v0.3.23
[INFO] [stderr]    Compiling lock_api v0.4.7
[INFO] [stderr]    Compiling parking_lot_core v0.9.3
[INFO] [stderr]     Checking once_cell v1.13.1
[INFO] [stderr]     Checking smallvec v1.9.0
[INFO] [stderr]     Checking futures-sink v0.3.23
[INFO] [stderr]     Checking bytes v1.2.1
[INFO] [stderr]     Checking cpufeatures v0.2.3
[INFO] [stderr]     Checking itoa v1.0.3
[INFO] [stderr]    Compiling tokio v1.20.1
[INFO] [stderr]    Compiling serde_derive v1.0.144
[INFO] [stderr]    Compiling futures-task v0.3.23
[INFO] [stderr]    Compiling futures-channel v0.3.23
[INFO] [stderr]    Compiling serde v1.0.144
[INFO] [stderr]    Compiling futures-util v0.3.23
[INFO] [stderr]     Checking futures-io v0.3.23
[INFO] [stderr]     Checking tracing-core v0.1.29
[INFO] [stderr]     Checking cipher v0.3.0
[INFO] [stderr]     Checking block-buffer v0.10.2
[INFO] [stderr]     Checking universal-hash v0.4.1
[INFO] [stderr]     Checking percent-encoding v2.1.0
[INFO] [stderr]    Compiling num-traits v0.2.15
[INFO] [stderr]     Checking digest v0.10.3
[INFO] [stderr]     Checking ppv-lite86 v0.2.16
[INFO] [stderr]     Checking matches v0.1.9
[INFO] [stderr]     Checking polyval v0.5.3
[INFO] [stderr]     Checking aead v0.4.3
[INFO] [stderr]    Compiling indexmap v1.9.1
[INFO] [stderr]    Compiling num-integer v0.1.45
[INFO] [stderr]    Compiling crc32fast v1.3.2
[INFO] [stderr]     Checking alloc-no-stdlib v2.0.3
[INFO] [stderr]     Checking num_threads v0.1.6
[INFO] [stderr]    Compiling log v0.4.17
[INFO] [stderr]     Checking local-waker v0.1.3
[INFO] [stderr]    Compiling time-macros v0.2.4
[INFO] [stderr]     Checking ghash v0.4.4
[INFO] [stderr]     Checking alloc-stdlib v0.2.1
[INFO] [stderr]     Checking tracing v0.1.36
[INFO] [stderr]     Checking http v0.2.8
[INFO] [stderr]     Checking form_urlencoded v1.0.1
[INFO] [stderr]     Checking aes v0.7.5
[INFO] [stderr]     Checking ctr v0.8.0
[INFO] [stderr]    Compiling aho-corasick v0.7.18
[INFO] [stderr]     Checking signal-hook-registry v1.4.0
[INFO] [stderr]     Checking socket2 v0.4.4
[INFO] [stderr]     Checking mio v0.8.4
[INFO] [stderr]     Checking getrandom v0.2.7
[INFO] [stderr]    Compiling jobserver v0.1.24
[INFO] [stderr]     Checking parking_lot v0.12.1
[INFO] [stderr]     Checking unicode-normalization v0.1.21
[INFO] [stderr]     Checking regex-syntax v0.6.27
[INFO] [stderr]     Checking rand_core v0.6.3
[INFO] [stderr]    Compiling cc v1.0.73
[INFO] [stderr]    Compiling encoding_rs v0.8.31
[INFO] [stderr]    Compiling httparse v1.7.1
[INFO] [stderr]    Compiling quote v1.0.21
[INFO] [stderr]    Compiling paste v1.0.8
[INFO] [stderr]     Checking rand_chacha v0.3.1
[INFO] [stderr]     Checking unicode-bidi v0.3.8
[INFO] [stderr]    Compiling serde_json v1.0.83
[INFO] [stderr]     Checking rand v0.8.5
[INFO] [stderr]     Checking actix-service v2.0.2
[INFO] [stderr]     Checking aes-gcm v0.9.4
[INFO] [stderr]    Compiling bytestring v1.1.0
[INFO] [stderr]     Checking idna v0.2.3
[INFO] [stderr]     Checking time v0.3.13
[INFO] [stderr]     Checking miniz_oxide v0.5.3
[INFO] [stderr]     Checking hmac v0.12.1
[INFO] [stderr]     Checking brotli-decompressor v2.3.2
[INFO] [stderr]     Checking actix-utils v3.0.0
[INFO] [stderr]    Compiling cookie v0.16.0
[INFO] [stderr]    Compiling firestorm v0.5.1
[INFO] [stderr]    Compiling convert_case v0.4.0
[INFO] [stderr]    Compiling zstd-sys v2.0.1+zstd.1.5.2
[INFO] [stderr]     Checking flate2 v1.0.24
[INFO] [stderr]     Checking hkdf v0.12.3
[INFO] [stderr]     Checking ahash v0.7.6
[INFO] [stderr]     Checking num_cpus v1.13.1
[INFO] [stderr]     Checking url v2.2.2
[INFO] [stderr]     Checking sha2 v0.10.2
[INFO] [stderr]     Checking sha1 v0.10.1
[INFO] [stderr]     Checking language-tags v0.3.2
[INFO] [stderr]     Checking mime v0.3.16
[INFO] [stderr]     Checking httpdate v1.0.2
[INFO] [stderr]    Compiling async-trait v0.1.57
[INFO] [stderr]    Compiling num-bigint v0.4.3
[INFO] [stderr]     Checking zeroize v1.5.7
[INFO] [stderr]    Compiling anyhow v1.0.62
[INFO] [stderr]    Compiling ring v0.16.20
[INFO] [stderr]     Checking time v0.1.44
[INFO] [stderr]     Checking inout v0.1.3
[INFO] [stderr]     Checking iana-time-zone v0.1.46
[INFO] [stderr]     Checking cpufeatures v0.1.5
[INFO] [stderr]    Compiling pq-sys v0.4.7
[INFO] [stderr]     Checking arc-swap v1.5.1
[INFO] [stderr]    Compiling regex v1.6.0
[INFO] [stderr]     Checking brotli v3.3.4
[INFO] [stderr]     Checking chacha20 v0.7.1
[INFO] [stderr]     Checking cipher v0.4.3
[INFO] [stderr]     Checking scheduled-thread-pool v0.2.6
[INFO] [stderr]     Checking poly1305 v0.7.2
[INFO] [stderr]     Checking crypto-mac v0.11.1
[INFO] [stderr]     Checking hmac v0.11.0
[INFO] [stderr]     Checking sha2 v0.9.9
[INFO] [stderr]     Checking chacha20poly1305 v0.8.0
[INFO] [stderr]     Checking r2d2 v0.8.10
[INFO] [stderr]     Checking blowfish v0.9.1
[INFO] [stderr]     Checking atty v0.2.14
[INFO] [stderr]     Checking pem v1.1.0
[INFO] [stderr]     Checking termcolor v1.1.3
[INFO] [stderr]     Checking data-encoding v2.3.2
[INFO] [stderr]     Checking bcrypt v0.13.0
[INFO] [stderr]     Checking dotenv v0.15.0
[INFO] [stderr]     Checking env_logger v0.8.4
[INFO] [stderr]     Checking tokio-util v0.7.3
[INFO] [stderr]     Checking actix-rt v2.7.0
[INFO] [stderr]     Checking actix-codec v0.5.0
[INFO] [stderr]     Checking combine v4.6.6
[INFO] [stderr]    Compiling actix-router v0.5.0
[INFO] [stderr]    Compiling futures-macro v0.3.23
[INFO] [stderr]    Compiling derive_more v0.99.17
[INFO] [stderr]    Compiling actix-web-codegen v4.0.1
[INFO] [stderr]    Compiling actix-macros v0.2.3
[INFO] [stderr]    Compiling thiserror-impl v1.0.32
[INFO] [stderr]    Compiling diesel_derives v1.4.1
[INFO] [stderr]     Checking thiserror v1.0.32
[INFO] [stderr]     Checking simple_asn1 v0.6.2
[INFO] [stderr]     Checking h2 v0.3.14
[INFO] [stderr]     Checking local-channel v0.1.3
[INFO] [stderr]     Checking actix-server v2.1.1
[INFO] [stderr]     Checking futures-executor v0.3.23
[INFO] [stderr]     Checking futures v0.3.23
[INFO] [stderr]     Checking redis v0.21.6
[INFO] [stderr]     Checking serde_urlencoded v0.7.1
[INFO] [stderr]     Checking chrono v0.4.22
[INFO] [stderr]     Checking jsonwebtoken v8.1.1
[INFO] [stderr]     Checking diesel v1.4.8
[INFO] [stderr]     Checking csrf v0.4.1
[INFO] [stderr]    Compiling zstd-safe v5.0.2+zstd.1.5.2
[INFO] [stderr]     Checking zstd v0.11.2+zstd.1.5.2
[INFO] [stderr]     Checking actix-http v3.2.1
[INFO] [stderr]     Checking actix-web v4.1.0
[INFO] [stderr]     Checking actix-session v0.7.1
[INFO] [stderr]     Checking actix-cors v0.6.2
[INFO] [stdout] error[E0277]: the trait bound `!: FromRedisValue` is not satisfied
[INFO] [stdout]    --> /opt/rustwide/cargo-home/registry/src/index.crates.io-1949cf8c6b5b557f/actix-session-0.7.1/src/storage/redis_rs.rs:167:14
[INFO] [stdout]     |
[INFO] [stdout] 167 |         self.execute_command(redis::cmd("SET").arg(&[
[INFO] [stdout]     |              ^^^^^^^^^^^^^^^ the trait `FromRedisValue` is not implemented for `!`
[INFO] [stdout]     |
[INFO] [stdout]     = help: the following other types implement trait `FromRedisValue`:
[INFO] [stdout]               ()
[INFO] [stdout]               (T12,)
[INFO] [stdout]               (T11, T12)
[INFO] [stdout]               (T10, T11, T12)
[INFO] [stdout]               (T9, T10, T11, T12)
[INFO] [stdout]               (T8, T9, T10, T11, T12)
[INFO] [stdout]               (T7, T8, T9, T10, T11, T12)
[INFO] [stdout]               (T6, T7, T8, T9, T10, T11, T12)
[INFO] [stdout]             and 30 others
[INFO] [stdout]     = note: this error might have been caused by changes to Rust's type-inference algorithm (see issue #148922 <https://github.com/rust-lang/rust/issues/148922> for more information)
[INFO] [stdout]     = help: you might have intended to use the type `()` here instead
[INFO] [stdout] note: required by a bound in `RedisSessionStore::execute_command`
[INFO] [stdout]    --> /opt/rustwide/cargo-home/registry/src/index.crates.io-1949cf8c6b5b557f/actix-session-0.7.1/src/storage/redis_rs.rs:266:33
[INFO] [stdout]     |
[INFO] [stdout] 252 | impl RedisSessionStore {
[INFO] [stdout] ...
[INFO] [stdout] 266 |     async fn execute_command<T: FromRedisValue>(&self, cmd: &mut Cmd) -> RedisResult<T> {
[INFO] [stdout]     |                                 ^^^^^^^^^^^^^^ required by this bound in `RedisSessionStore::execute_command`
[INFO] [stdout] 
[INFO] [stdout] 
[INFO] [stdout] error[E0277]: the trait bound `!: FromRedisValue` is not satisfied
[INFO] [stdout]     --> /opt/rustwide/cargo-home/registry/src/index.crates.io-1949cf8c6b5b557f/actix-session-0.7.1/src/storage/redis_rs.rs:231:14
[INFO] [stdout]      |
[INFO] [stdout]  231 |             .expire(
[INFO] [stdout]      |              ^^^^^^ the trait `FromRedisValue` is not implemented for `!`
[INFO] [stdout]      |
[INFO] [stdout]      = help: the following other types implement trait `FromRedisValue`:
[INFO] [stdout]                ()
[INFO] [stdout]                (T12,)
[INFO] [stdout]                (T11, T12)
[INFO] [stdout]                (T10, T11, T12)
[INFO] [stdout]                (T9, T10, T11, T12)
[INFO] [stdout]                (T8, T9, T10, T11, T12)
[INFO] [stdout]                (T7, T8, T9, T10, T11, T12)
[INFO] [stdout]                (T6, T7, T8, T9, T10, T11, T12)
[INFO] [stdout]              and 30 others
[INFO] [stdout]      = note: this error might have been caused by changes to Rust's type-inference algorithm (see issue #148922 <https://github.com/rust-lang/rust/issues/148922> for more information)
[INFO] [stdout]      = help: you might have intended to use the type `()` here instead
[INFO] [stdout] note: required by a bound in `redis::AsyncCommands::expire`
[INFO] [stdout]     --> /opt/rustwide/cargo-home/registry/src/index.crates.io-1949cf8c6b5b557f/redis-0.21.6/src/commands.rs:186:25
[INFO] [stdout]      |
[INFO] [stdout]  176 |           pub trait AsyncCommands : crate::aio::ConnectionLike + Send + Sized {
[INFO] [stdout] ...
[INFO] [stdout]  186 |                       RV: FromRedisValue,
[INFO] [stdout]      |                           ^^^^^^^^^^^^^^ required by this bound in `AsyncCommands::expire`
[INFO] [stdout] ...
[INFO] [stdout]  296 | / implement_commands! {
[INFO] [stdout]  297 | |     'a
[INFO] [stdout] ...    |
[INFO] [stdout]  366 | |     fn expire<K: ToRedisArgs>(key: K, seconds: usize) {
[INFO] [stdout] ...    |
[INFO] [stdout] 1980 | | }
[INFO] [stdout]      | |_- in this macro invocation
[INFO] [stdout]      = note: this error originates in the macro `implement_commands` (in Nightly builds, run with -Z macro-backtrace for more info)
[INFO] [stdout] 
[INFO] [stdout] 
[INFO] [stdout] error[E0277]: the trait bound `!: FromRedisValue` is not satisfied
[INFO] [stdout]    --> /opt/rustwide/cargo-home/registry/src/index.crates.io-1949cf8c6b5b557f/actix-session-0.7.1/src/storage/redis_rs.rs:243:14
[INFO] [stdout]     |
[INFO] [stdout] 243 |         self.execute_command(redis::cmd("DEL").arg(&[&cache_key]))
[INFO] [stdout]     |              ^^^^^^^^^^^^^^^ the trait `FromRedisValue` is not implemented for `!`
[INFO] [stdout]     |
[INFO] [stdout]     = help: the following other types implement trait `FromRedisValue`:
[INFO] [stdout]               ()
[INFO] [stdout]               (T12,)
[INFO] [stdout]               (T11, T12)
[INFO] [stdout]               (T10, T11, T12)
[INFO] [stdout]               (T9, T10, T11, T12)
[INFO] [stdout]               (T8, T9, T10, T11, T12)
[INFO] [stdout]               (T7, T8, T9, T10, T11, T12)
[INFO] [stdout]               (T6, T7, T8, T9, T10, T11, T12)
[INFO] [stdout]             and 30 others
[INFO] [stdout]     = note: this error might have been caused by changes to Rust's type-inference algorithm (see issue #148922 <https://github.com/rust-lang/rust/issues/148922> for more information)
[INFO] [stdout]     = help: you might have intended to use the type `()` here instead
[INFO] [stdout] note: required by a bound in `RedisSessionStore::execute_command`
[INFO] [stdout]    --> /opt/rustwide/cargo-home/registry/src/index.crates.io-1949cf8c6b5b557f/actix-session-0.7.1/src/storage/redis_rs.rs:266:33
[INFO] [stdout]     |
[INFO] [stdout] 252 | impl RedisSessionStore {
[INFO] [stdout] ...
[INFO] [stdout] 266 |     async fn execute_command<T: FromRedisValue>(&self, cmd: &mut Cmd) -> RedisResult<T> {
[INFO] [stdout]     |                                 ^^^^^^^^^^^^^^ required by this bound in `RedisSessionStore::execute_command`
[INFO] [stdout] 
[INFO] [stdout] 
[INFO] [stderr] error: could not compile `actix-session` (lib) due to 3 previous errors
[INFO] [stdout] For more information about this error, try `rustc --explain E0277`.
[INFO] [stdout] 
[INFO] running `Command { std: "docker" "inspect" "bf92fee08afe8124f1313a49f778fc711e4828932a82461ca0b6303a251ae272", kill_on_drop: false }`
[INFO] running `Command { std: "docker" "rm" "-f" "bf92fee08afe8124f1313a49f778fc711e4828932a82461ca0b6303a251ae272", kill_on_drop: false }`
[INFO] [stdout] bf92fee08afe8124f1313a49f778fc711e4828932a82461ca0b6303a251ae272
