[INFO] cloning repository https://github.com/jneem/glazier-shello
[INFO] running `Command { std: "git" "-c" "credential.helper=" "-c" "credential.helper=/workspace/cargo-home/bin/git-credential-null" "clone" "--bare" "https://github.com/jneem/glazier-shello" "/workspace/cache/git-repos/https%3A%2F%2Fgithub.com%2Fjneem%2Fglazier-shello", kill_on_drop: false }`
[INFO] [stderr] Cloning into bare repository '/workspace/cache/git-repos/https%3A%2F%2Fgithub.com%2Fjneem%2Fglazier-shello'...
[INFO] running `Command { std: "git" "rev-parse" "HEAD", kill_on_drop: false }`
[INFO] [stdout] e0801f6fbc98f60d1f9539d4cb138b83522aacd5
[INFO] documenting jneem/glazier-shello against 1.100.0-beta.1 for beta-rustdoc-1.100-2
[INFO] running `Command { std: "git" "clone" "/workspace/cache/git-repos/https%3A%2F%2Fgithub.com%2Fjneem%2Fglazier-shello" "/workspace/builds/worker-3-tc2/source", kill_on_drop: false }`
[INFO] [stderr] Cloning into '/workspace/builds/worker-3-tc2/source'...
[INFO] [stderr] done.
[INFO] started tweaking git repo https://github.com/jneem/glazier-shello
[INFO] finished tweaking git repo https://github.com/jneem/glazier-shello
[INFO] tweaked toml for git repo https://github.com/jneem/glazier-shello written to /workspace/builds/worker-3-tc2/source/Cargo.toml
[INFO] validating manifest of git repo https://github.com/jneem/glazier-shello on toolchain 1.100.0-beta.1
[INFO] running `Command { std: CARGO_HOME="/workspace/cargo-home" RUSTUP_HOME="/workspace/rustup-home" "/workspace/cargo-home/bin/cargo" "+1.100.0-beta.1" "metadata" "--manifest-path" "Cargo.toml" "--no-deps", kill_on_drop: false }`
[INFO] crate git repo https://github.com/jneem/glazier-shello already has a lockfile, it will not be regenerated
[INFO] running `Command { std: CARGO_HOME="/workspace/cargo-home" RUSTUP_HOME="/workspace/rustup-home" "/workspace/cargo-home/bin/cargo" "+1.100.0-beta.1" "fetch" "--manifest-path" "Cargo.toml", kill_on_drop: false }`
[INFO] running `Command { std: "docker" "create" "-v" "/var/lib/crater-agent-workspace/builds/worker-3-tc2/source:/opt/rustwide/workdir:ro,Z" "-v" "/var/lib/crater-agent-workspace/builds/worker-3-tc2/target:/opt/rustwide/target:rw,Z" "-v" "/var/lib/crater-agent-workspace/cargo-home:/opt/rustwide/cargo-home:ro,Z" "-v" "/var/lib/crater-agent-workspace/rustup-home:/opt/rustwide/rustup-home:ro,Z" "-m" "1610612736" "--network" "none" "ghcr.io/rust-lang/crates-build-env/linux@sha256:77db811e55d90add9212f6832c23229e3de5f1c1f9905e8cb07319ea15df73ac" "sleep" "infinity", kill_on_drop: false }`
[INFO] [stdout] 15750ab40a0d88e9d250ed436d8a64acae3912ca293fb4b69d2734ed5db90826
[INFO] running `Command { std: "docker" "start" "15750ab40a0d88e9d250ed436d8a64acae3912ca293fb4b69d2734ed5db90826", kill_on_drop: false }`
[INFO] running `Command { std: "docker" "inspect" "15750ab40a0d88e9d250ed436d8a64acae3912ca293fb4b69d2734ed5db90826", kill_on_drop: false }`
[INFO] running `Command { std: "docker" "exec" "-e" "SOURCE_DIR=/opt/rustwide/workdir" "-e" "CARGO_HOME=/opt/rustwide/cargo-home" "-e" "RUSTUP_HOME=/opt/rustwide/rustup-home" "-e" "CARGO_TARGET_DIR=/opt/rustwide/target" "-w" "/opt/rustwide/workdir" "--user" "0:0" "15750ab40a0d88e9d250ed436d8a64acae3912ca293fb4b69d2734ed5db90826" "/opt/rustwide/cargo-home/bin/cargo" "+1.100.0-beta.1" "metadata" "--no-deps" "--format-version=1", kill_on_drop: false }`
[INFO] running `Command { std: "docker" "inspect" "15750ab40a0d88e9d250ed436d8a64acae3912ca293fb4b69d2734ed5db90826", kill_on_drop: false }`
[INFO] running `Command { std: "docker" "exec" "-e" "SOURCE_DIR=/opt/rustwide/workdir" "-e" "CARGO_HOME=/opt/rustwide/cargo-home" "-e" "RUSTUP_HOME=/opt/rustwide/rustup-home" "-e" "CARGO_TARGET_DIR=/opt/rustwide/target" "-e" "CARGO_INCREMENTAL=0" "-e" "RUST_BACKTRACE=full" "-e" "RUSTFLAGS=--cap-lints=warn" "-e" "RUSTDOCFLAGS=--cap-lints=warn" "-w" "/opt/rustwide/workdir" "--user" "0:0" "15750ab40a0d88e9d250ed436d8a64acae3912ca293fb4b69d2734ed5db90826" "/opt/rustwide/cargo-home/bin/cargo" "+1.100.0-beta.1" "doc" "--frozen" "--no-deps" "--document-private-items" "--message-format=json", kill_on_drop: false }`
[INFO] [stderr]    Compiling libc v0.2.137
[INFO] [stderr]    Compiling proc-macro2 v1.0.47
[INFO] [stderr]    Compiling unicode-ident v1.0.5
[INFO] [stderr]    Compiling quote v1.0.21
[INFO] [stderr]    Compiling syn v1.0.103
[INFO] [stderr]    Compiling thiserror v1.0.37
[INFO] [stderr]     Checking once_cell v1.15.0
[INFO] [stderr]    Compiling indexmap v1.9.1
[INFO] [stderr]     Checking smallvec v1.10.0
[INFO] [stderr]    Compiling parking_lot_core v0.9.4
[INFO] [stderr]    Compiling serde v1.0.147
[INFO] [stderr]    Compiling slab v0.4.7
[INFO] [stderr]     Checking futures-io v0.3.25
[INFO] [stderr]    Compiling aho-corasick v0.7.19
[INFO] [stderr]     Checking arrayvec v0.7.2
[INFO] [stderr]    Compiling serde_derive v1.0.147
[INFO] [stderr]    Compiling regex-syntax v0.6.27
[INFO] [stderr]    Compiling glob v0.3.0
[INFO] [stderr]    Compiling futures-task v0.3.25
[INFO] [stderr]    Compiling futures-channel v0.3.25
[INFO] [stderr]    Compiling clang-sys v1.4.0
[INFO] [stderr]    Compiling num-traits v0.2.15
[INFO] [stderr]     Checking parking v2.0.0
[INFO] [stderr]     Checking fastrand v1.8.0
[INFO] [stderr]    Compiling futures-util v0.3.25
[INFO] [stderr]     Checking cache-padded v1.2.0
[INFO] [stderr]     Checking futures-sink v0.3.25
[INFO] [stderr]     Checking futures-lite v1.12.0
[INFO] [stderr]     Checking concurrent-queue v1.2.4
[INFO] [stderr]     Checking getrandom v0.2.8
[INFO] [stderr]     Checking ahash v0.7.6
[INFO] [stderr]    Compiling log v0.4.17
[INFO] [stderr]    Compiling atty v0.2.14
[INFO] [stderr]     Checking libloading v0.7.3
[INFO] [stderr]     Checking parking_lot v0.12.1
[INFO] [stderr]     Checking hashbrown v0.12.3
[INFO] [stderr]    Compiling polling v2.4.0
[INFO] [stderr]     Checking cty v0.2.2
[INFO] [stderr]    Compiling ash v0.37.0+1.3.209
[INFO] [stderr]    Compiling termcolor v1.1.3
[INFO] [stderr]     Checking bit-vec v0.6.3
[INFO] [stderr]     Checking unicode-width v0.1.10
[INFO] [stderr]    Compiling khronos-egl v4.1.0
[INFO] [stderr]    Compiling os_str_bytes v6.3.1
[INFO] [stderr]     Checking spirv v0.2.0+1.5.4
[INFO] [stderr]     Checking codespan-reporting v0.11.1
[INFO] [stderr]    Compiling clap_lex v0.2.4
[INFO] [stderr]     Checking bit-set v0.5.3
[INFO] [stderr]    Compiling nom v7.1.1
[INFO] [stderr]     Checking raw-window-handle v0.5.0
[INFO] [stderr]    Compiling regex v1.6.0
[INFO] [stderr]     Checking rand_core v0.6.4
[INFO] [stderr]     Checking gpu-alloc-types v0.2.0
[INFO] [stderr]     Checking gpu-descriptor-types v0.1.1
[INFO] [stderr]    Compiling async-io v1.9.0
[INFO] [stderr]     Checking hexf-parse v0.2.1
[INFO] [stderr]    Compiling getrandom v0.1.16
[INFO] [stderr]     Checking unicode-xid v0.2.4
[INFO] [stderr]    Compiling humantime v2.1.0
[INFO] [stderr]    Compiling bindgen v0.60.1
[INFO] [stderr]    Compiling async-trait v0.1.58
[INFO] [stderr]    Compiling textwrap v0.16.0
[INFO] [stderr]    Compiling strsim v0.10.0
[INFO] [stderr]    Compiling wgpu-core v0.14.2
[INFO] [stderr]    Compiling which v4.3.0
[INFO] [stderr]    Compiling clap v3.2.23
[INFO] [stderr]     Checking gpu-descriptor v0.2.3
[INFO] [stderr]     Checking gpu-alloc v0.5.3
[INFO] [stderr]    Compiling env_logger v0.9.1
[INFO] [stderr]    Compiling toml v0.5.9
[INFO] [stderr]     Checking rand_chacha v0.3.1
[INFO] [stderr]    Compiling cexpr v0.6.0
[INFO] [stderr]     Checking socket2 v0.4.7
[INFO] [stderr]     Checking dirs-sys v0.3.7
[INFO] [stderr]     Checking tracing-core v0.1.30
[INFO] [stderr]     Checking fxhash v0.2.1
[INFO] [stderr]     Checking wgpu-types v0.14.1
[INFO] [stderr]     Checking glow v0.11.2
[INFO] [stderr]    Compiling peeking_take_while v0.1.2
[INFO] [stderr]     Checking sha1_smol v1.0.0
[INFO] [stderr]     Checking async-task v4.3.0
[INFO] [stderr]     Checking zeno v0.2.2
[INFO] [stderr]     Checking profiling v1.0.7
[INFO] [stderr]    Compiling shlex v1.1.0
[INFO] [stderr]     Checking renderdoc-sys v0.7.1
[INFO] [stderr]     Checking yazi v0.1.4
[INFO] [stderr]    Compiling lazycell v1.3.0
[INFO] [stderr]     Checking async-executor v1.4.1
[INFO] [stderr]     Checking sha1 v0.6.1
[INFO] [stderr]     Checking dirs v4.0.0
[INFO] [stderr]     Checking rand v0.8.5
[INFO] [stderr]     Checking async-lock v2.6.0
[INFO] [stderr]     Checking async-broadcast v0.4.1
[INFO] [stderr]     Checking async-channel v1.7.1
[INFO] [stderr]     Checking nix v0.23.1
[INFO] [stderr]     Checking nix v0.24.2
[INFO] [stderr]     Checking kurbo v0.9.0
[INFO] [stderr]     Checking ordered-stream v0.0.1
[INFO] [stderr]     Checking adler32 v1.2.0
[INFO] [stderr]    Compiling anyhow v1.0.66
[INFO] [stderr]     Checking pinot v0.1.5
[INFO] [stderr]     Checking peniko v0.1.0 (https://github.com/linebender/peniko#b8382172)
[INFO] [stderr]     Checking rand_core v0.5.1
[INFO] [stderr]     Checking swash v0.1.4 (https://github.com/dfrg/swash#d3f8bbfa)
[INFO] [stderr]     Checking gethostname v0.2.3
[INFO] [stderr]     Checking time v0.3.16
[INFO] [stderr]     Checking rand_chacha v0.2.2
[INFO] [stderr]     Checking moscato v0.1.2 (https://github.com/dfrg/pinot#59db153f)
[INFO] [stderr]    Compiling thiserror-impl v1.0.37
[INFO] [stderr]    Compiling futures-macro v0.3.25
[INFO] [stderr]    Compiling proc-macro-crate v1.2.1
[INFO] [stderr]    Compiling enumflags2_derive v0.7.4
[INFO] [stderr]    Compiling zvariant_derive v3.7.1
[INFO] [stderr]     Checking naga v0.10.0
[INFO] [stderr]    Compiling tracing-attributes v0.1.23
[INFO] [stderr]    Compiling zbus_macros v2.3.2
[INFO] [stderr]    Compiling bytemuck_derive v1.2.1
[INFO] [stderr]     Checking tracing v0.1.37
[INFO] [stderr]    Compiling async-recursion v0.3.2
[INFO] [stderr]    Compiling derivative v2.2.0
[INFO] [stderr]    Compiling serde_repr v0.1.9
[INFO] [stderr]    Compiling glazier v0.7.0 (https://github.com/linebender/glazier#82155611)
[INFO] [stderr]     Checking bytemuck v1.12.1
[INFO] [stderr]     Checking x11rb-protocol v0.10.0
[INFO] [stderr]     Checking piet-scene v0.1.0 (https://github.com/linebender/piet-gpu#57182224)
[INFO] [stderr]     Checking fount v0.1.0 (https://github.com/jneem/fount#361c76fe)
[INFO] [stderr]     Checking futures-executor v0.3.25
[INFO] [stderr]     Checking futures v0.3.25
[INFO] [stderr]     Checking miniz_oxide v0.3.7
[INFO] [stderr]     Checking deflate v0.8.6
[INFO] [stderr]     Checking futures-intrusive v0.5.0
[INFO] [stderr]     Checking nix v0.25.0
[INFO] [stderr]     Checking wgpu-hal v0.14.1
[INFO] [stderr]     Checking kurbo v0.8.3
[INFO] [stderr]     Checking keyboard-types v0.6.2
[INFO] [stderr]     Checking xmlparser v0.13.5
[INFO] [stderr]     Checking png v0.16.8
[INFO] [stderr]     Checking roxmltree v0.13.1
[INFO] [stderr]     Checking parley v0.1.0 (https://github.com/dfrg/parley#e4276b4d)
[INFO] [stderr]     Checking rand v0.7.3
[INFO] [stderr]     Checking swash v0.1.4
[INFO] [stderr]     Checking pollster v0.2.5
[INFO] [stderr]     Checking enumflags2 v0.7.5
[INFO] [stderr]     Checking zvariant v3.7.1
[INFO] [stderr]     Checking zbus_names v2.2.0
[INFO] [stderr]     Checking zbus v2.3.2
[INFO] [stderr]     Checking wgpu v0.14.2
[INFO] [stderr]     Checking ashpd v0.3.2
[INFO] [stderr]     Checking piet-wgsl v0.1.0 (https://github.com/linebender/piet-gpu#57182224)
[INFO] [stdout] error[E0277]: the trait bound `for<'de> !: Deserialize<'de>` is not satisfied
[INFO] [stdout]    --> /opt/rustwide/cargo-home/registry/src/index.crates.io-1949cf8c6b5b557f/ashpd-0.3.2/src/desktop/dynamic_launcher.rs:213:9
[INFO] [stdout]     |
[INFO] [stdout] 213 | /         call_method(
[INFO] [stdout] 214 | |             self.inner(),
[INFO] [stdout] 215 | |             "Install",
[INFO] [stdout] 216 | |             &(token, desktop_file_id, desktop_entry, options),
[INFO] [stdout] 217 | |         )
[INFO] [stdout]     | |_________^ the trait `for<'de> Deserialize<'de>` is not implemented for `!`
[INFO] [stdout]     |
[INFO] [stdout]     = help: the following other types implement trait `Deserialize<'de>`:
[INFO] [stdout]               `&'a [u8]` implements `Deserialize<'de>`
[INFO] [stdout]               `&'a std::path::Path` implements `Deserialize<'de>`
[INFO] [stdout]               `&'a str` implements `Deserialize<'de>`
[INFO] [stdout]               `()` implements `Deserialize<'de>`
[INFO] [stdout]               `(T0, T1)` implements `Deserialize<'de>`
[INFO] [stdout]               `(T0, T1, T2)` implements `Deserialize<'de>`
[INFO] [stdout]               `(T0, T1, T2, T3)` implements `Deserialize<'de>`
[INFO] [stdout]               `(T0, T1, T2, T3, T4)` implements `Deserialize<'de>`
[INFO] [stdout]             and 210 others
[INFO] [stdout]     = note: this error might have been caused by changes to Rust's type-inference algorithm (see issue #148922 <https://github.com/rust-lang/rust/issues/148922> for more information)
[INFO] [stdout]     = help: you might have intended to use the type `()` here instead
[INFO] [stdout] note: required by a bound in `call_method`
[INFO] [stdout]    --> /opt/rustwide/cargo-home/registry/src/index.crates.io-1949cf8c6b5b557f/ashpd-0.3.2/src/helpers.rs:129:8
[INFO] [stdout]     |
[INFO] [stdout] 123 | pub(crate) async fn call_method<R, B>(
[INFO] [stdout] ...
[INFO] [stdout] 129 |     R: for<'de> Deserialize<'de> + Type,
[INFO] [stdout]     |        ^^^^^^^^^^^^^^^^^^^^^^^^^ required by this bound in `call_method`
[INFO] [stdout] 
[INFO] [stdout] 
[INFO] [stdout] error[E0277]: the trait bound `!: zbus::zvariant::Type` is not satisfied
[INFO] [stdout]    --> /opt/rustwide/cargo-home/registry/src/index.crates.io-1949cf8c6b5b557f/ashpd-0.3.2/src/desktop/dynamic_launcher.rs:213:9
[INFO] [stdout]     |
[INFO] [stdout] 213 | /         call_method(
[INFO] [stdout] 214 | |             self.inner(),
[INFO] [stdout] 215 | |             "Install",
[INFO] [stdout] 216 | |             &(token, desktop_file_id, desktop_entry, options),
[INFO] [stdout] 217 | |         )
[INFO] [stdout]     | |_________^ the trait `zbus::zvariant::Type` is not implemented for `!`
[INFO] [stdout]     |
[INFO] [stdout]     = help: the following other types implement trait `zbus::zvariant::Type`:
[INFO] [stdout]               &T
[INFO] [stdout]               &mut T
[INFO] [stdout]               ()
[INFO] [stdout]               (T0, T1)
[INFO] [stdout]               (T0, T1, T2)
[INFO] [stdout]               (T0, T1, T2, T3)
[INFO] [stdout]               (T0, T1, T2, T3, T4)
[INFO] [stdout]               (T0, T1, T2, T3, T4, T5)
[INFO] [stdout]             and 147 others
[INFO] [stdout]     = note: this error might have been caused by changes to Rust's type-inference algorithm (see issue #148922 <https://github.com/rust-lang/rust/issues/148922> for more information)
[INFO] [stdout]     = help: you might have intended to use the type `()` here instead
[INFO] [stdout] note: required by a bound in `call_method`
[INFO] [stdout]    --> /opt/rustwide/cargo-home/registry/src/index.crates.io-1949cf8c6b5b557f/ashpd-0.3.2/src/helpers.rs:129:36
[INFO] [stdout]     |
[INFO] [stdout] 123 | pub(crate) async fn call_method<R, B>(
[INFO] [stdout] ...
[INFO] [stdout] 129 |     R: for<'de> Deserialize<'de> + Type,
[INFO] [stdout]     |                                    ^^^^ required by this bound in `call_method`
[INFO] [stdout] 
[INFO] [stdout] 
[INFO] [stdout] error[E0277]: the trait bound `for<'de> !: Deserialize<'de>` is not satisfied
[INFO] [stdout]    --> /opt/rustwide/cargo-home/registry/src/index.crates.io-1949cf8c6b5b557f/ashpd-0.3.2/src/desktop/dynamic_launcher.rs:230:9
[INFO] [stdout]     |
[INFO] [stdout] 230 |         call_method(self.inner(), "Uninstall", &(desktop_file_id, options)).await?;
[INFO] [stdout]     |         ^^^^^^^^^^^^^^^^^^^^^^^^^^^^^^^^^^^^^^^^^^^^^^^^^^^^^^^^^^^^^^^^^^^ the trait `for<'de> Deserialize<'de>` is not implemented for `!`
[INFO] [stdout]     |
[INFO] [stdout]     = help: the following other types implement trait `Deserialize<'de>`:
[INFO] [stdout]               `&'a [u8]` implements `Deserialize<'de>`
[INFO] [stdout]               `&'a std::path::Path` implements `Deserialize<'de>`
[INFO] [stdout]               `&'a str` implements `Deserialize<'de>`
[INFO] [stdout]               `()` implements `Deserialize<'de>`
[INFO] [stdout]               `(T0, T1)` implements `Deserialize<'de>`
[INFO] [stdout]               `(T0, T1, T2)` implements `Deserialize<'de>`
[INFO] [stdout]               `(T0, T1, T2, T3)` implements `Deserialize<'de>`
[INFO] [stdout]               `(T0, T1, T2, T3, T4)` implements `Deserialize<'de>`
[INFO] [stdout]             and 210 others
[INFO] [stdout]     = note: this error might have been caused by changes to Rust's type-inference algorithm (see issue #148922 <https://github.com/rust-lang/rust/issues/148922> for more information)
[INFO] [stdout]     = help: you might have intended to use the type `()` here instead
[INFO] [stdout] note: required by a bound in `call_method`
[INFO] [stdout]    --> /opt/rustwide/cargo-home/registry/src/index.crates.io-1949cf8c6b5b557f/ashpd-0.3.2/src/helpers.rs:129:8
[INFO] [stdout]     |
[INFO] [stdout] 123 | pub(crate) async fn call_method<R, B>(
[INFO] [stdout] ...
[INFO] [stdout] 129 |     R: for<'de> Deserialize<'de> + Type,
[INFO] [stdout]     |        ^^^^^^^^^^^^^^^^^^^^^^^^^ required by this bound in `call_method`
[INFO] [stdout] 
[INFO] [stdout] 
[INFO] [stdout] error[E0277]: the trait bound `!: zbus::zvariant::Type` is not satisfied
[INFO] [stdout]    --> /opt/rustwide/cargo-home/registry/src/index.crates.io-1949cf8c6b5b557f/ashpd-0.3.2/src/desktop/dynamic_launcher.rs:230:9
[INFO] [stdout]     |
[INFO] [stdout] 230 |         call_method(self.inner(), "Uninstall", &(desktop_file_id, options)).await?;
[INFO] [stdout]     |         ^^^^^^^^^^^^^^^^^^^^^^^^^^^^^^^^^^^^^^^^^^^^^^^^^^^^^^^^^^^^^^^^^^^ the trait `zbus::zvariant::Type` is not implemented for `!`
[INFO] [stdout]     |
[INFO] [stdout]     = help: the following other types implement trait `zbus::zvariant::Type`:
[INFO] [stdout]               &T
[INFO] [stdout]               &mut T
[INFO] [stdout]               ()
[INFO] [stdout]               (T0, T1)
[INFO] [stdout]               (T0, T1, T2)
[INFO] [stdout]               (T0, T1, T2, T3)
[INFO] [stdout]               (T0, T1, T2, T3, T4)
[INFO] [stdout]               (T0, T1, T2, T3, T4, T5)
[INFO] [stdout]             and 147 others
[INFO] [stdout]     = note: this error might have been caused by changes to Rust's type-inference algorithm (see issue #148922 <https://github.com/rust-lang/rust/issues/148922> for more information)
[INFO] [stdout]     = help: you might have intended to use the type `()` here instead
[INFO] [stdout] note: required by a bound in `call_method`
[INFO] [stdout]    --> /opt/rustwide/cargo-home/registry/src/index.crates.io-1949cf8c6b5b557f/ashpd-0.3.2/src/helpers.rs:129:36
[INFO] [stdout]     |
[INFO] [stdout] 123 | pub(crate) async fn call_method<R, B>(
[INFO] [stdout] ...
[INFO] [stdout] 129 |     R: for<'de> Deserialize<'de> + Type,
[INFO] [stdout]     |                                    ^^^^ required by this bound in `call_method`
[INFO] [stdout] 
[INFO] [stdout] 
[INFO] [stdout] For more information about this error, try `rustc --explain E0277`.
[INFO] [stdout] 
[INFO] [stderr] error: could not compile `ashpd` (lib) due to 4 previous errors
[INFO] [stderr] warning: build failed, waiting for other jobs to finish...
[INFO] running `Command { std: "docker" "inspect" "15750ab40a0d88e9d250ed436d8a64acae3912ca293fb4b69d2734ed5db90826", kill_on_drop: false }`
[INFO] running `Command { std: "docker" "rm" "-f" "15750ab40a0d88e9d250ed436d8a64acae3912ca293fb4b69d2734ed5db90826", kill_on_drop: false }`
[INFO] [stdout] 15750ab40a0d88e9d250ed436d8a64acae3912ca293fb4b69d2734ed5db90826
