[INFO] cloning repository https://github.com/XaF/omni
[INFO] running `Command { std: "git" "-c" "credential.helper=" "-c" "credential.helper=/workspace/cargo-home/bin/git-credential-null" "clone" "--bare" "https://github.com/XaF/omni" "/workspace/cache/git-repos/https%3A%2F%2Fgithub.com%2FXaF%2Fomni", kill_on_drop: false }`
[INFO] [stderr] Cloning into bare repository '/workspace/cache/git-repos/https%3A%2F%2Fgithub.com%2FXaF%2Fomni'...
[INFO] running `Command { std: "git" "rev-parse" "HEAD", kill_on_drop: false }`
[INFO] [stdout] 22b05866425fa79da18e622e5c3e2867598fe86b
[INFO] documenting XaF/omni against 1.100.0-beta.1 for beta-rustdoc-1.100-2
[INFO] running `Command { std: "git" "clone" "/workspace/cache/git-repos/https%3A%2F%2Fgithub.com%2FXaF%2Fomni" "/workspace/builds/worker-0-tc2/source", kill_on_drop: false }`
[INFO] [stderr] Cloning into '/workspace/builds/worker-0-tc2/source'...
[INFO] [stderr] done.
[INFO] started tweaking git repo https://github.com/XaF/omni
[INFO] finished tweaking git repo https://github.com/XaF/omni
[INFO] tweaked toml for git repo https://github.com/XaF/omni written to /workspace/builds/worker-0-tc2/source/Cargo.toml
[INFO] validating manifest of git repo https://github.com/XaF/omni on toolchain 1.100.0-beta.1
[INFO] running `Command { std: CARGO_HOME="/workspace/cargo-home" RUSTUP_HOME="/workspace/rustup-home" "/workspace/cargo-home/bin/cargo" "+1.100.0-beta.1" "metadata" "--manifest-path" "Cargo.toml" "--no-deps", kill_on_drop: false }`
[INFO] crate git repo https://github.com/XaF/omni already has a lockfile, it will not be regenerated
[INFO] running `Command { std: CARGO_HOME="/workspace/cargo-home" RUSTUP_HOME="/workspace/rustup-home" "/workspace/cargo-home/bin/cargo" "+1.100.0-beta.1" "fetch" "--manifest-path" "Cargo.toml", kill_on_drop: false }`
[INFO] [stderr] warning: `package.homepage` is redundant with `package.documentation`
[INFO] [stderr]    --> Cargo.toml:143:12
[INFO] [stderr]     |
[INFO] [stderr] 140 | documentation = "https://omnicli.dev"
[INFO] [stderr]     |                 ---------------------
[INFO] [stderr] ...
[INFO] [stderr] 143 | homepage = "https://omnicli.dev"
[INFO] [stderr]     |            ^^^^^^^^^^^^^^^^^^^^^
[INFO] [stderr]     |
[INFO] [stderr]     = note: `cargo::redundant_homepage` is set to `warn` by default
[INFO] [stderr] help: consider removing `package.homepage`
[INFO] [stderr] warning: `omnicli` (manifest) generated 1 warning
[INFO] running `Command { std: "docker" "create" "-v" "/var/lib/crater-agent-workspace/builds/worker-0-tc2/source:/opt/rustwide/workdir:ro,Z" "-v" "/var/lib/crater-agent-workspace/builds/worker-0-tc2/target:/opt/rustwide/target:rw,Z" "-v" "/var/lib/crater-agent-workspace/cargo-home:/opt/rustwide/cargo-home:ro,Z" "-v" "/var/lib/crater-agent-workspace/rustup-home:/opt/rustwide/rustup-home:ro,Z" "-m" "1610612736" "--network" "none" "ghcr.io/rust-lang/crates-build-env/linux@sha256:77db811e55d90add9212f6832c23229e3de5f1c1f9905e8cb07319ea15df73ac" "sleep" "infinity", kill_on_drop: false }`
[INFO] [stdout] 2a6ff0037e900a7428317bdc9f7465c209e3eb9037d764f0950398f8ef2d3c1b
[INFO] running `Command { std: "docker" "start" "2a6ff0037e900a7428317bdc9f7465c209e3eb9037d764f0950398f8ef2d3c1b", kill_on_drop: false }`
[INFO] running `Command { std: "docker" "inspect" "2a6ff0037e900a7428317bdc9f7465c209e3eb9037d764f0950398f8ef2d3c1b", kill_on_drop: false }`
[INFO] running `Command { std: "docker" "exec" "-e" "SOURCE_DIR=/opt/rustwide/workdir" "-e" "CARGO_HOME=/opt/rustwide/cargo-home" "-e" "RUSTUP_HOME=/opt/rustwide/rustup-home" "-e" "CARGO_TARGET_DIR=/opt/rustwide/target" "-w" "/opt/rustwide/workdir" "--user" "0:0" "2a6ff0037e900a7428317bdc9f7465c209e3eb9037d764f0950398f8ef2d3c1b" "/opt/rustwide/cargo-home/bin/cargo" "+1.100.0-beta.1" "metadata" "--no-deps" "--format-version=1", kill_on_drop: false }`
[INFO] running `Command { std: "docker" "inspect" "2a6ff0037e900a7428317bdc9f7465c209e3eb9037d764f0950398f8ef2d3c1b", kill_on_drop: false }`
[INFO] running `Command { std: "docker" "exec" "-e" "SOURCE_DIR=/opt/rustwide/workdir" "-e" "CARGO_HOME=/opt/rustwide/cargo-home" "-e" "RUSTUP_HOME=/opt/rustwide/rustup-home" "-e" "CARGO_TARGET_DIR=/opt/rustwide/target" "-e" "CARGO_INCREMENTAL=0" "-e" "RUST_BACKTRACE=full" "-e" "RUSTFLAGS=--cap-lints=warn" "-e" "RUSTDOCFLAGS=--cap-lints=warn" "-w" "/opt/rustwide/workdir" "--user" "0:0" "2a6ff0037e900a7428317bdc9f7465c209e3eb9037d764f0950398f8ef2d3c1b" "/opt/rustwide/cargo-home/bin/cargo" "+1.100.0-beta.1" "doc" "--frozen" "--no-deps" "--document-private-items" "--message-format=json", kill_on_drop: false }`
[INFO] [stderr] warning: `package.homepage` is redundant with `package.documentation`
[INFO] [stderr]    --> Cargo.toml:143:12
[INFO] [stderr]     |
[INFO] [stderr] 140 | documentation = "https://omnicli.dev"
[INFO] [stderr]     |                 ---------------------
[INFO] [stderr] ...
[INFO] [stderr] 143 | homepage = "https://omnicli.dev"
[INFO] [stderr]     |            ^^^^^^^^^^^^^^^^^^^^^
[INFO] [stderr]     |
[INFO] [stderr]     = note: `cargo::redundant_homepage` is set to `warn` by default
[INFO] [stderr] help: consider removing `package.homepage`
[INFO] [stderr] warning: `omnicli` (manifest) generated 1 warning
[INFO] [stderr]    Compiling libc v0.2.189
[INFO] [stderr]     Checking cfg-if v1.0.5
[INFO] [stderr]    Compiling find-msvc-tools v0.1.14
[INFO] [stderr]    Compiling proc-macro2 v1.0.107
[INFO] [stderr]     Checking smallvec v1.16.2
[INFO] [stderr]    Compiling serde_core v1.0.229
[INFO] [stderr]     Checking stable_deref_trait v1.2.1
[INFO] [stderr]     Checking log v0.4.34
[INFO] [stderr]     Checking writeable v0.6.4
[INFO] [stderr]     Checking litemap v0.8.3
[INFO] [stderr]     Checking cpufeatures v0.3.1
[INFO] [stderr]     Checking hashbrown v0.17.1
[INFO] [stderr]    Compiling rustix v1.1.5
[INFO] [stderr]     Checking linux-raw-sys v0.12.1
[INFO] [stderr]     Checking hybrid-array v0.4.15
[INFO] [stderr]    Compiling quote v1.0.47
[INFO] [stderr]    Compiling syn v3.0.6
[INFO] [stderr]    Compiling syn v2.0.119
[INFO] [stderr]    Compiling aws-lc-rs v1.18.1
[INFO] [stderr]     Checking crypto-common v0.2.2
[INFO] [stderr]     Checking block-buffer v0.12.1
[INFO] [stderr]    Compiling icu_locale_fallback_data v2.3.0
[INFO] [stderr]    Compiling jobserver v0.1.35
[INFO] [stderr]    Compiling encoding_rs v0.8.42
[INFO] [stderr]     Checking chacha20 v0.10.2
[INFO] [stderr]     Checking digest v0.11.3
[INFO] [stderr]    Compiling cc v1.5.1
[INFO] [stderr]    Compiling cfg_aliases v0.2.2
[INFO] [stderr]     Checking futures-io v0.3.34
[INFO] [stderr]    Compiling serde v1.0.229
[INFO] [stderr]    Compiling icu_segmenter_data v2.3.0
[INFO] [stderr]     Checking futures-util v0.3.34
[INFO] [stderr]    Compiling nix v0.31.3
[INFO] [stderr]     Checking errno v0.3.14
[INFO] [stderr]     Checking signal-hook-registry v1.4.8
[INFO] [stderr]     Checking mio v1.2.3
[INFO] [stderr]     Checking socket2 v0.6.5
[INFO] [stderr]     Checking getrandom v0.4.3
[INFO] [stderr]     Checking parking_lot_core v0.9.12
[INFO] [stderr]     Checking rand v0.10.3
[INFO] [stderr]     Checking parking_lot v0.12.5
[INFO] [stderr]     Checking indexmap v2.14.2
[INFO] [stderr]    Compiling cmake v0.1.58
[INFO] [stderr]     Checking tracing v0.1.44
[INFO] [stderr]     Checking core_detect v1.0.0
[INFO] [stderr]    Compiling time-core v0.1.9
[INFO] [stderr]    Compiling multiversion_no_op v1.0.0
[INFO] [stderr]    Compiling num-conv v0.2.2
[INFO] [stderr]     Checking simdutf8 v0.1.5
[INFO] [stderr]     Checking base64 v0.23.1
[INFO] [stderr]    Compiling signal-hook v0.4.4
[INFO] [stderr]     Checking signal-hook v0.3.18
[INFO] [stderr]    Compiling aws-lc-sys v0.45.0
[INFO] [stderr]    Compiling libz-sys v1.1.29
[INFO] [stderr]    Compiling libsqlite3-sys v0.38.2
[INFO] [stderr]    Compiling derive_more-impl v2.1.1
[INFO] [stderr]     Checking futures-channel v0.3.34
[INFO] [stderr]    Compiling crc32fast v1.5.2
[INFO] [stderr]     Checking derive_more v2.1.1
[INFO] [stderr]     Checking clap_builder v4.6.7
[INFO] [stderr]     Checking signal-hook-mio v0.2.5
[INFO] [stderr]    Compiling libgit2-sys v0.18.8+1.9.7
[INFO] [stderr]     Checking os_pipe v1.2.3
[INFO] [stderr]     Checking sha2 v0.11.0
[INFO] [stderr]    Compiling synstructure v0.14.0
[INFO] [stderr]     Checking aho-corasick v1.1.5
[INFO] [stderr]    Compiling serde_json v1.0.151
[INFO] [stderr]     Checking smawk v0.3.3
[INFO] [stderr]     Checking simd-adler32 v0.3.10
[INFO] [stderr]    Compiling deranged v0.5.8
[INFO] [stderr]    Compiling portable-atomic v1.15.0
[INFO] [stderr]     Checking arraydeque v0.5.1
[INFO] [stderr]    Compiling thiserror v2.0.21
[INFO] [stderr]     Checking ipnet v2.12.2
[INFO] [stderr]    Compiling powerfmt v0.2.0
[INFO] [stderr]     Checking granit-parser v1.3.0
[INFO] [stderr]     Checking miniz_oxide v0.9.1
[INFO] [stderr]     Checking tempfile v3.27.0
[INFO] [stderr]     Checking regex-automata v0.4.18
[INFO] [stderr]     Checking sigchld v0.2.5
[INFO] [stderr]     Checking crossterm v0.29.0
[INFO] [stderr]    Compiling zerofrom-derive v0.1.8
[INFO] [stderr]    Compiling yoke-derive v0.8.3
[INFO] [stderr]    Compiling zerovec-derive v0.11.6
[INFO] [stderr]    Compiling displaydoc v0.2.7
[INFO] [stderr]    Compiling tokio-macros v2.7.2
[INFO] [stderr]     Checking zerofrom v0.1.8
[INFO] [stderr]    Compiling serde_derive v1.0.229
[INFO] [stderr]     Checking yoke v0.8.3
[INFO] [stderr]    Compiling clap_derive v4.6.7
[INFO] [stderr]     Checking zerovec v0.11.8
[INFO] [stderr]     Checking zerotrie v0.2.5
[INFO] [stderr]     Checking tokio v1.53.1
[INFO] [stderr]    Compiling time v0.3.55
[INFO] [stderr]     Checking tinystr v0.8.4
[INFO] [stderr]     Checking icu_locale_core v2.3.0
[INFO] [stderr]     Checking potential_utf v0.1.6
[INFO] [stderr]     Checking icu_collections v2.3.0
[INFO] [stderr]     Checking clap v4.6.7
[INFO] [stderr]     Checking icu_provider v2.3.1
[INFO] [stderr]    Compiling thiserror-impl v2.0.21
[INFO] [stderr]     Checking icu_properties v2.3.0
[INFO] [stderr]     Checking icu_normalizer v2.3.0
[INFO] [stderr]     Checking icu_locale_fallback v2.3.0
[INFO] [stderr]     Checking encoding_rs_io v0.1.8
[INFO] [stderr]     Checking idna_adapter v1.2.2
[INFO] [stderr]     Checking icu_segmenter v2.3.0
[INFO] [stderr]     Checking idna v1.1.0
[INFO] [stderr]    Compiling miette-derive v7.6.0
[INFO] [stderr]     Checking url v2.5.8
[INFO] [stderr]    Compiling thiserror-impl v1.0.69
[INFO] [stderr]     Checking tokio-util v0.7.19
[INFO] [stderr]     Checking textwrap v0.16.4
[INFO] [stderr]     Checking tower v0.5.3
[INFO] [stderr]    Compiling blake3 v1.8.7
[INFO] [stderr]     Checking scheduled-thread-pool v0.2.7
[INFO] [stderr]     Checking annotate-snippets v0.12.16
[INFO] [stderr]     Checking h2 v0.4.19
[INFO] [stderr]     Checking hashlink v0.12.2
[INFO] [stderr]     Checking fallible-iterator v0.3.0
[INFO] [stderr]     Checking fallible-streaming-iterator v0.1.9
[INFO] [stderr]    Compiling feuilletage v0.1.3
[INFO] [stderr]     Checking unicode-width v0.1.14
[INFO] [stderr]     Checking requestty-ui v0.7.0
[INFO] [stderr]     Checking nom v7.1.3
[INFO] [stderr]     Checking serde-saphyr v1.3.0
[INFO] [stderr]     Checking miette v7.6.0
[INFO] [stderr]     Checking thiserror v1.0.69
[INFO] [stderr]     Checking tower-http v0.6.11
[INFO] [stderr]     Checking r2d2 v0.8.10
[INFO] [stderr]     Checking flate2 v1.1.10
[INFO] [stderr]    Compiling omnicli v0.0.0-git (/opt/rustwide/workdir)
[INFO] [stderr]     Checking clap_complete v4.6.11
[INFO] [stderr]     Checking rusqlite v0.40.2
[INFO] [stderr]    Compiling feuilletage-macros v0.1.3
[INFO] [stderr]    Compiling petname-macros v3.2.0
[INFO] [stderr]     Checking shared_child v1.1.2
[INFO] [stderr]     Checking atomic-write-file v0.3.1
[INFO] [stderr]     Checking lzma-rust2 v0.16.5
[INFO] [stderr]    Compiling getset v0.1.7
[INFO] [stderr]     Checking hyper v1.11.1
[INFO] [stderr]    Compiling time-macros v0.2.32
[INFO] [stderr]     Checking xattr v1.6.1
[INFO] [stderr]     Checking fs4 v1.1.0
[INFO] [stderr]     Checking uuid v1.26.1
[INFO] [stderr]     Checking serde_spanned v1.1.1
[INFO] [stderr]     Checking toml_datetime v1.1.1+spec-1.1.0
[INFO] [stderr]     Checking termios v0.3.3
[INFO] [stderr]     Checking filetime v0.2.29
[INFO] [stderr]     Checking console v0.16.6
[INFO] [stderr]     Checking nom v8.0.0
[INFO] [stderr]     Checking hyper-util v0.1.21
[INFO] [stderr]     Checking bstr v1.13.1
[INFO] [stderr]     Checking ppmd-rust v1.5.0
[INFO] [stderr]     Checking bytecount v0.6.9
[INFO] [stderr]     Checking shared_thread v0.2.1
[INFO] [stderr]     Checking unit-prefix v0.5.2
[INFO] [stderr]     Checking either v1.18.0
[INFO] [stderr]     Checking arrayvec v0.7.8
[INFO] [stderr]     Checking toml v1.1.6+spec-1.1.0
[INFO] [stderr]     Checking requestty v0.7.0
[INFO] [stderr]     Checking serde_yaml_ng v0.10.0
[INFO] [stderr]     Checking itertools v0.15.0
[INFO] [stderr]     Checking zip v8.6.0
[INFO] [stderr]     Checking indicatif v0.18.6
[INFO] [stderr]     Checking duct v1.1.2
[INFO] [stderr]     Checking node-semver v2.2.0
[INFO] [stderr]     Checking globset v0.4.20
[INFO] [stderr]     Checking git-url-parse v0.6.0
[INFO] [stdout] error[E0038]: the trait `Parser` is not dyn compatible
[INFO] [stdout]    --> /opt/rustwide/cargo-home/registry/src/index.crates.io-1949cf8c6b5b557f/git-url-parse-0.6.0/src/types/spec.rs:374:10
[INFO] [stdout]     |
[INFO] [stdout] 374 |       ) -> impl Parser<
[INFO] [stdout]     |  __________^
[INFO] [stdout] 375 | |         &'url str,
[INFO] [stdout] 376 | |         Output = <dyn Parser<&'url str, Output = &'url str, Error = nom::error::Error<&'url str>> as Parser<
[INFO] [stdout] 377 | |             &'url str,
[INFO] [stdout] 378 | |         >>::Output,
[INFO] [stdout] 379 | |         Error = nom::error::Error<&'url str>,
[INFO] [stdout] 380 | |     >{
[INFO] [stdout]     | |_____^ `Parser` is not dyn compatible
[INFO] [stdout]     |
[INFO] [stdout] note: for a trait to be dyn compatible it needs to allow building a vtable
[INFO] [stdout]       for more information, visit <https://doc.rust-lang.org/reference/items/traits.html#dyn-compatibility>
[INFO] [stdout]    --> /opt/rustwide/cargo-home/registry/src/index.crates.io-1949cf8c6b5b557f/nom-8.0.0/src/internal.rs:425:6
[INFO] [stdout]     |
[INFO] [stdout] 425 |   fn process<OM: OutputMode>(
[INFO] [stdout]     |      ^^^^^^^ the trait is not dyn compatible because method `process` has generic type parameters
[INFO] [stdout] 
[INFO] [stdout] 
[INFO] [stdout] error[E0038]: the trait `Parser` is not dyn compatible
[INFO] [stdout]    --> /opt/rustwide/cargo-home/registry/src/index.crates.io-1949cf8c6b5b557f/git-url-parse-0.6.0/src/types/spec.rs:398:10
[INFO] [stdout]     |
[INFO] [stdout] 398 |       ) -> impl Parser<
[INFO] [stdout]     |  __________^
[INFO] [stdout] 399 | |         &'url str,
[INFO] [stdout] 400 | |         Output = <dyn Parser<&'url str, Output = &'url str, Error = nom::error::Error<&'url str>> as Parser<
[INFO] [stdout] 401 | |             &'url str,
[INFO] [stdout] 402 | |         >>::Output,
[INFO] [stdout] 403 | |         Error = nom::error::Error<&'url str>,
[INFO] [stdout] 404 | |     >{
[INFO] [stdout]     | |_____^ `Parser` is not dyn compatible
[INFO] [stdout]     |
[INFO] [stdout] note: for a trait to be dyn compatible it needs to allow building a vtable
[INFO] [stdout]       for more information, visit <https://doc.rust-lang.org/reference/items/traits.html#dyn-compatibility>
[INFO] [stdout]    --> /opt/rustwide/cargo-home/registry/src/index.crates.io-1949cf8c6b5b557f/nom-8.0.0/src/internal.rs:425:6
[INFO] [stdout]     |
[INFO] [stdout] 425 |   fn process<OM: OutputMode>(
[INFO] [stdout]     |      ^^^^^^^ the trait is not dyn compatible because method `process` has generic type parameters
[INFO] [stdout] 
[INFO] [stdout] 
[INFO] [stdout] error[E0038]: the trait `Parser` is not dyn compatible
[INFO] [stdout]    --> /opt/rustwide/cargo-home/registry/src/index.crates.io-1949cf8c6b5b557f/git-url-parse-0.6.0/src/types/spec.rs:422:10
[INFO] [stdout]     |
[INFO] [stdout] 422 |       ) -> impl Parser<
[INFO] [stdout]     |  __________^
[INFO] [stdout] 423 | |         &'url str,
[INFO] [stdout] 424 | |         Output = <dyn Parser<&'url str, Output = &'url str, Error = nom::error::Error<&'url str>> as Parser<
[INFO] [stdout] 425 | |             &'url str,
[INFO] [stdout] 426 | |         >>::Output,
[INFO] [stdout] 427 | |         Error = nom::error::Error<&'url str>,
[INFO] [stdout] 428 | |     >{
[INFO] [stdout]     | |_____^ `Parser` is not dyn compatible
[INFO] [stdout]     |
[INFO] [stdout] note: for a trait to be dyn compatible it needs to allow building a vtable
[INFO] [stdout]       for more information, visit <https://doc.rust-lang.org/reference/items/traits.html#dyn-compatibility>
[INFO] [stdout]    --> /opt/rustwide/cargo-home/registry/src/index.crates.io-1949cf8c6b5b557f/nom-8.0.0/src/internal.rs:425:6
[INFO] [stdout]     |
[INFO] [stdout] 425 |   fn process<OM: OutputMode>(
[INFO] [stdout]     |      ^^^^^^^ the trait is not dyn compatible because method `process` has generic type parameters
[INFO] [stdout] 
[INFO] [stdout] 
[INFO] [stdout] error[E0038]: the trait `Parser` is not dyn compatible
[INFO] [stdout]    --> /opt/rustwide/cargo-home/registry/src/index.crates.io-1949cf8c6b5b557f/git-url-parse-0.6.0/src/types/spec.rs:444:43
[INFO] [stdout]     |
[INFO] [stdout] 444 |       fn short_git_scheme_parser<'url>() -> impl Parser<
[INFO] [stdout]     |  ___________________________________________^
[INFO] [stdout] 445 | |         &'url str,
[INFO] [stdout] 446 | |         Output = <dyn Parser<
[INFO] [stdout] 447 | |             &'url str,
[INFO] [stdout] ...   |
[INFO] [stdout] 451 | |         Error = nom::error::Error<&'url str>,
[INFO] [stdout] 452 | |     > {
[INFO] [stdout]     | |_____^ `Parser` is not dyn compatible
[INFO] [stdout]     |
[INFO] [stdout] note: for a trait to be dyn compatible it needs to allow building a vtable
[INFO] [stdout]       for more information, visit <https://doc.rust-lang.org/reference/items/traits.html#dyn-compatibility>
[INFO] [stdout]    --> /opt/rustwide/cargo-home/registry/src/index.crates.io-1949cf8c6b5b557f/nom-8.0.0/src/internal.rs:425:6
[INFO] [stdout]     |
[INFO] [stdout] 425 |   fn process<OM: OutputMode>(
[INFO] [stdout]     |      ^^^^^^^ the trait is not dyn compatible because method `process` has generic type parameters
[INFO] [stdout] 
[INFO] [stdout] 
[INFO] [stdout] error[E0038]: the trait `Parser` is not dyn compatible
[INFO] [stdout]    --> /opt/rustwide/cargo-home/registry/src/index.crates.io-1949cf8c6b5b557f/git-url-parse-0.6.0/src/types/spec.rs:78:74
[INFO] [stdout]     |
[INFO] [stdout]  78 |             if let Ok((input, scheme)) = Self::short_git_scheme_parser().parse(input) {
[INFO] [stdout]     |                                                                          ^^^^^ `Parser` is not dyn compatible
[INFO] [stdout]     |
[INFO] [stdout] note: for a trait to be dyn compatible it needs to allow building a vtable
[INFO] [stdout]       for more information, visit <https://doc.rust-lang.org/reference/items/traits.html#dyn-compatibility>
[INFO] [stdout]    --> /opt/rustwide/cargo-home/registry/src/index.crates.io-1949cf8c6b5b557f/nom-8.0.0/src/internal.rs:425:6
[INFO] [stdout]     |
[INFO] [stdout] 425 |   fn process<OM: OutputMode>(
[INFO] [stdout]     |      ^^^^^^^ the trait is not dyn compatible because method `process` has generic type parameters
[INFO] [stdout] 
[INFO] [stdout] 
[INFO] [stdout] error[E0038]: the trait `Parser` is not dyn compatible
[INFO] [stdout]    --> /opt/rustwide/cargo-home/registry/src/index.crates.io-1949cf8c6b5b557f/git-url-parse-0.6.0/src/types/spec.rs:143:13
[INFO] [stdout]     |
[INFO] [stdout] 143 | /             verify(
[INFO] [stdout] 144 | |                 alt((
[INFO] [stdout] 145 | |                     //preceded(tag("//"), Self::path_abempty_parser()),
[INFO] [stdout] 146 | |                     Self::path_abempty_parser(),
[INFO] [stdout] ...   |
[INFO] [stdout] 150 | |                 |s: &str| !s.is_empty(),
[INFO] [stdout] 151 | |             ),
[INFO] [stdout]     | |_____________^ `Parser` is not dyn compatible
[INFO] [stdout]     |
[INFO] [stdout] note: for a trait to be dyn compatible it needs to allow building a vtable
[INFO] [stdout]       for more information, visit <https://doc.rust-lang.org/reference/items/traits.html#dyn-compatibility>
[INFO] [stdout]    --> /opt/rustwide/cargo-home/registry/src/index.crates.io-1949cf8c6b5b557f/nom-8.0.0/src/internal.rs:425:6
[INFO] [stdout]     |
[INFO] [stdout] 425 |   fn process<OM: OutputMode>(
[INFO] [stdout]     |      ^^^^^^^ the trait is not dyn compatible because method `process` has generic type parameters
[INFO] [stdout] 
[INFO] [stdout] 
[INFO] [stderr]     Checking tar v0.4.46
[INFO] [stderr]     Checking term_cursor v0.2.1
[INFO] [stderr]     Checking r2d2_sqlite v0.35.0
[INFO] [stdout] For more information about this error, try `rustc --explain E0038`.
[INFO] [stdout] 
[INFO] [stderr] error: could not compile `git-url-parse` (lib) due to 6 previous errors
[INFO] [stderr] warning: build failed, waiting for other jobs to finish...
[INFO] running `Command { std: "docker" "inspect" "2a6ff0037e900a7428317bdc9f7465c209e3eb9037d764f0950398f8ef2d3c1b", kill_on_drop: false }`
[INFO] running `Command { std: "docker" "rm" "-f" "2a6ff0037e900a7428317bdc9f7465c209e3eb9037d764f0950398f8ef2d3c1b", kill_on_drop: false }`
[INFO] [stdout] 2a6ff0037e900a7428317bdc9f7465c209e3eb9037d764f0950398f8ef2d3c1b
