[INFO] fetching crate uitest 0.0.1...
[INFO] documenting uitest-0.0.1 against 1.100.0-beta.1 for beta-rustdoc-1.100-2
[INFO] extracting crate uitest 0.0.1 into /workspace/builds/worker-3-tc2/source
[INFO] started tweaking crates.io crate uitest 0.0.1
[INFO] finished tweaking crates.io crate uitest 0.0.1
[INFO] tweaked toml for crates.io crate uitest 0.0.1 written to /workspace/builds/worker-3-tc2/source/Cargo.toml
[INFO] validating manifest of crates.io crate uitest 0.0.1 on toolchain 1.100.0-beta.1
[INFO] running `Command { std: CARGO_HOME="/workspace/cargo-home" RUSTUP_HOME="/workspace/rustup-home" "/workspace/cargo-home/bin/cargo" "+1.100.0-beta.1" "metadata" "--manifest-path" "Cargo.toml" "--no-deps", kill_on_drop: false }`
[INFO] running `Command { std: CARGO_HOME="/workspace/cargo-home" RUSTUP_HOME="/workspace/rustup-home" "/workspace/cargo-home/bin/cargo" "+1.100.0-beta.1" "generate-lockfile" "--manifest-path" "Cargo.toml", kill_on_drop: false }`
[INFO] [stderr]     Blocking waiting for file lock on package cache
[ERROR] error running command: no output for 300 seconds
[INFO] documenting uitest-0.0.1 against 1.100.0-beta.1 for beta-rustdoc-1.100-2
[INFO] extracting crate uitest 0.0.1 into /workspace/builds/worker-3-tc2/source
[INFO] started tweaking crates.io crate uitest 0.0.1
[INFO] finished tweaking crates.io crate uitest 0.0.1
[INFO] tweaked toml for crates.io crate uitest 0.0.1 written to /workspace/builds/worker-3-tc2/source/Cargo.toml
[INFO] validating manifest of crates.io crate uitest 0.0.1 on toolchain 1.100.0-beta.1
[INFO] running `Command { std: CARGO_HOME="/workspace/cargo-home" RUSTUP_HOME="/workspace/rustup-home" "/workspace/cargo-home/bin/cargo" "+1.100.0-beta.1" "metadata" "--manifest-path" "Cargo.toml" "--no-deps", kill_on_drop: false }`
[INFO] running `Command { std: CARGO_HOME="/workspace/cargo-home" RUSTUP_HOME="/workspace/rustup-home" "/workspace/cargo-home/bin/cargo" "+1.100.0-beta.1" "generate-lockfile" "--manifest-path" "Cargo.toml", kill_on_drop: false }`
[INFO] [stderr]     Blocking waiting for file lock on package cache
[INFO] [stderr]     Updating crates.io index
[INFO] [stderr]     Blocking waiting for file lock on package cache
[ERROR] error running command: no output for 300 seconds
[INFO] documenting uitest-0.0.1 against 1.100.0-beta.1 for beta-rustdoc-1.100-2
[INFO] extracting crate uitest 0.0.1 into /workspace/builds/worker-3-tc2/source
[INFO] started tweaking crates.io crate uitest 0.0.1
[INFO] finished tweaking crates.io crate uitest 0.0.1
[INFO] tweaked toml for crates.io crate uitest 0.0.1 written to /workspace/builds/worker-3-tc2/source/Cargo.toml
[INFO] validating manifest of crates.io crate uitest 0.0.1 on toolchain 1.100.0-beta.1
[INFO] running `Command { std: CARGO_HOME="/workspace/cargo-home" RUSTUP_HOME="/workspace/rustup-home" "/workspace/cargo-home/bin/cargo" "+1.100.0-beta.1" "metadata" "--manifest-path" "Cargo.toml" "--no-deps", kill_on_drop: false }`
[INFO] running `Command { std: CARGO_HOME="/workspace/cargo-home" RUSTUP_HOME="/workspace/rustup-home" "/workspace/cargo-home/bin/cargo" "+1.100.0-beta.1" "generate-lockfile" "--manifest-path" "Cargo.toml", kill_on_drop: false }`
[INFO] [stderr]     Blocking waiting for file lock on package cache
[INFO] [stderr]     Updating crates.io index
[INFO] [stderr]     Blocking waiting for file lock on package cache
[ERROR] error running command: no output for 300 seconds
[INFO] documenting uitest-0.0.1 against 1.100.0-beta.1 for beta-rustdoc-1.100-2
[INFO] extracting crate uitest 0.0.1 into /workspace/builds/worker-3-tc2/source
[INFO] started tweaking crates.io crate uitest 0.0.1
[INFO] finished tweaking crates.io crate uitest 0.0.1
[INFO] tweaked toml for crates.io crate uitest 0.0.1 written to /workspace/builds/worker-3-tc2/source/Cargo.toml
[INFO] validating manifest of crates.io crate uitest 0.0.1 on toolchain 1.100.0-beta.1
[INFO] running `Command { std: CARGO_HOME="/workspace/cargo-home" RUSTUP_HOME="/workspace/rustup-home" "/workspace/cargo-home/bin/cargo" "+1.100.0-beta.1" "metadata" "--manifest-path" "Cargo.toml" "--no-deps", kill_on_drop: false }`
[INFO] running `Command { std: CARGO_HOME="/workspace/cargo-home" RUSTUP_HOME="/workspace/rustup-home" "/workspace/cargo-home/bin/cargo" "+1.100.0-beta.1" "generate-lockfile" "--manifest-path" "Cargo.toml", kill_on_drop: false }`
[INFO] [stderr]     Blocking waiting for file lock on package cache
[INFO] [stderr]     Updating crates.io index
[INFO] [stderr]     Blocking waiting for file lock on package cache
[ERROR] error running command: no output for 300 seconds
[INFO] documenting uitest-0.0.1 against 1.100.0-beta.1 for beta-rustdoc-1.100-2
[INFO] extracting crate uitest 0.0.1 into /workspace/builds/worker-3-tc2/source
[INFO] started tweaking crates.io crate uitest 0.0.1
[INFO] finished tweaking crates.io crate uitest 0.0.1
[INFO] tweaked toml for crates.io crate uitest 0.0.1 written to /workspace/builds/worker-3-tc2/source/Cargo.toml
[INFO] validating manifest of crates.io crate uitest 0.0.1 on toolchain 1.100.0-beta.1
[INFO] running `Command { std: CARGO_HOME="/workspace/cargo-home" RUSTUP_HOME="/workspace/rustup-home" "/workspace/cargo-home/bin/cargo" "+1.100.0-beta.1" "metadata" "--manifest-path" "Cargo.toml" "--no-deps", kill_on_drop: false }`
[INFO] running `Command { std: CARGO_HOME="/workspace/cargo-home" RUSTUP_HOME="/workspace/rustup-home" "/workspace/cargo-home/bin/cargo" "+1.100.0-beta.1" "generate-lockfile" "--manifest-path" "Cargo.toml", kill_on_drop: false }`
[INFO] [stderr]     Blocking waiting for file lock on package cache
[INFO] [stderr]     Updating crates.io index
[INFO] [stderr]     Blocking waiting for file lock on package cache
[INFO] [stderr]      Locking 169 packages to highest compatible versions
[INFO] [stderr]       Adding x11rb v0.13.2 (available: v0.14.0)
[INFO] [stderr]       Adding xcap v0.0.13 (available: v0.9.8)
[INFO] running `Command { std: CARGO_HOME="/workspace/cargo-home" RUSTUP_HOME="/workspace/rustup-home" "/workspace/cargo-home/bin/cargo" "+1.100.0-beta.1" "fetch" "--manifest-path" "Cargo.toml", kill_on_drop: false }`
[INFO] [stderr]     Blocking waiting for file lock on package cache
[INFO] [stderr]     Blocking waiting for file lock on package cache
[INFO] [stderr]  Downloading crates ...
[INFO] [stderr]   Downloaded xcap v0.0.13
[INFO] [stderr]   Downloaded arbitrary v1.5.0
[INFO] running `Command { std: "docker" "create" "-v" "/var/lib/crater-agent-workspace/builds/worker-3-tc2/source:/opt/rustwide/workdir:ro,Z" "-v" "/var/lib/crater-agent-workspace/builds/worker-3-tc2/target:/opt/rustwide/target:rw,Z" "-v" "/var/lib/crater-agent-workspace/cargo-home:/opt/rustwide/cargo-home:ro,Z" "-v" "/var/lib/crater-agent-workspace/rustup-home:/opt/rustwide/rustup-home:ro,Z" "-m" "1610612736" "--network" "none" "ghcr.io/rust-lang/crates-build-env/linux@sha256:77db811e55d90add9212f6832c23229e3de5f1c1f9905e8cb07319ea15df73ac" "sleep" "infinity", kill_on_drop: false }`
[INFO] [stdout] 5b91cb928335eed706342e18c0b7167b25bd332e29145faa4e4353e699145f6c
[INFO] running `Command { std: "docker" "start" "5b91cb928335eed706342e18c0b7167b25bd332e29145faa4e4353e699145f6c", kill_on_drop: false }`
[INFO] running `Command { std: "docker" "inspect" "5b91cb928335eed706342e18c0b7167b25bd332e29145faa4e4353e699145f6c", kill_on_drop: false }`
[INFO] running `Command { std: "docker" "exec" "-e" "SOURCE_DIR=/opt/rustwide/workdir" "-e" "CARGO_HOME=/opt/rustwide/cargo-home" "-e" "RUSTUP_HOME=/opt/rustwide/rustup-home" "-e" "CARGO_TARGET_DIR=/opt/rustwide/target" "-w" "/opt/rustwide/workdir" "--user" "0:0" "5b91cb928335eed706342e18c0b7167b25bd332e29145faa4e4353e699145f6c" "/opt/rustwide/cargo-home/bin/cargo" "+1.100.0-beta.1" "metadata" "--no-deps" "--format-version=1", kill_on_drop: false }`
[INFO] running `Command { std: "docker" "inspect" "5b91cb928335eed706342e18c0b7167b25bd332e29145faa4e4353e699145f6c", kill_on_drop: false }`
[INFO] running `Command { std: "docker" "exec" "-e" "SOURCE_DIR=/opt/rustwide/workdir" "-e" "CARGO_HOME=/opt/rustwide/cargo-home" "-e" "RUSTUP_HOME=/opt/rustwide/rustup-home" "-e" "CARGO_TARGET_DIR=/opt/rustwide/target" "-e" "CARGO_INCREMENTAL=0" "-e" "RUST_BACKTRACE=full" "-e" "RUSTFLAGS=--cap-lints=warn" "-e" "RUSTDOCFLAGS=--cap-lints=warn" "-w" "/opt/rustwide/workdir" "--user" "0:0" "5b91cb928335eed706342e18c0b7167b25bd332e29145faa4e4353e699145f6c" "/opt/rustwide/cargo-home/bin/cargo" "+1.100.0-beta.1" "doc" "--frozen" "--no-deps" "--document-private-items" "--message-format=json", kill_on_drop: false }`
[INFO] [stderr]     Checking simd-adler32 v0.3.10
[INFO] [stderr]    Compiling anyhow v1.0.104
[INFO] [stderr]    Compiling zerocopy v0.8.62
[INFO] [stderr]    Compiling crc32fast v1.5.2
[INFO] [stderr]     Checking arrayvec v0.7.8
[INFO] [stderr]    Compiling syn v3.0.7
[INFO] [stderr]    Compiling libm v0.2.16
[INFO] [stderr]     Checking bytemuck v1.25.2
[INFO] [stderr]    Compiling equator-macro v0.4.2
[INFO] [stderr]    Compiling zerocopy-derive v0.8.62
[INFO] [stderr]    Compiling built v0.8.1
[INFO] [stderr]    Compiling pulp v0.22.3
[INFO] [stderr]     Checking num-bigint v0.4.8
[INFO] [stderr]    Compiling profiling-procmacros v1.0.18
[INFO] [stderr]    Compiling arg_enum_proc_macro v0.3.4
[INFO] [stderr]     Checking nom v8.0.0
[INFO] [stderr]     Checking miniz_oxide v0.9.1
[INFO] [stderr]     Checking no_std_io2 v0.9.4
[INFO] [stderr]    Compiling libdbus-sys v0.2.7
[INFO] [stderr]    Compiling quick-xml v0.41.0
[INFO] [stderr]     Checking profiling v1.0.18
[INFO] [stderr]     Checking bitstream-io v4.10.0
[INFO] [stderr]     Checking miniz_oxide v0.8.9
[INFO] [stderr]     Checking maybe-rayon v0.1.1
[INFO] [stderr]    Compiling num-derive v0.4.2
[INFO] [stderr]     Checking num-complex v0.4.6
[INFO] [stderr]    Compiling simd_helpers v0.1.0
[INFO] [stderr]     Checking raw-cpuid v11.6.0
[INFO] [stderr]     Checking itertools v0.14.0
[INFO] [stderr]     Checking reborrow v0.5.5
[INFO] [stderr]    Compiling rav1e v0.8.1
[INFO] [stderr]     Checking imgref v1.12.3
[INFO] [stderr]     Checking flate2 v1.1.10
[INFO] [stderr]    Compiling rustix v1.1.5
[INFO] [stderr]     Checking zune-core v0.5.3
[INFO] [stderr]     Checking equator v0.4.2
[INFO] [stderr]     Checking pulp-wasm-simd-flag v0.1.1
[INFO] [stderr]     Checking loop9 v0.1.5
[INFO] [stderr]     Checking avif-serialize v0.8.9
[INFO] [stderr]     Checking zune-inflate v0.2.54
[INFO] [stderr]     Checking zune-jpeg v0.5.15
[INFO] [stderr]     Checking aligned-vec v0.6.4
[INFO] [stderr]     Checking v_frame v0.3.9
[INFO] [stderr]     Checking fdeflate v0.3.7
[INFO] [stderr]     Checking num-rational v0.4.2
[INFO] [stderr]     Checking smallvec v1.16.3
[INFO] [stderr]     Checking fax v0.2.7
[INFO] [stderr]     Checking linux-raw-sys v0.12.1
[INFO] [stderr]     Checking pxfm v0.1.30
[INFO] [stderr]     Checking png v0.18.1
[INFO] [stderr]    Compiling thiserror v1.0.69
[INFO] [stderr]    Compiling xcb v1.7.1
[INFO] [stderr]     Checking qoi v0.4.1
[INFO] [stderr]    Compiling thiserror-impl v1.0.69
[INFO] [stderr]     Checking sysinfo v0.31.4
[INFO] [stderr]     Checking x11rb-protocol v0.13.2
[INFO] [stderr]    Compiling thiserror-impl v2.0.21
[INFO] [stderr]     Checking thiserror v2.0.21
[INFO] [stderr]     Checking av-scenechange v0.14.1
[INFO] [stderr]     Checking moxcms v0.8.1
[INFO] [stderr]     Checking av1-grain v0.2.5
[INFO] [stderr]     Checking gethostname v1.1.0
[INFO] [stderr]     Checking x11rb v0.13.2
[INFO] [stderr]     Checking dbus v0.9.12
[INFO] [stderr]     Checking half v2.7.1
[INFO] [stderr]     Checking tiff v0.11.3
[INFO] [stderr]     Checking exr v1.74.2
[INFO] [stderr]     Checking ravif v0.13.0
[INFO] [stderr]     Checking image v0.25.10
[INFO] [stderr]     Checking xcap v0.0.13
[INFO] [stdout] error[E0277]: the trait bound `!: ReadAll` is not satisfied
[INFO] [stdout]    --> /opt/rustwide/cargo-home/registry/src/index.crates.io-1949cf8c6b5b557f/xcap-0.0.13/src/linux/wayland_capture.rs:71:11
[INFO] [stdout]     |
[INFO] [stdout]  71 |     proxy.method_call(
[INFO] [stdout]     |           ^^^^^^^^^^^ the trait `ReadAll` is not implemented for `!`
[INFO] [stdout]     |
[INFO] [stdout]     = help: the following other types implement trait `ReadAll`:
[INFO] [stdout]               ()
[INFO] [stdout]               (A,)
[INFO] [stdout]               (A, B)
[INFO] [stdout]               (A, B, C)
[INFO] [stdout]               (A, B, C, D)
[INFO] [stdout]               (A, B, C, D, E)
[INFO] [stdout]               (A, B, C, D, E, F)
[INFO] [stdout]               (A, B, C, D, E, F, G)
[INFO] [stdout]             and 29 others
[INFO] [stdout]     = note: this error might have been caused by changes to Rust's type-inference algorithm (see issue #148922 <https://github.com/rust-lang/rust/issues/148922> for more information)
[INFO] [stdout]     = help: you might have intended to use the type `()` here instead
[INFO] [stdout] note: required by a bound in `Proxy::<'a, C>::method_call`
[INFO] [stdout]    --> /opt/rustwide/cargo-home/registry/src/index.crates.io-1949cf8c6b5b557f/dbus-0.9.12/src/blocking.rs:406:35
[INFO] [stdout]     |
[INFO] [stdout] 391 | impl<'a, T: BlockingSender, C: std::ops::Deref<Target=T>> Proxy<'a, C> {
[INFO] [stdout] ...
[INFO] [stdout] 406 |     pub fn method_call<'i, 'm, R: ReadAll, A: AppendAll, I: Into<Interface<'i>>, M: Into<Member<'m>>>(&self, i: I, m: M, args: A) -...
[INFO] [stdout]     |                                   ^^^^^^^ required by this bound in `Proxy::<'a, C>::method_call`
[INFO] [stdout] 
[INFO] [stdout] 
[INFO] [stdout] error[E0277]: the trait bound `!: ReadAll` is not satisfied
[INFO] [stdout]    --> /opt/rustwide/cargo-home/registry/src/index.crates.io-1949cf8c6b5b557f/xcap-0.0.13/src/linux/wayland_capture.rs:127:11
[INFO] [stdout]     |
[INFO] [stdout] 127 |     proxy.method_call(
[INFO] [stdout]     |           ^^^^^^^^^^^ the trait `ReadAll` is not implemented for `!`
[INFO] [stdout]     |
[INFO] [stdout]     = help: the following other types implement trait `ReadAll`:
[INFO] [stdout]               ()
[INFO] [stdout]               (A,)
[INFO] [stdout]               (A, B)
[INFO] [stdout]               (A, B, C)
[INFO] [stdout]               (A, B, C, D)
[INFO] [stdout]               (A, B, C, D, E)
[INFO] [stdout]               (A, B, C, D, E, F)
[INFO] [stdout]               (A, B, C, D, E, F, G)
[INFO] [stdout]             and 29 others
[INFO] [stdout]     = note: this error might have been caused by changes to Rust's type-inference algorithm (see issue #148922 <https://github.com/rust-lang/rust/issues/148922> for more information)
[INFO] [stdout]     = help: you might have intended to use the type `()` here instead
[INFO] [stdout] note: required by a bound in `Proxy::<'a, C>::method_call`
[INFO] [stdout]    --> /opt/rustwide/cargo-home/registry/src/index.crates.io-1949cf8c6b5b557f/dbus-0.9.12/src/blocking.rs:406:35
[INFO] [stdout]     |
[INFO] [stdout] 391 | impl<'a, T: BlockingSender, C: std::ops::Deref<Target=T>> Proxy<'a, C> {
[INFO] [stdout] ...
[INFO] [stdout] 406 |     pub fn method_call<'i, 'm, R: ReadAll, A: AppendAll, I: Into<Interface<'i>>, M: Into<Member<'m>>>(&self, i: I, m: M, args: A) -...
[INFO] [stdout]     |                                   ^^^^^^^ required by this bound in `Proxy::<'a, C>::method_call`
[INFO] [stdout] 
[INFO] [stdout] 
[INFO] [stdout] For more information about this error, try `rustc --explain E0277`.
[INFO] [stdout] 
[INFO] [stderr] error: could not compile `xcap` (lib) due to 2 previous errors
[INFO] running `Command { std: "docker" "inspect" "5b91cb928335eed706342e18c0b7167b25bd332e29145faa4e4353e699145f6c", kill_on_drop: false }`
[INFO] running `Command { std: "docker" "rm" "-f" "5b91cb928335eed706342e18c0b7167b25bd332e29145faa4e4353e699145f6c", kill_on_drop: false }`
[INFO] [stdout] 5b91cb928335eed706342e18c0b7167b25bd332e29145faa4e4353e699145f6c
