[INFO] cloning repository https://github.com/martinnormark/puplet
[INFO] running `Command { std: "git" "-c" "credential.helper=" "-c" "credential.helper=/workspace/cargo-home/bin/git-credential-null" "clone" "--bare" "https://github.com/martinnormark/puplet" "/workspace/cache/git-repos/https%3A%2F%2Fgithub.com%2Fmartinnormark%2Fpuplet", kill_on_drop: false }`
[INFO] [stderr] Cloning into bare repository '/workspace/cache/git-repos/https%3A%2F%2Fgithub.com%2Fmartinnormark%2Fpuplet'...
[INFO] running `Command { std: "git" "rev-parse" "HEAD", kill_on_drop: false }`
[INFO] [stdout] 7c4ac8ebf5cc759b07af97a13f1661d16a30844d
[INFO] documenting martinnormark/puplet against 1.100.0-beta.1 for beta-rustdoc-1.100-2
[INFO] running `Command { std: "git" "clone" "/workspace/cache/git-repos/https%3A%2F%2Fgithub.com%2Fmartinnormark%2Fpuplet" "/workspace/builds/worker-3-tc2/source", kill_on_drop: false }`
[INFO] [stderr] Cloning into '/workspace/builds/worker-3-tc2/source'...
[INFO] [stderr] done.
[INFO] started tweaking git repo https://github.com/martinnormark/puplet
[INFO] removed 0 missing examples
[INFO] finished tweaking git repo https://github.com/martinnormark/puplet
[INFO] tweaked toml for git repo https://github.com/martinnormark/puplet written to /workspace/builds/worker-3-tc2/source/Cargo.toml
[INFO] validating manifest of git repo https://github.com/martinnormark/puplet on toolchain 1.100.0-beta.1
[INFO] running `Command { std: CARGO_HOME="/workspace/cargo-home" RUSTUP_HOME="/workspace/rustup-home" "/workspace/cargo-home/bin/cargo" "+1.100.0-beta.1" "metadata" "--manifest-path" "Cargo.toml" "--no-deps", kill_on_drop: false }`
[INFO] crate git repo https://github.com/martinnormark/puplet already has a lockfile, it will not be regenerated
[INFO] running `Command { std: CARGO_HOME="/workspace/cargo-home" RUSTUP_HOME="/workspace/rustup-home" "/workspace/cargo-home/bin/cargo" "+1.100.0-beta.1" "fetch" "--manifest-path" "Cargo.toml", kill_on_drop: false }`
[INFO] [stderr]     Blocking waiting for file lock on package cache
[INFO] [stderr]     Updating crates.io index
[INFO] [stderr]     Blocking waiting for file lock on package cache
[ERROR] error running command: no output for 300 seconds
[INFO] documenting martinnormark/puplet against 1.100.0-beta.1 for beta-rustdoc-1.100-2
[INFO] running `Command { std: "git" "clone" "/workspace/cache/git-repos/https%3A%2F%2Fgithub.com%2Fmartinnormark%2Fpuplet" "/workspace/builds/worker-3-tc2/source", kill_on_drop: false }`
[INFO] [stderr] Cloning into '/workspace/builds/worker-3-tc2/source'...
[INFO] [stderr] done.
[INFO] started tweaking git repo https://github.com/martinnormark/puplet
[INFO] removed 0 missing examples
[INFO] finished tweaking git repo https://github.com/martinnormark/puplet
[INFO] tweaked toml for git repo https://github.com/martinnormark/puplet written to /workspace/builds/worker-3-tc2/source/Cargo.toml
[INFO] validating manifest of git repo https://github.com/martinnormark/puplet on toolchain 1.100.0-beta.1
[INFO] running `Command { std: CARGO_HOME="/workspace/cargo-home" RUSTUP_HOME="/workspace/rustup-home" "/workspace/cargo-home/bin/cargo" "+1.100.0-beta.1" "metadata" "--manifest-path" "Cargo.toml" "--no-deps", kill_on_drop: false }`
[INFO] crate git repo https://github.com/martinnormark/puplet already has a lockfile, it will not be regenerated
[INFO] running `Command { std: CARGO_HOME="/workspace/cargo-home" RUSTUP_HOME="/workspace/rustup-home" "/workspace/cargo-home/bin/cargo" "+1.100.0-beta.1" "fetch" "--manifest-path" "Cargo.toml", kill_on_drop: false }`
[INFO] [stderr]     Blocking waiting for file lock on package cache
[INFO] [stderr]     Blocking waiting for file lock on package cache
[ERROR] error running command: no output for 300 seconds
[INFO] documenting martinnormark/puplet against 1.100.0-beta.1 for beta-rustdoc-1.100-2
[INFO] running `Command { std: "git" "clone" "/workspace/cache/git-repos/https%3A%2F%2Fgithub.com%2Fmartinnormark%2Fpuplet" "/workspace/builds/worker-3-tc2/source", kill_on_drop: false }`
[INFO] [stderr] Cloning into '/workspace/builds/worker-3-tc2/source'...
[INFO] [stderr] done.
[INFO] started tweaking git repo https://github.com/martinnormark/puplet
[INFO] removed 0 missing examples
[INFO] finished tweaking git repo https://github.com/martinnormark/puplet
[INFO] tweaked toml for git repo https://github.com/martinnormark/puplet written to /workspace/builds/worker-3-tc2/source/Cargo.toml
[INFO] validating manifest of git repo https://github.com/martinnormark/puplet on toolchain 1.100.0-beta.1
[INFO] running `Command { std: CARGO_HOME="/workspace/cargo-home" RUSTUP_HOME="/workspace/rustup-home" "/workspace/cargo-home/bin/cargo" "+1.100.0-beta.1" "metadata" "--manifest-path" "Cargo.toml" "--no-deps", kill_on_drop: false }`
[INFO] crate git repo https://github.com/martinnormark/puplet already has a lockfile, it will not be regenerated
[INFO] running `Command { std: CARGO_HOME="/workspace/cargo-home" RUSTUP_HOME="/workspace/rustup-home" "/workspace/cargo-home/bin/cargo" "+1.100.0-beta.1" "fetch" "--manifest-path" "Cargo.toml", kill_on_drop: false }`
[INFO] [stderr]     Blocking waiting for file lock on package cache
[INFO] [stderr]     Blocking waiting for file lock on package cache
[INFO] [stderr]  Downloading crates ...
[INFO] [stderr]   Downloaded objc2-core-video v0.3.0
[INFO] [stderr]   Downloaded objc2-io-surface v0.3.0
[INFO] [stderr]   Downloaded objc2-core-media v0.3.0
[INFO] [stderr]   Downloaded xcap v0.4.0
[INFO] [stderr]   Downloaded streaming-stats v0.2.3
[INFO] [stderr]   Downloaded objc2-core-audio-types v0.3.0
[INFO] [stderr]   Downloaded objc2-core-audio v0.3.0
[INFO] [stderr]   Downloaded objc2-quartz-core v0.3.0
[INFO] [stderr]   Downloaded dispatch2 v0.2.0
[INFO] [stderr]   Downloaded srt-tokio v0.4.4
[INFO] [stderr]   Downloaded objc2-core-data v0.3.0
[INFO] [stderr]   Downloaded objc2-core-image v0.3.0
[INFO] [stderr]   Downloaded objc2-cloud-kit v0.3.0
[INFO] [stderr]   Downloaded objc2-metal v0.3.0
[INFO] [stderr]   Downloaded objc2-avf-audio v0.3.0
[INFO] [stderr]   Downloaded srt-protocol v0.4.4
[INFO] [stderr]   Downloaded objc2-av-foundation v0.3.0
[INFO] [stderr]   Downloaded screenshots v0.8.10
[INFO] [stderr]   Downloaded wayland-protocols-wlr v0.1.0
[INFO] [stderr]   Downloaded libwayshot v0.2.0
[INFO] [stderr]   Downloaded wayland-protocols v0.30.1
[INFO] [stderr]   Downloaded either v1.14.0
[INFO] [stderr]   Downloaded is-terminal v0.4.15
[INFO] [stderr]   Downloaded enigo v0.1.3
[INFO] [stderr]   Downloaded zstd-safe v7.2.3
[INFO] [stderr]   Downloaded zstd-sys v2.0.14+zstd.1.5.7
[INFO] running `Command { std: "docker" "create" "-v" "/var/lib/crater-agent-workspace/builds/worker-3-tc2/source:/opt/rustwide/workdir:ro,Z" "-v" "/var/lib/crater-agent-workspace/builds/worker-3-tc2/target:/opt/rustwide/target:rw,Z" "-v" "/var/lib/crater-agent-workspace/cargo-home:/opt/rustwide/cargo-home:ro,Z" "-v" "/var/lib/crater-agent-workspace/rustup-home:/opt/rustwide/rustup-home:ro,Z" "-m" "1610612736" "--network" "none" "ghcr.io/rust-lang/crates-build-env/linux@sha256:77db811e55d90add9212f6832c23229e3de5f1c1f9905e8cb07319ea15df73ac" "sleep" "infinity", kill_on_drop: false }`
[INFO] [stdout] 5ea8211885ddd1bd2ae5ccc2b84c71da5ec8a10f877efd747141b4eb775e3314
[INFO] running `Command { std: "docker" "start" "5ea8211885ddd1bd2ae5ccc2b84c71da5ec8a10f877efd747141b4eb775e3314", kill_on_drop: false }`
[INFO] running `Command { std: "docker" "inspect" "5ea8211885ddd1bd2ae5ccc2b84c71da5ec8a10f877efd747141b4eb775e3314", kill_on_drop: false }`
[INFO] running `Command { std: "docker" "exec" "-e" "SOURCE_DIR=/opt/rustwide/workdir" "-e" "CARGO_HOME=/opt/rustwide/cargo-home" "-e" "RUSTUP_HOME=/opt/rustwide/rustup-home" "-e" "CARGO_TARGET_DIR=/opt/rustwide/target" "-w" "/opt/rustwide/workdir" "--user" "0:0" "5ea8211885ddd1bd2ae5ccc2b84c71da5ec8a10f877efd747141b4eb775e3314" "/opt/rustwide/cargo-home/bin/cargo" "+1.100.0-beta.1" "metadata" "--no-deps" "--format-version=1", kill_on_drop: false }`
[INFO] running `Command { std: "docker" "inspect" "5ea8211885ddd1bd2ae5ccc2b84c71da5ec8a10f877efd747141b4eb775e3314", kill_on_drop: false }`
[INFO] running `Command { std: "docker" "exec" "-e" "SOURCE_DIR=/opt/rustwide/workdir" "-e" "CARGO_HOME=/opt/rustwide/cargo-home" "-e" "RUSTUP_HOME=/opt/rustwide/rustup-home" "-e" "CARGO_TARGET_DIR=/opt/rustwide/target" "-e" "CARGO_INCREMENTAL=0" "-e" "RUST_BACKTRACE=full" "-e" "RUSTFLAGS=--cap-lints=warn" "-e" "RUSTDOCFLAGS=--cap-lints=warn" "-w" "/opt/rustwide/workdir" "--user" "0:0" "5ea8211885ddd1bd2ae5ccc2b84c71da5ec8a10f877efd747141b4eb775e3314" "/opt/rustwide/cargo-home/bin/cargo" "+1.100.0-beta.1" "doc" "--frozen" "--no-deps" "--document-private-items" "--message-format=json", kill_on_drop: false }`
[INFO] [stderr]    Compiling proc-macro2 v1.0.93
[INFO] [stderr]    Compiling unicode-ident v1.0.17
[INFO] [stderr]     Checking cfg-if v1.0.0
[INFO] [stderr]    Compiling libc v0.2.170
[INFO] [stderr]    Compiling autocfg v1.4.0
[INFO] [stderr]     Checking smallvec v1.14.0
[INFO] [stderr]    Compiling pkg-config v0.3.31
[INFO] [stderr]     Checking log v0.4.26
[INFO] [stderr]    Compiling typenum v1.18.0
[INFO] [stderr]     Checking stable_deref_trait v1.2.0
[INFO] [stderr]     Checking memchr v2.7.4
[INFO] [stderr]     Checking bytes v1.10.0
[INFO] [stderr]    Compiling generic-array v0.14.7
[INFO] [stderr]     Checking pin-utils v0.1.0
[INFO] [stderr]     Checking futures-core v0.3.31
[INFO] [stderr]     Checking simd-adler32 v0.3.7
[INFO] [stderr]     Checking scopeguard v1.2.0
[INFO] [stderr]     Checking bitflags v1.3.2
[INFO] [stderr]    Compiling parking_lot_core v0.9.10
[INFO] [stderr]    Compiling crossbeam-utils v0.8.21
[INFO] [stderr]     Checking byteorder v1.5.0
[INFO] [stderr]     Checking adler2 v2.0.0
[INFO] [stderr]     Checking futures-sink v0.3.31
[INFO] [stderr]     Checking writeable v0.5.5
[INFO] [stderr]     Checking miniz_oxide v0.8.5
[INFO] [stderr]     Checking litemap v0.7.5
[INFO] [stderr]     Checking crc32fast v1.4.2
[INFO] [stderr]     Checking percent-encoding v2.3.1
[INFO] [stderr]    Compiling rayon-core v1.12.1
[INFO] [stderr]    Compiling lock_api v0.4.12
[INFO] [stderr]    Compiling num-traits v0.2.19
[INFO] [stderr]    Compiling slab v0.4.9
[INFO] [stderr]     Checking flate2 v1.1.0
[INFO] [stderr]    Compiling memoffset v0.7.1
[INFO] [stderr]     Checking itoa v1.0.14
[INFO] [stderr]     Checking icu_locid_transform_data v1.5.0
[INFO] [stderr]     Checking once_cell v1.20.3
[INFO] [stderr]     Checking subtle v2.6.1
[INFO] [stderr]     Checking libloading v0.8.6
[INFO] [stderr]    Compiling io-lifetimes v1.0.11
[INFO] [stderr]     Checking icu_properties_data v1.5.0
[INFO] [stderr]    Compiling wayland-sys v0.30.1
[INFO] [stderr]     Checking tracing-core v0.1.33
[INFO] [stderr]     Checking dlib v0.5.2
[INFO] [stderr]     Checking aho-corasick v1.1.3
[INFO] [stderr]     Checking futures-channel v0.3.31
[INFO] [stderr]     Checking regex-syntax v0.8.5
[INFO] [stderr]     Checking icu_normalizer_data v1.5.0
[INFO] [stderr]     Checking futures-io v0.3.31
[INFO] [stderr]     Checking hashbrown v0.15.2
[INFO] [stderr]     Checking write16 v1.0.0
[INFO] [stderr]     Checking futures-task v0.3.31
[INFO] [stderr]     Checking utf16_iter v1.0.5
[INFO] [stderr]     Checking utf8_iter v1.0.4
[INFO] [stderr]    Compiling quick-xml v0.30.0
[INFO] [stderr]    Compiling quote v1.0.38
[INFO] [stderr]    Compiling quick-xml v0.28.2
[INFO] [stderr]     Checking crossbeam-epoch v0.9.18
[INFO] [stderr]     Checking fdeflate v0.3.7
[INFO] [stderr]     Checking either v1.14.0
[INFO] [stderr]    Compiling paste v1.0.15
[INFO] [stderr]    Compiling serde v1.0.218
[INFO] [stderr]     Checking tracing v0.1.41
[INFO] [stderr]     Checking bytemuck v1.21.0
[INFO] [stderr]    Compiling syn v2.0.98
[INFO] [stderr]     Checking crossbeam-deque v0.8.6
[INFO] [stderr]     Checking form_urlencoded v1.2.1
[INFO] [stderr]     Checking bitflags v2.9.0
[INFO] [stderr]    Compiling convert_case v0.4.0
[INFO] [stderr]     Checking png v0.17.16
[INFO] [stderr]    Compiling zstd-safe v7.2.3
[INFO] [stderr]     Checking local-waker v0.1.4
[INFO] [stderr]     Checking fnv v1.0.7
[INFO] [stderr]     Checking weezl v0.1.8
[INFO] [stderr]     Checking alloc-no-stdlib v2.0.4
[INFO] [stderr]     Checking alloc-stdlib v0.2.2
[INFO] [stderr]     Checking http v0.2.12
[INFO] [stderr]     Checking indexmap v2.7.1
[INFO] [stderr]     Checking zune-inflate v0.2.54
[INFO] [stderr]    Compiling jobserver v0.1.32
[INFO] [stderr]     Checking half v2.4.1
[INFO] [stderr]     Checking rayon v1.10.0
[INFO] [stderr]    Compiling ahash v0.8.11
[INFO] [stderr]     Checking color_quant v1.1.0
[INFO] [stderr]     Checking crypto-common v0.1.6
[INFO] [stderr]    Compiling cc v1.2.16
[INFO] [stderr]     Checking socket2 v0.5.8
[INFO] [stderr]     Checking mio v1.0.3
[INFO] [stderr]     Checking signal-hook-registry v1.4.2
[INFO] [stderr]     Checking block-buffer v0.10.4
[INFO] [stderr]     Checking getrandom v0.2.15
[INFO] [stderr]     Checking parking_lot v0.12.3
[INFO] [stderr]     Checking nix v0.26.4
[INFO] [stderr]    Compiling wayland-scanner v0.30.1
[INFO] [stderr]     Checking inout v0.1.4
[INFO] [stderr]     Checking digest v0.10.7
[INFO] [stderr]    Compiling httparse v1.10.0
[INFO] [stderr]    Compiling xcb v1.5.0
[INFO] [stderr]    Compiling num-conv v0.1.0
[INFO] [stderr]     Checking cipher v0.4.4
[INFO] [stderr]    Compiling anyhow v1.0.96
[INFO] [stderr]     Checking rand_core v0.6.4
[INFO] [stderr]    Compiling pin-project-lite v0.2.16
[INFO] [stderr]     Checking lebe v0.5.2
[INFO] [stderr]    Compiling time-core v0.1.2
[INFO] [stderr]     Checking powerfmt v0.2.0
[INFO] [stderr]     Checking bit_field v0.10.2
[INFO] [stderr]    Compiling time-macros v0.2.19
[INFO] [stderr]     Checking anstyle-parse v0.2.6
[INFO] [stderr]     Checking gif v0.13.1
[INFO] [stderr]     Checking actix-service v2.0.2
[INFO] [stderr]     Checking brotli-decompressor v4.0.2
[INFO] [stderr]     Checking deranged v0.3.11
[INFO] [stderr]     Checking exr v1.73.0
[INFO] [stderr]     Checking actix-utils v3.0.1
[INFO] [stderr]     Checking qoi v0.4.1
[INFO] [stderr]     Checking bytestring v1.4.0
[INFO] [stderr]     Checking regex-automata v0.4.9
[INFO] [stderr]    Compiling cookie v0.16.2
[INFO] [stderr]    Compiling serde_json v1.0.139
[INFO] [stderr]    Compiling thiserror v2.0.11
[INFO] [stderr]     Checking is_terminal_polyfill v1.70.1
[INFO] [stderr]     Checking anstyle v1.0.10
[INFO] [stderr]     Checking ryu v1.0.19
[INFO] [stderr]     Checking anstyle-query v1.1.2
[INFO] [stderr]    Compiling regex-lite v0.1.6
[INFO] [stderr]     Checking colorchoice v1.0.3
[INFO] [stderr]     Checking anstream v0.6.18
[INFO] [stderr]     Checking ctr v0.9.2
[INFO] [stderr]     Checking aes v0.8.4
[INFO] [stderr]     Checking brotli v6.0.0
[INFO] [stderr]     Checking sha1 v0.10.6
[INFO] [stderr]     Checking hmac v0.12.1
[INFO] [stderr]     Checking pbkdf2 v0.12.2
[INFO] [stderr]     Checking sha-1 v0.10.1
[INFO] [stderr]     Checking keyed_priority_queue v0.4.2
[INFO] [stderr]     Checking memmap2 v0.7.1
[INFO] [stderr]     Checking local-channel v0.1.5
[INFO] [stderr]     Checking streaming-stats v0.2.3
[INFO] [stderr]    Compiling enigo v0.1.3
[INFO] [stderr]     Checking encoding_rs v0.8.35
[INFO] [stderr]     Checking time v0.3.37
[INFO] [stderr]     Checking arraydeque v0.5.1
[INFO] [stderr]     Checking httpdate v1.0.3
[INFO] [stderr]     Checking jpeg-decoder v0.3.1
[INFO] [stderr]     Checking byteorder-lite v0.1.0
[INFO] [stderr]    Compiling heck v0.5.0
[INFO] [stderr]     Checking hex v0.4.3
[INFO] [stderr]     Checking mime v0.3.17
[INFO] [stderr]     Checking base64 v0.22.1
[INFO] [stderr]     Checking clap_lex v0.7.4
[INFO] [stderr]     Checking take-until v0.2.0
[INFO] [stderr]     Checking strsim v0.11.1
[INFO] [stderr]    Compiling zstd-sys v2.0.14+zstd.1.5.7
[INFO] [stderr]    Compiling wayland-backend v0.1.2
[INFO] [stderr]    Compiling libdbus-sys v0.2.5
[INFO] [stderr]     Checking array-init v2.1.0
[INFO] [stderr]     Checking language-tags v0.3.2
[INFO] [stderr]     Checking clap_builder v4.5.31
[INFO] [stderr]     Checking image v0.25.5
[INFO] [stderr]     Checking is-terminal v0.4.15
[INFO] [stderr]     Checking humantime v2.1.0
[INFO] [stderr]     Checking lazy_static v1.5.0
[INFO] [stderr]     Checking iana-time-zone v0.1.61
[INFO] [stderr]     Checking impl-more v0.1.9
[INFO] [stderr]     Checking termcolor v1.4.1
[INFO] [stderr]     Checking chrono v0.4.40
[INFO] [stderr]     Checking regex v1.11.1
[INFO] [stderr]     Checking tiff v0.9.1
[INFO] [stderr]    Compiling synstructure v0.13.1
[INFO] [stderr]     Checking env_logger v0.10.2
[INFO] [stderr]     Checking image v0.24.9
[INFO] [stderr]    Compiling actix-router v0.5.3
[INFO] [stderr]     Checking wayland-client v0.30.2
[INFO] [stderr]    Compiling zerofrom-derive v0.1.6
[INFO] [stderr]    Compiling yoke-derive v0.7.5
[INFO] [stderr]    Compiling zerovec-derive v0.10.3
[INFO] [stderr]    Compiling displaydoc v0.2.5
[INFO] [stderr]    Compiling tokio-macros v2.5.0
[INFO] [stderr]    Compiling icu_provider_macros v1.5.0
[INFO] [stderr]    Compiling zerocopy-derive v0.7.35
[INFO] [stderr]    Compiling futures-macro v0.3.31
[INFO] [stderr]    Compiling thiserror-impl v1.0.69
[INFO] [stderr]     Checking zerofrom v0.1.6
[INFO] [stderr]    Compiling serde_derive v1.0.218
[INFO] [stderr]    Compiling derive_more v0.99.19
[INFO] [stderr]     Checking tokio v1.43.0
[INFO] [stderr]     Checking yoke v0.7.5
[INFO] [stderr]    Compiling actix-macros v0.2.4
[INFO] [stderr]     Checking wayland-protocols v0.30.1
[INFO] [stderr]    Compiling thiserror-impl v2.0.11
[INFO] [stderr]    Compiling clap_derive v4.5.28
[INFO] [stderr]    Compiling actix-web-codegen v4.3.0
[INFO] [stderr]     Checking zerovec v0.10.4
[INFO] [stderr]     Checking zerocopy v0.7.35
[INFO] [stderr]     Checking futures-util v0.3.31
[INFO] [stderr]     Checking display-info v0.4.8
[INFO] [stderr]     Checking tinystr v0.7.6
[INFO] [stderr]     Checking icu_collections v1.5.0
[INFO] [stderr]     Checking icu_locid v1.5.0
[INFO] [stderr]     Checking thiserror v1.0.69
[INFO] [stderr]     Checking ppv-lite86 v0.2.20
[INFO] [stderr]     Checking zstd v0.13.3
[INFO] [stderr]     Checking rand_chacha v0.3.1
[INFO] [stderr]     Checking icu_provider v1.5.0
[INFO] [stderr]     Checking rand v0.8.5
[INFO] [stderr]     Checking wayland-protocols-wlr v0.1.0
[INFO] [stderr]     Checking icu_locid_transform v1.5.0
[INFO] [stderr]     Checking clap v4.5.31
[INFO] [stderr]     Checking icu_properties v1.5.1
[INFO] [stderr]     Checking dbus v0.9.7
[INFO] [stderr]     Checking libwayshot v0.2.0
[INFO] [stderr]     Checking futures v0.3.31
[INFO] [stderr]     Checking screenshots v0.8.10
[INFO] [stderr]     Checking xcap v0.4.0
[INFO] [stderr]     Checking icu_normalizer v1.5.0
[INFO] [stderr]     Checking tokio-util v0.7.13
[INFO] [stderr]     Checking actix-rt v2.10.0
[INFO] [stdout] error[E0277]: the trait bound `!: ReadAll` is not satisfied
[INFO] [stdout]    --> /opt/rustwide/cargo-home/registry/src/index.crates.io-1949cf8c6b5b557f/screenshots-0.8.10/src/linux/wayland_screenshot.rs:70:11
[INFO] [stdout]     |
[INFO] [stdout]  70 |     proxy.method_call(
[INFO] [stdout]     |           ^^^^^^^^^^^ the trait `ReadAll` is not implemented for `!`
[INFO] [stdout]     |
[INFO] [stdout]     = help: the following other types implement trait `ReadAll`:
[INFO] [stdout]               ()
[INFO] [stdout]               (A,)
[INFO] [stdout]               (A, B)
[INFO] [stdout]               (A, B, C)
[INFO] [stdout]               (A, B, C, D)
[INFO] [stdout]               (A, B, C, D, E)
[INFO] [stdout]               (A, B, C, D, E, F)
[INFO] [stdout]               (A, B, C, D, E, F, G)
[INFO] [stdout]             and 28 others
[INFO] [stdout]     = note: this error might have been caused by changes to Rust's type-inference algorithm (see issue #148922 <https://github.com/rust-lang/rust/issues/148922> for more information)
[INFO] [stdout]     = help: you might have intended to use the type `()` here instead
[INFO] [stdout] note: required by a bound in `Proxy::<'a, C>::method_call`
[INFO] [stdout]    --> /opt/rustwide/cargo-home/registry/src/index.crates.io-1949cf8c6b5b557f/dbus-0.9.7/src/blocking.rs:396:35
[INFO] [stdout]     |
[INFO] [stdout] 381 | impl<'a, T: BlockingSender, C: std::ops::Deref<Target=T>> Proxy<'a, C> {
[INFO] [stdout] ...
[INFO] [stdout] 396 |     pub fn method_call<'i, 'm, R: ReadAll, A: AppendAll, I: Into<Interface<'i>>, M: Into<Member<'m>>>(&self, i: I, m: M, args: A) -...
[INFO] [stdout]     |                                   ^^^^^^^ required by this bound in `Proxy::<'a, C>::method_call`
[INFO] [stdout] 
[INFO] [stdout] 
[INFO] [stdout] error[E0277]: the trait bound `!: ReadAll` is not satisfied
[INFO] [stdout]    --> /opt/rustwide/cargo-home/registry/src/index.crates.io-1949cf8c6b5b557f/screenshots-0.8.10/src/linux/wayland_screenshot.rs:126:11
[INFO] [stdout]     |
[INFO] [stdout] 126 |     proxy.method_call(
[INFO] [stdout]     |           ^^^^^^^^^^^ the trait `ReadAll` is not implemented for `!`
[INFO] [stdout]     |
[INFO] [stdout]     = help: the following other types implement trait `ReadAll`:
[INFO] [stdout]               ()
[INFO] [stdout]               (A,)
[INFO] [stdout]               (A, B)
[INFO] [stdout]               (A, B, C)
[INFO] [stdout]               (A, B, C, D)
[INFO] [stdout]               (A, B, C, D, E)
[INFO] [stdout]               (A, B, C, D, E, F)
[INFO] [stdout]               (A, B, C, D, E, F, G)
[INFO] [stdout]             and 28 others
[INFO] [stdout]     = note: this error might have been caused by changes to Rust's type-inference algorithm (see issue #148922 <https://github.com/rust-lang/rust/issues/148922> for more information)
[INFO] [stdout]     = help: you might have intended to use the type `()` here instead
[INFO] [stdout] note: required by a bound in `Proxy::<'a, C>::method_call`
[INFO] [stdout]    --> /opt/rustwide/cargo-home/registry/src/index.crates.io-1949cf8c6b5b557f/dbus-0.9.7/src/blocking.rs:396:35
[INFO] [stdout]     |
[INFO] [stdout] 381 | impl<'a, T: BlockingSender, C: std::ops::Deref<Target=T>> Proxy<'a, C> {
[INFO] [stdout] ...
[INFO] [stdout] 396 |     pub fn method_call<'i, 'm, R: ReadAll, A: AppendAll, I: Into<Interface<'i>>, M: Into<Member<'m>>>(&self, i: I, m: M, args: A) -...
[INFO] [stdout]     |                                   ^^^^^^^ required by this bound in `Proxy::<'a, C>::method_call`
[INFO] [stdout] 
[INFO] [stdout] 
[INFO] [stdout] For more information about this error, try `rustc --explain E0277`.
[INFO] [stdout] 
[INFO] [stderr] error: could not compile `screenshots` (lib) due to 2 previous errors
[INFO] [stderr] warning: build failed, waiting for other jobs to finish...
[INFO] running `Command { std: "docker" "inspect" "5ea8211885ddd1bd2ae5ccc2b84c71da5ec8a10f877efd747141b4eb775e3314", kill_on_drop: false }`
[INFO] running `Command { std: "docker" "rm" "-f" "5ea8211885ddd1bd2ae5ccc2b84c71da5ec8a10f877efd747141b4eb775e3314", kill_on_drop: false }`
[INFO] [stdout] 5ea8211885ddd1bd2ae5ccc2b84c71da5ec8a10f877efd747141b4eb775e3314
