[INFO] cloning repository https://github.com/dmweis/discord_relay
[INFO] running `Command { std: "git" "-c" "credential.helper=" "-c" "credential.helper=/workspace/cargo-home/bin/git-credential-null" "clone" "--bare" "https://github.com/dmweis/discord_relay" "/workspace/cache/git-repos/https%3A%2F%2Fgithub.com%2Fdmweis%2Fdiscord_relay", kill_on_drop: false }`
[INFO] [stderr] Cloning into bare repository '/workspace/cache/git-repos/https%3A%2F%2Fgithub.com%2Fdmweis%2Fdiscord_relay'...
[INFO] running `Command { std: "git" "rev-parse" "HEAD", kill_on_drop: false }`
[INFO] [stdout] 0e63fd92990df700a3bb649a65594f937ce5e811
[INFO] documenting dmweis/discord_relay against 1.100.0-beta.1 for beta-rustdoc-1.100-2
[INFO] running `Command { std: "git" "clone" "/workspace/cache/git-repos/https%3A%2F%2Fgithub.com%2Fdmweis%2Fdiscord_relay" "/workspace/builds/worker-4-tc2/source", kill_on_drop: false }`
[INFO] [stderr] Cloning into '/workspace/builds/worker-4-tc2/source'...
[INFO] [stderr] done.
[INFO] started tweaking git repo https://github.com/dmweis/discord_relay
[INFO] finished tweaking git repo https://github.com/dmweis/discord_relay
[INFO] tweaked toml for git repo https://github.com/dmweis/discord_relay written to /workspace/builds/worker-4-tc2/source/Cargo.toml
[INFO] validating manifest of git repo https://github.com/dmweis/discord_relay on toolchain 1.100.0-beta.1
[INFO] running `Command { std: CARGO_HOME="/workspace/cargo-home" RUSTUP_HOME="/workspace/rustup-home" "/workspace/cargo-home/bin/cargo" "+1.100.0-beta.1" "metadata" "--manifest-path" "Cargo.toml" "--no-deps", kill_on_drop: false }`
[INFO] crate git repo https://github.com/dmweis/discord_relay already has a lockfile, it will not be regenerated
[INFO] running `Command { std: CARGO_HOME="/workspace/cargo-home" RUSTUP_HOME="/workspace/rustup-home" "/workspace/cargo-home/bin/cargo" "+1.100.0-beta.1" "fetch" "--manifest-path" "Cargo.toml", kill_on_drop: false }`
[INFO] [stderr]     Blocking waiting for file lock on package cache
[INFO] [stderr]  Downloading crates ...
[INFO] [stderr]   Downloaded simplelog v0.7.5
[INFO] [stderr]   Downloaded redox_users v0.3.4
[INFO] [stderr]   Downloaded dirs-sys v0.3.4
[INFO] [stderr]   Downloaded term v0.6.1
[INFO] [stderr]   Downloaded rust-argon2 v0.7.0
[INFO] [stderr]   Downloaded proc-macro2 v1.0.10
[INFO] [stderr]   Downloaded traitobject v0.1.0
[INFO] [stderr]   Downloaded quote v1.0.3
[INFO] [stderr]   Downloaded wasm-bindgen-macro-support v0.2.60
[INFO] [stderr]   Downloaded num-integer v0.1.42
[INFO] [stderr]   Downloaded typemap v0.3.3
[INFO] [stderr]   Downloaded wasm-bindgen-macro v0.2.60
[INFO] [stderr]   Downloaded wasm-bindgen-shared v0.2.60
[INFO] [stderr]   Downloaded hermit-abi v0.1.10
[INFO] [stderr]   Downloaded sct v0.6.0
[INFO] [stderr]   Downloaded memoffset v0.5.4
[INFO] [stderr]   Downloaded unsafe-any v0.4.2
[INFO] [stderr]   Downloaded uwl v0.4.2
[INFO] [stderr]   Downloaded autocfg v1.0.0
[INFO] [stderr]   Downloaded num_cpus v1.12.0
[INFO] [stderr]   Downloaded tokio-rustls v0.10.3
[INFO] [stderr]   Downloaded arrayvec v0.5.1
[INFO] [stderr]   Downloaded untrusted v0.7.0
[INFO] [stderr]   Downloaded smallvec v1.3.0
[INFO] [stderr]   Downloaded crossbeam-queue v0.2.1
[INFO] [stderr]   Downloaded crossbeam-deque v0.7.3
[INFO] [stderr]   Downloaded smallvec v0.6.13
[INFO] [stderr]   Downloaded serde_urlencoded v0.5.5
[INFO] [stderr]   Downloaded version_check v0.9.1
[INFO] [stderr]   Downloaded hyper-rustls v0.17.1
[INFO] [stderr]   Downloaded wasm-bindgen-backend v0.2.60
[INFO] [stderr]   Downloaded cc v1.0.50
[INFO] [stderr]   Downloaded ct-logs v0.6.0
[INFO] [stderr]   Downloaded try_from v0.3.2
[INFO] [stderr]   Downloaded failure_derive v0.1.7
[INFO] [stderr]   Downloaded serde_with_macros v1.1.0
[INFO] [stderr]   Downloaded humantime-serde v1.0.0
[INFO] [stderr]   Downloaded flatc-rust v0.1.2
[INFO] [stderr]   Downloaded bincode v1.2.1
[INFO] [stderr]   Downloaded blake2b_simd v0.5.10
[INFO] [stderr]   Downloaded num-traits v0.2.11
[INFO] [stderr]   Downloaded ryu v1.0.3
[INFO] [stderr]   Downloaded indexmap v1.3.2
[INFO] [stderr]   Downloaded cookie_store v0.7.0
[INFO] [stderr]   Downloaded publicsuffix v1.5.4
[INFO] [stderr]   Downloaded error-chain v0.12.2
[INFO] [stderr]   Downloaded synstructure v0.12.3
[INFO] [stderr]   Downloaded cookie v0.12.0
[INFO] [stderr]   Downloaded command_attr v0.1.6
[INFO] [stderr]   Downloaded serde_with v1.4.0
[INFO] [stderr]   Downloaded cmake v0.1.42
[INFO] [stderr]   Downloaded humantime v2.0.0
[INFO] [stderr]   Downloaded unicode-width v0.1.7
[INFO] [stderr]   Downloaded serde v1.0.106
[INFO] [stderr]   Downloaded serde_derive v1.0.106
[INFO] [stderr]   Downloaded webpki v0.21.2
[INFO] [stderr]   Downloaded js-sys v0.3.37
[INFO] [stderr]   Downloaded serde_json v1.0.51
[INFO] [stderr]   Downloaded miniz_oxide v0.3.6
[INFO] [stderr]   Downloaded failure v0.1.7
[INFO] [stderr]   Downloaded flate2 v1.0.14
[INFO] [stderr]   Downloaded uuid v0.8.1
[INFO] [stderr]   Downloaded reqwest v0.9.24
[INFO] [stderr]   Downloaded backtrace v0.3.46
[INFO] [stderr]   Downloaded bumpalo v3.2.1
[INFO] [stderr]   Downloaded chrono v0.4.11
[INFO] [stderr]   Downloaded wasm-bindgen v0.2.60
[INFO] [stderr]   Downloaded syn v1.0.17
[INFO] [stderr]   Downloaded webpki-roots v0.17.0
[INFO] [stderr]   Downloaded regex v1.3.6
[INFO] [stderr]   Downloaded rustls v0.16.0
[INFO] [stderr]   Downloaded regex-syntax v0.6.17
[INFO] [stderr]   Downloaded libc v0.2.69
[INFO] [stderr]   Downloaded web-sys v0.3.37
[INFO] [stderr]   Downloaded backtrace-sys v0.1.35
[INFO] [stderr]   Downloaded zeromq-src v0.1.8+4.3.2
[INFO] [stderr]   Downloaded serenity v0.7.5
[INFO] [stderr]   Downloaded encoding_rs v0.8.22
[INFO] [stderr]   Downloaded ring v0.16.12
[INFO] running `Command { std: "docker" "create" "-v" "/var/lib/crater-agent-workspace/builds/worker-4-tc2/source:/opt/rustwide/workdir:ro,Z" "-v" "/var/lib/crater-agent-workspace/builds/worker-4-tc2/target:/opt/rustwide/target:rw,Z" "-v" "/var/lib/crater-agent-workspace/cargo-home:/opt/rustwide/cargo-home:ro,Z" "-v" "/var/lib/crater-agent-workspace/rustup-home:/opt/rustwide/rustup-home:ro,Z" "-m" "1610612736" "--network" "none" "ghcr.io/rust-lang/crates-build-env/linux@sha256:77db811e55d90add9212f6832c23229e3de5f1c1f9905e8cb07319ea15df73ac" "sleep" "infinity", kill_on_drop: false }`
[INFO] [stdout] 9b1fe31e8f9fcb7590052b00c3d2599ab1cf0b3595eb6b6213b7f05c8b62d93f
[INFO] running `Command { std: "docker" "start" "9b1fe31e8f9fcb7590052b00c3d2599ab1cf0b3595eb6b6213b7f05c8b62d93f", kill_on_drop: false }`
[INFO] running `Command { std: "docker" "inspect" "9b1fe31e8f9fcb7590052b00c3d2599ab1cf0b3595eb6b6213b7f05c8b62d93f", kill_on_drop: false }`
[INFO] running `Command { std: "docker" "exec" "-e" "SOURCE_DIR=/opt/rustwide/workdir" "-e" "CARGO_HOME=/opt/rustwide/cargo-home" "-e" "RUSTUP_HOME=/opt/rustwide/rustup-home" "-e" "CARGO_TARGET_DIR=/opt/rustwide/target" "-w" "/opt/rustwide/workdir" "--user" "0:0" "9b1fe31e8f9fcb7590052b00c3d2599ab1cf0b3595eb6b6213b7f05c8b62d93f" "/opt/rustwide/cargo-home/bin/cargo" "+1.100.0-beta.1" "metadata" "--no-deps" "--format-version=1", kill_on_drop: false }`
[INFO] running `Command { std: "docker" "inspect" "9b1fe31e8f9fcb7590052b00c3d2599ab1cf0b3595eb6b6213b7f05c8b62d93f", kill_on_drop: false }`
[INFO] running `Command { std: "docker" "exec" "-e" "SOURCE_DIR=/opt/rustwide/workdir" "-e" "CARGO_HOME=/opt/rustwide/cargo-home" "-e" "RUSTUP_HOME=/opt/rustwide/rustup-home" "-e" "CARGO_TARGET_DIR=/opt/rustwide/target" "-e" "CARGO_INCREMENTAL=0" "-e" "RUST_BACKTRACE=full" "-e" "RUSTFLAGS=--cap-lints=warn" "-e" "RUSTDOCFLAGS=--cap-lints=warn" "-w" "/opt/rustwide/workdir" "--user" "0:0" "9b1fe31e8f9fcb7590052b00c3d2599ab1cf0b3595eb6b6213b7f05c8b62d93f" "/opt/rustwide/cargo-home/bin/cargo" "+1.100.0-beta.1" "doc" "--frozen" "--no-deps" "--document-private-items" "--message-format=json", kill_on_drop: false }`
[INFO] [stderr]    Compiling libc v0.2.69
[INFO] [stderr]     Checking cfg-if v0.1.10
[INFO] [stderr]    Compiling autocfg v1.0.0
[INFO] [stderr]    Compiling byteorder v1.3.4
[INFO] [stderr]     Checking lazy_static v1.4.0
[INFO] [stderr]    Compiling cc v1.0.50
[INFO] [stderr]    Compiling proc-macro2 v1.0.10
[INFO] [stderr]    Compiling unicode-xid v0.2.0
[INFO] [stderr]    Compiling log v0.4.8
[INFO] [stderr]    Compiling syn v1.0.17
[INFO] [stderr]     Checking futures v0.1.29
[INFO] [stderr]     Checking either v1.5.3
[INFO] [stderr]    Compiling maybe-uninit v2.0.0
[INFO] [stderr]    Compiling version_check v0.9.1
[INFO] [stderr]    Compiling serde v1.0.106
[INFO] [stderr]     Checking matches v0.1.8
[INFO] [stderr]     Checking rand_core v0.4.2
[INFO] [stderr]     Checking scopeguard v1.1.0
[INFO] [stderr]     Checking smallvec v1.3.0
[INFO] [stderr]     Checking fnv v1.0.6
[INFO] [stderr]    Compiling autocfg v0.1.7
[INFO] [stderr]     Checking unicode-bidi v0.3.4
[INFO] [stderr]     Checking unicode-normalization v0.1.12
[INFO] [stderr]     Checking slab v0.4.2
[INFO] [stderr]     Checking itoa v0.4.5
[INFO] [stderr]    Compiling parking_lot_core v0.6.2
[INFO] [stderr]     Checking spin v0.5.2
[INFO] [stderr]     Checking untrusted v0.7.0
[INFO] [stderr]    Compiling parking_lot v0.9.0
[INFO] [stderr]    Compiling getrandom v0.1.14
[INFO] [stderr]     Checking rand_core v0.3.1
[INFO] [stderr]    Compiling unicase v2.6.0
[INFO] [stderr]     Checking lock_api v0.3.4
[INFO] [stderr]    Compiling typenum v1.11.2
[INFO] [stderr]    Compiling httparse v1.3.4
[INFO] [stderr]    Compiling failure_derive v0.1.7
[INFO] [stderr]    Compiling rand_pcg v0.1.2
[INFO] [stderr]    Compiling crossbeam-utils v0.7.2
[INFO] [stderr]    Compiling memoffset v0.5.4
[INFO] [stderr]    Compiling crossbeam-epoch v0.8.2
[INFO] [stderr]     Checking smallvec v0.6.13
[INFO] [stderr]    Compiling indexmap v1.3.2
[INFO] [stderr]     Checking idna v0.2.0
[INFO] [stderr]     Checking idna v0.1.5
[INFO] [stderr]    Compiling num-traits v0.2.11
[INFO] [stderr]    Compiling rand_chacha v0.1.1
[INFO] [stderr]    Compiling error-chain v0.12.2
[INFO] [stderr]     Checking ppv-lite86 v0.2.6
[INFO] [stderr]    Compiling ryu v1.0.3
[INFO] [stderr]     Checking percent-encoding v2.1.0
[INFO] [stderr]     Checking percent-encoding v1.0.1
[INFO] [stderr]     Checking rustc-demangle v0.1.16
[INFO] [stderr]     Checking url v2.1.1
[INFO] [stderr]     Checking base64 v0.10.1
[INFO] [stderr]    Compiling num-integer v0.1.42
[INFO] [stderr]    Compiling rand v0.6.5
[INFO] [stderr]    Compiling hyper v0.12.35
[INFO] [stderr]     Checking url v1.7.2
[INFO] [stderr]    Compiling cmake v0.1.42
[INFO] [stderr]     Checking byte-tools v0.3.1
[INFO] [stderr]    Compiling crc32fast v1.2.0
[INFO] [stderr]     Checking try-lock v0.2.2
[INFO] [stderr]    Compiling bitflags v1.2.1
[INFO] [stderr]     Checking regex-syntax v0.6.17
[INFO] [stderr]     Checking crossbeam-queue v0.2.1
[INFO] [stderr]    Compiling zeromq-src v0.1.8+4.3.2
[INFO] [stderr]     Checking block-padding v0.1.5
[INFO] [stderr]     Checking iovec v0.1.4
[INFO] [stderr]     Checking num_cpus v1.12.0
[INFO] [stderr]     Checking net2 v0.2.33
[INFO] [stderr]     Checking time v0.1.42
[INFO] [stderr]    Compiling quote v1.0.3
[INFO] [stderr]     Checking bytes v0.4.12
[INFO] [stderr]     Checking tokio-executor v0.1.10
[INFO] [stderr]     Checking tokio-sync v0.1.8
[INFO] [stderr]     Checking crossbeam-deque v0.7.3
[INFO] [stderr]     Checking rand_core v0.5.1
[INFO] [stderr]     Checking want v0.2.0
[INFO] [stderr]     Checking futures-cpupool v0.1.8
[INFO] [stderr]     Checking tokio-current-thread v0.1.7
[INFO] [stderr]     Checking tokio-timer v0.2.13
[INFO] [stderr]     Checking rand_os v0.1.3
[INFO] [stderr]     Checking tokio-threadpool v0.1.18
[INFO] [stderr]    Compiling mime_guess v2.0.3
[INFO] [stderr]     Checking rand_chacha v0.2.2
[INFO] [stderr]     Checking tokio-io v0.1.13
[INFO] [stderr]     Checking http v0.1.21
[INFO] [stderr]     Checking mio v0.6.21
[INFO] [stderr]    Compiling ring v0.16.12
[INFO] [stderr]    Compiling backtrace-sys v0.1.35
[INFO] [stderr]     Checking generic-array v0.12.3
[INFO] [stderr]     Checking string v0.2.1
[INFO] [stderr]     Checking tokio-buf v0.1.1
[INFO] [stderr]     Checking rand_hc v0.1.0
[INFO] [stderr]     Checking rand v0.7.3
[INFO] [stderr]     Checking rand_isaac v0.1.1
[INFO] [stderr]     Checking rand_xorshift v0.1.1
[INFO] [stderr]     Checking rand_jitter v0.1.4
[INFO] [stderr]    Compiling encoding_rs v0.8.22
[INFO] [stderr]     Checking adler32 v1.0.4
[INFO] [stderr]     Checking block-buffer v0.7.3
[INFO] [stderr]     Checking digest v0.8.1
[INFO] [stderr]     Checking cookie v0.12.0
[INFO] [stderr]    Compiling libzmq-sys v0.1.7+4.3.2 (https://github.com/dmweis/libzmq-rs#f65b98f3)
[INFO] [stderr]     Checking miniz_oxide v0.3.6
[INFO] [stderr]     Checking dirs-sys v0.3.4
[INFO] [stderr]     Checking try_from v0.3.2
[INFO] [stderr]     Checking mime v0.3.16
[INFO] [stderr]     Checking opaque-debug v0.2.3
[INFO] [stderr]     Checking traitobject v0.1.0
[INFO] [stderr]     Checking dtoa v0.4.5
[INFO] [stderr]     Checking fake-simd v0.1.2
[INFO] [stderr]     Checking dirs v2.0.2
[INFO] [stderr]     Checking sha-1 v0.8.2
[INFO] [stdout] error[E0119]: conflicting implementations of trait `Trait` for type `(dyn Send + Sync + 'static)`
[INFO] [stdout]   --> /opt/rustwide/cargo-home/registry/src/index.crates.io-1949cf8c6b5b557f/traitobject-0.1.0/src/impls.rs:72:1
[INFO] [stdout]    |
[INFO] [stdout] 71 | unsafe impl Trait for ::std::marker::Send + Sync { }
[INFO] [stdout]    | ------------------------------------------------ first implementation here
[INFO] [stdout] 72 | unsafe impl Trait for ::std::marker::Send + Send + Sync { }
[INFO] [stdout]    | ^^^^^^^^^^^^^^^^^^^^^^^^^^^^^^^^^^^^^^^^^^^^^^^^^^^^^^^ conflicting implementation for `(dyn Send + Sync + 'static)`
[INFO] [stdout] 
[INFO] [stdout] 
[INFO] [stdout] error[E0119]: conflicting implementations of trait `Trait` for type `(dyn Send + Sync + 'static)`
[INFO] [stdout]   --> /opt/rustwide/cargo-home/registry/src/index.crates.io-1949cf8c6b5b557f/traitobject-0.1.0/src/impls.rs:73:1
[INFO] [stdout]    |
[INFO] [stdout] 71 | unsafe impl Trait for ::std::marker::Send + Sync { }
[INFO] [stdout]    | ------------------------------------------------ first implementation here
[INFO] [stdout] 72 | unsafe impl Trait for ::std::marker::Send + Send + Sync { }
[INFO] [stdout] 73 | unsafe impl Trait for ::std::marker::Sync + Send { }
[INFO] [stdout]    | ^^^^^^^^^^^^^^^^^^^^^^^^^^^^^^^^^^^^^^^^^^^^^^^^ conflicting implementation for `(dyn Send + Sync + 'static)`
[INFO] [stdout] 
[INFO] [stdout] 
[INFO] [stdout] error[E0119]: conflicting implementations of trait `Trait` for type `(dyn Send + Sync + 'static)`
[INFO] [stdout]   --> /opt/rustwide/cargo-home/registry/src/index.crates.io-1949cf8c6b5b557f/traitobject-0.1.0/src/impls.rs:75:1
[INFO] [stdout]    |
[INFO] [stdout] 71 | unsafe impl Trait for ::std::marker::Send + Sync { }
[INFO] [stdout]    | ------------------------------------------------ first implementation here
[INFO] [stdout] ...
[INFO] [stdout] 75 | unsafe impl Trait for ::std::marker::Sync + Send + Sync { }
[INFO] [stdout]    | ^^^^^^^^^^^^^^^^^^^^^^^^^^^^^^^^^^^^^^^^^^^^^^^^^^^^^^^ conflicting implementation for `(dyn Send + Sync + 'static)`
[INFO] [stdout] 
[INFO] [stdout] 
[INFO] [stdout] For more information about this error, try `rustc --explain E0119`.
[INFO] [stdout] 
[INFO] [stderr] error: could not compile `traitobject` (lib) due to 3 previous errors
[INFO] [stderr] warning: build failed, waiting for other jobs to finish...
[INFO] running `Command { std: "docker" "inspect" "9b1fe31e8f9fcb7590052b00c3d2599ab1cf0b3595eb6b6213b7f05c8b62d93f", kill_on_drop: false }`
[INFO] running `Command { std: "docker" "rm" "-f" "9b1fe31e8f9fcb7590052b00c3d2599ab1cf0b3595eb6b6213b7f05c8b62d93f", kill_on_drop: false }`
[INFO] [stdout] 9b1fe31e8f9fcb7590052b00c3d2599ab1cf0b3595eb6b6213b7f05c8b62d93f
