[INFO] cloning repository https://github.com/zoten/wiki_game_rs
[INFO] running `Command { std: "git" "-c" "credential.helper=" "-c" "credential.helper=/workspace/cargo-home/bin/git-credential-null" "clone" "--bare" "https://github.com/zoten/wiki_game_rs" "/workspace/cache/git-repos/https%3A%2F%2Fgithub.com%2Fzoten%2Fwiki_game_rs", kill_on_drop: false }`
[INFO] [stderr] Cloning into bare repository '/workspace/cache/git-repos/https%3A%2F%2Fgithub.com%2Fzoten%2Fwiki_game_rs'...
[INFO] running `Command { std: "git" "rev-parse" "HEAD", kill_on_drop: false }`
[INFO] [stdout] e3bf2d1d79d8013367f21b2409461a73b6db369a
[INFO] documenting zoten/wiki_game_rs against 1.100.0-beta.1 for beta-rustdoc-1.100-2
[INFO] running `Command { std: "git" "clone" "/workspace/cache/git-repos/https%3A%2F%2Fgithub.com%2Fzoten%2Fwiki_game_rs" "/workspace/builds/worker-3-tc2/source", kill_on_drop: false }`
[INFO] [stderr] Cloning into '/workspace/builds/worker-3-tc2/source'...
[INFO] [stderr] done.
[INFO] started tweaking git repo https://github.com/zoten/wiki_game_rs
[INFO] finished tweaking git repo https://github.com/zoten/wiki_game_rs
[INFO] tweaked toml for git repo https://github.com/zoten/wiki_game_rs written to /workspace/builds/worker-3-tc2/source/Cargo.toml
[INFO] validating manifest of git repo https://github.com/zoten/wiki_game_rs on toolchain 1.100.0-beta.1
[INFO] running `Command { std: CARGO_HOME="/workspace/cargo-home" RUSTUP_HOME="/workspace/rustup-home" "/workspace/cargo-home/bin/cargo" "+1.100.0-beta.1" "metadata" "--manifest-path" "Cargo.toml" "--no-deps", kill_on_drop: false }`
[INFO] crate git repo https://github.com/zoten/wiki_game_rs already has a lockfile, it will not be regenerated
[INFO] running `Command { std: CARGO_HOME="/workspace/cargo-home" RUSTUP_HOME="/workspace/rustup-home" "/workspace/cargo-home/bin/cargo" "+1.100.0-beta.1" "fetch" "--manifest-path" "Cargo.toml", kill_on_drop: false }`
[INFO] running `Command { std: "docker" "create" "-v" "/var/lib/crater-agent-workspace/builds/worker-3-tc2/source:/opt/rustwide/workdir:ro,Z" "-v" "/var/lib/crater-agent-workspace/builds/worker-3-tc2/target:/opt/rustwide/target:rw,Z" "-v" "/var/lib/crater-agent-workspace/cargo-home:/opt/rustwide/cargo-home:ro,Z" "-v" "/var/lib/crater-agent-workspace/rustup-home:/opt/rustwide/rustup-home:ro,Z" "-m" "1610612736" "--network" "none" "ghcr.io/rust-lang/crates-build-env/linux@sha256:77db811e55d90add9212f6832c23229e3de5f1c1f9905e8cb07319ea15df73ac" "sleep" "infinity", kill_on_drop: false }`
[INFO] [stdout] e7af621b513e1c36042a4c9d6215a8baa2a72f53798b4674ce5db4616fc414ca
[INFO] running `Command { std: "docker" "start" "e7af621b513e1c36042a4c9d6215a8baa2a72f53798b4674ce5db4616fc414ca", kill_on_drop: false }`
[INFO] running `Command { std: "docker" "inspect" "e7af621b513e1c36042a4c9d6215a8baa2a72f53798b4674ce5db4616fc414ca", kill_on_drop: false }`
[INFO] running `Command { std: "docker" "exec" "-e" "SOURCE_DIR=/opt/rustwide/workdir" "-e" "CARGO_HOME=/opt/rustwide/cargo-home" "-e" "RUSTUP_HOME=/opt/rustwide/rustup-home" "-e" "CARGO_TARGET_DIR=/opt/rustwide/target" "-w" "/opt/rustwide/workdir" "--user" "0:0" "e7af621b513e1c36042a4c9d6215a8baa2a72f53798b4674ce5db4616fc414ca" "/opt/rustwide/cargo-home/bin/cargo" "+1.100.0-beta.1" "metadata" "--no-deps" "--format-version=1", kill_on_drop: false }`
[INFO] running `Command { std: "docker" "inspect" "e7af621b513e1c36042a4c9d6215a8baa2a72f53798b4674ce5db4616fc414ca", kill_on_drop: false }`
[INFO] running `Command { std: "docker" "exec" "-e" "SOURCE_DIR=/opt/rustwide/workdir" "-e" "CARGO_HOME=/opt/rustwide/cargo-home" "-e" "RUSTUP_HOME=/opt/rustwide/rustup-home" "-e" "CARGO_TARGET_DIR=/opt/rustwide/target" "-e" "CARGO_INCREMENTAL=0" "-e" "RUST_BACKTRACE=full" "-e" "RUSTFLAGS=--cap-lints=warn" "-e" "RUSTDOCFLAGS=--cap-lints=warn" "-w" "/opt/rustwide/workdir" "--user" "0:0" "e7af621b513e1c36042a4c9d6215a8baa2a72f53798b4674ce5db4616fc414ca" "/opt/rustwide/cargo-home/bin/cargo" "+1.100.0-beta.1" "doc" "--frozen" "--no-deps" "--document-private-items" "--message-format=json", kill_on_drop: false }`
[INFO] [stderr]    Compiling autocfg v1.2.0
[INFO] [stderr]     Checking log v0.4.21
[INFO] [stderr]     Checking bytes v1.6.0
[INFO] [stderr]     Checking pin-project-lite v0.2.14
[INFO] [stderr]    Compiling syn v2.0.58
[INFO] [stderr]    Compiling getrandom v0.2.12
[INFO] [stderr]    Compiling phf_shared v0.10.0
[INFO] [stderr]     Checking tracing-core v0.1.32
[INFO] [stderr]    Compiling cc v1.0.90
[INFO] [stderr]    Compiling rand_core v0.6.4
[INFO] [stderr]     Checking mio v0.8.11
[INFO] [stderr]     Checking socket2 v0.5.6
[INFO] [stderr]    Compiling rand_chacha v0.3.1
[INFO] [stderr]    Compiling slab v0.4.9
[INFO] [stderr]    Compiling syn v1.0.109
[INFO] [stderr]    Compiling serde v1.0.197
[INFO] [stderr]    Compiling lock_api v0.4.11
[INFO] [stderr]     Checking http v1.1.0
[INFO] [stderr]     Checking bitflags v2.5.0
[INFO] [stderr]     Checking indexmap v2.2.6
[INFO] [stderr]    Compiling rand v0.8.5
[INFO] [stderr]    Compiling phf_shared v0.11.2
[INFO] [stderr]    Compiling openssl v0.10.64
[INFO] [stderr]     Checking http-body v1.0.0
[INFO] [stderr]    Compiling phf_generator v0.10.0
[INFO] [stderr]    Compiling phf_generator v0.11.2
[INFO] [stderr]     Checking parking_lot_core v0.9.9
[INFO] [stderr]     Checking phf v0.10.1
[INFO] [stderr]    Compiling openssl-sys v0.9.102
[INFO] [stderr]    Compiling phf_codegen v0.10.0
[INFO] [stderr]    Compiling string_cache_codegen v0.5.2
[INFO] [stderr]     Checking futures-channel v0.3.30
[INFO] [stderr]     Checking parking_lot v0.12.1
[INFO] [stderr]     Checking dtoa v1.0.9
[INFO] [stderr]     Checking dtoa-short v0.3.4
[INFO] [stderr]    Compiling ahash v0.8.11
[INFO] [stderr]    Compiling selectors v0.25.0
[INFO] [stderr]     Checking unicode-normalization v0.1.23
[INFO] [stderr]    Compiling native-tls v0.2.11
[INFO] [stderr]    Compiling num-traits v0.2.18
[INFO] [stderr]    Compiling markup5ever v0.11.0
[INFO] [stderr]     Checking stable_deref_trait v1.2.0
[INFO] [stderr]     Checking unicode-bidi v0.3.15
[INFO] [stderr]     Checking clap_builder v4.5.2
[INFO] [stderr]     Checking servo_arc v0.3.0
[INFO] [stderr]     Checking fxhash v0.2.1
[INFO] [stderr]     Checking idna v0.5.0
[INFO] [stderr]     Checking http-body-util v0.1.1
[INFO] [stderr]     Checking unicode-width v0.1.11
[INFO] [stderr]     Checking ryu v1.0.17
[INFO] [stderr]     Checking url v2.5.0
[INFO] [stderr]     Checking getopts v0.2.21
[INFO] [stderr]     Checking sharded-slab v0.1.7
[INFO] [stderr]     Checking tracing-log v0.2.0
[INFO] [stderr]     Checking thread_local v1.1.8
[INFO] [stderr]     Checking ego-tree v0.6.2
[INFO] [stderr]     Checking ipnet v2.9.0
[INFO] [stderr]     Checking petgraph v0.6.4
[INFO] [stderr]     Checking tracing-subscriber v0.3.18
[INFO] [stderr]     Checking string_cache v0.8.7
[INFO] [stderr]     Checking serde_urlencoded v0.7.1
[INFO] [stderr]     Checking clap-num v1.1.1
[INFO] [stderr]    Compiling tokio-macros v2.2.0
[INFO] [stderr]    Compiling tracing-attributes v0.1.27
[INFO] [stderr]    Compiling futures-macro v0.3.30
[INFO] [stderr]    Compiling pin-project-internal v1.1.5
[INFO] [stderr]    Compiling openssl-macros v0.1.1
[INFO] [stderr]    Compiling phf_macros v0.11.2
[INFO] [stderr]    Compiling cssparser-macros v0.6.1
[INFO] [stderr]     Checking tokio v1.37.0
[INFO] [stderr]    Compiling clap_derive v4.5.4
[INFO] [stderr]     Checking futures-util v0.3.30
[INFO] [stderr]     Checking phf v0.11.2
[INFO] [stderr]     Checking cssparser v0.31.2
[INFO] [stderr]     Checking tracing v0.1.40
[INFO] [stderr]     Checking pin-project v1.1.5
[INFO] [stderr]    Compiling html5ever v0.26.0
[INFO] [stderr]    Compiling derive_more v0.99.17
[INFO] [stderr]     Checking clap v4.5.4
[INFO] [stderr]     Checking clap_complete v4.5.1
[INFO] [stderr]     Checking scraper v0.19.0
[INFO] [stderr]     Checking tokio-util v0.7.10
[INFO] [stderr]     Checking tower v0.4.13
[INFO] [stderr]     Checking tokio-native-tls v0.3.1
[INFO] [stderr]     Checking h2 v0.4.4
[INFO] [stderr]     Checking hyper v1.2.0
[INFO] [stderr]     Checking hyper-util v0.1.3
[INFO] [stderr]     Checking hyper-tls v0.6.0
[INFO] [stderr]     Checking reqwest v0.12.2
[INFO] [stderr]  Documenting wiki_game_rs v0.1.0 (/opt/rustwide/workdir)
[INFO] [stdout] warning: this URL is not a hyperlink
[INFO] [stdout]   --> src/wiki_game/cli/parser.rs:26:84
[INFO] [stdout]    |
[INFO] [stdout] 26 |     /// Target base wiki url for the search (will search only in that domain, e.g. https://en.wikipedia.org)
[INFO] [stdout]    |                                                                                    ^^^^^^^^^^^^^^^^^^^^^^^^
[INFO] [stdout]    |
[INFO] [stdout]    = note: bare URLs are not automatically turned into clickable links
[INFO] [stdout]    = note: `#[warn(rustdoc::bare_urls)]` on by default
[INFO] [stdout] help: use an automatic link instead
[INFO] [stdout]    |
[INFO] [stdout] 26 |     /// Target base wiki url for the search (will search only in that domain, e.g. <https://en.wikipedia.org>)
[INFO] [stdout]    |                                                                                    +                        +
[INFO] [stdout] 
[INFO] [stdout] 
[INFO] [stderr]     Finished `dev` profile [unoptimized + debuginfo] target(s) in 46.72s
[INFO] [stderr]    Generated /opt/rustwide/target/doc/wiki_game_rs/index.html
[INFO] running `Command { std: "docker" "inspect" "e7af621b513e1c36042a4c9d6215a8baa2a72f53798b4674ce5db4616fc414ca", kill_on_drop: false }`
[INFO] running `Command { std: "docker" "exec" "-e" "SOURCE_DIR=/opt/rustwide/workdir" "-e" "CARGO_HOME=/opt/rustwide/cargo-home" "-e" "RUSTUP_HOME=/opt/rustwide/rustup-home" "-e" "CARGO_TARGET_DIR=/opt/rustwide/target" "-e" "CARGO_INCREMENTAL=0" "-e" "RUST_BACKTRACE=full" "-e" "RUSTFLAGS=--cap-lints=warn" "-e" "RUSTDOCFLAGS=--cap-lints=warn" "-e" "RUSTC_BOOTSTRAP=1" "-e" "DOCS_RS=1" "-w" "/opt/rustwide/workdir" "--user" "0:0" "e7af621b513e1c36042a4c9d6215a8baa2a72f53798b4674ce5db4616fc414ca" "/opt/rustwide/cargo-home/bin/cargo" "+1.100.0-beta.1" "rustdoc" "--lib" "-Zrustdoc-map" "--config" "build.rustdocflags=[\"--cfg\", \"docsrs\", \"-Z\", \"unstable-options\", \"--document-private-items\"]" "--frozen" "--message-format=json", kill_on_drop: false }`
[INFO] [stderr]    Compiling proc-macro2 v1.0.79
[INFO] [stdout] error[E0425]: cannot find type `SourceFile` in crate `proc_macro`
[INFO] [stdout]    --> /opt/rustwide/cargo-home/registry/src/index.crates.io-1949cf8c6b5b557f/proc-macro2-1.0.79/src/wrapper.rs:364:26
[INFO] [stdout]     |
[INFO] [stdout] 364 |     Compiler(proc_macro::SourceFile),
[INFO] [stdout]     |                          ^^^^^^^^^^ not found in `proc_macro`
[INFO] [stdout]     |
[INFO] [stdout] help: consider importing one of these structs
[INFO] [stdout]     |
[INFO] [stdout]   1 + use crate::SourceFile;
[INFO] [stdout]     |
[INFO] [stdout]   1 + use crate::fallback::SourceFile;
[INFO] [stdout]     |
[INFO] [stdout] help: if you import `SourceFile`, refer to it directly
[INFO] [stdout]     |
[INFO] [stdout] 364 -     Compiler(proc_macro::SourceFile),
[INFO] [stdout] 364 +     Compiler(SourceFile),
[INFO] [stdout]     |
[INFO] [stdout] 
[INFO] [stdout] 
[INFO] [stdout] error[E0425]: cannot find type `SourceFile` in crate `proc_macro`
[INFO] [stdout]    --> /opt/rustwide/cargo-home/registry/src/index.crates.io-1949cf8c6b5b557f/proc-macro2-1.0.79/src/wrapper.rs:370:32
[INFO] [stdout]     |
[INFO] [stdout] 370 |     fn nightly(sf: proc_macro::SourceFile) -> Self {
[INFO] [stdout]     |                                ^^^^^^^^^^ not found in `proc_macro`
[INFO] [stdout]     |
[INFO] [stdout] help: consider importing one of these structs
[INFO] [stdout]     |
[INFO] [stdout]   1 + use crate::SourceFile;
[INFO] [stdout]     |
[INFO] [stdout]   1 + use crate::fallback::SourceFile;
[INFO] [stdout]     |
[INFO] [stdout] help: if you import `SourceFile`, refer to it directly
[INFO] [stdout]     |
[INFO] [stdout] 370 -     fn nightly(sf: proc_macro::SourceFile) -> Self {
[INFO] [stdout] 370 +     fn nightly(sf: SourceFile) -> Self {
[INFO] [stdout]     |
[INFO] [stdout] 
[INFO] [stdout] 
[INFO] [stdout] error[E0599]: no method named `source_file` found for reference `&proc_macro::Span` in the current scope
[INFO] [stdout]    --> /opt/rustwide/cargo-home/registry/src/index.crates.io-1949cf8c6b5b557f/proc-macro2-1.0.79/src/wrapper.rs:460:56
[INFO] [stdout]     |
[INFO] [stdout] 460 |             Span::Compiler(s) => SourceFile::nightly(s.source_file()),
[INFO] [stdout]     |                                                        ^^^^^^^^^^^
[INFO] [stdout]     |
[INFO] [stdout] help: there is a method `source` with a similar name
[INFO] [stdout]     |
[INFO] [stdout] 460 -             Span::Compiler(s) => SourceFile::nightly(s.source_file()),
[INFO] [stdout] 460 +             Span::Compiler(s) => SourceFile::nightly(s.source()),
[INFO] [stdout]     |
[INFO] [stdout] 
[INFO] [stdout] 
[INFO] [stdout] Some errors have detailed explanations: E0425, E0599.
[INFO] [stdout] 
[INFO] [stdout] For more information about an error, try `rustc --explain E0425`.
[INFO] [stdout] 
[INFO] [stderr] error: could not compile `proc-macro2` (lib) due to 3 previous errors
[INFO] running `Command { std: "docker" "inspect" "e7af621b513e1c36042a4c9d6215a8baa2a72f53798b4674ce5db4616fc414ca", kill_on_drop: false }`
[INFO] running `Command { std: "docker" "rm" "-f" "e7af621b513e1c36042a4c9d6215a8baa2a72f53798b4674ce5db4616fc414ca", kill_on_drop: false }`
[INFO] [stdout] e7af621b513e1c36042a4c9d6215a8baa2a72f53798b4674ce5db4616fc414ca
