[INFO] cloning repository https://github.com/rollingghost/cli-task-tracker
[INFO] running `Command { std: "git" "-c" "credential.helper=" "-c" "credential.helper=/workspace/cargo-home/bin/git-credential-null" "clone" "--bare" "https://github.com/rollingghost/cli-task-tracker" "/workspace/cache/git-repos/https%3A%2F%2Fgithub.com%2Frollingghost%2Fcli-task-tracker", kill_on_drop: false }`
[INFO] [stderr] Cloning into bare repository '/workspace/cache/git-repos/https%3A%2F%2Fgithub.com%2Frollingghost%2Fcli-task-tracker'...
[INFO] running `Command { std: "git" "rev-parse" "HEAD", kill_on_drop: false }`
[INFO] [stdout] def81c6d264f2d7ec8c04bbef88d85bcf2143be8
[INFO] documenting rollingghost/cli-task-tracker against 1.100.0-beta.1 for beta-rustdoc-1.100-2
[INFO] running `Command { std: "git" "clone" "/workspace/cache/git-repos/https%3A%2F%2Fgithub.com%2Frollingghost%2Fcli-task-tracker" "/workspace/builds/worker-7-tc2/source", kill_on_drop: false }`
[INFO] [stderr] Cloning into '/workspace/builds/worker-7-tc2/source'...
[INFO] [stderr] done.
[INFO] started tweaking git repo https://github.com/rollingghost/cli-task-tracker
[INFO] finished tweaking git repo https://github.com/rollingghost/cli-task-tracker
[INFO] tweaked toml for git repo https://github.com/rollingghost/cli-task-tracker written to /workspace/builds/worker-7-tc2/source/Cargo.toml
[INFO] validating manifest of git repo https://github.com/rollingghost/cli-task-tracker on toolchain 1.100.0-beta.1
[INFO] running `Command { std: CARGO_HOME="/workspace/cargo-home" RUSTUP_HOME="/workspace/rustup-home" "/workspace/cargo-home/bin/cargo" "+1.100.0-beta.1" "metadata" "--manifest-path" "Cargo.toml" "--no-deps", kill_on_drop: false }`
[INFO] crate git repo https://github.com/rollingghost/cli-task-tracker already has a lockfile, it will not be regenerated
[INFO] running `Command { std: CARGO_HOME="/workspace/cargo-home" RUSTUP_HOME="/workspace/rustup-home" "/workspace/cargo-home/bin/cargo" "+1.100.0-beta.1" "fetch" "--manifest-path" "Cargo.toml", kill_on_drop: false }`
[INFO] running `Command { std: "docker" "create" "-v" "/var/lib/crater-agent-workspace/builds/worker-7-tc2/source:/opt/rustwide/workdir:ro,Z" "-v" "/var/lib/crater-agent-workspace/builds/worker-7-tc2/target:/opt/rustwide/target:rw,Z" "-v" "/var/lib/crater-agent-workspace/cargo-home:/opt/rustwide/cargo-home:ro,Z" "-v" "/var/lib/crater-agent-workspace/rustup-home:/opt/rustwide/rustup-home:ro,Z" "-m" "1610612736" "--network" "none" "ghcr.io/rust-lang/crates-build-env/linux@sha256:77db811e55d90add9212f6832c23229e3de5f1c1f9905e8cb07319ea15df73ac" "sleep" "infinity", kill_on_drop: false }`
[INFO] [stdout] f9069b7de8a6158ef4143e5a927d0cfac2703f8b52a254dba46969f377bd11bf
[INFO] running `Command { std: "docker" "start" "f9069b7de8a6158ef4143e5a927d0cfac2703f8b52a254dba46969f377bd11bf", kill_on_drop: false }`
[INFO] running `Command { std: "docker" "inspect" "f9069b7de8a6158ef4143e5a927d0cfac2703f8b52a254dba46969f377bd11bf", kill_on_drop: false }`
[INFO] running `Command { std: "docker" "exec" "-e" "SOURCE_DIR=/opt/rustwide/workdir" "-e" "CARGO_HOME=/opt/rustwide/cargo-home" "-e" "RUSTUP_HOME=/opt/rustwide/rustup-home" "-e" "CARGO_TARGET_DIR=/opt/rustwide/target" "-w" "/opt/rustwide/workdir" "--user" "0:0" "f9069b7de8a6158ef4143e5a927d0cfac2703f8b52a254dba46969f377bd11bf" "/opt/rustwide/cargo-home/bin/cargo" "+1.100.0-beta.1" "metadata" "--no-deps" "--format-version=1", kill_on_drop: false }`
[INFO] running `Command { std: "docker" "inspect" "f9069b7de8a6158ef4143e5a927d0cfac2703f8b52a254dba46969f377bd11bf", kill_on_drop: false }`
[INFO] running `Command { std: "docker" "exec" "-e" "SOURCE_DIR=/opt/rustwide/workdir" "-e" "CARGO_HOME=/opt/rustwide/cargo-home" "-e" "RUSTUP_HOME=/opt/rustwide/rustup-home" "-e" "CARGO_TARGET_DIR=/opt/rustwide/target" "-e" "CARGO_INCREMENTAL=0" "-e" "RUST_BACKTRACE=full" "-e" "RUSTFLAGS=--cap-lints=warn" "-e" "RUSTDOCFLAGS=--cap-lints=warn" "-w" "/opt/rustwide/workdir" "--user" "0:0" "f9069b7de8a6158ef4143e5a927d0cfac2703f8b52a254dba46969f377bd11bf" "/opt/rustwide/cargo-home/bin/cargo" "+1.100.0-beta.1" "doc" "--frozen" "--no-deps" "--document-private-items" "--message-format=json", kill_on_drop: false }`
[INFO] [stderr]    Compiling libc v0.2.158
[INFO] [stderr]     Checking cfg-if v1.0.0
[INFO] [stderr]    Compiling autocfg v1.3.0
[INFO] [stderr]    Compiling proc-macro2 v1.0.86
[INFO] [stderr]    Compiling unicode-ident v1.0.12
[INFO] [stderr]    Compiling parking_lot_core v0.9.10
[INFO] [stderr]    Compiling rustversion v1.0.17
[INFO] [stderr]     Checking smallvec v1.13.2
[INFO] [stderr]     Checking log v0.4.22
[INFO] [stderr]    Compiling crossbeam-utils v0.8.20
[INFO] [stderr]    Compiling signal-hook v0.3.17
[INFO] [stderr]     Checking either v1.13.0
[INFO] [stderr]     Checking bitflags v2.6.0
[INFO] [stderr]    Compiling ahash v0.8.11
[INFO] [stderr]     Checking zerocopy v0.7.35
[INFO] [stderr]    Compiling rustix v0.38.36
[INFO] [stderr]    Compiling rayon-core v1.12.1
[INFO] [stderr]     Checking once_cell v1.19.0
[INFO] [stderr]     Checking unicode-width v0.1.13
[INFO] [stderr]     Checking anstyle-parse v0.2.5
[INFO] [stderr]     Checking anstyle v1.0.8
[INFO] [stderr]     Checking anstyle-query v1.1.1
[INFO] [stderr]     Checking is_terminal_polyfill v1.70.1
[INFO] [stderr]    Compiling serde v1.0.209
[INFO] [stderr]     Checking itoa v1.0.11
[INFO] [stderr]     Checking colorchoice v1.0.2
[INFO] [stderr]     Checking linux-raw-sys v0.4.14
[INFO] [stderr]     Checking unicode-segmentation v1.11.0
[INFO] [stderr]     Checking allocator-api2 v0.2.18
[INFO] [stderr]     Checking ryu v1.0.18
[INFO] [stderr]     Checking itertools v0.13.0
[INFO] [stderr]     Checking clap_lex v0.7.2
[INFO] [stderr]     Checking memchr v2.7.4
[INFO] [stderr]    Compiling serde_json v1.0.127
[INFO] [stderr]     Checking cassowary v0.3.0
[INFO] [stderr]     Checking anstream v0.6.15
[INFO] [stderr]    Compiling lock_api v0.4.12
[INFO] [stderr]    Compiling num-traits v0.2.19
[INFO] [stderr]     Checking iana-time-zone v0.1.60
[INFO] [stderr]     Checking shlex v1.3.0
[INFO] [stderr]     Checking castaway v0.2.3
[INFO] [stderr]     Checking clap_builder v4.5.15
[INFO] [stderr]     Checking compact_str v0.8.0
[INFO] [stderr]     Checking hashbrown v0.14.5
[INFO] [stderr]     Checking crossbeam-epoch v0.9.18
[INFO] [stderr]    Compiling quote v1.0.37
[INFO] [stderr]     Checking crossbeam-deque v0.8.5
[INFO] [stderr]     Checking signal-hook-registry v1.4.2
[INFO] [stderr]     Checking mio v0.8.11
[INFO] [stderr]     Checking mio v1.0.2
[INFO] [stderr]     Checking getrandom v0.2.15
[INFO] [stderr]    Compiling syn v2.0.77
[INFO] [stderr]     Checking uuid v1.10.0
[INFO] [stderr]     Checking parking_lot v0.12.3
[INFO] [stderr]     Checking lru v0.12.4
[INFO] [stderr]     Checking crossterm v0.27.0
[INFO] [stderr]     Checking chrono v0.4.38
[INFO] [stderr]     Checking rayon v1.10.0
[INFO] [stderr]     Checking signal-hook-mio v0.2.4
[INFO] [stderr]     Checking crossterm v0.25.0
[INFO] [stderr]     Checking crossterm v0.28.1
[INFO] [stderr]     Checking unicode-truncate v1.1.0
[INFO] [stderr]     Checking tui v0.19.0
[INFO] [stderr]     Checking sysinfo v0.31.4
[INFO] [stderr]    Compiling strum_macros v0.26.4
[INFO] [stderr]    Compiling serde_derive v1.0.209
[INFO] [stderr]    Compiling instability v0.3.2
[INFO] [stderr]    Compiling clap_derive v4.5.13
[INFO] [stderr]     Checking strum v0.26.3
[INFO] [stderr]     Checking comfy-table v7.1.1
[INFO] [stderr]     Checking ratatui v0.28.1
[INFO] [stderr]     Checking clap v4.5.16
[INFO] [stderr]  Documenting cli-task-tracker v0.1.0 (/opt/rustwide/workdir)
[INFO] [stderr]     Finished `dev` profile [unoptimized + debuginfo] target(s) in 25.42s
[INFO] [stderr]    Generated /opt/rustwide/target/doc/cli_task_tracker/index.html
[INFO] running `Command { std: "docker" "inspect" "f9069b7de8a6158ef4143e5a927d0cfac2703f8b52a254dba46969f377bd11bf", kill_on_drop: false }`
[INFO] running `Command { std: "docker" "exec" "-e" "SOURCE_DIR=/opt/rustwide/workdir" "-e" "CARGO_HOME=/opt/rustwide/cargo-home" "-e" "RUSTUP_HOME=/opt/rustwide/rustup-home" "-e" "CARGO_TARGET_DIR=/opt/rustwide/target" "-e" "CARGO_INCREMENTAL=0" "-e" "RUST_BACKTRACE=full" "-e" "RUSTFLAGS=--cap-lints=warn" "-e" "RUSTDOCFLAGS=--cap-lints=warn" "-e" "RUSTC_BOOTSTRAP=1" "-e" "DOCS_RS=1" "-w" "/opt/rustwide/workdir" "--user" "0:0" "f9069b7de8a6158ef4143e5a927d0cfac2703f8b52a254dba46969f377bd11bf" "/opt/rustwide/cargo-home/bin/cargo" "+1.100.0-beta.1" "rustdoc" "--lib" "-Zrustdoc-map" "--config" "build.rustdocflags=[\"--cfg\", \"docsrs\", \"-Z\", \"unstable-options\", \"--document-private-items\"]" "--frozen" "--message-format=json", kill_on_drop: false }`
[INFO] [stderr]    Compiling proc-macro2 v1.0.86
[INFO] [stdout] error[E0425]: cannot find type `SourceFile` in crate `proc_macro`
[INFO] [stdout]    --> /opt/rustwide/cargo-home/registry/src/index.crates.io-1949cf8c6b5b557f/proc-macro2-1.0.86/src/wrapper.rs:365:26
[INFO] [stdout]     |
[INFO] [stdout] 365 |     Compiler(proc_macro::SourceFile),
[INFO] [stdout]     |                          ^^^^^^^^^^ not found in `proc_macro`
[INFO] [stdout]     |
[INFO] [stdout] help: consider importing one of these structs
[INFO] [stdout]     |
[INFO] [stdout]   1 + use crate::SourceFile;
[INFO] [stdout]     |
[INFO] [stdout]   1 + use crate::fallback::SourceFile;
[INFO] [stdout]     |
[INFO] [stdout] help: if you import `SourceFile`, refer to it directly
[INFO] [stdout]     |
[INFO] [stdout] 365 -     Compiler(proc_macro::SourceFile),
[INFO] [stdout] 365 +     Compiler(SourceFile),
[INFO] [stdout]     |
[INFO] [stdout] 
[INFO] [stdout] 
[INFO] [stdout] error[E0425]: cannot find type `SourceFile` in crate `proc_macro`
[INFO] [stdout]    --> /opt/rustwide/cargo-home/registry/src/index.crates.io-1949cf8c6b5b557f/proc-macro2-1.0.86/src/wrapper.rs:371:32
[INFO] [stdout]     |
[INFO] [stdout] 371 |     fn nightly(sf: proc_macro::SourceFile) -> Self {
[INFO] [stdout]     |                                ^^^^^^^^^^ not found in `proc_macro`
[INFO] [stdout]     |
[INFO] [stdout] help: consider importing one of these structs
[INFO] [stdout]     |
[INFO] [stdout]   1 + use crate::SourceFile;
[INFO] [stdout]     |
[INFO] [stdout]   1 + use crate::fallback::SourceFile;
[INFO] [stdout]     |
[INFO] [stdout] help: if you import `SourceFile`, refer to it directly
[INFO] [stdout]     |
[INFO] [stdout] 371 -     fn nightly(sf: proc_macro::SourceFile) -> Self {
[INFO] [stdout] 371 +     fn nightly(sf: SourceFile) -> Self {
[INFO] [stdout]     |
[INFO] [stdout] 
[INFO] [stdout] 
[INFO] [stdout] error[E0599]: no method named `source_file` found for reference `&proc_macro::Span` in the current scope
[INFO] [stdout]    --> /opt/rustwide/cargo-home/registry/src/index.crates.io-1949cf8c6b5b557f/proc-macro2-1.0.86/src/wrapper.rs:461:56
[INFO] [stdout]     |
[INFO] [stdout] 461 |             Span::Compiler(s) => SourceFile::nightly(s.source_file()),
[INFO] [stdout]     |                                                        ^^^^^^^^^^^
[INFO] [stdout]     |
[INFO] [stdout] help: there is a method `source` with a similar name
[INFO] [stdout]     |
[INFO] [stdout] 461 -             Span::Compiler(s) => SourceFile::nightly(s.source_file()),
[INFO] [stdout] 461 +             Span::Compiler(s) => SourceFile::nightly(s.source()),
[INFO] [stdout]     |
[INFO] [stdout] 
[INFO] [stdout] 
[INFO] [stdout] Some errors have detailed explanations: E0425, E0599.
[INFO] [stdout] 
[INFO] [stdout] For more information about an error, try `rustc --explain E0425`.
[INFO] [stdout] 
[INFO] [stderr] error: could not compile `proc-macro2` (lib) due to 3 previous errors
[INFO] running `Command { std: "docker" "inspect" "f9069b7de8a6158ef4143e5a927d0cfac2703f8b52a254dba46969f377bd11bf", kill_on_drop: false }`
[INFO] running `Command { std: "docker" "rm" "-f" "f9069b7de8a6158ef4143e5a927d0cfac2703f8b52a254dba46969f377bd11bf", kill_on_drop: false }`
[INFO] [stdout] f9069b7de8a6158ef4143e5a927d0cfac2703f8b52a254dba46969f377bd11bf
