[INFO] cloning repository https://github.com/rdx2d/kimchi-proof-systemWASM
[INFO] running `Command { std: "git" "-c" "credential.helper=" "-c" "credential.helper=/workspace/cargo-home/bin/git-credential-null" "clone" "--bare" "https://github.com/rdx2d/kimchi-proof-systemWASM" "/workspace/cache/git-repos/https%3A%2F%2Fgithub.com%2Frdx2d%2Fkimchi-proof-systemWASM", kill_on_drop: false }`
[INFO] [stderr] Cloning into bare repository '/workspace/cache/git-repos/https%3A%2F%2Fgithub.com%2Frdx2d%2Fkimchi-proof-systemWASM'...
[INFO] running `Command { std: "git" "rev-parse" "HEAD", kill_on_drop: false }`
[INFO] [stdout] 5388d0450b4cc3e0877fa8844a5bd65be1299f1d
[INFO] documenting rdx2d/kimchi-proof-systemWASM against 1.100.0-beta.1 for beta-rustdoc-1.100-2
[INFO] running `Command { std: "git" "clone" "/workspace/cache/git-repos/https%3A%2F%2Fgithub.com%2Frdx2d%2Fkimchi-proof-systemWASM" "/workspace/builds/worker-0-tc2/source", kill_on_drop: false }`
[INFO] [stderr] Cloning into '/workspace/builds/worker-0-tc2/source'...
[INFO] [stderr] done.
[INFO] started tweaking git repo https://github.com/rdx2d/kimchi-proof-systemWASM
[INFO] finished tweaking git repo https://github.com/rdx2d/kimchi-proof-systemWASM
[INFO] tweaked toml for git repo https://github.com/rdx2d/kimchi-proof-systemWASM written to /workspace/builds/worker-0-tc2/source/Cargo.toml
[INFO] validating manifest of git repo https://github.com/rdx2d/kimchi-proof-systemWASM on toolchain 1.100.0-beta.1
[INFO] running `Command { std: CARGO_HOME="/workspace/cargo-home" RUSTUP_HOME="/workspace/rustup-home" "/workspace/cargo-home/bin/cargo" "+1.100.0-beta.1" "metadata" "--manifest-path" "Cargo.toml" "--no-deps", kill_on_drop: false }`
[INFO] crate git repo https://github.com/rdx2d/kimchi-proof-systemWASM already has a lockfile, it will not be regenerated
[INFO] running `Command { std: CARGO_HOME="/workspace/cargo-home" RUSTUP_HOME="/workspace/rustup-home" "/workspace/cargo-home/bin/cargo" "+1.100.0-beta.1" "fetch" "--manifest-path" "Cargo.toml", kill_on_drop: false }`
[INFO] [stderr] warning: unused workspace dependency `ark-ec`
[INFO] [stderr]  --> Cargo.toml:5:25
[INFO] [stderr]   |
[INFO] [stderr] 5 | [workspace.dependencies.ark-ec]
[INFO] [stderr]   |                         ^^^^^^
[INFO] [stderr]   |
[INFO] [stderr]   = note: `cargo::unused_workspace_dependencies` is set to `warn` by default
[INFO] [stderr] help: consider removing the workspace dependency `ark-ec`
[INFO] [stderr] warning: unused workspace dependency `ark-ff`
[INFO] [stderr]  --> Cargo.toml:9:25
[INFO] [stderr]   |
[INFO] [stderr] 9 | [workspace.dependencies.ark-ff]
[INFO] [stderr]   |                         ^^^^^^
[INFO] [stderr]   |
[INFO] [stderr] help: consider removing the workspace dependency `ark-ff`
[INFO] [stderr] warning: unused workspace dependency `ark-poly`
[INFO] [stderr]   --> Cargo.toml:13:25
[INFO] [stderr]    |
[INFO] [stderr] 13 | [workspace.dependencies.ark-poly]
[INFO] [stderr]    |                         ^^^^^^^^
[INFO] [stderr]    |
[INFO] [stderr] help: consider removing the workspace dependency `ark-poly`
[INFO] [stderr] warning: unused workspace dependency `ark-serialize`
[INFO] [stderr]   --> Cargo.toml:17:25
[INFO] [stderr]    |
[INFO] [stderr] 17 | [workspace.dependencies.ark-serialize]
[INFO] [stderr]    |                         ^^^^^^^^^^^^^
[INFO] [stderr]    |
[INFO] [stderr] help: consider removing the workspace dependency `ark-serialize`
[INFO] [stderr] warning: unused workspace dependency `ark-std`
[INFO] [stderr]   --> Cargo.toml:21:25
[INFO] [stderr]    |
[INFO] [stderr] 21 | [workspace.dependencies.ark-std]
[INFO] [stderr]    |                         ^^^^^^^
[INFO] [stderr]    |
[INFO] [stderr] help: consider removing the workspace dependency `ark-std`
[INFO] [stderr] warning: unused workspace dependency `kimchi-nostd`
[INFO] [stderr]   --> Cargo.toml:25:25
[INFO] [stderr]    |
[INFO] [stderr] 25 | [workspace.dependencies.kimchi-nostd]
[INFO] [stderr]    |                         ^^^^^^^^^^^^
[INFO] [stderr]    |
[INFO] [stderr] help: consider removing the workspace dependency `kimchi-nostd`
[INFO] [stderr] warning: unused workspace dependency `parity-scale-codec`
[INFO] [stderr]   --> Cargo.toml:29:25
[INFO] [stderr]    |
[INFO] [stderr] 29 | [workspace.dependencies.parity-scale-codec]
[INFO] [stderr]    |                         ^^^^^^^^^^^^^^^^^^
[INFO] [stderr]    |
[INFO] [stderr] help: consider removing the workspace dependency `parity-scale-codec`
[INFO] [stderr] warning: unused workspace dependency `scale-info`
[INFO] [stderr]   --> Cargo.toml:34:25
[INFO] [stderr]    |
[INFO] [stderr] 34 | [workspace.dependencies.scale-info]
[INFO] [stderr]    |                         ^^^^^^^^^^
[INFO] [stderr]    |
[INFO] [stderr] help: consider removing the workspace dependency `scale-info`
[INFO] [stderr] warning: unused workspace dependency `serde`
[INFO] [stderr]   --> Cargo.toml:39:25
[INFO] [stderr]    |
[INFO] [stderr] 39 | [workspace.dependencies.serde]
[INFO] [stderr]    |                         ^^^^^
[INFO] [stderr]    |
[INFO] [stderr] help: consider removing the workspace dependency `serde`
[INFO] [stderr] warning: unused field `authors` in `workspace.package`
[INFO] [stderr]   --> Cargo.toml:45:1
[INFO] [stderr]    |
[INFO] [stderr] 45 | authors = ["Your Name <your.email@example.com>"]
[INFO] [stderr]    | ^^^^^^^
[INFO] [stderr]    |
[INFO] [stderr]    = note: `cargo::unused_workspace_package_fields` is set to `warn` by default
[INFO] [stderr] help: consider removing the field `workspace.package.authors`
[INFO] [stderr] warning: unused field `edition` in `workspace.package`
[INFO] [stderr]   --> Cargo.toml:46:1
[INFO] [stderr]    |
[INFO] [stderr] 46 | edition = "2021"
[INFO] [stderr]    | ^^^^^^^
[INFO] [stderr]    |
[INFO] [stderr] help: consider removing the field `workspace.package.edition`
[INFO] [stderr] warning: unused field `homepage` in `workspace.package`
[INFO] [stderr]   --> Cargo.toml:47:1
[INFO] [stderr]    |
[INFO] [stderr] 47 | homepage = "https://github.com/yourusername/kimchi-verifier-system"
[INFO] [stderr]    | ^^^^^^^^
[INFO] [stderr]    |
[INFO] [stderr] help: consider removing the field `workspace.package.homepage`
[INFO] [stderr] warning: unused field `license` in `workspace.package`
[INFO] [stderr]   --> Cargo.toml:48:1
[INFO] [stderr]    |
[INFO] [stderr] 48 | license = "Apache-2.0"
[INFO] [stderr]    | ^^^^^^^
[INFO] [stderr]    |
[INFO] [stderr] help: consider removing the field `workspace.package.license`
[INFO] [stderr] warning: unused field `repository` in `workspace.package`
[INFO] [stderr]   --> Cargo.toml:49:1
[INFO] [stderr]    |
[INFO] [stderr] 49 | repository = "https://github.com/yourusername/kimchi-verifier-system"
[INFO] [stderr]    | ^^^^^^^^^^
[INFO] [stderr]    |
[INFO] [stderr] help: consider removing the field `workspace.package.repository`
[INFO] [stderr] warning: unused field `version` in `workspace.package`
[INFO] [stderr]   --> Cargo.toml:50:1
[INFO] [stderr]    |
[INFO] [stderr] 50 | version = "0.1.0"
[INFO] [stderr]    | ^^^^^^^
[INFO] [stderr]    |
[INFO] [stderr] help: consider removing the field `workspace.package.version`
[INFO] [stderr] warning: workspace (manifest) generated 15 warnings
[INFO] [stderr]     Blocking waiting for file lock on package cache
[ERROR] error running command: no output for 300 seconds
[INFO] documenting rdx2d/kimchi-proof-systemWASM against 1.100.0-beta.1 for beta-rustdoc-1.100-2
[INFO] running `Command { std: "git" "clone" "/workspace/cache/git-repos/https%3A%2F%2Fgithub.com%2Frdx2d%2Fkimchi-proof-systemWASM" "/workspace/builds/worker-0-tc2/source", kill_on_drop: false }`
[INFO] [stderr] Cloning into '/workspace/builds/worker-0-tc2/source'...
[INFO] [stderr] done.
[INFO] started tweaking git repo https://github.com/rdx2d/kimchi-proof-systemWASM
[INFO] finished tweaking git repo https://github.com/rdx2d/kimchi-proof-systemWASM
[INFO] tweaked toml for git repo https://github.com/rdx2d/kimchi-proof-systemWASM written to /workspace/builds/worker-0-tc2/source/Cargo.toml
[INFO] validating manifest of git repo https://github.com/rdx2d/kimchi-proof-systemWASM on toolchain 1.100.0-beta.1
[INFO] running `Command { std: CARGO_HOME="/workspace/cargo-home" RUSTUP_HOME="/workspace/rustup-home" "/workspace/cargo-home/bin/cargo" "+1.100.0-beta.1" "metadata" "--manifest-path" "Cargo.toml" "--no-deps", kill_on_drop: false }`
[INFO] crate git repo https://github.com/rdx2d/kimchi-proof-systemWASM already has a lockfile, it will not be regenerated
[INFO] running `Command { std: CARGO_HOME="/workspace/cargo-home" RUSTUP_HOME="/workspace/rustup-home" "/workspace/cargo-home/bin/cargo" "+1.100.0-beta.1" "fetch" "--manifest-path" "Cargo.toml", kill_on_drop: false }`
[INFO] [stderr] warning: unused workspace dependency `ark-ec`
[INFO] [stderr]  --> Cargo.toml:5:25
[INFO] [stderr]   |
[INFO] [stderr] 5 | [workspace.dependencies.ark-ec]
[INFO] [stderr]   |                         ^^^^^^
[INFO] [stderr]   |
[INFO] [stderr]   = note: `cargo::unused_workspace_dependencies` is set to `warn` by default
[INFO] [stderr] help: consider removing the workspace dependency `ark-ec`
[INFO] [stderr] warning: unused workspace dependency `ark-ff`
[INFO] [stderr]  --> Cargo.toml:9:25
[INFO] [stderr]   |
[INFO] [stderr] 9 | [workspace.dependencies.ark-ff]
[INFO] [stderr]   |                         ^^^^^^
[INFO] [stderr]   |
[INFO] [stderr] help: consider removing the workspace dependency `ark-ff`
[INFO] [stderr] warning: unused workspace dependency `ark-poly`
[INFO] [stderr]   --> Cargo.toml:13:25
[INFO] [stderr]    |
[INFO] [stderr] 13 | [workspace.dependencies.ark-poly]
[INFO] [stderr]    |                         ^^^^^^^^
[INFO] [stderr]    |
[INFO] [stderr] help: consider removing the workspace dependency `ark-poly`
[INFO] [stderr] warning: unused workspace dependency `ark-serialize`
[INFO] [stderr]   --> Cargo.toml:17:25
[INFO] [stderr]    |
[INFO] [stderr] 17 | [workspace.dependencies.ark-serialize]
[INFO] [stderr]    |                         ^^^^^^^^^^^^^
[INFO] [stderr]    |
[INFO] [stderr] help: consider removing the workspace dependency `ark-serialize`
[INFO] [stderr] warning: unused workspace dependency `ark-std`
[INFO] [stderr]   --> Cargo.toml:21:25
[INFO] [stderr]    |
[INFO] [stderr] 21 | [workspace.dependencies.ark-std]
[INFO] [stderr]    |                         ^^^^^^^
[INFO] [stderr]    |
[INFO] [stderr] help: consider removing the workspace dependency `ark-std`
[INFO] [stderr] warning: unused workspace dependency `kimchi-nostd`
[INFO] [stderr]   --> Cargo.toml:25:25
[INFO] [stderr]    |
[INFO] [stderr] 25 | [workspace.dependencies.kimchi-nostd]
[INFO] [stderr]    |                         ^^^^^^^^^^^^
[INFO] [stderr]    |
[INFO] [stderr] help: consider removing the workspace dependency `kimchi-nostd`
[INFO] [stderr] warning: unused workspace dependency `parity-scale-codec`
[INFO] [stderr]   --> Cargo.toml:29:25
[INFO] [stderr]    |
[INFO] [stderr] 29 | [workspace.dependencies.parity-scale-codec]
[INFO] [stderr]    |                         ^^^^^^^^^^^^^^^^^^
[INFO] [stderr]    |
[INFO] [stderr] help: consider removing the workspace dependency `parity-scale-codec`
[INFO] [stderr] warning: unused workspace dependency `scale-info`
[INFO] [stderr]   --> Cargo.toml:34:25
[INFO] [stderr]    |
[INFO] [stderr] 34 | [workspace.dependencies.scale-info]
[INFO] [stderr]    |                         ^^^^^^^^^^
[INFO] [stderr]    |
[INFO] [stderr] help: consider removing the workspace dependency `scale-info`
[INFO] [stderr] warning: unused workspace dependency `serde`
[INFO] [stderr]   --> Cargo.toml:39:25
[INFO] [stderr]    |
[INFO] [stderr] 39 | [workspace.dependencies.serde]
[INFO] [stderr]    |                         ^^^^^
[INFO] [stderr]    |
[INFO] [stderr] help: consider removing the workspace dependency `serde`
[INFO] [stderr] warning: unused field `authors` in `workspace.package`
[INFO] [stderr]   --> Cargo.toml:45:1
[INFO] [stderr]    |
[INFO] [stderr] 45 | authors = ["Your Name <your.email@example.com>"]
[INFO] [stderr]    | ^^^^^^^
[INFO] [stderr]    |
[INFO] [stderr]    = note: `cargo::unused_workspace_package_fields` is set to `warn` by default
[INFO] [stderr] help: consider removing the field `workspace.package.authors`
[INFO] [stderr] warning: unused field `edition` in `workspace.package`
[INFO] [stderr]   --> Cargo.toml:46:1
[INFO] [stderr]    |
[INFO] [stderr] 46 | edition = "2021"
[INFO] [stderr]    | ^^^^^^^
[INFO] [stderr]    |
[INFO] [stderr] help: consider removing the field `workspace.package.edition`
[INFO] [stderr] warning: unused field `homepage` in `workspace.package`
[INFO] [stderr]   --> Cargo.toml:47:1
[INFO] [stderr]    |
[INFO] [stderr] 47 | homepage = "https://github.com/yourusername/kimchi-verifier-system"
[INFO] [stderr]    | ^^^^^^^^
[INFO] [stderr]    |
[INFO] [stderr] help: consider removing the field `workspace.package.homepage`
[INFO] [stderr] warning: unused field `license` in `workspace.package`
[INFO] [stderr]   --> Cargo.toml:48:1
[INFO] [stderr]    |
[INFO] [stderr] 48 | license = "Apache-2.0"
[INFO] [stderr]    | ^^^^^^^
[INFO] [stderr]    |
[INFO] [stderr] help: consider removing the field `workspace.package.license`
[INFO] [stderr] warning: unused field `repository` in `workspace.package`
[INFO] [stderr]   --> Cargo.toml:49:1
[INFO] [stderr]    |
[INFO] [stderr] 49 | repository = "https://github.com/yourusername/kimchi-verifier-system"
[INFO] [stderr]    | ^^^^^^^^^^
[INFO] [stderr]    |
[INFO] [stderr] help: consider removing the field `workspace.package.repository`
[INFO] [stderr] warning: unused field `version` in `workspace.package`
[INFO] [stderr]   --> Cargo.toml:50:1
[INFO] [stderr]    |
[INFO] [stderr] 50 | version = "0.1.0"
[INFO] [stderr]    | ^^^^^^^
[INFO] [stderr]    |
[INFO] [stderr] help: consider removing the field `workspace.package.version`
[INFO] [stderr] warning: workspace (manifest) generated 15 warnings
[INFO] [stderr]     Blocking waiting for file lock on package cache
[INFO] [stderr]     Blocking waiting for file lock on package cache
[ERROR] error running command: no output for 300 seconds
[INFO] documenting rdx2d/kimchi-proof-systemWASM against 1.100.0-beta.1 for beta-rustdoc-1.100-2
[INFO] running `Command { std: "git" "clone" "/workspace/cache/git-repos/https%3A%2F%2Fgithub.com%2Frdx2d%2Fkimchi-proof-systemWASM" "/workspace/builds/worker-0-tc2/source", kill_on_drop: false }`
[INFO] [stderr] Cloning into '/workspace/builds/worker-0-tc2/source'...
[INFO] [stderr] done.
[INFO] started tweaking git repo https://github.com/rdx2d/kimchi-proof-systemWASM
[INFO] finished tweaking git repo https://github.com/rdx2d/kimchi-proof-systemWASM
[INFO] tweaked toml for git repo https://github.com/rdx2d/kimchi-proof-systemWASM written to /workspace/builds/worker-0-tc2/source/Cargo.toml
[INFO] validating manifest of git repo https://github.com/rdx2d/kimchi-proof-systemWASM on toolchain 1.100.0-beta.1
[INFO] running `Command { std: CARGO_HOME="/workspace/cargo-home" RUSTUP_HOME="/workspace/rustup-home" "/workspace/cargo-home/bin/cargo" "+1.100.0-beta.1" "metadata" "--manifest-path" "Cargo.toml" "--no-deps", kill_on_drop: false }`
[INFO] crate git repo https://github.com/rdx2d/kimchi-proof-systemWASM already has a lockfile, it will not be regenerated
[INFO] running `Command { std: CARGO_HOME="/workspace/cargo-home" RUSTUP_HOME="/workspace/rustup-home" "/workspace/cargo-home/bin/cargo" "+1.100.0-beta.1" "fetch" "--manifest-path" "Cargo.toml", kill_on_drop: false }`
[INFO] [stderr] warning: unused workspace dependency `ark-ec`
[INFO] [stderr]  --> Cargo.toml:5:25
[INFO] [stderr]   |
[INFO] [stderr] 5 | [workspace.dependencies.ark-ec]
[INFO] [stderr]   |                         ^^^^^^
[INFO] [stderr]   |
[INFO] [stderr]   = note: `cargo::unused_workspace_dependencies` is set to `warn` by default
[INFO] [stderr] help: consider removing the workspace dependency `ark-ec`
[INFO] [stderr] warning: unused workspace dependency `ark-ff`
[INFO] [stderr]  --> Cargo.toml:9:25
[INFO] [stderr]   |
[INFO] [stderr] 9 | [workspace.dependencies.ark-ff]
[INFO] [stderr]   |                         ^^^^^^
[INFO] [stderr]   |
[INFO] [stderr] help: consider removing the workspace dependency `ark-ff`
[INFO] [stderr] warning: unused workspace dependency `ark-poly`
[INFO] [stderr]   --> Cargo.toml:13:25
[INFO] [stderr]    |
[INFO] [stderr] 13 | [workspace.dependencies.ark-poly]
[INFO] [stderr]    |                         ^^^^^^^^
[INFO] [stderr]    |
[INFO] [stderr] help: consider removing the workspace dependency `ark-poly`
[INFO] [stderr] warning: unused workspace dependency `ark-serialize`
[INFO] [stderr]   --> Cargo.toml:17:25
[INFO] [stderr]    |
[INFO] [stderr] 17 | [workspace.dependencies.ark-serialize]
[INFO] [stderr]    |                         ^^^^^^^^^^^^^
[INFO] [stderr]    |
[INFO] [stderr] help: consider removing the workspace dependency `ark-serialize`
[INFO] [stderr] warning: unused workspace dependency `ark-std`
[INFO] [stderr]   --> Cargo.toml:21:25
[INFO] [stderr]    |
[INFO] [stderr] 21 | [workspace.dependencies.ark-std]
[INFO] [stderr]    |                         ^^^^^^^
[INFO] [stderr]    |
[INFO] [stderr] help: consider removing the workspace dependency `ark-std`
[INFO] [stderr] warning: unused workspace dependency `kimchi-nostd`
[INFO] [stderr]   --> Cargo.toml:25:25
[INFO] [stderr]    |
[INFO] [stderr] 25 | [workspace.dependencies.kimchi-nostd]
[INFO] [stderr]    |                         ^^^^^^^^^^^^
[INFO] [stderr]    |
[INFO] [stderr] help: consider removing the workspace dependency `kimchi-nostd`
[INFO] [stderr] warning: unused workspace dependency `parity-scale-codec`
[INFO] [stderr]   --> Cargo.toml:29:25
[INFO] [stderr]    |
[INFO] [stderr] 29 | [workspace.dependencies.parity-scale-codec]
[INFO] [stderr]    |                         ^^^^^^^^^^^^^^^^^^
[INFO] [stderr]    |
[INFO] [stderr] help: consider removing the workspace dependency `parity-scale-codec`
[INFO] [stderr] warning: unused workspace dependency `scale-info`
[INFO] [stderr]   --> Cargo.toml:34:25
[INFO] [stderr]    |
[INFO] [stderr] 34 | [workspace.dependencies.scale-info]
[INFO] [stderr]    |                         ^^^^^^^^^^
[INFO] [stderr]    |
[INFO] [stderr] help: consider removing the workspace dependency `scale-info`
[INFO] [stderr] warning: unused workspace dependency `serde`
[INFO] [stderr]   --> Cargo.toml:39:25
[INFO] [stderr]    |
[INFO] [stderr] 39 | [workspace.dependencies.serde]
[INFO] [stderr]    |                         ^^^^^
[INFO] [stderr]    |
[INFO] [stderr] help: consider removing the workspace dependency `serde`
[INFO] [stderr] warning: unused field `authors` in `workspace.package`
[INFO] [stderr]   --> Cargo.toml:45:1
[INFO] [stderr]    |
[INFO] [stderr] 45 | authors = ["Your Name <your.email@example.com>"]
[INFO] [stderr]    | ^^^^^^^
[INFO] [stderr]    |
[INFO] [stderr]    = note: `cargo::unused_workspace_package_fields` is set to `warn` by default
[INFO] [stderr] help: consider removing the field `workspace.package.authors`
[INFO] [stderr] warning: unused field `edition` in `workspace.package`
[INFO] [stderr]   --> Cargo.toml:46:1
[INFO] [stderr]    |
[INFO] [stderr] 46 | edition = "2021"
[INFO] [stderr]    | ^^^^^^^
[INFO] [stderr]    |
[INFO] [stderr] help: consider removing the field `workspace.package.edition`
[INFO] [stderr] warning: unused field `homepage` in `workspace.package`
[INFO] [stderr]   --> Cargo.toml:47:1
[INFO] [stderr]    |
[INFO] [stderr] 47 | homepage = "https://github.com/yourusername/kimchi-verifier-system"
[INFO] [stderr]    | ^^^^^^^^
[INFO] [stderr]    |
[INFO] [stderr] help: consider removing the field `workspace.package.homepage`
[INFO] [stderr] warning: unused field `license` in `workspace.package`
[INFO] [stderr]   --> Cargo.toml:48:1
[INFO] [stderr]    |
[INFO] [stderr] 48 | license = "Apache-2.0"
[INFO] [stderr]    | ^^^^^^^
[INFO] [stderr]    |
[INFO] [stderr] help: consider removing the field `workspace.package.license`
[INFO] [stderr] warning: unused field `repository` in `workspace.package`
[INFO] [stderr]   --> Cargo.toml:49:1
[INFO] [stderr]    |
[INFO] [stderr] 49 | repository = "https://github.com/yourusername/kimchi-verifier-system"
[INFO] [stderr]    | ^^^^^^^^^^
[INFO] [stderr]    |
[INFO] [stderr] help: consider removing the field `workspace.package.repository`
[INFO] [stderr] warning: unused field `version` in `workspace.package`
[INFO] [stderr]   --> Cargo.toml:50:1
[INFO] [stderr]    |
[INFO] [stderr] 50 | version = "0.1.0"
[INFO] [stderr]    | ^^^^^^^
[INFO] [stderr]    |
[INFO] [stderr] help: consider removing the field `workspace.package.version`
[INFO] [stderr] warning: workspace (manifest) generated 15 warnings
[INFO] [stderr]     Blocking waiting for file lock on package cache
[INFO] [stderr]     Blocking waiting for file lock on package cache
[INFO] running `Command { std: "docker" "create" "-v" "/var/lib/crater-agent-workspace/builds/worker-0-tc2/source:/opt/rustwide/workdir:ro,Z" "-v" "/var/lib/crater-agent-workspace/builds/worker-0-tc2/target:/opt/rustwide/target:rw,Z" "-v" "/var/lib/crater-agent-workspace/cargo-home:/opt/rustwide/cargo-home:ro,Z" "-v" "/var/lib/crater-agent-workspace/rustup-home:/opt/rustwide/rustup-home:ro,Z" "-m" "1610612736" "--network" "none" "ghcr.io/rust-lang/crates-build-env/linux@sha256:77db811e55d90add9212f6832c23229e3de5f1c1f9905e8cb07319ea15df73ac" "sleep" "infinity", kill_on_drop: false }`
[INFO] [stdout] 036c0605af4b49785e4ed246f39d91243b498246314a559a2527d57728e98c85
[INFO] running `Command { std: "docker" "start" "036c0605af4b49785e4ed246f39d91243b498246314a559a2527d57728e98c85", kill_on_drop: false }`
[INFO] running `Command { std: "docker" "inspect" "036c0605af4b49785e4ed246f39d91243b498246314a559a2527d57728e98c85", kill_on_drop: false }`
[INFO] running `Command { std: "docker" "exec" "-e" "SOURCE_DIR=/opt/rustwide/workdir" "-e" "CARGO_HOME=/opt/rustwide/cargo-home" "-e" "RUSTUP_HOME=/opt/rustwide/rustup-home" "-e" "CARGO_TARGET_DIR=/opt/rustwide/target" "-w" "/opt/rustwide/workdir" "--user" "0:0" "036c0605af4b49785e4ed246f39d91243b498246314a559a2527d57728e98c85" "/opt/rustwide/cargo-home/bin/cargo" "+1.100.0-beta.1" "metadata" "--no-deps" "--format-version=1", kill_on_drop: false }`
[INFO] running `Command { std: "docker" "inspect" "036c0605af4b49785e4ed246f39d91243b498246314a559a2527d57728e98c85", kill_on_drop: false }`
[INFO] running `Command { std: "docker" "exec" "-e" "SOURCE_DIR=/opt/rustwide/workdir" "-e" "CARGO_HOME=/opt/rustwide/cargo-home" "-e" "RUSTUP_HOME=/opt/rustwide/rustup-home" "-e" "CARGO_TARGET_DIR=/opt/rustwide/target" "-e" "CARGO_INCREMENTAL=0" "-e" "RUST_BACKTRACE=full" "-e" "RUSTFLAGS=--cap-lints=warn" "-e" "RUSTDOCFLAGS=--cap-lints=warn" "-w" "/opt/rustwide/workdir" "--user" "0:0" "036c0605af4b49785e4ed246f39d91243b498246314a559a2527d57728e98c85" "/opt/rustwide/cargo-home/bin/cargo" "+1.100.0-beta.1" "doc" "--frozen" "--no-deps" "--document-private-items" "--message-format=json", kill_on_drop: false }`
[INFO] [stderr] warning: unused workspace dependency `ark-ec`
[INFO] [stderr]  --> Cargo.toml:5:25
[INFO] [stderr]   |
[INFO] [stderr] 5 | [workspace.dependencies.ark-ec]
[INFO] [stderr]   |                         ^^^^^^
[INFO] [stderr]   |
[INFO] [stderr]   = note: `cargo::unused_workspace_dependencies` is set to `warn` by default
[INFO] [stderr] help: consider removing the workspace dependency `ark-ec`
[INFO] [stderr] warning: unused workspace dependency `ark-ff`
[INFO] [stderr]  --> Cargo.toml:9:25
[INFO] [stderr]   |
[INFO] [stderr] 9 | [workspace.dependencies.ark-ff]
[INFO] [stderr]   |                         ^^^^^^
[INFO] [stderr]   |
[INFO] [stderr] help: consider removing the workspace dependency `ark-ff`
[INFO] [stderr] warning: unused workspace dependency `ark-poly`
[INFO] [stderr]   --> Cargo.toml:13:25
[INFO] [stderr]    |
[INFO] [stderr] 13 | [workspace.dependencies.ark-poly]
[INFO] [stderr]    |                         ^^^^^^^^
[INFO] [stderr]    |
[INFO] [stderr] help: consider removing the workspace dependency `ark-poly`
[INFO] [stderr] warning: unused workspace dependency `ark-serialize`
[INFO] [stderr]   --> Cargo.toml:17:25
[INFO] [stderr]    |
[INFO] [stderr] 17 | [workspace.dependencies.ark-serialize]
[INFO] [stderr]    |                         ^^^^^^^^^^^^^
[INFO] [stderr]    |
[INFO] [stderr] help: consider removing the workspace dependency `ark-serialize`
[INFO] [stderr] warning: unused workspace dependency `ark-std`
[INFO] [stderr]   --> Cargo.toml:21:25
[INFO] [stderr]    |
[INFO] [stderr] 21 | [workspace.dependencies.ark-std]
[INFO] [stderr]    |                         ^^^^^^^
[INFO] [stderr]    |
[INFO] [stderr] help: consider removing the workspace dependency `ark-std`
[INFO] [stderr] warning: unused workspace dependency `kimchi-nostd`
[INFO] [stderr]   --> Cargo.toml:25:25
[INFO] [stderr]    |
[INFO] [stderr] 25 | [workspace.dependencies.kimchi-nostd]
[INFO] [stderr]    |                         ^^^^^^^^^^^^
[INFO] [stderr]    |
[INFO] [stderr] help: consider removing the workspace dependency `kimchi-nostd`
[INFO] [stderr] warning: unused workspace dependency `parity-scale-codec`
[INFO] [stderr]   --> Cargo.toml:29:25
[INFO] [stderr]    |
[INFO] [stderr] 29 | [workspace.dependencies.parity-scale-codec]
[INFO] [stderr]    |                         ^^^^^^^^^^^^^^^^^^
[INFO] [stderr]    |
[INFO] [stderr] help: consider removing the workspace dependency `parity-scale-codec`
[INFO] [stderr] warning: unused workspace dependency `scale-info`
[INFO] [stderr]   --> Cargo.toml:34:25
[INFO] [stderr]    |
[INFO] [stderr] 34 | [workspace.dependencies.scale-info]
[INFO] [stderr]    |                         ^^^^^^^^^^
[INFO] [stderr]    |
[INFO] [stderr] help: consider removing the workspace dependency `scale-info`
[INFO] [stderr] warning: unused workspace dependency `serde`
[INFO] [stderr]   --> Cargo.toml:39:25
[INFO] [stderr]    |
[INFO] [stderr] 39 | [workspace.dependencies.serde]
[INFO] [stderr]    |                         ^^^^^
[INFO] [stderr]    |
[INFO] [stderr] help: consider removing the workspace dependency `serde`
[INFO] [stderr] warning: unused field `authors` in `workspace.package`
[INFO] [stderr]   --> Cargo.toml:45:1
[INFO] [stderr]    |
[INFO] [stderr] 45 | authors = ["Your Name <your.email@example.com>"]
[INFO] [stderr]    | ^^^^^^^
[INFO] [stderr]    |
[INFO] [stderr]    = note: `cargo::unused_workspace_package_fields` is set to `warn` by default
[INFO] [stderr] help: consider removing the field `workspace.package.authors`
[INFO] [stderr] warning: unused field `edition` in `workspace.package`
[INFO] [stderr]   --> Cargo.toml:46:1
[INFO] [stderr]    |
[INFO] [stderr] 46 | edition = "2021"
[INFO] [stderr]    | ^^^^^^^
[INFO] [stderr]    |
[INFO] [stderr] help: consider removing the field `workspace.package.edition`
[INFO] [stderr] warning: unused field `homepage` in `workspace.package`
[INFO] [stderr]   --> Cargo.toml:47:1
[INFO] [stderr]    |
[INFO] [stderr] 47 | homepage = "https://github.com/yourusername/kimchi-verifier-system"
[INFO] [stderr]    | ^^^^^^^^
[INFO] [stderr]    |
[INFO] [stderr] help: consider removing the field `workspace.package.homepage`
[INFO] [stderr] warning: unused field `license` in `workspace.package`
[INFO] [stderr]   --> Cargo.toml:48:1
[INFO] [stderr]    |
[INFO] [stderr] 48 | license = "Apache-2.0"
[INFO] [stderr]    | ^^^^^^^
[INFO] [stderr]    |
[INFO] [stderr] help: consider removing the field `workspace.package.license`
[INFO] [stderr] warning: unused field `repository` in `workspace.package`
[INFO] [stderr]   --> Cargo.toml:49:1
[INFO] [stderr]    |
[INFO] [stderr] 49 | repository = "https://github.com/yourusername/kimchi-verifier-system"
[INFO] [stderr]    | ^^^^^^^^^^
[INFO] [stderr]    |
[INFO] [stderr] help: consider removing the field `workspace.package.repository`
[INFO] [stderr] warning: unused field `version` in `workspace.package`
[INFO] [stderr]   --> Cargo.toml:50:1
[INFO] [stderr]    |
[INFO] [stderr] 50 | version = "0.1.0"
[INFO] [stderr]    | ^^^^^^^
[INFO] [stderr]    |
[INFO] [stderr] help: consider removing the field `workspace.package.version`
[INFO] [stderr] warning: workspace (manifest) generated 15 warnings
[INFO] [stderr]    Compiling proc-macro2 v1.0.101
[INFO] [stderr]    Compiling unicode-ident v1.0.18
[INFO] [stderr]    Compiling version_check v0.9.5
[INFO] [stderr]     Checking cfg-if v1.0.3
[INFO] [stderr]    Compiling typenum v1.18.0
[INFO] [stderr]    Compiling libc v0.2.175
[INFO] [stderr]    Compiling autocfg v1.5.0
[INFO] [stderr]     Checking subtle v2.4.1
[INFO] [stderr]    Compiling serde v1.0.219
[INFO] [stderr]    Compiling zerocopy v0.8.26
[INFO] [stderr]     Checking once_cell v1.21.3
[INFO] [stderr]     Checking const-oid v0.9.6
[INFO] [stderr]    Compiling hashbrown v0.15.5
[INFO] [stderr]    Compiling equivalent v1.0.2
[INFO] [stderr]    Compiling toml_datetime v0.6.11
[INFO] [stderr]     Checking stable_deref_trait v1.2.0
[INFO] [stderr]    Compiling rustversion v1.0.22
[INFO] [stderr]    Compiling unicode-xid v0.2.6
[INFO] [stderr]     Checking memchr v2.7.5
[INFO] [stderr]     Checking arrayvec v0.7.6
[INFO] [stderr]    Compiling winnow v0.7.13
[INFO] [stderr]     Checking smallvec v1.15.1
[INFO] [stderr]    Compiling getrandom v0.3.3
[INFO] [stderr]    Compiling crunchy v0.2.4
[INFO] [stderr]     Checking byteorder v1.5.0
[INFO] [stderr]    Compiling generic-array v0.14.7
[INFO] [stderr]    Compiling ahash v0.8.12
[INFO] [stderr]    Compiling num-traits v0.2.19
[INFO] [stderr]    Compiling ahash v0.7.8
[INFO] [stderr]     Checking writeable v0.6.1
[INFO] [stderr]    Compiling shlex v1.3.0
[INFO] [stderr]     Checking litemap v0.8.0
[INFO] [stderr]    Compiling find-msvc-tools v0.1.1
[INFO] [stderr]    Compiling icu_properties_data v2.0.1
[INFO] [stderr]    Compiling icu_normalizer_data v2.0.0
[INFO] [stderr]    Compiling indexmap v1.9.3
[INFO] [stderr]     Checking cpufeatures v0.2.17
[INFO] [stderr]     Checking byte-slice-cast v1.2.3
[INFO] [stderr]    Compiling cc v1.2.36
[INFO] [stderr]     Checking bytes v1.10.1
[INFO] [stderr]    Compiling paste v1.0.15
[INFO] [stderr]    Compiling indexmap v2.11.0
[INFO] [stderr]    Compiling parity-scale-codec v3.7.5
[INFO] [stderr]    Compiling quote v1.0.40
[INFO] [stderr]     Checking log v0.4.28
[INFO] [stderr]    Compiling regex-syntax v0.8.6
[INFO] [stderr]     Checking utf8_iter v1.0.4
[INFO] [stderr]    Compiling syn v2.0.106
[INFO] [stderr]    Compiling thiserror v1.0.69
[INFO] [stderr]     Checking percent-encoding v2.3.2
[INFO] [stderr]    Compiling anyhow v1.0.99
[INFO] [stderr]    Compiling crc32fast v1.5.0
[INFO] [stderr]    Compiling rustix v1.0.8
[INFO] [stderr]    Compiling aho-corasick v1.1.3
[INFO] [stderr]     Checking form_urlencoded v1.2.2
[INFO] [stderr]    Compiling const_format_proc_macros v0.2.34
[INFO] [stderr]     Checking fallible-iterator v0.2.0
[INFO] [stderr]    Compiling lazy_static v1.5.0
[INFO] [stderr]    Compiling semver v1.0.26
[INFO] [stderr]    Compiling target-lexicon v0.12.16
[INFO] [stderr]    Compiling memoffset v0.8.0
[INFO] [stderr]     Checking linux-raw-sys v0.9.4
[INFO] [stderr]     Checking sp-std v8.0.0 (https://github.com/paritytech/substrate.git?branch=polkadot-v1.0.0#948fbd2f)
[INFO] [stderr]     Checking bitflags v2.9.4
[INFO] [stderr]    Compiling rustix v0.36.17
[INFO] [stderr]     Checking pin-project-lite v0.2.16
[INFO] [stderr]    Compiling winnow v0.5.40
[INFO] [stderr]     Checking keccak v0.1.5
[INFO] [stderr]    Compiling digest v0.9.0
[INFO] [stderr]     Checking tracing-core v0.1.34
[INFO] [stderr]    Compiling wasmtime-runtime v8.0.1
[INFO] [stderr]    Compiling cpp_demangle v0.3.5
[INFO] [stderr]     Checking arrayref v0.3.9
[INFO] [stderr]     Checking linux-raw-sys v0.1.4
[INFO] [stderr]     Checking getrandom v0.2.16
[INFO] [stderr]     Checking getrandom v0.1.16
[INFO] [stderr]     Checking rand_core v0.6.4
[INFO] [stderr]     Checking io-lifetimes v1.0.11
[INFO] [stderr]     Checking itoa v1.0.15
[INFO] [stderr]     Checking const_format v0.2.34
[INFO] [stderr]     Checking rand_core v0.5.1
[INFO] [stderr]     Checking rustc-demangle v0.1.26
[INFO] [stderr]     Checking hashbrown v0.12.3
[INFO] [stderr]    Compiling syn v1.0.109
[INFO] [stderr]    Compiling regex-automata v0.4.10
[INFO] [stderr]    Compiling rustc_version v0.4.1
[INFO] [stderr]    Compiling psm v0.1.26
[INFO] [stderr]     Checking ppv-lite86 v0.2.21
[INFO] [stderr]    Compiling libsecp256k1-core v0.3.0
[INFO] [stderr]     Checking generic-array v0.12.4
[INFO] [stderr]     Checking wasmtime-jit-debug v8.0.1
[INFO] [stderr]    Compiling toml_edit v0.22.27
[INFO] [stderr]     Checking hashbrown v0.13.2
[INFO] [stderr]     Checking rand_chacha v0.3.1
[INFO] [stderr]     Checking wasmtime-asm-macros v8.0.1
[INFO] [stderr]    Compiling serde_json v1.0.143
[INFO] [stderr]     Checking opaque-debug v0.3.1
[INFO] [stderr]    Compiling ref-cast v1.0.24
[INFO] [stderr]     Checking rand v0.8.5
[INFO] [stderr]     Checking regex-automata v0.1.10
[INFO] [stderr]    Compiling curve25519-dalek v4.1.3
[INFO] [stderr]     Checking wasmtime-jit-icache-coherence v8.0.1
[INFO] [stderr]     Checking ryu v1.0.20
[INFO] [stderr]     Checking byte-tools v0.3.1
[INFO] [stderr]     Checking hex v0.4.3
[INFO] [stderr]     Checking rustc-hex v2.1.0
[INFO] [stderr]     Checking iana-time-zone v0.1.63
[INFO] [stderr]     Checking futures-core v0.3.31
[INFO] [stderr]     Checking futures-sink v0.3.31
[INFO] [stderr]    Compiling wasmtime v8.0.1
[INFO] [stderr]     Checking chrono v0.4.41
[INFO] [stderr]     Checking futures-channel v0.3.31
[INFO] [stderr]     Checking block-padding v0.1.5
[INFO] [stderr]     Checking sharded-slab v0.1.7
[INFO] [stderr]     Checking digest v0.8.1
[INFO] [stderr]    Compiling libsecp256k1-gen-ecmult v0.3.0
[INFO] [stderr]    Compiling libsecp256k1-gen-genmult v0.3.0
[INFO] [stderr]     Checking matchers v0.0.1
[INFO] [stderr]     Checking tracing-log v0.1.4
[INFO] [stderr]    Compiling secp256k1-sys v0.6.1
[INFO] [stderr]    Compiling lock_api v0.4.13
[INFO] [stderr]     Checking thread_local v1.1.9
[INFO] [stderr]     Checking futures-io v0.3.31
[INFO] [stderr]     Checking hash-db v0.16.0
[INFO] [stderr]     Checking ansi_term v0.12.1
[INFO] [stderr]     Checking slab v0.4.11
[INFO] [stderr]    Compiling parking_lot_core v0.9.11
[INFO] [stderr]     Checking futures-task v0.3.31
[INFO] [stderr]     Checking tinyvec v1.10.0
[INFO] [stderr]    Compiling libsecp256k1 v0.7.2
[INFO] [stderr]     Checking block-buffer v0.7.3
[INFO] [stderr]     Checking uint v0.9.5
[INFO] [stderr]     Checking memfd v0.6.5
[INFO] [stderr]     Checking fixed-hash v0.8.0
[INFO] [stderr]     Checking rand_chacha v0.2.2
[INFO] [stderr]    Compiling proc-macro-crate v3.3.0
[INFO] [stderr]     Checking getrandom_or_panic v0.0.3
[INFO] [stderr]     Checking num_cpus v1.17.0
[INFO] [stderr]    Compiling toml_edit v0.19.15
[INFO] [stderr]     Checking environmental v1.1.4
[INFO] [stderr]     Checking fake-simd v0.1.2
[INFO] [stderr]     Checking constant_time_eq v0.3.1
[INFO] [stderr]     Checking opaque-debug v0.2.3
[INFO] [stderr]     Checking rand v0.7.3
[INFO] [stderr]     Checking unicode-normalization v0.1.24
[INFO] [stderr]     Checking blake2b_simd v1.0.3
[INFO] [stderr]     Checking sha2 v0.8.2
[INFO] [stderr]     Checking num-format v0.4.4
[INFO] [stderr]     Checking base64 v0.22.1
[INFO] [stderr]     Checking dyn-clone v1.0.20
[INFO] [stderr]     Checking rustc-hash v1.1.0
[INFO] [stderr]     Checking arrayvec v0.5.2
[INFO] [stderr]     Checking parking_lot v0.12.4
[INFO] [stderr]     Checking hash256-std-hasher v0.15.2
[INFO] [stderr]    Compiling crypto-common v0.1.6
[INFO] [stderr]    Compiling block-buffer v0.10.4
[INFO] [stderr]    Compiling object v0.36.7
[INFO] [stderr]     Checking array-bytes v6.2.3
[INFO] [stderr]     Checking bs58 v0.4.0
[INFO] [stderr]    Compiling digest v0.10.7
[INFO] [stderr]     Checking either v1.15.0
[INFO] [stderr]     Checking gimli v0.31.1
[INFO] [stderr]     Checking adler2 v2.0.1
[INFO] [stderr]     Checking trie-root v0.18.0
[INFO] [stderr]     Checking memory-db v0.32.0
[INFO] [stderr]     Checking trie-db v0.27.1
[INFO] [stderr]     Checking miniz_oxide v0.8.9
[INFO] [stderr]    Compiling regex v1.11.2
[INFO] [stderr]     Checking schnellru v0.2.4
[INFO] [stderr]     Checking signature v1.6.4
[INFO] [stderr]     Checking nohash-hasher v0.2.0
[INFO] [stderr]    Compiling tiny-keccak v2.0.2
[INFO] [stderr]     Checking ed25519 v1.5.3
[INFO] [stderr]    Compiling sp-io v23.0.0 (https://github.com/paritytech/substrate.git?branch=polkadot-v1.0.0#948fbd2f)
[INFO] [stdout] error[E0277]: a value of type `!` cannot be built from an iterator over elements of type `()`
[INFO] [stdout]    --> /opt/rustwide/cargo-home/registry/src/index.crates.io-1949cf8c6b5b557f/trie-db-0.27.1/src/node.rs:222:17
[INFO] [stdout]     |
[INFO] [stdout] 222 |                     .collect::<Result<_, _, _>>()?;
[INFO] [stdout]     |                      -------   ^^^^^^^^^^^^^^^ value of type `!` cannot be built from `std::iter::Iterator<Item=()>`
[INFO] [stdout]     |                      |
[INFO] [stdout]     |                      required by a bound introduced by this call
[INFO] [stdout]     |
[INFO] [stdout]     = help: the trait `FromIterator<()>` is not implemented for `!`
[INFO] [stdout] help: the trait `FromIterator<std::result::Result<T, E>>` is conditionally implemented for `std::result::Result<V, E>`
[INFO] [stdout]    --> /rustc/e3feeb59cd1bdd011a2bfcc0747b55125d9b8527/library/core/src/result.rs:2114:14
[INFO] [stdout]     |
[INFO] [stdout]     = note: unsatisfied requirement introduced here: `!: FromIterator<()>`
[INFO] [stdout]     = note: this error might have been caused by changes to Rust's type-inference algorithm (see issue #148922 <https://github.com/rust-lang/rust/issues/148922> for more information)
[INFO] [stdout]     = help: you might have intended to use the type `()` here instead
[INFO] [stdout]     = note: required for `Result<!, Box<TrieError<<<L as TrieLayout>::Hash as Hasher>::Out, _>>>` to implement `FromIterator<Result<(), Box<TrieError<<_ as Hasher>::Out, _>>>>`
[INFO] [stdout] note: required by a bound in `collect`
[INFO] [stdout]    --> /rustc/e3feeb59cd1bdd011a2bfcc0747b55125d9b8527/library/core/src/iter/traits/iterator.rs:2087:4
[INFO] [stdout]     = note: the full name for the type has been written to '/opt/rustwide/target/debug/build/trie-db/a1e6f282be407e8f/out/trie_db-a1e6f282be407e8f.long-type-5954107349278863604.txt'
[INFO] [stdout]     = note: consider using `--verbose` to print the full type name to the console
[INFO] [stdout] 
[INFO] [stdout] 
[INFO] [stdout] error[E0277]: a value of type `!` cannot be built from an iterator over elements of type `()`
[INFO] [stdout]    --> /opt/rustwide/cargo-home/registry/src/index.crates.io-1949cf8c6b5b557f/trie-db-0.27.1/src/node.rs:236:17
[INFO] [stdout]     |
[INFO] [stdout] 236 |                     .collect::<Result<_, _, _>>()?;
[INFO] [stdout]     |                      -------   ^^^^^^^^^^^^^^^ value of type `!` cannot be built from `std::iter::Iterator<Item=()>`
[INFO] [stdout]     |                      |
[INFO] [stdout]     |                      required by a bound introduced by this call
[INFO] [stdout]     |
[INFO] [stdout]     = help: the trait `FromIterator<()>` is not implemented for `!`
[INFO] [stdout] help: the trait `FromIterator<std::result::Result<T, E>>` is conditionally implemented for `std::result::Result<V, E>`
[INFO] [stdout]    --> /rustc/e3feeb59cd1bdd011a2bfcc0747b55125d9b8527/library/core/src/result.rs:2114:14
[INFO] [stdout]     |
[INFO] [stdout]     = note: unsatisfied requirement introduced here: `!: FromIterator<()>`
[INFO] [stdout]     = note: this error might have been caused by changes to Rust's type-inference algorithm (see issue #148922 <https://github.com/rust-lang/rust/issues/148922> for more information)
[INFO] [stdout]     = help: you might have intended to use the type `()` here instead
[INFO] [stdout]     = note: required for `Result<!, Box<TrieError<<<L as TrieLayout>::Hash as Hasher>::Out, _>>>` to implement `FromIterator<Result<(), Box<TrieError<<_ as Hasher>::Out, _>>>>`
[INFO] [stdout] note: required by a bound in `collect`
[INFO] [stdout]    --> /rustc/e3feeb59cd1bdd011a2bfcc0747b55125d9b8527/library/core/src/iter/traits/iterator.rs:2087:4
[INFO] [stdout]     = note: the full name for the type has been written to '/opt/rustwide/target/debug/build/trie-db/a1e6f282be407e8f/out/trie_db-a1e6f282be407e8f.long-type-5954107349278863604.txt'
[INFO] [stdout]     = note: consider using `--verbose` to print the full type name to the console
[INFO] [stdout] 
[INFO] [stdout] 
[INFO] [stderr]     Checking integer-sqrt v0.1.5
[INFO] [stderr]    Compiling prettyplease v0.2.37
[INFO] [stderr]    Compiling fs-err v2.11.0
[INFO] [stderr]     Checking num-integer v0.1.46
[INFO] [stderr]    Compiling synstructure v0.13.2
[INFO] [stderr]    Compiling Inflector v0.11.4
[INFO] [stderr]    Compiling static_assertions v1.1.0
[INFO] [stderr]    Compiling expander v2.2.1
[INFO] [stderr]    Compiling const-random-macro v0.1.16
[INFO] [stderr]    Compiling twox-hash v1.6.3
[INFO] [stderr]    Compiling sha2 v0.10.9
[INFO] [stderr] error: could not compile `syn` (lib)
[INFO] [stderr] 
[INFO] [stderr] Caused by:
[INFO] [stderr]   process didn't exit successfully: `/opt/rustwide/rustup-home/toolchains/1.100.0-beta.1-x86_64-unknown-linux-gnu/bin/rustc --crate-name syn --edition=2021 /opt/rustwide/cargo-home/registry/src/index.crates.io-1949cf8c6b5b557f/syn-2.0.106/src/lib.rs --error-format=json --json=diagnostic-rendered-ansi,artifacts,future-incompat,unused-externs-silent --crate-type lib --emit=dep-info,metadata,link -C embed-bitcode=no --cfg 'feature="clone-impls"' --cfg 'feature="default"' --cfg 'feature="derive"' --cfg 'feature="extra-traits"' --cfg 'feature="fold"' --cfg 'feature="full"' --cfg 'feature="parsing"' --cfg 'feature="printing"' --cfg 'feature="proc-macro"' --cfg 'feature="visit"' --cfg 'feature="visit-mut"' --check-cfg 'cfg(docsrs,test)' --check-cfg 'cfg(feature, values("clone-impls", "default", "derive", "extra-traits", "fold", "full", "parsing", "printing", "proc-macro", "test", "visit", "visit-mut"))' -C metadata=33862782f7c946a4 -C extra-filename=-930701fb02567e55 --out-dir /opt/rustwide/target/debug/build/syn/930701fb02567e55/out -L dependency=/opt/rustwide/target/debug/build/proc-macro2/e8ac22581781a2ca/out -L dependency=/opt/rustwide/target/debug/build/unicode-ident/958b805d9ab3f4fe/out --extern proc_macro2=/opt/rustwide/target/debug/build/proc-macro2/e8ac22581781a2ca/out/libproc_macro2-e8ac22581781a2ca.rmeta --extern quote=/opt/rustwide/target/debug/build/quote/42e4a27fb5d60bdc/out/libquote-42e4a27fb5d60bdc.rmeta --extern unicode_ident=/opt/rustwide/target/debug/build/unicode-ident/958b805d9ab3f4fe/out/libunicode_ident-958b805d9ab3f4fe.rmeta --cap-lints allow --cap-lints=warn --force-warn=unused_crate_dependencies` (signal: 9, SIGKILL: kill)
[INFO] [stderr] warning: build failed, waiting for other jobs to finish...
[INFO] [stdout] For more information about this error, try `rustc --explain E0277`.
[INFO] [stdout] 
[INFO] [stderr] error: could not compile `trie-db` (lib) due to 2 previous errors
[INFO] running `Command { std: "docker" "inspect" "036c0605af4b49785e4ed246f39d91243b498246314a559a2527d57728e98c85", kill_on_drop: false }`
[INFO] running `Command { std: "docker" "rm" "-f" "036c0605af4b49785e4ed246f39d91243b498246314a559a2527d57728e98c85", kill_on_drop: false }`
[INFO] [stdout] 036c0605af4b49785e4ed246f39d91243b498246314a559a2527d57728e98c85
