[INFO] cloning repository https://github.com/pplanel/drash
[INFO] running `Command { std: "git" "-c" "credential.helper=" "-c" "credential.helper=/workspace/cargo-home/bin/git-credential-null" "clone" "--bare" "https://github.com/pplanel/drash" "/workspace/cache/git-repos/https%3A%2F%2Fgithub.com%2Fpplanel%2Fdrash", kill_on_drop: false }`
[INFO] [stderr] Cloning into bare repository '/workspace/cache/git-repos/https%3A%2F%2Fgithub.com%2Fpplanel%2Fdrash'...
[INFO] running `Command { std: "git" "rev-parse" "HEAD", kill_on_drop: false }`
[INFO] [stdout] 421e27eb6a8fba5c6df2212b86c137c7fa287c30
[INFO] documenting pplanel/drash against 1.100.0-beta.1 for beta-rustdoc-1.100-2
[INFO] running `Command { std: "git" "clone" "/workspace/cache/git-repos/https%3A%2F%2Fgithub.com%2Fpplanel%2Fdrash" "/workspace/builds/worker-1-tc2/source", kill_on_drop: false }`
[INFO] [stderr] Cloning into '/workspace/builds/worker-1-tc2/source'...
[INFO] [stderr] done.
[INFO] started tweaking git repo https://github.com/pplanel/drash
[INFO] finished tweaking git repo https://github.com/pplanel/drash
[INFO] tweaked toml for git repo https://github.com/pplanel/drash written to /workspace/builds/worker-1-tc2/source/Cargo.toml
[INFO] validating manifest of git repo https://github.com/pplanel/drash on toolchain 1.100.0-beta.1
[INFO] running `Command { std: CARGO_HOME="/workspace/cargo-home" RUSTUP_HOME="/workspace/rustup-home" "/workspace/cargo-home/bin/cargo" "+1.100.0-beta.1" "metadata" "--manifest-path" "Cargo.toml" "--no-deps", kill_on_drop: false }`
[INFO] crate git repo https://github.com/pplanel/drash already has a lockfile, it will not be regenerated
[INFO] running `Command { std: CARGO_HOME="/workspace/cargo-home" RUSTUP_HOME="/workspace/rustup-home" "/workspace/cargo-home/bin/cargo" "+1.100.0-beta.1" "fetch" "--manifest-path" "Cargo.toml", kill_on_drop: false }`
[INFO] running `Command { std: "docker" "create" "-v" "/var/lib/crater-agent-workspace/builds/worker-1-tc2/source:/opt/rustwide/workdir:ro,Z" "-v" "/var/lib/crater-agent-workspace/builds/worker-1-tc2/target:/opt/rustwide/target:rw,Z" "-v" "/var/lib/crater-agent-workspace/cargo-home:/opt/rustwide/cargo-home:ro,Z" "-v" "/var/lib/crater-agent-workspace/rustup-home:/opt/rustwide/rustup-home:ro,Z" "-m" "1610612736" "--network" "none" "ghcr.io/rust-lang/crates-build-env/linux@sha256:77db811e55d90add9212f6832c23229e3de5f1c1f9905e8cb07319ea15df73ac" "sleep" "infinity", kill_on_drop: false }`
[INFO] [stdout] 9a46415221523ce919dc850b0a85f82471a78a8aa1f3362c8e7b86895bac9f6f
[INFO] running `Command { std: "docker" "start" "9a46415221523ce919dc850b0a85f82471a78a8aa1f3362c8e7b86895bac9f6f", kill_on_drop: false }`
[INFO] running `Command { std: "docker" "inspect" "9a46415221523ce919dc850b0a85f82471a78a8aa1f3362c8e7b86895bac9f6f", kill_on_drop: false }`
[INFO] running `Command { std: "docker" "exec" "-e" "SOURCE_DIR=/opt/rustwide/workdir" "-e" "CARGO_HOME=/opt/rustwide/cargo-home" "-e" "RUSTUP_HOME=/opt/rustwide/rustup-home" "-e" "CARGO_TARGET_DIR=/opt/rustwide/target" "-w" "/opt/rustwide/workdir" "--user" "0:0" "9a46415221523ce919dc850b0a85f82471a78a8aa1f3362c8e7b86895bac9f6f" "/opt/rustwide/cargo-home/bin/cargo" "+1.100.0-beta.1" "metadata" "--no-deps" "--format-version=1", kill_on_drop: false }`
[INFO] running `Command { std: "docker" "inspect" "9a46415221523ce919dc850b0a85f82471a78a8aa1f3362c8e7b86895bac9f6f", kill_on_drop: false }`
[INFO] running `Command { std: "docker" "exec" "-e" "SOURCE_DIR=/opt/rustwide/workdir" "-e" "CARGO_HOME=/opt/rustwide/cargo-home" "-e" "RUSTUP_HOME=/opt/rustwide/rustup-home" "-e" "CARGO_TARGET_DIR=/opt/rustwide/target" "-e" "CARGO_INCREMENTAL=0" "-e" "RUST_BACKTRACE=full" "-e" "RUSTFLAGS=--cap-lints=warn" "-e" "RUSTDOCFLAGS=--cap-lints=warn" "-w" "/opt/rustwide/workdir" "--user" "0:0" "9a46415221523ce919dc850b0a85f82471a78a8aa1f3362c8e7b86895bac9f6f" "/opt/rustwide/cargo-home/bin/cargo" "+1.100.0-beta.1" "doc" "--frozen" "--no-deps" "--document-private-items" "--message-format=json", kill_on_drop: false }`
[INFO] [stderr]    Compiling libm v0.2.8
[INFO] [stderr]    Compiling num-traits v0.2.19
[INFO] [stderr]    Compiling crossbeam-utils v0.8.20
[INFO] [stderr]     Checking bytemuck v1.16.1
[INFO] [stderr]    Compiling rayon-core v1.12.1
[INFO] [stderr]     Checking either v1.13.0
[INFO] [stderr]    Compiling thiserror v1.0.61
[INFO] [stderr]    Compiling anyhow v1.0.86
[INFO] [stderr]    Compiling built v0.7.3
[INFO] [stderr]     Checking miniz_oxide v0.7.4
[INFO] [stderr]     Checking memchr v2.7.4
[INFO] [stderr]     Checking aligned-vec v0.5.0
[INFO] [stderr]    Compiling quote v1.0.36
[INFO] [stderr]     Checking spin v0.9.8
[INFO] [stderr]    Compiling matrixmultiply v0.3.8
[INFO] [stderr]     Checking bitstream-io v2.4.2
[INFO] [stderr]     Checking itertools v0.12.1
[INFO] [stderr]     Checking imgref v1.10.1
[INFO] [stderr]     Checking weezl v0.1.8
[INFO] [stderr]    Compiling syn v2.0.68
[INFO] [stderr]     Checking safe_arch v0.7.2
[INFO] [stderr]    Compiling simd_helpers v0.1.0
[INFO] [stderr]     Checking rgb v0.8.40
[INFO] [stderr]     Checking flate2 v1.0.30
[INFO] [stderr]     Checking rand_chacha v0.3.1
[INFO] [stderr]     Checking loop9 v0.1.5
[INFO] [stderr]     Checking flume v0.11.0
[INFO] [stderr]    Compiling rav1e v0.7.1
[INFO] [stderr]     Checking avif-serialize v0.8.1
[INFO] [stderr]     Checking zune-inflate v0.2.54
[INFO] [stderr]     Checking half v2.4.1
[INFO] [stderr]     Checking ttf-parser v0.21.1
[INFO] [stderr]     Checking lebe v0.5.2
[INFO] [stderr]     Checking zune-core v0.4.12
[INFO] [stderr]     Checking jpeg-decoder v0.3.1
[INFO] [stderr]     Checking smallvec v1.13.2
[INFO] [stderr]     Checking anstyle v1.0.13
[INFO] [stderr]     Checking bit_field v0.10.2
[INFO] [stderr]     Checking crossbeam-epoch v0.9.18
[INFO] [stderr]     Checking gif v0.13.1
[INFO] [stderr]     Checking anstream v0.6.21
[INFO] [stderr]     Checking rand v0.8.5
[INFO] [stderr]     Checking zune-jpeg v0.4.11
[INFO] [stderr]     Checking qoi v0.4.1
[INFO] [stderr]     Checking clap_lex v0.7.6
[INFO] [stderr]     Checking png v0.17.13
[INFO] [stderr]     Checking wide v0.7.24
[INFO] [stderr]     Checking nom v7.1.3
[INFO] [stderr]     Checking clap_builder v4.5.51
[INFO] [stderr]     Checking crossbeam-deque v0.8.5
[INFO] [stderr]     Checking tiff v0.9.1
[INFO] [stderr]     Checking rayon v1.10.0
[INFO] [stderr]     Checking exr v1.72.0
[INFO] [stderr]     Checking num-integer v0.1.46
[INFO] [stderr]     Checking v_frame v0.3.8
[INFO] [stderr]     Checking num-complex v0.4.6
[INFO] [stderr]     Checking approx v0.5.1
[INFO] [stderr]     Checking num-complex v0.3.1
[INFO] [stderr]     Checking rand_distr v0.4.3
[INFO] [stderr]     Checking num-bigint v0.4.6
[INFO] [stderr]     Checking transpose v0.2.3
[INFO] [stderr]     Checking primal-check v0.3.4
[INFO] [stderr]     Checking num-iter v0.1.45
[INFO] [stderr]     Checking rustfft v5.1.1
[INFO] [stderr]     Checking simba v0.8.1
[INFO] [stderr]     Checking owned_ttf_parser v0.21.0
[INFO] [stderr]     Checking num-rational v0.4.2
[INFO] [stderr]     Checking ab_glyph v0.2.27
[INFO] [stderr]     Checking av1-grain v0.2.3
[INFO] [stderr]     Checking num v0.4.3
[INFO] [stderr]     Checking maybe-rayon v0.1.1
[INFO] [stderr]    Compiling thiserror-impl v1.0.61
[INFO] [stderr]    Compiling profiling-procmacros v1.0.15
[INFO] [stderr]    Compiling arg_enum_proc_macro v0.3.4
[INFO] [stderr]    Compiling num-derive v0.4.2
[INFO] [stderr]    Compiling clap_derive v4.5.49
[INFO] [stderr]     Checking profiling v1.0.15
[INFO] [stderr]     Checking image-webp v0.1.2
[INFO] [stderr]     Checking clap v4.5.51
[INFO] [stderr]     Checking rustdct v0.6.0
[INFO] [stderr]     Checking nalgebra v0.32.6
[INFO] [stderr]     Checking ravif v0.11.7
[INFO] [stderr]     Checking image v0.25.1
[INFO] [stderr]     Checking imageproc v0.25.0
[INFO] [stderr]  Documenting drash v0.1.0 (/opt/rustwide/workdir)
[INFO] [stderr]     Finished `dev` profile [unoptimized + debuginfo] target(s) in 33.95s
[INFO] [stderr]    Generated /opt/rustwide/target/doc/drash/index.html
[INFO] running `Command { std: "docker" "inspect" "9a46415221523ce919dc850b0a85f82471a78a8aa1f3362c8e7b86895bac9f6f", kill_on_drop: false }`
[INFO] running `Command { std: "docker" "exec" "-e" "SOURCE_DIR=/opt/rustwide/workdir" "-e" "CARGO_HOME=/opt/rustwide/cargo-home" "-e" "RUSTUP_HOME=/opt/rustwide/rustup-home" "-e" "CARGO_TARGET_DIR=/opt/rustwide/target" "-e" "CARGO_INCREMENTAL=0" "-e" "RUST_BACKTRACE=full" "-e" "RUSTFLAGS=--cap-lints=warn" "-e" "RUSTDOCFLAGS=--cap-lints=warn" "-e" "RUSTC_BOOTSTRAP=1" "-e" "DOCS_RS=1" "-w" "/opt/rustwide/workdir" "--user" "0:0" "9a46415221523ce919dc850b0a85f82471a78a8aa1f3362c8e7b86895bac9f6f" "/opt/rustwide/cargo-home/bin/cargo" "+1.100.0-beta.1" "rustdoc" "--lib" "-Zrustdoc-map" "--config" "build.rustdocflags=[\"--cfg\", \"docsrs\", \"-Z\", \"unstable-options\", \"--document-private-items\"]" "--frozen" "--message-format=json", kill_on_drop: false }`
[INFO] [stderr]    Compiling proc-macro2 v1.0.86
[INFO] [stderr]    Compiling anyhow v1.0.86
[INFO] [stderr]    Compiling thiserror v1.0.61
[INFO] [stdout] error[E0425]: cannot find type `SourceFile` in crate `proc_macro`
[INFO] [stdout]    --> /opt/rustwide/cargo-home/registry/src/index.crates.io-1949cf8c6b5b557f/proc-macro2-1.0.86/src/wrapper.rs:365:26
[INFO] [stdout]     |
[INFO] [stdout] 365 |     Compiler(proc_macro::SourceFile),
[INFO] [stdout]     |                          ^^^^^^^^^^ not found in `proc_macro`
[INFO] [stdout]     |
[INFO] [stdout] help: consider importing one of these structs
[INFO] [stdout]     |
[INFO] [stdout]   1 + use crate::SourceFile;
[INFO] [stdout]     |
[INFO] [stdout]   1 + use crate::fallback::SourceFile;
[INFO] [stdout]     |
[INFO] [stdout] help: if you import `SourceFile`, refer to it directly
[INFO] [stdout]     |
[INFO] [stdout] 365 -     Compiler(proc_macro::SourceFile),
[INFO] [stdout] 365 +     Compiler(SourceFile),
[INFO] [stdout]     |
[INFO] [stdout] 
[INFO] [stdout] 
[INFO] [stdout] error[E0425]: cannot find type `SourceFile` in crate `proc_macro`
[INFO] [stdout]    --> /opt/rustwide/cargo-home/registry/src/index.crates.io-1949cf8c6b5b557f/proc-macro2-1.0.86/src/wrapper.rs:371:32
[INFO] [stdout]     |
[INFO] [stdout] 371 |     fn nightly(sf: proc_macro::SourceFile) -> Self {
[INFO] [stdout]     |                                ^^^^^^^^^^ not found in `proc_macro`
[INFO] [stdout]     |
[INFO] [stdout] help: consider importing one of these structs
[INFO] [stdout]     |
[INFO] [stdout]   1 + use crate::SourceFile;
[INFO] [stdout]     |
[INFO] [stdout]   1 + use crate::fallback::SourceFile;
[INFO] [stdout]     |
[INFO] [stdout] help: if you import `SourceFile`, refer to it directly
[INFO] [stdout]     |
[INFO] [stdout] 371 -     fn nightly(sf: proc_macro::SourceFile) -> Self {
[INFO] [stdout] 371 +     fn nightly(sf: SourceFile) -> Self {
[INFO] [stdout]     |
[INFO] [stdout] 
[INFO] [stdout] 
[INFO] [stderr]     Checking av1-grain v0.2.3
[INFO] [stdout] error[E0599]: no method named `source_file` found for reference `&proc_macro::Span` in the current scope
[INFO] [stdout]    --> /opt/rustwide/cargo-home/registry/src/index.crates.io-1949cf8c6b5b557f/proc-macro2-1.0.86/src/wrapper.rs:461:56
[INFO] [stdout]     |
[INFO] [stdout] 461 |             Span::Compiler(s) => SourceFile::nightly(s.source_file()),
[INFO] [stdout]     |                                                        ^^^^^^^^^^^
[INFO] [stdout]     |
[INFO] [stdout] help: there is a method `source` with a similar name
[INFO] [stdout]     |
[INFO] [stdout] 461 -             Span::Compiler(s) => SourceFile::nightly(s.source_file()),
[INFO] [stdout] 461 +             Span::Compiler(s) => SourceFile::nightly(s.source()),
[INFO] [stdout]     |
[INFO] [stdout] 
[INFO] [stdout] 
[INFO] [stdout] Some errors have detailed explanations: E0425, E0599.
[INFO] [stdout] 
[INFO] [stdout] For more information about an error, try `rustc --explain E0425`.
[INFO] [stdout] 
[INFO] [stderr] error: could not compile `proc-macro2` (lib) due to 3 previous errors
[INFO] [stderr] warning: build failed, waiting for other jobs to finish...
[INFO] running `Command { std: "docker" "inspect" "9a46415221523ce919dc850b0a85f82471a78a8aa1f3362c8e7b86895bac9f6f", kill_on_drop: false }`
[INFO] running `Command { std: "docker" "rm" "-f" "9a46415221523ce919dc850b0a85f82471a78a8aa1f3362c8e7b86895bac9f6f", kill_on_drop: false }`
[INFO] [stdout] 9a46415221523ce919dc850b0a85f82471a78a8aa1f3362c8e7b86895bac9f6f
