[INFO] cloning repository https://github.com/mluttikh/xml2arrow
[INFO] running `Command { std: "git" "-c" "credential.helper=" "-c" "credential.helper=/workspace/cargo-home/bin/git-credential-null" "clone" "--bare" "https://github.com/mluttikh/xml2arrow" "/workspace/cache/git-repos/https%3A%2F%2Fgithub.com%2Fmluttikh%2Fxml2arrow", kill_on_drop: false }`
[INFO] [stderr] Cloning into bare repository '/workspace/cache/git-repos/https%3A%2F%2Fgithub.com%2Fmluttikh%2Fxml2arrow'...
[INFO] running `Command { std: "git" "rev-parse" "HEAD", kill_on_drop: false }`
[INFO] [stdout] f05a1bcf56bf3a7c44696cfce8318dc3c44e70c7
[INFO] documenting mluttikh/xml2arrow against 1.99.0-beta.8 for beta-rustdoc-1.100-2
[INFO] running `Command { std: "git" "clone" "/workspace/cache/git-repos/https%3A%2F%2Fgithub.com%2Fmluttikh%2Fxml2arrow" "/workspace/builds/worker-1-tc1/source", kill_on_drop: false }`
[INFO] [stderr] Cloning into '/workspace/builds/worker-1-tc1/source'...
[INFO] [stderr] done.
[INFO] started tweaking git repo https://github.com/mluttikh/xml2arrow
[INFO] finished tweaking git repo https://github.com/mluttikh/xml2arrow
[INFO] tweaked toml for git repo https://github.com/mluttikh/xml2arrow written to /workspace/builds/worker-1-tc1/source/Cargo.toml
[INFO] validating manifest of git repo https://github.com/mluttikh/xml2arrow on toolchain 1.99.0-beta.8
[INFO] running `Command { std: CARGO_HOME="/workspace/cargo-home" RUSTUP_HOME="/workspace/rustup-home" "/workspace/cargo-home/bin/cargo" "+1.99.0-beta.8" "metadata" "--manifest-path" "Cargo.toml" "--no-deps", kill_on_drop: false }`
[INFO] crate git repo https://github.com/mluttikh/xml2arrow already has a lockfile, it will not be regenerated
[INFO] running `Command { std: CARGO_HOME="/workspace/cargo-home" RUSTUP_HOME="/workspace/rustup-home" "/workspace/cargo-home/bin/cargo" "+1.99.0-beta.8" "fetch" "--manifest-path" "Cargo.toml", kill_on_drop: false }`
[INFO] [stderr]     Updating crates.io index
[INFO] [stderr]  Downloading crates ...
[INFO] [stderr]   Downloaded yaml_serde v0.10.4
[INFO] [stderr]   Downloaded quote v1.0.38
[INFO] [stderr]   Downloaded itoa v1.0.14
[INFO] [stderr]   Downloaded libyaml-rs v0.3.0
[INFO] [stderr]   Downloaded toml_datetime v0.6.9
[INFO] [stderr]   Downloaded wit-bindgen-rt v0.33.0
[INFO] [stderr]   Downloaded wasm-bindgen-macro v0.2.99
[INFO] [stderr]   Downloaded wasm-bindgen-shared v0.2.99
[INFO] [stderr]   Downloaded arrow-pyarrow v59.0.0
[INFO] [stderr]   Downloaded clap_lex v0.7.6
[INFO] [stderr]   Downloaded wasm-bindgen-macro-support v0.2.99
[INFO] [stderr]   Downloaded wasm-bindgen-backend v0.2.99
[INFO] [stderr]   Downloaded anstyle v1.0.13
[INFO] [stderr]   Downloaded codspeed-criterion-compat v4.4.1
[INFO] [stderr]   Downloaded lexical-core v1.0.6
[INFO] [stderr]   Downloaded csv-core v0.1.11
[INFO] [stderr]   Downloaded semver v1.0.24
[INFO] [stderr]   Downloaded getrandom v0.3.1
[INFO] [stderr]   Downloaded pyo3-build-config v0.28.3
[INFO] [stderr]   Downloaded lexical-parse-integer v1.0.6
[INFO] [stderr]   Downloaded arrow-csv v59.0.0
[INFO] [stderr]   Downloaded rstest v0.25.0
[INFO] [stderr]   Downloaded futures-timer v3.0.3
[INFO] [stderr]   Downloaded wasm-bindgen v0.2.99
[INFO] [stderr]   Downloaded js-sys v0.3.76
[INFO] [stderr]   Downloaded clap v4.5.53
[INFO] [stderr]   Downloaded arrow-string v59.0.0
[INFO] [stderr]   Downloaded arrow-data v59.0.0
[INFO] [stderr]   Downloaded lexical-write-integer v1.0.6
[INFO] [stderr]   Downloaded arrow-arith v59.0.0
[INFO] [stderr]   Downloaded rstest_macros v0.25.0
[INFO] [stderr]   Downloaded pyo3-ffi v0.28.3
[INFO] [stderr]   Downloaded half v2.4.1
[INFO] [stderr]   Downloaded bytes v1.9.0
[INFO] [stderr]   Downloaded arrow-row v59.0.0
[INFO] [stderr]   Downloaded arrow-ord v59.0.0
[INFO] [stderr]   Downloaded arrow-json v59.0.0
[INFO] [stderr]   Downloaded cc v1.2.6
[INFO] [stderr]   Downloaded arrow-schema v59.0.0
[INFO] [stderr]   Downloaded arrow v59.0.0
[INFO] [stderr]   Downloaded arrow-select v59.0.0
[INFO] [stderr]   Downloaded arrow-buffer v59.0.0
[INFO] [stderr]   Downloaded lexical-util v1.0.7
[INFO] [stderr]   Downloaded lexical-write-float v1.0.6
[INFO] [stderr]   Downloaded toml_edit v0.22.26
[INFO] [stderr]   Downloaded arrow-ipc v59.0.0
[INFO] [stderr]   Downloaded wasi v0.13.3+wasi-0.2.2
[INFO] [stderr]   Downloaded codspeed-criterion-compat-walltime v4.4.1
[INFO] [stderr]   Downloaded statrs v0.18.0
[INFO] [stderr]   Downloaded arrow-cast v59.0.0
[INFO] [stderr]   Downloaded portable-atomic v1.10.0
[INFO] [stderr]   Downloaded clap_builder v4.5.53
[INFO] [stderr]   Downloaded lexical-parse-float v1.0.6
[INFO] [stderr]   Downloaded winnow v0.7.10
[INFO] [stderr]   Downloaded syn v2.0.93
[INFO] [stderr]   Downloaded codspeed v4.4.1
[INFO] [stderr]   Downloaded arrow-array v59.0.0
[INFO] [stderr]   Downloaded web-sys v0.3.76
[INFO] [stderr]   Downloaded pyo3 v0.28.3
[INFO] running `Command { std: "docker" "create" "-v" "/var/lib/crater-agent-workspace/builds/worker-1-tc1/source:/opt/rustwide/workdir:ro,Z" "-v" "/var/lib/crater-agent-workspace/builds/worker-1-tc1/target:/opt/rustwide/target:rw,Z" "-v" "/var/lib/crater-agent-workspace/cargo-home:/opt/rustwide/cargo-home:ro,Z" "-v" "/var/lib/crater-agent-workspace/rustup-home:/opt/rustwide/rustup-home:ro,Z" "-m" "1610612736" "--network" "none" "ghcr.io/rust-lang/crates-build-env/linux@sha256:77db811e55d90add9212f6832c23229e3de5f1c1f9905e8cb07319ea15df73ac" "sleep" "infinity", kill_on_drop: false }`
[INFO] [stdout] 5fb70c529e33caeccb52138af7692b7fcbf82b1f32208f2608d5f5bdd41b239a
[INFO] running `Command { std: "docker" "start" "5fb70c529e33caeccb52138af7692b7fcbf82b1f32208f2608d5f5bdd41b239a", kill_on_drop: false }`
[INFO] running `Command { std: "docker" "inspect" "5fb70c529e33caeccb52138af7692b7fcbf82b1f32208f2608d5f5bdd41b239a", kill_on_drop: false }`
[INFO] running `Command { std: "docker" "exec" "-e" "SOURCE_DIR=/opt/rustwide/workdir" "-e" "CARGO_HOME=/opt/rustwide/cargo-home" "-e" "RUSTUP_HOME=/opt/rustwide/rustup-home" "-e" "CARGO_TARGET_DIR=/opt/rustwide/target" "-w" "/opt/rustwide/workdir" "--user" "0:0" "5fb70c529e33caeccb52138af7692b7fcbf82b1f32208f2608d5f5bdd41b239a" "/opt/rustwide/cargo-home/bin/cargo" "+1.99.0-beta.8" "metadata" "--no-deps" "--format-version=1", kill_on_drop: false }`
[INFO] running `Command { std: "docker" "inspect" "5fb70c529e33caeccb52138af7692b7fcbf82b1f32208f2608d5f5bdd41b239a", kill_on_drop: false }`
[INFO] running `Command { std: "docker" "exec" "-e" "SOURCE_DIR=/opt/rustwide/workdir" "-e" "CARGO_HOME=/opt/rustwide/cargo-home" "-e" "RUSTUP_HOME=/opt/rustwide/rustup-home" "-e" "CARGO_TARGET_DIR=/opt/rustwide/target" "-e" "CARGO_INCREMENTAL=0" "-e" "RUST_BACKTRACE=full" "-e" "RUSTFLAGS=--cap-lints=warn" "-e" "RUSTDOCFLAGS=--cap-lints=warn" "-w" "/opt/rustwide/workdir" "--user" "0:0" "5fb70c529e33caeccb52138af7692b7fcbf82b1f32208f2608d5f5bdd41b239a" "/opt/rustwide/cargo-home/bin/cargo" "+1.99.0-beta.8" "doc" "--frozen" "--no-deps" "--document-private-items" "--message-format=json", kill_on_drop: false }`
[INFO] [stderr]    Compiling autocfg v1.4.0
[INFO] [stderr]    Compiling libm v0.2.11
[INFO] [stderr]    Compiling libc v0.2.184
[INFO] [stderr]     Checking bytes v1.9.0
[INFO] [stderr]     Checking hashbrown v0.17.0
[INFO] [stderr]     Checking arrow-schema v59.0.0
[INFO] [stderr]     Checking once_cell v1.21.3
[INFO] [stderr]    Compiling proc-macro2 v1.0.92
[INFO] [stderr]     Checking iana-time-zone v0.1.61
[INFO] [stderr]    Compiling unicode-ident v1.0.14
[INFO] [stderr]     Checking lexical-util v1.0.7
[INFO] [stderr]    Compiling ahash v0.8.11
[INFO] [stderr]    Compiling semver v1.0.24
[INFO] [stderr]     Checking itoa v1.0.14
[INFO] [stderr]     Checking aho-corasick v1.1.3
[INFO] [stderr]     Checking regex-syntax v0.8.5
[INFO] [stderr]    Compiling serde_json v1.0.149
[INFO] [stderr]     Checking csv-core v0.1.11
[INFO] [stderr]     Checking bitflags v2.9.0
[INFO] [stderr]     Checking simdutf8 v0.1.5
[INFO] [stderr]     Checking libyaml-rs v0.3.0
[INFO] [stderr]     Checking fxhash v0.2.1
[INFO] [stderr]     Checking quick-xml v0.41.0
[INFO] [stderr]     Checking fast-float2 v0.2.3
[INFO] [stderr]    Compiling num-traits v0.2.19
[INFO] [stderr]     Checking lexical-parse-integer v1.0.6
[INFO] [stderr]     Checking lexical-write-integer v1.0.6
[INFO] [stderr]    Compiling rustc_version v0.4.1
[INFO] [stderr]     Checking indexmap v2.14.0
[INFO] [stderr]     Checking lexical-parse-float v1.0.6
[INFO] [stderr]     Checking lexical-write-float v1.0.6
[INFO] [stderr]    Compiling quote v1.0.38
[INFO] [stderr]    Compiling flatbuffers v25.2.10
[INFO] [stderr]    Compiling syn v2.0.93
[INFO] [stderr]     Checking lexical-core v1.0.6
[INFO] [stderr]     Checking num-integer v0.1.46
[INFO] [stderr]     Checking half v2.4.1
[INFO] [stderr]     Checking chrono v0.4.40
[INFO] [stderr]     Checking num-complex v0.4.6
[INFO] [stderr]     Checking atoi v2.0.0
[INFO] [stderr]     Checking getrandom v0.2.15
[INFO] [stderr]     Checking num-bigint v0.4.6
[INFO] [stderr]     Checking regex-automata v0.4.9
[INFO] [stderr]     Checking arrow-buffer v59.0.0
[INFO] [stderr]    Compiling serde_derive v1.0.228
[INFO] [stderr]    Compiling derive_more-impl v2.1.1
[INFO] [stderr]     Checking arrow-data v59.0.0
[INFO] [stderr]     Checking derive_more v2.1.1
[INFO] [stderr]     Checking arrow-array v59.0.0
[INFO] [stderr]     Checking regex v1.11.1
[INFO] [stderr]     Checking serde v1.0.228
[INFO] [stderr]     Checking arrow-select v59.0.0
[INFO] [stderr]     Checking arrow-row v59.0.0
[INFO] [stderr]     Checking arrow-arith v59.0.0
[INFO] [stderr]     Checking csv v1.3.1
[INFO] [stderr]     Checking yaml_serde v0.10.4
[INFO] [stderr]     Checking arrow-ord v59.0.0
[INFO] [stderr]     Checking arrow-string v59.0.0
[INFO] [stderr]     Checking arrow-ipc v59.0.0
[INFO] [stderr]     Checking arrow-cast v59.0.0
[INFO] [stderr]     Checking arrow-json v59.0.0
[INFO] [stderr]     Checking arrow-csv v59.0.0
[INFO] [stderr]     Checking arrow v59.0.0
[INFO] [stderr]  Documenting xml2arrow v0.19.0 (/opt/rustwide/workdir)
[INFO] [stderr]     Finished `dev` profile [unoptimized + debuginfo] target(s) in 22.25s
[INFO] [stderr]    Generated /opt/rustwide/target/doc/xml2arrow/index.html
[INFO] running `Command { std: "docker" "inspect" "5fb70c529e33caeccb52138af7692b7fcbf82b1f32208f2608d5f5bdd41b239a", kill_on_drop: false }`
[INFO] running `Command { std: "docker" "exec" "-e" "SOURCE_DIR=/opt/rustwide/workdir" "-e" "CARGO_HOME=/opt/rustwide/cargo-home" "-e" "RUSTUP_HOME=/opt/rustwide/rustup-home" "-e" "CARGO_TARGET_DIR=/opt/rustwide/target" "-e" "CARGO_INCREMENTAL=0" "-e" "RUST_BACKTRACE=full" "-e" "RUSTFLAGS=--cap-lints=warn" "-e" "RUSTDOCFLAGS=--cap-lints=warn" "-e" "DOCS_RS=1" "-e" "RUSTC_BOOTSTRAP=1" "-w" "/opt/rustwide/workdir" "--user" "0:0" "5fb70c529e33caeccb52138af7692b7fcbf82b1f32208f2608d5f5bdd41b239a" "/opt/rustwide/cargo-home/bin/cargo" "+1.99.0-beta.8" "rustdoc" "--lib" "-Zrustdoc-map" "--config" "build.rustdocflags=[\"--cfg\", \"docsrs\", \"-Z\", \"unstable-options\", \"--document-private-items\"]" "--frozen" "--message-format=json", kill_on_drop: false }`
[INFO] [stderr]    Compiling proc-macro2 v1.0.92
[INFO] [stdout] error[E0425]: cannot find type `SourceFile` in crate `proc_macro`
[INFO] [stdout]    --> /opt/rustwide/cargo-home/registry/src/index.crates.io-1949cf8c6b5b557f/proc-macro2-1.0.92/src/wrapper.rs:366:26
[INFO] [stdout]     |
[INFO] [stdout] 366 |     Compiler(proc_macro::SourceFile),
[INFO] [stdout]     |                          ^^^^^^^^^^ not found in `proc_macro`
[INFO] [stdout]     |
[INFO] [stdout] help: consider importing one of these structs
[INFO] [stdout]     |
[INFO] [stdout]   1 + use crate::SourceFile;
[INFO] [stdout]     |
[INFO] [stdout]   1 + use crate::fallback::SourceFile;
[INFO] [stdout]     |
[INFO] [stdout] help: if you import `SourceFile`, refer to it directly
[INFO] [stdout]     |
[INFO] [stdout] 366 -     Compiler(proc_macro::SourceFile),
[INFO] [stdout] 366 +     Compiler(SourceFile),
[INFO] [stdout]     |
[INFO] [stdout] 
[INFO] [stdout] 
[INFO] [stdout] error[E0425]: cannot find type `SourceFile` in crate `proc_macro`
[INFO] [stdout]    --> /opt/rustwide/cargo-home/registry/src/index.crates.io-1949cf8c6b5b557f/proc-macro2-1.0.92/src/wrapper.rs:372:32
[INFO] [stdout]     |
[INFO] [stdout] 372 |     fn nightly(sf: proc_macro::SourceFile) -> Self {
[INFO] [stdout]     |                                ^^^^^^^^^^ not found in `proc_macro`
[INFO] [stdout]     |
[INFO] [stdout] help: consider importing one of these structs
[INFO] [stdout]     |
[INFO] [stdout]   1 + use crate::SourceFile;
[INFO] [stdout]     |
[INFO] [stdout]   1 + use crate::fallback::SourceFile;
[INFO] [stdout]     |
[INFO] [stdout] help: if you import `SourceFile`, refer to it directly
[INFO] [stdout]     |
[INFO] [stdout] 372 -     fn nightly(sf: proc_macro::SourceFile) -> Self {
[INFO] [stdout] 372 +     fn nightly(sf: SourceFile) -> Self {
[INFO] [stdout]     |
[INFO] [stdout] 
[INFO] [stdout] 
[INFO] [stdout] error[E0599]: no method named `source_file` found for reference `&proc_macro::Span` in the current scope
[INFO] [stdout]    --> /opt/rustwide/cargo-home/registry/src/index.crates.io-1949cf8c6b5b557f/proc-macro2-1.0.92/src/wrapper.rs:462:56
[INFO] [stdout]     |
[INFO] [stdout] 462 |             Span::Compiler(s) => SourceFile::nightly(s.source_file()),
[INFO] [stdout]     |                                                        ^^^^^^^^^^^
[INFO] [stdout]     |
[INFO] [stdout] help: there is a method `source` with a similar name
[INFO] [stdout]     |
[INFO] [stdout] 462 -             Span::Compiler(s) => SourceFile::nightly(s.source_file()),
[INFO] [stdout] 462 +             Span::Compiler(s) => SourceFile::nightly(s.source()),
[INFO] [stdout]     |
[INFO] [stdout] 
[INFO] [stdout] 
[INFO] [stdout] Some errors have detailed explanations: E0425, E0599.
[INFO] [stdout] 
[INFO] [stdout] For more information about an error, try `rustc --explain E0425`.
[INFO] [stdout] 
[INFO] [stderr] error: could not compile `proc-macro2` (lib) due to 3 previous errors
[INFO] running `Command { std: "docker" "inspect" "5fb70c529e33caeccb52138af7692b7fcbf82b1f32208f2608d5f5bdd41b239a", kill_on_drop: false }`
[INFO] running `Command { std: "docker" "rm" "-f" "5fb70c529e33caeccb52138af7692b7fcbf82b1f32208f2608d5f5bdd41b239a", kill_on_drop: false }`
[INFO] [stdout] 5fb70c529e33caeccb52138af7692b7fcbf82b1f32208f2608d5f5bdd41b239a
