[INFO] cloning repository https://github.com/kb10uy/kebisafe
[INFO] running `Command { std: "git" "-c" "credential.helper=" "-c" "credential.helper=/workspace/cargo-home/bin/git-credential-null" "clone" "--bare" "https://github.com/kb10uy/kebisafe" "/workspace/cache/git-repos/https%3A%2F%2Fgithub.com%2Fkb10uy%2Fkebisafe", kill_on_drop: false }`
[INFO] [stderr] Cloning into bare repository '/workspace/cache/git-repos/https%3A%2F%2Fgithub.com%2Fkb10uy%2Fkebisafe'...
[INFO] running `Command { std: "git" "rev-parse" "HEAD", kill_on_drop: false }`
[INFO] [stdout] 8b53a2d29833db89cdb9fc907dbf9044e90fbc64
[INFO] documenting kb10uy/kebisafe against 1.100.0-beta.1 for beta-rustdoc-1.100-2
[INFO] running `Command { std: "git" "clone" "/workspace/cache/git-repos/https%3A%2F%2Fgithub.com%2Fkb10uy%2Fkebisafe" "/workspace/builds/worker-1-tc2/source", kill_on_drop: false }`
[INFO] [stderr] Cloning into '/workspace/builds/worker-1-tc2/source'...
[INFO] [stderr] done.
[INFO] started tweaking git repo https://github.com/kb10uy/kebisafe
[INFO] finished tweaking git repo https://github.com/kb10uy/kebisafe
[INFO] tweaked toml for git repo https://github.com/kb10uy/kebisafe written to /workspace/builds/worker-1-tc2/source/Cargo.toml
[INFO] validating manifest of git repo https://github.com/kb10uy/kebisafe on toolchain 1.100.0-beta.1
[INFO] running `Command { std: CARGO_HOME="/workspace/cargo-home" RUSTUP_HOME="/workspace/rustup-home" "/workspace/cargo-home/bin/cargo" "+1.100.0-beta.1" "metadata" "--manifest-path" "Cargo.toml" "--no-deps", kill_on_drop: false }`
[INFO] crate git repo https://github.com/kb10uy/kebisafe already has a lockfile, it will not be regenerated
[INFO] running `Command { std: CARGO_HOME="/workspace/cargo-home" RUSTUP_HOME="/workspace/rustup-home" "/workspace/cargo-home/bin/cargo" "+1.100.0-beta.1" "fetch" "--manifest-path" "Cargo.toml", kill_on_drop: false }`
[INFO] [stderr]     Blocking waiting for file lock on package cache
[ERROR] error running command: no output for 300 seconds
[INFO] documenting kb10uy/kebisafe against 1.100.0-beta.1 for beta-rustdoc-1.100-2
[INFO] running `Command { std: "git" "clone" "/workspace/cache/git-repos/https%3A%2F%2Fgithub.com%2Fkb10uy%2Fkebisafe" "/workspace/builds/worker-1-tc2/source", kill_on_drop: false }`
[INFO] [stderr] Cloning into '/workspace/builds/worker-1-tc2/source'...
[INFO] [stderr] done.
[INFO] started tweaking git repo https://github.com/kb10uy/kebisafe
[INFO] finished tweaking git repo https://github.com/kb10uy/kebisafe
[INFO] tweaked toml for git repo https://github.com/kb10uy/kebisafe written to /workspace/builds/worker-1-tc2/source/Cargo.toml
[INFO] validating manifest of git repo https://github.com/kb10uy/kebisafe on toolchain 1.100.0-beta.1
[INFO] running `Command { std: CARGO_HOME="/workspace/cargo-home" RUSTUP_HOME="/workspace/rustup-home" "/workspace/cargo-home/bin/cargo" "+1.100.0-beta.1" "metadata" "--manifest-path" "Cargo.toml" "--no-deps", kill_on_drop: false }`
[INFO] crate git repo https://github.com/kb10uy/kebisafe already has a lockfile, it will not be regenerated
[INFO] running `Command { std: CARGO_HOME="/workspace/cargo-home" RUSTUP_HOME="/workspace/rustup-home" "/workspace/cargo-home/bin/cargo" "+1.100.0-beta.1" "fetch" "--manifest-path" "Cargo.toml", kill_on_drop: false }`
[INFO] [stderr]     Blocking waiting for file lock on package cache
[ERROR] error running command: no output for 300 seconds
[INFO] documenting kb10uy/kebisafe against 1.100.0-beta.1 for beta-rustdoc-1.100-2
[INFO] running `Command { std: "git" "clone" "/workspace/cache/git-repos/https%3A%2F%2Fgithub.com%2Fkb10uy%2Fkebisafe" "/workspace/builds/worker-1-tc2/source", kill_on_drop: false }`
[INFO] [stderr] Cloning into '/workspace/builds/worker-1-tc2/source'...
[INFO] [stderr] done.
[INFO] started tweaking git repo https://github.com/kb10uy/kebisafe
[INFO] finished tweaking git repo https://github.com/kb10uy/kebisafe
[INFO] tweaked toml for git repo https://github.com/kb10uy/kebisafe written to /workspace/builds/worker-1-tc2/source/Cargo.toml
[INFO] validating manifest of git repo https://github.com/kb10uy/kebisafe on toolchain 1.100.0-beta.1
[INFO] running `Command { std: CARGO_HOME="/workspace/cargo-home" RUSTUP_HOME="/workspace/rustup-home" "/workspace/cargo-home/bin/cargo" "+1.100.0-beta.1" "metadata" "--manifest-path" "Cargo.toml" "--no-deps", kill_on_drop: false }`
[INFO] crate git repo https://github.com/kb10uy/kebisafe already has a lockfile, it will not be regenerated
[INFO] running `Command { std: CARGO_HOME="/workspace/cargo-home" RUSTUP_HOME="/workspace/rustup-home" "/workspace/cargo-home/bin/cargo" "+1.100.0-beta.1" "fetch" "--manifest-path" "Cargo.toml", kill_on_drop: false }`
[INFO] [stderr]     Blocking waiting for file lock on package cache
[INFO] [stderr]     Blocking waiting for file lock on package cache
[INFO] running `Command { std: "docker" "create" "-v" "/var/lib/crater-agent-workspace/builds/worker-1-tc2/source:/opt/rustwide/workdir:ro,Z" "-v" "/var/lib/crater-agent-workspace/builds/worker-1-tc2/target:/opt/rustwide/target:rw,Z" "-v" "/var/lib/crater-agent-workspace/cargo-home:/opt/rustwide/cargo-home:ro,Z" "-v" "/var/lib/crater-agent-workspace/rustup-home:/opt/rustwide/rustup-home:ro,Z" "-m" "1610612736" "--network" "none" "ghcr.io/rust-lang/crates-build-env/linux@sha256:77db811e55d90add9212f6832c23229e3de5f1c1f9905e8cb07319ea15df73ac" "sleep" "infinity", kill_on_drop: false }`
[INFO] [stdout] 87648c88f1b2e7de51513aef99c99784d1de0dd65ac6bb60e37676edfc9e858b
[INFO] running `Command { std: "docker" "start" "87648c88f1b2e7de51513aef99c99784d1de0dd65ac6bb60e37676edfc9e858b", kill_on_drop: false }`
[INFO] running `Command { std: "docker" "inspect" "87648c88f1b2e7de51513aef99c99784d1de0dd65ac6bb60e37676edfc9e858b", kill_on_drop: false }`
[INFO] running `Command { std: "docker" "exec" "-e" "SOURCE_DIR=/opt/rustwide/workdir" "-e" "CARGO_HOME=/opt/rustwide/cargo-home" "-e" "RUSTUP_HOME=/opt/rustwide/rustup-home" "-e" "CARGO_TARGET_DIR=/opt/rustwide/target" "-w" "/opt/rustwide/workdir" "--user" "0:0" "87648c88f1b2e7de51513aef99c99784d1de0dd65ac6bb60e37676edfc9e858b" "/opt/rustwide/cargo-home/bin/cargo" "+1.100.0-beta.1" "metadata" "--no-deps" "--format-version=1", kill_on_drop: false }`
[INFO] running `Command { std: "docker" "inspect" "87648c88f1b2e7de51513aef99c99784d1de0dd65ac6bb60e37676edfc9e858b", kill_on_drop: false }`
[INFO] running `Command { std: "docker" "exec" "-e" "SOURCE_DIR=/opt/rustwide/workdir" "-e" "CARGO_HOME=/opt/rustwide/cargo-home" "-e" "RUSTUP_HOME=/opt/rustwide/rustup-home" "-e" "CARGO_TARGET_DIR=/opt/rustwide/target" "-e" "CARGO_INCREMENTAL=0" "-e" "RUST_BACKTRACE=full" "-e" "RUSTFLAGS=--cap-lints=warn" "-e" "RUSTDOCFLAGS=--cap-lints=warn" "-w" "/opt/rustwide/workdir" "--user" "0:0" "87648c88f1b2e7de51513aef99c99784d1de0dd65ac6bb60e37676edfc9e858b" "/opt/rustwide/cargo-home/bin/cargo" "+1.100.0-beta.1" "doc" "--frozen" "--no-deps" "--document-private-items" "--message-format=json", kill_on_drop: false }`
[INFO] [stderr]    Compiling proc-macro2 v1.0.38
[INFO] [stderr]    Compiling unicode-xid v0.2.3
[INFO] [stderr]    Compiling syn v1.0.94
[INFO] [stderr]    Compiling libc v0.2.125
[INFO] [stderr]    Compiling generic-array v0.14.5
[INFO] [stderr]    Compiling serde_derive v1.0.137
[INFO] [stderr]    Compiling serde v1.0.137
[INFO] [stderr]     Checking subtle v2.4.1
[INFO] [stderr]    Compiling crossbeam-utils v0.8.8
[INFO] [stderr]    Compiling cc v1.0.73
[INFO] [stderr]    Compiling erased-serde v0.3.20
[INFO] [stderr]    Compiling value-bag v1.0.0-alpha.9
[INFO] [stderr]     Checking once_cell v1.10.0
[INFO] [stderr]    Compiling log v0.4.17
[INFO] [stderr]     Checking futures-io v0.3.21
[INFO] [stderr]     Checking event-listener v2.5.2
[INFO] [stderr]    Compiling signal-hook v0.3.13
[INFO] [stderr]    Compiling futures-core v0.3.21
[INFO] [stderr]     Checking fastrand v1.7.0
[INFO] [stderr]     Checking slab v0.4.6
[INFO] [stderr]     Checking cache-padded v1.2.0
[INFO] [stderr]    Compiling v_escape v0.18.0
[INFO] [stderr]     Checking parking v2.0.0
[INFO] [stderr]     Checking waker-fn v1.1.0
[INFO] [stderr]     Checking opaque-debug v0.3.0
[INFO] [stderr]     Checking concurrent-queue v1.2.2
[INFO] [stderr]    Compiling serde_json v1.0.81
[INFO] [stderr]    Compiling v_htmlescape v0.14.1
[INFO] [stderr]     Checking cpufeatures v0.2.2
[INFO] [stderr]     Checking futures-lite v1.12.0
[INFO] [stderr]     Checking itoa v1.0.1
[INFO] [stderr]     Checking unicode-normalization v0.1.19
[INFO] [stderr]     Checking async-task v4.2.0
[INFO] [stderr]    Compiling buf-min v0.6.1
[INFO] [stderr]    Compiling openssl v0.10.40
[INFO] [stderr]     Checking async-channel v1.6.1
[INFO] [stderr]    Compiling typenum v1.15.0
[INFO] [stderr]    Compiling num-traits v0.2.15
[INFO] [stderr]     Checking ryu v1.0.9
[INFO] [stderr]     Checking atomic-waker v1.0.0
[INFO] [stderr]     Checking async-lock v2.5.0
[INFO] [stderr]     Checking async-mutex v1.4.0
[INFO] [stderr]    Compiling standback v0.2.17
[INFO] [stderr]    Compiling parking_lot_core v0.8.5
[INFO] [stderr]    Compiling itoa v0.4.8
[INFO] [stderr]    Compiling native-tls v0.2.10
[INFO] [stderr]     Checking digest v0.9.0
[INFO] [stderr]    Compiling quote v1.0.18
[INFO] [stderr]     Checking universal-hash v0.4.1
[INFO] [stderr]    Compiling proc-macro-hack v0.5.19
[INFO] [stderr]    Compiling dtoa v0.4.8
[INFO] [stderr]     Checking cipher v0.2.5
[INFO] [stderr]     Checking block-buffer v0.10.2
[INFO] [stderr]     Checking crypto-common v0.1.3
[INFO] [stderr]    Compiling futures-util v0.3.21
[INFO] [stderr]    Compiling tinyvec_macros v0.1.0
[INFO] [stderr]    Compiling tinyvec v1.6.0
[INFO] [stderr]     Checking digest v0.10.3
[INFO] [stderr]    Compiling getrandom v0.2.6
[INFO] [stderr]    Compiling aho-corasick v0.7.18
[INFO] [stderr]    Compiling regex-syntax v0.6.25
[INFO] [stderr]     Checking num_cpus v1.13.1
[INFO] [stderr]     Checking socket2 v0.4.4
[INFO] [stderr]     Checking signal-hook-registry v1.4.0
[INFO] [stderr]     Checking idna v0.2.3
[INFO] [stderr]     Checking rand_core v0.6.3
[INFO] [stderr]    Compiling openssl-sys v0.9.73
[INFO] [stderr]    Compiling unicode-width v0.1.9
[INFO] [stderr]     Checking rand_chacha v0.3.1
[INFO] [stderr]    Compiling futures-sink v0.3.21
[INFO] [stderr]     Checking blocking v1.2.0
[INFO] [stderr]     Checking async-executor v1.4.1
[INFO] [stderr]    Compiling const_fn v0.4.9
[INFO] [stderr]     Checking cpuid-bool v0.2.0
[INFO] [stderr]    Compiling yansi-term v0.1.2
[INFO] [stderr]     Checking rand v0.8.5
[INFO] [stderr]     Checking base64 v0.13.0
[INFO] [stderr]     Checking polyval v0.4.5
[INFO] [stderr]    Compiling annotate-snippets v0.9.1
[INFO] [stderr]     Checking getrandom v0.1.16
[INFO] [stderr]     Checking aes-soft v0.6.4
[INFO] [stderr]     Checking block-buffer v0.9.0
[INFO] [stderr]     Checking crypto-mac v0.10.1
[INFO] [stderr]    Compiling crossbeam-epoch v0.9.8
[INFO] [stderr]    Compiling num-integer v0.1.45
[INFO] [stderr]    Compiling time v0.2.27
[INFO] [stderr]    Compiling unicode-bidi v0.3.8
[INFO] [stderr]    Compiling scopeguard v1.1.0
[INFO] [stderr]    Compiling matches v0.1.9
[INFO] [stderr]     Checking either v1.6.1
[INFO] [stderr]    Compiling anyhow v1.0.57
[INFO] [stderr]    Compiling lock_api v0.4.7
[INFO] [stderr]     Checking aes v0.6.0
[INFO] [stderr]    Compiling libsqlite3-sys v0.24.2
[INFO] [stderr]     Checking rand_core v0.5.1
[INFO] [stderr]     Checking sha2 v0.9.9
[INFO] [stderr]     Checking hmac v0.10.1
[INFO] [stderr]     Checking ghash v0.3.1
[INFO] [stderr]     Checking ctr v0.6.0
[INFO] [stderr]     Checking aead v0.3.2
[INFO] [stderr]    Compiling futures-task v0.3.21
[INFO] [stderr]    Compiling unicase v2.6.0
[INFO] [stderr]    Compiling cookie v0.14.4
[INFO] [stderr]    Compiling time-macros v0.2.4
[INFO] [stderr]     Checking bytes v1.1.0
[INFO] [stderr]    Compiling bitflags v1.3.2
[INFO] [stderr]    Compiling rayon-core v1.9.3
[INFO] [stderr]    Compiling lazy_static v1.4.0
[INFO] [stderr]     Checking smallvec v1.8.0
[INFO] [stderr]    Compiling crossbeam-queue v0.3.5
[INFO] [stderr]    Compiling percent-encoding v2.1.0
[INFO] [stderr]    Compiling form_urlencoded v1.0.1
[INFO] [stderr]     Checking aes-gcm v0.8.0
[INFO] [stderr]     Checking hkdf v0.10.0
[INFO] [stderr]     Checking rand_chacha v0.2.2
[INFO] [stderr]    Compiling instant v0.1.12
[INFO] [stderr]    Compiling http-types v2.12.0
[INFO] [stderr]    Compiling async-trait v0.1.53
[INFO] [stderr]    Compiling regex v1.5.5
[INFO] [stderr]     Checking rand v0.7.3
[INFO] [stderr]    Compiling url v2.2.2
[INFO] [stderr]     Checking crossbeam-deque v0.8.1
[INFO] [stderr]     Checking spin v0.9.3
[INFO] [stderr]     Checking nanorand v0.7.0
[INFO] [stderr]    Compiling ahash v0.7.6
[INFO] [stderr]     Checking crossbeam-channel v0.5.4
[INFO] [stderr]    Compiling indexmap v1.8.1
[INFO] [stderr]    Compiling rayon v1.5.3
[INFO] [stderr]     Checking adler32 v1.2.0
[INFO] [stderr]    Compiling httparse v1.7.1
[INFO] [stderr]    Compiling ppv-lite86 v0.2.16
[INFO] [stderr]     Checking infer v0.2.3
[INFO] [stderr]    Compiling unicode-segmentation v1.9.0
[INFO] [stderr]    Compiling nom v7.1.1
[INFO] [stderr]    Compiling itertools v0.10.3
[INFO] [stderr]     Checking miniz_oxide v0.5.1
[INFO] [stderr]    Compiling heck v0.4.0
[INFO] [stderr]    Compiling hashbrown v0.12.1
[INFO] [stderr]    Compiling parking_lot v0.11.2
[INFO] [stderr]     Checking tokio v1.18.2
[INFO] [stderr]    Compiling hmac v0.12.1
[INFO] [stderr]    Compiling blake3 v0.3.8
[INFO] [stderr]    Compiling dirs-sys v0.3.7
[INFO] [stderr]     Checking tracing-core v0.1.26
[INFO] [stderr]    Compiling num_threads v0.1.6
[INFO] [stderr]     Checking hashbrown v0.11.2
[INFO] [stderr]    Compiling paste v1.0.7
[INFO] [stderr]    Compiling crc-catalog v2.1.0
[INFO] [stderr]    Compiling time v0.3.9
[INFO] [stderr]    Compiling crc v3.0.0
[INFO] [stderr]    Compiling dirs v4.0.0
[INFO] [stderr]    Compiling futures-intrusive v0.4.0
[INFO] [stderr]    Compiling mime_guess v2.0.4
[INFO] [stderr]    Compiling hashlink v0.8.0
[INFO] [stderr]     Checking smartstring v0.2.10
[INFO] [stderr]    Compiling atoi v1.0.0
[INFO] [stderr]    Compiling hkdf v0.12.3
[INFO] [stderr]    Compiling proc-macro-error-attr v1.0.4
[INFO] [stderr]    Compiling sha2 v0.10.2
[INFO] [stderr]    Compiling sha-1 v0.10.0
[INFO] [stderr]    Compiling prettyplease v0.1.10
[INFO] [stderr]    Compiling v_eval v0.6.0
[INFO] [stderr]     Checking deflate v1.0.0
[INFO] [stderr]    Compiling md-5 v0.10.1
[INFO] [stderr]    Compiling stringprep v0.1.2
[INFO] [stderr]    Compiling futures-channel v0.3.21
[INFO] [stderr]     Checking crypto-mac v0.11.1
[INFO] [stderr]     Checking cipher v0.3.0
[INFO] [stderr]     Checking crypto-mac v0.8.0
[INFO] [stderr]     Checking simple-mutex v1.1.5
[INFO] [stderr]    Compiling sqlformat v0.1.8
[INFO] [stderr]    Compiling num-rational v0.4.0
[INFO] [stderr]    Compiling num-iter v0.1.43
[INFO] [stderr]    Compiling rustversion v1.0.6
[INFO] [stderr]     Checking arrayref v0.3.6
[INFO] [stderr]     Checking cfg-if v0.1.10
[INFO] [stderr]     Checking constant_time_eq v0.1.5
[INFO] [stderr]    Compiling byteorder v1.4.3
[INFO] [stderr]    Compiling whoami v1.2.1
[INFO] [stderr]     Checking weezl v0.1.6
[INFO] [stderr]     Checking async-dup v1.2.2
[INFO] [stderr]     Checking hmac v0.11.0
[INFO] [stderr]    Compiling proc-macro-error v1.0.4
[INFO] [stderr]     Checking smartcow v0.1.0
[INFO] [stderr]     Checking flate2 v1.0.23
[INFO] [stderr]     Checking inflate v0.4.5
[INFO] [stderr]     Checking threadpool v1.8.1
[INFO] [stderr]     Checking atty v0.2.14
[INFO] [stderr]     Checking nix v0.24.1
[INFO] [stderr]     Checking half v1.8.2
[INFO] [stderr]     Checking base64ct v1.5.0
[INFO] [stderr]     Checking lebe v0.5.1
[INFO] [stderr]     Checking remove_dir_all v0.5.3
[INFO] [stderr]     Checking os_str_bytes v6.0.1
[INFO] [stderr]     Checking bit_field v0.10.1
[INFO] [stderr]     Checking safemem v0.3.3
[INFO] [stderr]     Checking pin-project-lite v0.1.12
[INFO] [stderr]    Compiling dotenv v0.15.0
[INFO] [stderr]     Checking clap_lex v0.2.0
[INFO] [stderr]     Checking tempfile v3.3.0
[INFO] [stderr]     Checking buf_redux v0.8.4
[INFO] [stderr]     Checking password-hash v0.4.1
[INFO] [stderr]     Checking gif v0.11.3
[INFO] [stderr]     Checking routefinder v0.4.0
[INFO] [stderr]     Checking ctr v0.8.0
[INFO] [stderr]     Checking aes v0.7.5
[INFO] [stderr]     Checking png v0.17.5
[INFO] [stderr]     Checking blake2 v0.10.4
[INFO] [stderr]     Checking jpeg-decoder v0.2.6
[INFO] [stderr]     Checking polyval v0.5.3
[INFO] [stderr]     Checking aead v0.4.3
[INFO] [stderr]     Checking twoway v0.1.8
[INFO] [stderr]     Checking glob v0.3.0
[INFO] [stderr]     Checking zeroize v1.3.0
[INFO] [stderr]     Checking ctrlc v3.2.2
[INFO] [stderr]     Checking bytemuck v1.9.1
[INFO] [stderr]     Checking scoped_threadpool v0.1.9
[INFO] [stderr]     Checking ansi_term v0.12.1
[INFO] [stderr]     Checking textwrap v0.15.0
[INFO] [stderr]     Checking async-ctrlc v1.2.0
[INFO] [stderr]     Checking argon2 v0.4.0
[INFO] [stderr]     Checking data-encoding v2.3.2
[INFO] [stderr]    Compiling ctor v0.1.22
[INFO] [stderr]    Compiling thiserror-impl v1.0.31
[INFO] [stderr]    Compiling v_escape_derive v0.9.1
[INFO] [stderr]    Compiling futures-macro v0.3.21
[INFO] [stderr]    Compiling openssl-macros v0.1.0
[INFO] [stderr]    Compiling pin-project-internal v1.0.10
[INFO] [stderr]    Compiling async-attributes v1.1.2
[INFO] [stderr]    Compiling time-macros-impl v0.1.2
[INFO] [stderr]    Compiling derive_more v0.99.17
[INFO] [stderr]    Compiling tracing-attributes v0.1.21
[INFO] [stderr]     Checking time-macros v0.1.1
[INFO] [stderr]    Compiling polling v2.2.0
[INFO] [stderr]     Checking thiserror v1.0.31
[INFO] [stderr]     Checking pin-project v1.0.10
[INFO] [stderr]    Compiling kv-log-macro v1.0.7
[INFO] [stderr]     Checking flume v0.10.12
[INFO] [stderr]    Compiling async-io v1.6.0
[INFO] [stderr]     Checking exr v1.4.2
[INFO] [stderr]     Checking tiff v0.7.2
[INFO] [stderr]    Compiling clap_derive v3.1.18
[INFO] [stderr]    Compiling async-global-executor v2.0.4
[INFO] [stderr] error: could not compile `serde_derive` (lib)
[INFO] [stderr] 
[INFO] [stderr] Caused by:
[INFO] [stderr]   process didn't exit successfully: `/opt/rustwide/rustup-home/toolchains/1.100.0-beta.1-x86_64-unknown-linux-gnu/bin/rustc --crate-name serde_derive --edition=2015 /opt/rustwide/cargo-home/registry/src/index.crates.io-1949cf8c6b5b557f/serde_derive-1.0.137/src/lib.rs --error-format=json --json=diagnostic-rendered-ansi,artifacts,future-incompat,unused-externs-silent --crate-type proc-macro --emit=dep-info,link -C prefer-dynamic -C embed-bitcode=no --cfg 'feature="default"' --check-cfg 'cfg(docsrs,test)' --check-cfg 'cfg(feature, values("default", "deserialize_in_place"))' -C metadata=f3701a374191d176 -C extra-filename=-8f288f1a5eb09625 --out-dir /opt/rustwide/target/debug/build/serde_derive/8f288f1a5eb09625/out -L dependency=/opt/rustwide/target/debug/build/proc-macro2/01931568bba9a34c/out -L dependency=/opt/rustwide/target/debug/build/quote/785ed51acf60b25b/out -L dependency=/opt/rustwide/target/debug/build/unicode-xid/a6e128a4f5b65fde/out --extern proc_macro2=/opt/rustwide/target/debug/build/proc-macro2/01931568bba9a34c/out/libproc_macro2-01931568bba9a34c.rlib --extern quote=/opt/rustwide/target/debug/build/quote/785ed51acf60b25b/out/libquote-785ed51acf60b25b.rlib --extern syn=/opt/rustwide/target/debug/build/syn/5e19acaecdc9b9d9/out/libsyn-5e19acaecdc9b9d9.rlib --extern proc_macro --cap-lints allow --cap-lints=warn --force-warn=unused_crate_dependencies --cfg underscore_consts --cfg ptr_addr_of` (signal: 9, SIGKILL: kill)
[INFO] [stderr] warning: build failed, waiting for other jobs to finish...
[INFO] [stderr] warning: libsqlite3-sys@0.24.2: sqlite3/sqlite3.c: In function 'sqlite3ShadowTableName':
[INFO] [stderr] warning: libsqlite3-sys@0.24.2: sqlite3/sqlite3.c:116460:9: warning: assignment discards 'const' qualifier from pointer target type [-Wdiscarded-qualifiers]
[INFO] [stderr] warning: libsqlite3-sys@0.24.2: 116460 |   zTail = strrchr(zName, '_');
[INFO] [stderr] warning: libsqlite3-sys@0.24.2:        |         ^
[INFO] [stderr] warning: libsqlite3-sys@0.24.2: cc: fatal error: Killed signal terminated program cc1
[INFO] [stderr] warning: libsqlite3-sys@0.24.2: compilation terminated.
[INFO] [stderr] error: failed to run custom build command for `libsqlite3-sys v0.24.2`
[INFO] [stderr] note: To improve backtraces for build dependencies, set the CARGO_PROFILE_DEV_BUILD_OVERRIDE_DEBUG=true environment variable to enable debug information generation.
[INFO] [stderr] 
[INFO] [stderr] Caused by:
[INFO] [stderr]   process didn't exit successfully: `/opt/rustwide/target/debug/build/libsqlite3-sys/c622dfcf12498727/out/build_script_build` (exit status: 1)
[INFO] [stderr]   --- stdout
[INFO] [stderr]   cargo:rerun-if-changed=sqlite3/sqlite3.c
[INFO] [stderr]   cargo:rerun-if-changed=sqlite3/wasm32-wasi-vfs.c
[INFO] [stderr]   cargo:rerun-if-env-changed=SQLITE_MAX_VARIABLE_NUMBER
[INFO] [stderr]   cargo:rerun-if-env-changed=SQLITE_MAX_EXPR_DEPTH
[INFO] [stderr]   cargo:rerun-if-env-changed=LIBSQLITE3_FLAGS
[INFO] [stderr]   TARGET = Some("x86_64-unknown-linux-gnu")
[INFO] [stderr]   OPT_LEVEL = Some("0")
[INFO] [stderr]   HOST = Some("x86_64-unknown-linux-gnu")
[INFO] [stderr]   CC_x86_64-unknown-linux-gnu = None
[INFO] [stderr]   CC_x86_64_unknown_linux_gnu = None
[INFO] [stderr]   HOST_CC = None
[INFO] [stderr]   CC = None
[INFO] [stderr]   CFLAGS_x86_64-unknown-linux-gnu = None
[INFO] [stderr]   CFLAGS_x86_64_unknown_linux_gnu = None
[INFO] [stderr]   HOST_CFLAGS = None
[INFO] [stderr]   CFLAGS = None
[INFO] [stderr]   CRATE_CC_NO_DEFAULTS = None
[INFO] [stderr]   DEBUG = Some("true")
[INFO] [stderr]   CARGO_CFG_TARGET_FEATURE = Some("fxsr,sse,sse2")
[INFO] [stderr]   running: "cc" "-O0" "-ffunction-sections" "-fdata-sections" "-fPIC" "-g" "-fno-omit-frame-pointer" "-m64" "-DSQLITE_CORE" "-DSQLITE_DEFAULT_FOREIGN_KEYS=1" "-DSQLITE_ENABLE_API_ARMOR" "-DSQLITE_ENABLE_COLUMN_METADATA" "-DSQLITE_ENABLE_DBSTAT_VTAB" "-DSQLITE_ENABLE_FTS3" "-DSQLITE_ENABLE_FTS3_PARENTHESIS" "-DSQLITE_ENABLE_FTS5" "-DSQLITE_ENABLE_JSON1" "-DSQLITE_ENABLE_LOAD_EXTENSION=1" "-DSQLITE_ENABLE_MEMORY_MANAGEMENT" "-DSQLITE_ENABLE_RTREE" "-DSQLITE_ENABLE_STAT2" "-DSQLITE_ENABLE_STAT4" "-DSQLITE_SOUNDEX" "-DSQLITE_THREADSAFE=1" "-DSQLITE_USE_URI" "-DHAVE_USLEEP=1" "-D_POSIX_THREAD_SAFE_FUNCTIONS" "-DHAVE_ISNAN" "-DHAVE_LOCALTIME_R" "-DSQLITE_ENABLE_UNLOCK_NOTIFY" "-o" "/opt/rustwide/target/debug/build/libsqlite3-sys/74f228fa4bf459d1/out/sqlite3/sqlite3.o" "-c" "sqlite3/sqlite3.c"
[INFO] [stderr]   cargo:warning=sqlite3/sqlite3.c: In function 'sqlite3ShadowTableName':
[INFO] [stderr]   cargo:warning=sqlite3/sqlite3.c:116460:9: warning: assignment discards 'const' qualifier from pointer target type [-Wdiscarded-qualifiers]
[INFO] [stderr]   cargo:warning=116460 |   zTail = strrchr(zName, '_');
[INFO] [stderr]   cargo:warning=       |         ^
[INFO] [stderr]   cargo:warning=cc: fatal error: Killed signal terminated program cc1
[INFO] [stderr]   cargo:warning=compilation terminated.
[INFO] [stderr]   exit status: 1
[INFO] [stderr] 
[INFO] [stderr]   --- stderr
[INFO] [stderr] 
[INFO] [stderr] 
[INFO] [stderr]   error occurred: Command "cc" "-O0" "-ffunction-sections" "-fdata-sections" "-fPIC" "-g" "-fno-omit-frame-pointer" "-m64" "-DSQLITE_CORE" "-DSQLITE_DEFAULT_FOREIGN_KEYS=1" "-DSQLITE_ENABLE_API_ARMOR" "-DSQLITE_ENABLE_COLUMN_METADATA" "-DSQLITE_ENABLE_DBSTAT_VTAB" "-DSQLITE_ENABLE_FTS3" "-DSQLITE_ENABLE_FTS3_PARENTHESIS" "-DSQLITE_ENABLE_FTS5" "-DSQLITE_ENABLE_JSON1" "-DSQLITE_ENABLE_LOAD_EXTENSION=1" "-DSQLITE_ENABLE_MEMORY_MANAGEMENT" "-DSQLITE_ENABLE_RTREE" "-DSQLITE_ENABLE_STAT2" "-DSQLITE_ENABLE_STAT4" "-DSQLITE_SOUNDEX" "-DSQLITE_THREADSAFE=1" "-DSQLITE_USE_URI" "-DHAVE_USLEEP=1" "-D_POSIX_THREAD_SAFE_FUNCTIONS" "-DHAVE_ISNAN" "-DHAVE_LOCALTIME_R" "-DSQLITE_ENABLE_UNLOCK_NOTIFY" "-o" "/opt/rustwide/target/debug/build/libsqlite3-sys/74f228fa4bf459d1/out/sqlite3/sqlite3.o" "-c" "sqlite3/sqlite3.c" with args "cc" did not execute successfully (status code exit status: 1).
[INFO] [stderr] 
[INFO] [stderr] 
[INFO] running `Command { std: "docker" "inspect" "87648c88f1b2e7de51513aef99c99784d1de0dd65ac6bb60e37676edfc9e858b", kill_on_drop: false }`
[INFO] running `Command { std: "docker" "rm" "-f" "87648c88f1b2e7de51513aef99c99784d1de0dd65ac6bb60e37676edfc9e858b", kill_on_drop: false }`
[INFO] [stdout] 87648c88f1b2e7de51513aef99c99784d1de0dd65ac6bb60e37676edfc9e858b
