[INFO] cloning repository https://github.com/hermitpopcorn/negi-watch
[INFO] running `Command { std: "git" "-c" "credential.helper=" "-c" "credential.helper=/workspace/cargo-home/bin/git-credential-null" "clone" "--bare" "https://github.com/hermitpopcorn/negi-watch" "/workspace/cache/git-repos/https%3A%2F%2Fgithub.com%2Fhermitpopcorn%2Fnegi-watch", kill_on_drop: false }`
[INFO] [stderr] Cloning into bare repository '/workspace/cache/git-repos/https%3A%2F%2Fgithub.com%2Fhermitpopcorn%2Fnegi-watch'...
[INFO] running `Command { std: "git" "rev-parse" "HEAD", kill_on_drop: false }`
[INFO] [stdout] d99c07efd2622c6bc4b8b3e5cf5b08e165bbdd87
[INFO] documenting hermitpopcorn/negi-watch against 1.99.0-beta.8 for beta-rustdoc-1.100-2
[INFO] running `Command { std: "git" "clone" "/workspace/cache/git-repos/https%3A%2F%2Fgithub.com%2Fhermitpopcorn%2Fnegi-watch" "/workspace/builds/worker-0-tc1/source", kill_on_drop: false }`
[INFO] [stderr] Cloning into '/workspace/builds/worker-0-tc1/source'...
[INFO] [stderr] done.
[INFO] started tweaking git repo https://github.com/hermitpopcorn/negi-watch
[INFO] finished tweaking git repo https://github.com/hermitpopcorn/negi-watch
[INFO] tweaked toml for git repo https://github.com/hermitpopcorn/negi-watch written to /workspace/builds/worker-0-tc1/source/Cargo.toml
[INFO] validating manifest of git repo https://github.com/hermitpopcorn/negi-watch on toolchain 1.99.0-beta.8
[INFO] running `Command { std: CARGO_HOME="/workspace/cargo-home" RUSTUP_HOME="/workspace/rustup-home" "/workspace/cargo-home/bin/cargo" "+1.99.0-beta.8" "metadata" "--manifest-path" "Cargo.toml" "--no-deps", kill_on_drop: false }`
[INFO] crate git repo https://github.com/hermitpopcorn/negi-watch already has a lockfile, it will not be regenerated
[INFO] running `Command { std: CARGO_HOME="/workspace/cargo-home" RUSTUP_HOME="/workspace/rustup-home" "/workspace/cargo-home/bin/cargo" "+1.99.0-beta.8" "fetch" "--manifest-path" "Cargo.toml", kill_on_drop: false }`
[INFO] [stderr]     Updating crates.io index
[INFO] [stderr]  Downloading crates ...
[INFO] [stderr]   Downloaded rustls-native-certs v0.8.1
[INFO] [stderr]   Downloaded tokio-rustls v0.26.1
[INFO] [stderr]   Downloaded pear_codegen v0.2.9
[INFO] [stderr]   Downloaded uncased v0.9.10
[INFO] [stderr]   Downloaded string_cache_codegen v0.5.3
[INFO] [stderr]   Downloaded is-terminal v0.4.16
[INFO] [stderr]   Downloaded devise_codegen v0.4.2
[INFO] [stderr]   Downloaded atomic v0.6.0
[INFO] [stderr]   Downloaded atomic v0.5.3
[INFO] [stderr]   Downloaded ubyte v0.10.4
[INFO] [stderr]   Downloaded servo_arc v0.4.0
[INFO] [stderr]   Downloaded kqueue v1.0.8
[INFO] [stderr]   Downloaded kqueue-sys v1.0.4
[INFO] [stderr]   Downloaded string_cache v0.8.8
[INFO] [stderr]   Downloaded hermit-abi v0.5.0
[INFO] [stderr]   Downloaded pear v0.2.9
[INFO] [stderr]   Downloaded devise v0.4.2
[INFO] [stderr]   Downloaded devise_core v0.4.2
[INFO] [stderr]   Downloaded notify-types v2.0.0
[INFO] [stderr]   Downloaded filetime v0.2.25
[INFO] [stderr]   Downloaded dtoa v1.0.9
[INFO] [stderr]   Downloaded state v0.6.0
[INFO] [stderr]   Downloaded generator v0.7.5
[INFO] [stderr]   Downloaded data-encoding v2.7.0
[INFO] [stderr]   Downloaded chrono-tz-build v0.4.0
[INFO] [stderr]   Downloaded markup5ever v0.14.0
[INFO] [stderr]   Downloaded native-tls v0.2.13
[INFO] [stderr]   Downloaded h2 v0.4.7
[INFO] [stderr]   Downloaded notify v8.0.0
[INFO] [stderr]   Downloaded mailparse v0.15.0
[INFO] [stderr]   Downloaded uuid v1.12.1
[INFO] [stderr]   Downloaded toml v0.8.20
[INFO] [stderr]   Downloaded yup-oauth2 v12.0.0
[INFO] [stderr]   Downloaded figment v0.10.19
[INFO] [stderr]   Downloaded bytemuck v1.22.0
[INFO] [stderr]   Downloaded security-framework v3.2.0
[INFO] [stderr]   Downloaded html5ever v0.29.0
[INFO] [stderr]   Downloaded rocket_http v0.5.1
[INFO] [stderr]   Downloaded parse-zoneinfo v0.3.1
[INFO] [stderr]   Downloaded rocket_codegen v0.5.1
[INFO] [stderr]   Downloaded openssl v0.10.69
[INFO] [stderr]   Downloaded rocket v0.5.1
[INFO] [stderr]   Downloaded rustls v0.23.22
[INFO] [stderr]   Downloaded chrono-tz v0.10.1
[INFO] running `Command { std: "docker" "create" "-v" "/var/lib/crater-agent-workspace/builds/worker-0-tc1/source:/opt/rustwide/workdir:ro,Z" "-v" "/var/lib/crater-agent-workspace/builds/worker-0-tc1/target:/opt/rustwide/target:rw,Z" "-v" "/var/lib/crater-agent-workspace/cargo-home:/opt/rustwide/cargo-home:ro,Z" "-v" "/var/lib/crater-agent-workspace/rustup-home:/opt/rustwide/rustup-home:ro,Z" "-m" "1610612736" "--network" "none" "ghcr.io/rust-lang/crates-build-env/linux@sha256:77db811e55d90add9212f6832c23229e3de5f1c1f9905e8cb07319ea15df73ac" "sleep" "infinity", kill_on_drop: false }`
[INFO] [stdout] 0d611c45b99003ad97870e957af8f97f9c2c2dbd11623711645dc03ec63cf4be
[INFO] running `Command { std: "docker" "start" "0d611c45b99003ad97870e957af8f97f9c2c2dbd11623711645dc03ec63cf4be", kill_on_drop: false }`
[INFO] running `Command { std: "docker" "inspect" "0d611c45b99003ad97870e957af8f97f9c2c2dbd11623711645dc03ec63cf4be", kill_on_drop: false }`
[INFO] running `Command { std: "docker" "exec" "-e" "SOURCE_DIR=/opt/rustwide/workdir" "-e" "CARGO_HOME=/opt/rustwide/cargo-home" "-e" "RUSTUP_HOME=/opt/rustwide/rustup-home" "-e" "CARGO_TARGET_DIR=/opt/rustwide/target" "-w" "/opt/rustwide/workdir" "--user" "0:0" "0d611c45b99003ad97870e957af8f97f9c2c2dbd11623711645dc03ec63cf4be" "/opt/rustwide/cargo-home/bin/cargo" "+1.99.0-beta.8" "metadata" "--no-deps" "--format-version=1", kill_on_drop: false }`
[INFO] running `Command { std: "docker" "inspect" "0d611c45b99003ad97870e957af8f97f9c2c2dbd11623711645dc03ec63cf4be", kill_on_drop: false }`
[INFO] running `Command { std: "docker" "exec" "-e" "SOURCE_DIR=/opt/rustwide/workdir" "-e" "CARGO_HOME=/opt/rustwide/cargo-home" "-e" "RUSTUP_HOME=/opt/rustwide/rustup-home" "-e" "CARGO_TARGET_DIR=/opt/rustwide/target" "-e" "CARGO_INCREMENTAL=0" "-e" "RUST_BACKTRACE=full" "-e" "RUSTFLAGS=--cap-lints=warn" "-e" "RUSTDOCFLAGS=--cap-lints=warn" "-w" "/opt/rustwide/workdir" "--user" "0:0" "0d611c45b99003ad97870e957af8f97f9c2c2dbd11623711645dc03ec63cf4be" "/opt/rustwide/cargo-home/bin/cargo" "+1.99.0-beta.8" "doc" "--frozen" "--no-deps" "--document-private-items" "--message-format=json", kill_on_drop: false }`
[INFO] [stderr]    Compiling proc-macro2 v1.0.93
[INFO] [stderr]    Compiling unicode-ident v1.0.16
[INFO] [stderr]    Compiling libc v0.2.169
[INFO] [stderr]    Compiling serde v1.0.217
[INFO] [stderr]     Checking log v0.4.25
[INFO] [stderr]     Checking itoa v1.0.14
[INFO] [stderr]     Checking bytes v1.9.0
[INFO] [stderr]     Checking smallvec v1.13.2
[INFO] [stderr]    Compiling cc v1.2.11
[INFO] [stderr]    Compiling rand_core v0.6.4
[INFO] [stderr]    Compiling siphasher v1.0.1
[INFO] [stderr]     Checking once_cell v1.20.2
[INFO] [stderr]    Compiling rand v0.8.5
[INFO] [stderr]     Checking stable_deref_trait v1.2.0
[INFO] [stderr]    Compiling phf_shared v0.11.3
[INFO] [stderr]    Compiling httparse v1.10.0
[INFO] [stderr]     Checking futures-io v0.3.31
[INFO] [stderr]     Checking hashbrown v0.15.2
[INFO] [stderr]    Compiling proc-macro2-diagnostics v0.10.1
[INFO] [stderr]     Checking tracing-core v0.1.33
[INFO] [stderr]    Compiling yansi v1.0.1
[INFO] [stderr]     Checking bitflags v2.8.0
[INFO] [stderr]     Checking http v1.2.0
[INFO] [stderr]    Compiling phf_generator v0.11.3
[INFO] [stderr]    Compiling quote v1.0.38
[INFO] [stderr]    Compiling phf_codegen v0.11.3
[INFO] [stderr]     Checking mio v1.0.3
[INFO] [stderr]     Checking socket2 v0.5.8
[INFO] [stderr]     Checking signal-hook-registry v1.4.2
[INFO] [stderr]     Checking tracing v0.1.41
[INFO] [stderr]    Compiling syn v2.0.98
[INFO] [stderr]     Checking getrandom v0.2.15
[INFO] [stderr]     Checking litemap v0.7.4
[INFO] [stderr]    Compiling time-core v0.1.2
[INFO] [stderr]     Checking writeable v0.5.5
[INFO] [stderr]    Compiling time-macros v0.2.19
[INFO] [stderr]     Checking rustls-pki-types v1.11.0
[INFO] [stderr]     Checking icu_locid_transform_data v1.5.0
[INFO] [stderr]     Checking spin v0.9.8
[INFO] [stderr]     Checking http-body v1.0.1
[INFO] [stderr]    Compiling futures-core v0.3.31
[INFO] [stderr]     Checking icu_properties_data v1.5.0
[INFO] [stderr]    Compiling ref-cast v1.0.24
[INFO] [stderr]    Compiling regex-syntax v0.8.5
[INFO] [stderr]     Checking parking_lot_core v0.9.10
[INFO] [stderr]     Checking icu_normalizer_data v1.5.0
[INFO] [stderr]    Compiling powerfmt v0.2.0
[INFO] [stderr]    Compiling openssl-sys v0.9.104
[INFO] [stderr]    Compiling ring v0.17.8
[INFO] [stderr]     Checking write16 v1.0.0
[INFO] [stderr]    Compiling openssl v0.10.69
[INFO] [stderr]    Compiling futures-task v0.3.31
[INFO] [stderr]     Checking utf16_iter v1.0.5
[INFO] [stderr]    Compiling futures-util v0.3.31
[INFO] [stderr]    Compiling http v0.2.12
[INFO] [stderr]    Compiling deranged v0.3.11
[INFO] [stderr]    Compiling regex-automata v0.4.9
[INFO] [stderr]     Checking parking_lot v0.12.3
[INFO] [stderr]    Compiling futures-channel v0.3.31
[INFO] [stderr]    Compiling string_cache_codegen v0.5.3
[INFO] [stderr]     Checking is-terminal v0.4.16
[INFO] [stderr]     Checking encoding_rs v0.8.35
[INFO] [stderr]    Compiling num-traits v0.2.19
[INFO] [stderr]    Compiling uncased v0.9.10
[INFO] [stderr]     Checking precomputed-hash v0.1.1
[INFO] [stderr]    Compiling native-tls v0.2.13
[INFO] [stderr]    Compiling try-lock v0.2.5
[INFO] [stderr]     Checking mac v0.1.1
[INFO] [stderr]    Compiling rustls v0.23.22
[INFO] [stderr]     Checking ryu v1.0.19
[INFO] [stderr]    Compiling serde_json v1.0.138
[INFO] [stderr]     Checking futf v0.1.5
[INFO] [stderr]    Compiling want v0.3.1
[INFO] [stderr]    Compiling markup5ever v0.14.0
[INFO] [stderr]    Compiling time v0.3.37
[INFO] [stderr]    Compiling http-body v0.4.6
[INFO] [stderr]    Compiling tokio v1.43.0
[INFO] [stderr]     Checking aho-corasick v1.1.3
[INFO] [stderr]    Compiling percent-encoding v2.3.1
[INFO] [stderr]     Checking winnow v0.7.0
[INFO] [stderr]     Checking inlinable_string v0.1.15
[INFO] [stderr]    Compiling synstructure v0.13.1
[INFO] [stderr]    Compiling regex v1.11.1
[INFO] [stderr]     Checking zeroize v1.8.1
[INFO] [stderr]    Compiling devise_core v0.4.2
[INFO] [stderr]     Checking rustls-webpki v0.102.8
[INFO] [stderr]    Compiling parse-zoneinfo v0.3.1
[INFO] [stderr]    Compiling tower-service v0.3.3
[INFO] [stderr]    Compiling rustix v0.38.44
[INFO] [stderr]     Checking dtoa v1.0.9
[INFO] [stderr]    Compiling httpdate v1.0.3
[INFO] [stderr]    Compiling getrandom v0.3.1
[INFO] [stderr]    Compiling indexmap v2.7.1
[INFO] [stderr]    Compiling futures v0.3.31
[INFO] [stderr]     Checking dtoa-short v0.3.5
[INFO] [stderr]    Compiling stable-pattern v0.1.0
[INFO] [stderr]     Checking tendril v0.4.3
[INFO] [stderr]    Compiling chrono-tz-build v0.4.0
[INFO] [stderr]    Compiling cookie v0.18.1
[INFO] [stderr]    Compiling serde_derive v1.0.217
[INFO] [stderr]    Compiling tokio-macros v2.5.0
[INFO] [stderr]    Compiling futures-macro v0.3.31
[INFO] [stderr]    Compiling zerofrom-derive v0.1.5
[INFO] [stderr]    Compiling yoke-derive v0.7.5
[INFO] [stderr]    Compiling zerovec-derive v0.10.3
[INFO] [stderr]    Compiling displaydoc v0.2.5
[INFO] [stderr]    Compiling icu_provider_macros v1.5.0
[INFO] [stderr]     Checking zerofrom v0.1.5
[INFO] [stderr]    Compiling phf_macros v0.11.3
[INFO] [stderr]     Checking yoke v0.7.5
[INFO] [stderr]    Compiling pear_codegen v0.2.9
[INFO] [stderr]    Compiling ref-cast-impl v1.0.24
[INFO] [stderr]     Checking phf v0.11.3
[INFO] [stderr]     Checking zerovec v0.10.4
[INFO] [stderr]    Compiling openssl-macros v0.1.1
[INFO] [stderr]    Compiling zerocopy-derive v0.7.35
[INFO] [stderr]     Checking pear v0.2.9
[INFO] [stderr]     Checking tinystr v0.7.6
[INFO] [stderr]     Checking icu_collections v1.5.0
[INFO] [stderr]     Checking zerocopy v0.7.35
[INFO] [stderr]     Checking icu_locid v1.5.0
[INFO] [stderr]    Compiling hyper v0.14.32
[INFO] [stderr]     Checking futures-executor v0.3.31
[INFO] [stderr]     Checking ppv-lite86 v0.2.20
[INFO] [stderr]     Checking icu_provider v1.5.0
[INFO] [stderr]     Checking http-body-util v0.1.2
[INFO] [stderr]    Compiling html5ever v0.29.0
[INFO] [stderr]    Compiling cssparser-macros v0.6.1
[INFO] [stderr]     Checking icu_locid_transform v1.5.0
[INFO] [stderr]    Compiling devise_codegen v0.4.2
[INFO] [stderr]     Checking tokio-util v0.7.13
[INFO] [stderr]    Compiling selectors v0.26.0
[INFO] [stderr]     Checking icu_properties v1.5.1
[INFO] [stderr]    Compiling multer v3.1.0
[INFO] [stderr]    Compiling figment v0.10.19
[INFO] [stderr]    Compiling either v1.15.0
[INFO] [stderr]    Compiling state v0.6.0
[INFO] [stderr]     Checking linux-raw-sys v0.4.15
[INFO] [stderr]    Compiling thiserror v1.0.69
[INFO] [stderr]     Checking anstyle-parse v0.2.6
[INFO] [stderr]     Checking rand_chacha v0.3.1
[INFO] [stderr]    Compiling rocket_http v0.5.1
[INFO] [stderr]    Compiling devise v0.4.2
[INFO] [stderr]     Checking tokio-rustls v0.26.1
[INFO] [stderr]     Checking cssparser v0.34.0
[INFO] [stderr]    Compiling chrono-tz v0.10.1
[INFO] [stderr]    Compiling derive_more v0.99.18
[INFO] [stderr]    Compiling async-trait v0.1.86
[INFO] [stderr]     Checking tokio-native-tls v0.3.1
[INFO] [stderr]    Compiling thiserror-impl v1.0.69
[INFO] [stderr]    Compiling async-stream-impl v0.3.6
[INFO] [stderr]     Checking rustls-native-certs v0.8.1
[INFO] [stderr]     Checking rustls-pemfile v2.2.0
[INFO] [stderr]     Checking fxhash v0.2.1
[INFO] [stderr]     Checking inotify-sys v0.1.5
[INFO] [stderr]     Checking servo_arc v0.4.0
[INFO] [stderr]     Checking toml_datetime v0.6.8
[INFO] [stderr]     Checking serde_spanned v0.6.8
[INFO] [stderr]     Checking string_cache v0.8.8
[INFO] [stderr]     Checking h2 v0.4.7
[INFO] [stderr]     Checking h2 v0.3.26
[INFO] [stderr]     Checking icu_normalizer v1.5.0
[INFO] [stderr]     Checking toml_edit v0.22.23
[INFO] [stderr]     Checking idna_adapter v1.2.0
[INFO] [stderr]     Checking idna v1.0.3
[INFO] [stderr]    Compiling rocket v0.5.1
[INFO] [stderr]    Compiling glob v0.3.2
[INFO] [stderr]     Checking is_terminal_polyfill v1.70.1
[INFO] [stderr]     Checking colorchoice v1.0.3
[INFO] [stderr]     Checking anstyle v1.0.10
[INFO] [stderr]     Checking unicode-width v0.1.14
[INFO] [stderr]     Checking url v2.5.4
[INFO] [stderr]     Checking iana-time-zone v0.1.61
[INFO] [stderr]    Compiling rust_decimal v1.36.0
[INFO] [stderr]     Checking anstyle-query v1.1.2
[INFO] [stderr]    Compiling rocket_codegen v0.5.1
[INFO] [stderr]     Checking anstream v0.6.18
[INFO] [stderr]     Checking chrono v0.4.39
[INFO] [stderr]     Checking tempfile v3.16.0
[INFO] [stderr]     Checking getopts v0.2.21
[INFO] [stderr]     Checking tower v0.5.2
[INFO] [stderr]     Checking toml v0.8.20
[INFO] [stderr]     Checking inotify v0.11.0
[INFO] [stderr]     Checking ubyte v0.10.4
[INFO] [stderr]     Checking serde_urlencoded v0.7.1
[INFO] [stderr]     Checking async-stream v0.3.6
[INFO] [stderr]     Checking env_filter v0.1.3
[INFO] [stderr]     Checking tokio-stream v0.1.17
[INFO] [stderr]     Checking charset v0.1.5
[INFO] [stderr]     Checking hyper v1.6.0
[INFO] [stderr]     Checking num_cpus v1.16.0
[INFO] [stderr]     Checking filetime v0.2.25
[INFO] [stderr]     Checking atomic v0.5.3
[INFO] [stderr]     Checking humantime v2.1.0
[INFO] [stderr]     Checking data-encoding v2.7.0
[INFO] [stderr]     Checking seahash v4.1.0
[INFO] [stderr]     Checking arrayvec v0.7.6
[INFO] [stderr]     Checking binascii v0.1.4
[INFO] [stderr]     Checking notify-types v2.0.0
[INFO] [stderr]     Checking quoted_printable v0.5.1
[INFO] [stderr]     Checking ego-tree v0.10.0
[INFO] [stderr]     Checking notify v8.0.0
[INFO] [stderr]     Checking mailparse v0.15.0
[INFO] [stderr]     Checking scraper v0.22.0
[INFO] [stderr]     Checking env_logger v0.11.6
[INFO] [stderr]     Checking hyper-util v0.1.10
[INFO] [stderr]     Checking hyper-tls v0.6.0
[INFO] [stderr]     Checking hyper-rustls v0.27.5
[INFO] [stderr]     Checking reqwest v0.12.12
[INFO] [stderr]     Checking yup-oauth2 v12.0.0
[INFO] [stderr]  Documenting negi v0.1.0 (/opt/rustwide/workdir)
[INFO] [stderr]     Checking negi v0.1.0 (/opt/rustwide/workdir)
[INFO] [stderr]     Finished `dev` profile [unoptimized + debuginfo] target(s) in 2m 24s
[INFO] [stderr]    Generated /opt/rustwide/target/doc/negi/index.html and 3 other files
[INFO] running `Command { std: "docker" "inspect" "0d611c45b99003ad97870e957af8f97f9c2c2dbd11623711645dc03ec63cf4be", kill_on_drop: false }`
[INFO] running `Command { std: "docker" "exec" "-e" "SOURCE_DIR=/opt/rustwide/workdir" "-e" "CARGO_HOME=/opt/rustwide/cargo-home" "-e" "RUSTUP_HOME=/opt/rustwide/rustup-home" "-e" "CARGO_TARGET_DIR=/opt/rustwide/target" "-e" "CARGO_INCREMENTAL=0" "-e" "RUST_BACKTRACE=full" "-e" "RUSTFLAGS=--cap-lints=warn" "-e" "RUSTDOCFLAGS=--cap-lints=warn" "-e" "RUSTC_BOOTSTRAP=1" "-e" "DOCS_RS=1" "-w" "/opt/rustwide/workdir" "--user" "0:0" "0d611c45b99003ad97870e957af8f97f9c2c2dbd11623711645dc03ec63cf4be" "/opt/rustwide/cargo-home/bin/cargo" "+1.99.0-beta.8" "rustdoc" "--lib" "-Zrustdoc-map" "--config" "build.rustdocflags=[\"--cfg\", \"docsrs\", \"-Z\", \"unstable-options\", \"--document-private-items\"]" "--frozen" "--message-format=json", kill_on_drop: false }`
[INFO] [stderr]    Compiling proc-macro2 v1.0.93
[INFO] [stderr]    Compiling thiserror v1.0.69
[INFO] [stdout] error[E0425]: cannot find type `SourceFile` in crate `proc_macro`
[INFO] [stdout]    --> /opt/rustwide/cargo-home/registry/src/index.crates.io-1949cf8c6b5b557f/proc-macro2-1.0.93/src/wrapper.rs:366:26
[INFO] [stdout]     |
[INFO] [stdout] 366 |     Compiler(proc_macro::SourceFile),
[INFO] [stdout]     |                          ^^^^^^^^^^ not found in `proc_macro`
[INFO] [stdout]     |
[INFO] [stdout] help: consider importing one of these structs
[INFO] [stdout]     |
[INFO] [stdout]   1 + use crate::SourceFile;
[INFO] [stdout]     |
[INFO] [stdout]   1 + use crate::fallback::SourceFile;
[INFO] [stdout]     |
[INFO] [stdout] help: if you import `SourceFile`, refer to it directly
[INFO] [stdout]     |
[INFO] [stdout] 366 -     Compiler(proc_macro::SourceFile),
[INFO] [stdout] 366 +     Compiler(SourceFile),
[INFO] [stdout]     |
[INFO] [stdout] 
[INFO] [stdout] 
[INFO] [stdout] error[E0425]: cannot find type `SourceFile` in crate `proc_macro`
[INFO] [stdout]    --> /opt/rustwide/cargo-home/registry/src/index.crates.io-1949cf8c6b5b557f/proc-macro2-1.0.93/src/wrapper.rs:372:32
[INFO] [stdout]     |
[INFO] [stdout] 372 |     fn nightly(sf: proc_macro::SourceFile) -> Self {
[INFO] [stdout]     |                                ^^^^^^^^^^ not found in `proc_macro`
[INFO] [stdout]     |
[INFO] [stdout] help: consider importing one of these structs
[INFO] [stdout]     |
[INFO] [stdout]   1 + use crate::SourceFile;
[INFO] [stdout]     |
[INFO] [stdout]   1 + use crate::fallback::SourceFile;
[INFO] [stdout]     |
[INFO] [stdout] help: if you import `SourceFile`, refer to it directly
[INFO] [stdout]     |
[INFO] [stdout] 372 -     fn nightly(sf: proc_macro::SourceFile) -> Self {
[INFO] [stdout] 372 +     fn nightly(sf: SourceFile) -> Self {
[INFO] [stdout]     |
[INFO] [stdout] 
[INFO] [stdout] 
[INFO] [stdout] error[E0599]: no method named `source_file` found for reference `&proc_macro::Span` in the current scope
[INFO] [stdout]    --> /opt/rustwide/cargo-home/registry/src/index.crates.io-1949cf8c6b5b557f/proc-macro2-1.0.93/src/wrapper.rs:462:56
[INFO] [stdout]     |
[INFO] [stdout] 462 |             Span::Compiler(s) => SourceFile::nightly(s.source_file()),
[INFO] [stdout]     |                                                        ^^^^^^^^^^^
[INFO] [stdout]     |
[INFO] [stdout] help: there is a method `source` with a similar name
[INFO] [stdout]     |
[INFO] [stdout] 462 -             Span::Compiler(s) => SourceFile::nightly(s.source_file()),
[INFO] [stdout] 462 +             Span::Compiler(s) => SourceFile::nightly(s.source()),
[INFO] [stdout]     |
[INFO] [stdout] 
[INFO] [stdout] 
[INFO] [stdout] Some errors have detailed explanations: E0425, E0599.
[INFO] [stdout] 
[INFO] [stdout] For more information about an error, try `rustc --explain E0425`.
[INFO] [stdout] 
[INFO] [stderr] error: could not compile `proc-macro2` (lib) due to 3 previous errors
[INFO] running `Command { std: "docker" "inspect" "0d611c45b99003ad97870e957af8f97f9c2c2dbd11623711645dc03ec63cf4be", kill_on_drop: false }`
[INFO] running `Command { std: "docker" "rm" "-f" "0d611c45b99003ad97870e957af8f97f9c2c2dbd11623711645dc03ec63cf4be", kill_on_drop: false }`
[INFO] [stdout] 0d611c45b99003ad97870e957af8f97f9c2c2dbd11623711645dc03ec63cf4be
