[INFO] cloning repository https://github.com/fangfuzha/AudioRouter
[INFO] running `Command { std: "git" "-c" "credential.helper=" "-c" "credential.helper=/workspace/cargo-home/bin/git-credential-null" "clone" "--bare" "https://github.com/fangfuzha/AudioRouter" "/workspace/cache/git-repos/https%3A%2F%2Fgithub.com%2Ffangfuzha%2FAudioRouter", kill_on_drop: false }`
[INFO] [stderr] Cloning into bare repository '/workspace/cache/git-repos/https%3A%2F%2Fgithub.com%2Ffangfuzha%2FAudioRouter'...
[INFO] running `Command { std: "git" "rev-parse" "HEAD", kill_on_drop: false }`
[INFO] [stdout] b576a34e8d9aedfd2f82d872306c180f32af93a5
[INFO] documenting fangfuzha/AudioRouter against 1.99.0-beta.8 for beta-rustdoc-1.100-2
[INFO] running `Command { std: "git" "clone" "/workspace/cache/git-repos/https%3A%2F%2Fgithub.com%2Ffangfuzha%2FAudioRouter" "/workspace/builds/worker-5-tc1/source", kill_on_drop: false }`
[INFO] [stderr] Cloning into '/workspace/builds/worker-5-tc1/source'...
[INFO] [stderr] done.
[INFO] started tweaking git repo https://github.com/fangfuzha/AudioRouter
[INFO] finished tweaking git repo https://github.com/fangfuzha/AudioRouter
[INFO] tweaked toml for git repo https://github.com/fangfuzha/AudioRouter written to /workspace/builds/worker-5-tc1/source/Cargo.toml
[INFO] validating manifest of git repo https://github.com/fangfuzha/AudioRouter on toolchain 1.99.0-beta.8
[INFO] running `Command { std: CARGO_HOME="/workspace/cargo-home" RUSTUP_HOME="/workspace/rustup-home" "/workspace/cargo-home/bin/cargo" "+1.99.0-beta.8" "metadata" "--manifest-path" "Cargo.toml" "--no-deps", kill_on_drop: false }`
[INFO] crate git repo https://github.com/fangfuzha/AudioRouter already has a lockfile, it will not be regenerated
[INFO] running `Command { std: CARGO_HOME="/workspace/cargo-home" RUSTUP_HOME="/workspace/rustup-home" "/workspace/cargo-home/bin/cargo" "+1.99.0-beta.8" "fetch" "--manifest-path" "Cargo.toml", kill_on_drop: false }`
[INFO] [stderr]     Updating crates.io index
[INFO] [stderr]     Updating git repository `https://github.com/microsoft/windows-rs`
[INFO] [stderr]     Blocking waiting for file lock on package cache
[INFO] [stderr]  Downloading crates ...
[INFO] [stderr]   Downloaded getrandom v0.4.1
[INFO] [stderr]   Downloaded winres v0.1.12
[INFO] [stderr]   Downloaded tempfile v3.25.0
[INFO] [stderr]   Downloaded dark-light v3.0.0
[INFO] [stderr]   Downloaded winreg v0.56.0
[INFO] [stderr]   Downloaded specta-macros v2.0.0-rc.18
[INFO] [stderr]   Downloaded unicode-ident v1.0.23
[INFO] [stderr]   Downloaded specta v2.0.0-rc.22
[INFO] [stderr]   Downloaded tray-icon v0.24.2
[INFO] [stderr]   Downloaded toml v1.1.4+spec-1.1.0
[INFO] [stderr]   Downloaded muda v0.19.3
[INFO] [stderr]   Downloaded jiff-static v0.2.25
[INFO] [stderr]   Downloaded der v0.8.1
[INFO] [stderr]   Downloaded syn v2.0.115
[INFO] [stderr]   Downloaded jiff v0.2.25
[INFO] running `Command { std: "docker" "create" "-v" "/var/lib/crater-agent-workspace/builds/worker-5-tc1/source:/opt/rustwide/workdir:ro,Z" "-v" "/var/lib/crater-agent-workspace/builds/worker-5-tc1/target:/opt/rustwide/target:rw,Z" "-v" "/var/lib/crater-agent-workspace/cargo-home:/opt/rustwide/cargo-home:ro,Z" "-v" "/var/lib/crater-agent-workspace/rustup-home:/opt/rustwide/rustup-home:ro,Z" "-m" "1610612736" "--network" "none" "ghcr.io/rust-lang/crates-build-env/linux@sha256:77db811e55d90add9212f6832c23229e3de5f1c1f9905e8cb07319ea15df73ac" "sleep" "infinity", kill_on_drop: false }`
[INFO] [stdout] 583b3e9123f9f2978de601faed40bec6b72c83007428680ff5382e1b96879e70
[INFO] running `Command { std: "docker" "start" "583b3e9123f9f2978de601faed40bec6b72c83007428680ff5382e1b96879e70", kill_on_drop: false }`
[INFO] running `Command { std: "docker" "inspect" "583b3e9123f9f2978de601faed40bec6b72c83007428680ff5382e1b96879e70", kill_on_drop: false }`
[INFO] running `Command { std: "docker" "exec" "-e" "SOURCE_DIR=/opt/rustwide/workdir" "-e" "CARGO_HOME=/opt/rustwide/cargo-home" "-e" "RUSTUP_HOME=/opt/rustwide/rustup-home" "-e" "CARGO_TARGET_DIR=/opt/rustwide/target" "-w" "/opt/rustwide/workdir" "--user" "0:0" "583b3e9123f9f2978de601faed40bec6b72c83007428680ff5382e1b96879e70" "/opt/rustwide/cargo-home/bin/cargo" "+1.99.0-beta.8" "metadata" "--no-deps" "--format-version=1", kill_on_drop: false }`
[INFO] running `Command { std: "docker" "inspect" "583b3e9123f9f2978de601faed40bec6b72c83007428680ff5382e1b96879e70", kill_on_drop: false }`
[INFO] running `Command { std: "docker" "exec" "-e" "SOURCE_DIR=/opt/rustwide/workdir" "-e" "CARGO_HOME=/opt/rustwide/cargo-home" "-e" "RUSTUP_HOME=/opt/rustwide/rustup-home" "-e" "CARGO_TARGET_DIR=/opt/rustwide/target" "-e" "CARGO_INCREMENTAL=0" "-e" "RUST_BACKTRACE=full" "-e" "RUSTFLAGS=--cap-lints=warn" "-e" "RUSTDOCFLAGS=--cap-lints=warn" "-w" "/opt/rustwide/workdir" "--user" "0:0" "583b3e9123f9f2978de601faed40bec6b72c83007428680ff5382e1b96879e70" "/opt/rustwide/cargo-home/bin/cargo" "+1.99.0-beta.8" "doc" "--frozen" "--no-deps" "--document-private-items" "--message-format=json", kill_on_drop: false }`
[INFO] [stderr]    Compiling proc-macro2 v1.0.106
[INFO] [stderr]    Compiling quote v1.0.44
[INFO] [stderr]    Compiling unicode-ident v1.0.23
[INFO] [stderr]    Compiling libc v0.2.182
[INFO] [stderr]     Checking winnow v1.0.3
[INFO] [stderr]     Checking windows-link v0.2.1
[INFO] [stderr]     Checking windows-link v0.100.0 (https://github.com/microsoft/windows-rs?rev=3415ce9f856aeaf79555bbbfac5acb02405dcc89#3415ce9f)
[INFO] [stderr]     Checking bitflags v2.11.0
[INFO] [stderr]    Compiling thiserror v2.0.18
[INFO] [stderr]    Compiling openssl-sys v0.9.117
[INFO] [stderr]     Checking memchr v2.8.0
[INFO] [stderr]     Checking event-listener v5.4.1
[INFO] [stderr]    Compiling thiserror v1.0.69
[INFO] [stderr]    Compiling ring v0.17.14
[INFO] [stderr]     Checking windows-strings v0.5.1
[INFO] [stderr]     Checking windows-result v0.4.1
[INFO] [stderr]     Checking windows-strings v0.100.0 (https://github.com/microsoft/windows-rs?rev=3415ce9f856aeaf79555bbbfac5acb02405dcc89#3415ce9f)
[INFO] [stderr]     Checking windows-result v0.100.0 (https://github.com/microsoft/windows-rs?rev=3415ce9f856aeaf79555bbbfac5acb02405dcc89#3415ce9f)
[INFO] [stderr]    Compiling rustix v1.1.3
[INFO] [stderr]    Compiling anyhow v1.0.101
[INFO] [stderr]     Checking miniz_oxide v0.8.9
[INFO] [stderr]     Checking windows-core v0.100.0 (https://github.com/microsoft/windows-rs?rev=3415ce9f856aeaf79555bbbfac5acb02405dcc89#3415ce9f)
[INFO] [stderr]     Checking rustls-pki-types v1.14.1
[INFO] [stderr]     Checking toml_datetime v1.1.1+spec-1.1.0
[INFO] [stderr]     Checking serde_spanned v1.1.1
[INFO] [stderr]     Checking event-listener-strategy v0.5.4
[INFO] [stderr]     Checking linux-raw-sys v0.11.0
[INFO] [stderr]     Checking toml_writer v1.1.2+spec-1.1.0
[INFO] [stderr]     Checking windows-threading v0.2.1
[INFO] [stderr]    Compiling openssl v0.10.81
[INFO] [stderr]    Compiling httparse v1.10.1
[INFO] [stderr]     Checking itoa v1.0.17
[INFO] [stderr]     Checking flate2 v1.1.9
[INFO] [stderr]    Compiling native-tls v0.2.18
[INFO] [stderr]    Compiling serde_json v1.0.149
[INFO] [stderr]    Compiling rustls v0.23.40
[INFO] [stderr]     Checking pem-rfc7468 v1.0.0
[INFO] [stderr]     Checking http v1.4.0
[INFO] [stderr]     Checking syn v3.0.3
[INFO] [stderr]     Checking aho-corasick v1.1.4
[INFO] [stderr]     Checking async-channel v2.5.0
[INFO] [stderr]    Compiling num-traits v0.2.19
[INFO] [stderr]     Checking openssl-probe v0.2.1
[INFO] [stderr]     Checking toml_parser v1.1.3+spec-1.1.0
[INFO] [stderr]     Checking regex-syntax v0.8.9
[INFO] [stderr]     Checking webpki-root-certs v1.0.7
[INFO] [stderr]     Checking der v0.8.1
[INFO] [stderr]    Compiling syn v2.0.115
[INFO] [stderr]     Checking webpki-roots v1.0.7
[INFO] [stderr]     Checking windows-time v0.100.0 (https://github.com/microsoft/windows-rs?rev=3415ce9f856aeaf79555bbbfac5acb02405dcc89#3415ce9f)
[INFO] [stderr]     Checking async-lock v3.4.2
[INFO] [stderr]     Checking fdeflate v0.3.7
[INFO] [stderr]     Checking utf8-zero v0.8.1
[INFO] [stderr]     Checking toml v1.1.4+spec-1.1.0
[INFO] [stderr]     Checking parking_lot_core v0.9.12
[INFO] [stderr]     Checking getrandom v0.2.17
[INFO] [stderr]     Checking errno v0.3.14
[INFO] [stderr]     Checking ureq-proto v0.6.0
[INFO] [stderr]     Checking signal-hook-registry v1.4.8
[INFO] [stderr]     Checking parking_lot v0.12.5
[INFO] [stderr]     Checking png v0.18.1
[INFO] [stderr]     Checking dirs-sys v0.5.0
[INFO] [stderr]     Checking blocking v1.6.2
[INFO] [stderr]     Checking async-executor v1.13.3
[INFO] [stderr]     Checking windows-collections v0.100.0 (https://github.com/microsoft/windows-rs?rev=3415ce9f856aeaf79555bbbfac5acb02405dcc89#3415ce9f)
[INFO] [stderr]     Checking windows-numerics v0.100.0 (https://github.com/microsoft/windows-rs?rev=3415ce9f856aeaf79555bbbfac5acb02405dcc89#3415ce9f)
[INFO] [stderr]     Checking async-broadcast v0.7.2
[INFO] [stderr]     Checking windows-threading v0.100.0 (https://github.com/microsoft/windows-rs?rev=3415ce9f856aeaf79555bbbfac5acb02405dcc89#3415ce9f)
[INFO] [stderr]     Checking uuid v1.23.1
[INFO] [stderr]     Checking semver v1.0.28
[INFO] [stderr]    Compiling windows-reactor-setup v0.100.0 (https://github.com/microsoft/windows-rs?rev=3415ce9f856aeaf79555bbbfac5acb02405dcc89#3415ce9f)
[INFO] [stderr]    Compiling dark-light v3.0.0
[INFO] [stderr]     Checking pxfm v0.1.29
[INFO] [stderr]     Checking anstream v1.0.0
[INFO] [stderr]     Checking windows-future v0.100.0 (https://github.com/microsoft/windows-rs?rev=3415ce9f856aeaf79555bbbfac5acb02405dcc89#3415ce9f)
[INFO] [stderr]     Checking dirs v6.0.0
[INFO] [stderr]     Checking windows-reference v0.100.0 (https://github.com/microsoft/windows-rs?rev=3415ce9f856aeaf79555bbbfac5acb02405dcc89#3415ce9f)
[INFO] [stderr]     Checking futures-channel v0.3.31
[INFO] [stderr]     Checking bytemuck v1.25.0
[INFO] [stderr]     Checking regex-automata v0.4.14
[INFO] [stderr]     Checking jiff v0.2.25
[INFO] [stderr]     Checking rustc-hash v2.1.2
[INFO] [stderr]     Checking windows-sys v0.61.2
[INFO] [stderr]    Compiling toml_edit v0.23.10+spec-1.0.0
[INFO] [stderr]     Checking windows-composition v0.100.0 (https://github.com/microsoft/windows-rs?rev=3415ce9f856aeaf79555bbbfac5acb02405dcc89#3415ce9f)
[INFO] [stdout] error[E0432]: unresolved import `windows_time::TimeSpan`
[INFO] [stdout]  --> /opt/rustwide/cargo-home/git/checkouts/windows-rs-a5de4a2dc783ec71/3415ce9/crates/libs/composition/src/animation.rs:3:5
[INFO] [stdout]   |
[INFO] [stdout] 3 | use windows_time::TimeSpan;
[INFO] [stdout]   |     ^^^^^^^^^^^^^^--------
[INFO] [stdout]   |                   |
[INFO] [stdout]   |                   no `TimeSpan` in the root
[INFO] [stdout] 
[INFO] [stdout] 
[INFO] [stdout] error[E0425]: cannot find type `TimeSpan` in crate `windows_time`
[INFO] [stdout]     --> /opt/rustwide/cargo-home/git/checkouts/windows-rs-a5de4a2dc783ec71/3415ce9/crates/libs/composition/src/bindings_lifted.rs:1414:60
[INFO] [stdout]      |
[INFO] [stdout] 1414 |     pub(crate) fn SetDelayTime(&self, value: windows_time::TimeSpan) -> windows_core::Result<()> {
[INFO] [stdout]      |                                                            ^^^^^^^^ not found in `windows_time`
[INFO] [stdout] 
[INFO] [stdout] 
[INFO] [stdout] error[E0425]: cannot find type `TimeSpan` in crate `windows_time`
[INFO] [stdout]     --> /opt/rustwide/cargo-home/git/checkouts/windows-rs-a5de4a2dc783ec71/3415ce9/crates/libs/composition/src/bindings_lifted.rs:1423:59
[INFO] [stdout]      |
[INFO] [stdout] 1423 |     pub(crate) fn SetDuration(&self, value: windows_time::TimeSpan) -> windows_core::Result<()> {
[INFO] [stdout]      |                                                           ^^^^^^^^ not found in `windows_time`
[INFO] [stdout] 
[INFO] [stdout] 
[INFO] [stdout] error[E0425]: cannot find type `TimeSpan` in crate `windows_time`
[INFO] [stdout]     --> /opt/rustwide/cargo-home/git/checkouts/windows-rs-a5de4a2dc783ec71/3415ce9/crates/libs/composition/src/bindings_lifted.rs:1479:23
[INFO] [stdout]      |
[INFO] [stdout] 1479 |         windows_time::TimeSpan,
[INFO] [stdout]      |                       ^^^^^^^^ not found in `windows_time`
[INFO] [stdout] 
[INFO] [stdout] 
[INFO] [stdout] error[E0425]: cannot find type `TimeSpan` in crate `windows_time`
[INFO] [stdout]     --> /opt/rustwide/cargo-home/git/checkouts/windows-rs-a5de4a2dc783ec71/3415ce9/crates/libs/composition/src/bindings_lifted.rs:1484:23
[INFO] [stdout]      |
[INFO] [stdout] 1484 |         windows_time::TimeSpan,
[INFO] [stdout]      |                       ^^^^^^^^ not found in `windows_time`
[INFO] [stdout] 
[INFO] [stdout] 
[INFO] [stderr]    Compiling proc-macro-crate v3.4.0
[INFO] [stdout] Some errors have detailed explanations: E0425, E0432.
[INFO] [stdout] 
[INFO] [stdout] For more information about an error, try `rustc --explain E0425`.
[INFO] [stdout] 
[INFO] [stderr] error: could not compile `windows-composition` (lib) due to 5 previous errors
[INFO] [stderr] warning: build failed, waiting for other jobs to finish...
[INFO] running `Command { std: "docker" "inspect" "583b3e9123f9f2978de601faed40bec6b72c83007428680ff5382e1b96879e70", kill_on_drop: false }`
[INFO] running `Command { std: "docker" "rm" "-f" "583b3e9123f9f2978de601faed40bec6b72c83007428680ff5382e1b96879e70", kill_on_drop: false }`
[INFO] [stdout] 583b3e9123f9f2978de601faed40bec6b72c83007428680ff5382e1b96879e70
