[INFO] cloning repository https://github.com/danepoirier0/rquest-http-helper
[INFO] running `Command { std: "git" "-c" "credential.helper=" "-c" "credential.helper=/workspace/cargo-home/bin/git-credential-null" "clone" "--bare" "https://github.com/danepoirier0/rquest-http-helper" "/workspace/cache/git-repos/https%3A%2F%2Fgithub.com%2Fdanepoirier0%2Frquest-http-helper", kill_on_drop: false }`
[INFO] [stderr] Cloning into bare repository '/workspace/cache/git-repos/https%3A%2F%2Fgithub.com%2Fdanepoirier0%2Frquest-http-helper'...
[INFO] running `Command { std: "git" "rev-parse" "HEAD", kill_on_drop: false }`
[INFO] [stdout] b8fa59e777fa046c821f85f9a0c9b7820bd3a572
[INFO] documenting danepoirier0/rquest-http-helper against 1.100.0-beta.1 for beta-rustdoc-1.100-2
[INFO] running `Command { std: "git" "clone" "/workspace/cache/git-repos/https%3A%2F%2Fgithub.com%2Fdanepoirier0%2Frquest-http-helper" "/workspace/builds/worker-1-tc2/source", kill_on_drop: false }`
[INFO] [stderr] Cloning into '/workspace/builds/worker-1-tc2/source'...
[INFO] [stderr] done.
[INFO] started tweaking git repo https://github.com/danepoirier0/rquest-http-helper
[INFO] finished tweaking git repo https://github.com/danepoirier0/rquest-http-helper
[INFO] tweaked toml for git repo https://github.com/danepoirier0/rquest-http-helper written to /workspace/builds/worker-1-tc2/source/Cargo.toml
[INFO] validating manifest of git repo https://github.com/danepoirier0/rquest-http-helper on toolchain 1.100.0-beta.1
[INFO] running `Command { std: CARGO_HOME="/workspace/cargo-home" RUSTUP_HOME="/workspace/rustup-home" "/workspace/cargo-home/bin/cargo" "+1.100.0-beta.1" "metadata" "--manifest-path" "Cargo.toml" "--no-deps", kill_on_drop: false }`
[INFO] crate git repo https://github.com/danepoirier0/rquest-http-helper already has a lockfile, it will not be regenerated
[INFO] running `Command { std: CARGO_HOME="/workspace/cargo-home" RUSTUP_HOME="/workspace/rustup-home" "/workspace/cargo-home/bin/cargo" "+1.100.0-beta.1" "fetch" "--manifest-path" "Cargo.toml", kill_on_drop: false }`
[INFO] running `Command { std: "docker" "create" "-v" "/var/lib/crater-agent-workspace/builds/worker-1-tc2/source:/opt/rustwide/workdir:ro,Z" "-v" "/var/lib/crater-agent-workspace/builds/worker-1-tc2/target:/opt/rustwide/target:rw,Z" "-v" "/var/lib/crater-agent-workspace/cargo-home:/opt/rustwide/cargo-home:ro,Z" "-v" "/var/lib/crater-agent-workspace/rustup-home:/opt/rustwide/rustup-home:ro,Z" "-m" "1610612736" "--network" "none" "ghcr.io/rust-lang/crates-build-env/linux@sha256:77db811e55d90add9212f6832c23229e3de5f1c1f9905e8cb07319ea15df73ac" "sleep" "infinity", kill_on_drop: false }`
[INFO] [stdout] 12648568bb016af4e98f82c53adfcab51a85aa613296abe4a8480bb44714ff8f
[INFO] running `Command { std: "docker" "start" "12648568bb016af4e98f82c53adfcab51a85aa613296abe4a8480bb44714ff8f", kill_on_drop: false }`
[INFO] running `Command { std: "docker" "inspect" "12648568bb016af4e98f82c53adfcab51a85aa613296abe4a8480bb44714ff8f", kill_on_drop: false }`
[INFO] running `Command { std: "docker" "exec" "-e" "SOURCE_DIR=/opt/rustwide/workdir" "-e" "CARGO_HOME=/opt/rustwide/cargo-home" "-e" "RUSTUP_HOME=/opt/rustwide/rustup-home" "-e" "CARGO_TARGET_DIR=/opt/rustwide/target" "-w" "/opt/rustwide/workdir" "--user" "0:0" "12648568bb016af4e98f82c53adfcab51a85aa613296abe4a8480bb44714ff8f" "/opt/rustwide/cargo-home/bin/cargo" "+1.100.0-beta.1" "metadata" "--no-deps" "--format-version=1", kill_on_drop: false }`
[INFO] running `Command { std: "docker" "inspect" "12648568bb016af4e98f82c53adfcab51a85aa613296abe4a8480bb44714ff8f", kill_on_drop: false }`
[INFO] running `Command { std: "docker" "exec" "-e" "SOURCE_DIR=/opt/rustwide/workdir" "-e" "CARGO_HOME=/opt/rustwide/cargo-home" "-e" "RUSTUP_HOME=/opt/rustwide/rustup-home" "-e" "CARGO_TARGET_DIR=/opt/rustwide/target" "-e" "CARGO_INCREMENTAL=0" "-e" "RUST_BACKTRACE=full" "-e" "RUSTFLAGS=--cap-lints=warn" "-e" "RUSTDOCFLAGS=--cap-lints=warn" "-w" "/opt/rustwide/workdir" "--user" "0:0" "12648568bb016af4e98f82c53adfcab51a85aa613296abe4a8480bb44714ff8f" "/opt/rustwide/cargo-home/bin/cargo" "+1.100.0-beta.1" "doc" "--frozen" "--no-deps" "--document-private-items" "--message-format=json", kill_on_drop: false }`
[INFO] [stderr]    Compiling quote v1.0.37
[INFO] [stderr]    Compiling libc v0.2.158
[INFO] [stderr]    Compiling glob v0.3.1
[INFO] [stderr]     Checking bytes v1.7.1
[INFO] [stderr]     Checking smallvec v1.13.2
[INFO] [stderr]    Compiling regex-syntax v0.8.4
[INFO] [stderr]    Compiling memchr v2.7.4
[INFO] [stderr]    Compiling shlex v1.3.0
[INFO] [stderr]    Compiling minimal-lexical v0.2.1
[INFO] [stderr]    Compiling libloading v0.8.5
[INFO] [stderr]    Compiling bindgen v0.68.1
[INFO] [stderr]    Compiling bitflags v2.6.0
[INFO] [stderr]    Compiling fs_extra v1.3.0
[INFO] [stderr]     Checking unicode-bidi v0.3.15
[INFO] [stderr]    Compiling serde v1.0.210
[INFO] [stderr]    Compiling syn v2.0.77
[INFO] [stderr]    Compiling version_check v0.9.5
[INFO] [stderr]    Compiling serde_json v1.0.128
[INFO] [stderr]    Compiling cc v1.1.18
[INFO] [stderr]     Checking hashbrown v0.14.5
[INFO] [stderr]     Checking foreign-types-shared v0.3.1
[INFO] [stderr]     Checking tracing v0.1.40
[INFO] [stderr]     Checking idna v0.3.0
[INFO] [stderr]     Checking idna v0.5.0
[INFO] [stderr]     Checking futures-task v0.3.30
[INFO] [stderr]    Compiling cookie v0.18.1
[INFO] [stderr]     Checking psl-types v2.0.11
[INFO] [stderr]    Compiling clang-sys v1.8.1
[INFO] [stderr]     Checking adler2 v2.0.0
[INFO] [stderr]     Checking futures-util v0.3.30
[INFO] [stderr]     Checking miniz_oxide v0.8.0
[INFO] [stderr]     Checking futures-channel v0.3.30
[INFO] [stderr]     Checking http v0.2.12
[INFO] [stderr]     Checking publicsuffix v2.2.3
[INFO] [stderr]     Checking linked-hash-map v0.5.6
[INFO] [stderr]    Compiling nom v7.1.3
[INFO] [stderr]     Checking tower-service v0.3.3
[INFO] [stderr]     Checking indexmap v2.5.0
[INFO] [stderr]     Checking log v0.4.22
[INFO] [stderr]     Checking antidote v1.0.0
[INFO] [stderr]     Checking ipnet v2.10.0
[INFO] [stderr]     Checking linked_hash_set v0.1.4
[INFO] [stderr]     Checking tower-layer v0.3.3
[INFO] [stderr]     Checking url v2.5.2
[INFO] [stderr]    Compiling cmake v0.1.51
[INFO] [stderr]     Checking urlencoding v2.1.3
[INFO] [stderr]     Checking flate2 v1.0.33
[INFO] [stderr]     Checking parking_lot_core v0.9.10
[INFO] [stderr]     Checking socket2 v0.5.7
[INFO] [stderr]     Checking signal-hook-registry v1.4.2
[INFO] [stderr]     Checking parking_lot v0.12.3
[INFO] [stderr]     Checking mio v1.0.2
[INFO] [stderr]    Compiling fslock v0.2.1
[INFO] [stderr]     Checking http-body v0.4.6
[INFO] [stderr]    Compiling regex-automata v0.4.7
[INFO] [stderr]    Compiling cexpr v0.6.0
[INFO] [stderr]    Compiling regex v1.10.6
[INFO] [stderr]    Compiling tokio-macros v2.4.0
[INFO] [stderr]    Compiling serde_derive v1.0.210
[INFO] [stderr]    Compiling foreign-types-macros v0.2.3
[INFO] [stderr]    Compiling typed-builder-macro v0.19.1
[INFO] [stderr]     Checking tokio v1.40.0
[INFO] [stderr]     Checking foreign-types v0.5.0
[INFO] [stderr]     Checking typed-builder v0.19.1
[INFO] [stderr]    Compiling rboring-sys v4.9.1
[INFO] [stderr]     Checking tokio-util v0.7.12
[INFO] [stderr]     Checking async-compression v0.4.12
[INFO] [stderr]     Checking serde_urlencoded v0.7.1
[INFO] [stderr]     Checking rh2 v0.3.31
[INFO] [stderr]     Checking cookie_store v0.21.0
[INFO] [stderr]     Checking rhyper v0.14.33
[INFO] [stderr]     Checking rboring v4.9.1
[INFO] [stdout] error[E0425]: cannot find function, tuple struct or tuple variant `PEM_write_bio_DHparams` in crate `ffi`
[INFO] [stdout]   --> /opt/rustwide/cargo-home/registry/src/index.crates.io-1949cf8c6b5b557f/rboring-4.9.1/src/dh.rs:33:14
[INFO] [stdout]    |
[INFO] [stdout] 33 |         ffi::PEM_write_bio_DHparams
[INFO] [stdout]    |              ^^^^^^^^^^^^^^^^^^^^^^ not found in `ffi`
[INFO] [stdout] 
[INFO] [stdout] 
[INFO] [stdout] error[E0425]: cannot find function, tuple struct or tuple variant `PEM_read_bio_DHparams` in crate `ffi`
[INFO] [stdout]   --> /opt/rustwide/cargo-home/registry/src/index.crates.io-1949cf8c6b5b557f/rboring-4.9.1/src/dh.rs:67:14
[INFO] [stdout]    |
[INFO] [stdout] 67 |         ffi::PEM_read_bio_DHparams
[INFO] [stdout]    |              ^^^^^^^^^^^^^^^^^^^^^ not found in `ffi`
[INFO] [stdout] 
[INFO] [stdout] 
[INFO] [stdout] error[E0425]: cannot find function, tuple struct or tuple variant `PEM_write_bio_DSA_PUBKEY` in crate `ffi`
[INFO] [stdout]   --> /opt/rustwide/cargo-home/registry/src/index.crates.io-1949cf8c6b5b557f/rboring-4.9.1/src/dsa.rs:92:14
[INFO] [stdout]    |
[INFO] [stdout] 92 |         ffi::PEM_write_bio_DSA_PUBKEY
[INFO] [stdout]    |              ^^^^^^^^^^^^^^^^^^^^^^^^ not found in `ffi`
[INFO] [stdout] 
[INFO] [stdout] 
[INFO] [stdout] error[E0425]: cannot find function, tuple struct or tuple variant `PEM_write_bio_DSAPrivateKey` in crate `ffi`
[INFO] [stdout]    --> /opt/rustwide/cargo-home/registry/src/index.crates.io-1949cf8c6b5b557f/rboring-4.9.1/src/dsa.rs:136:14
[INFO] [stdout]     |
[INFO] [stdout] 136 |         ffi::PEM_write_bio_DSAPrivateKey
[INFO] [stdout]     |              ^^^^^^^^^^^^^^^^^^^^^^^^^^^ not found in `ffi`
[INFO] [stdout]     |
[INFO] [stdout] note: similarly named function `PEM_write_bio_PKCS8PrivateKey` defined here
[INFO] [stdout]    --> /opt/rustwide/target/debug/build/rboring-sys/2b5b414817b10641/out/bindings.rs:3:775420
[INFO] [stdout]     |
[INFO] [stdout]   3 | ... { pub fn PEM_write_bio_PKCS8PrivateKey (arg1 :...:: c_void) -> :: std :: os :: raw :: c_int ; } ...
[INFO] [stdout]     |       ^^^^^^^^^^^^^^^^^^^^^^^^^^^^^^^^^^^^^^^^^^^^...^^^^^^^^^^^^^^^^^^^^^^^^^^^^^^^^^^^^^^^^^^^^
[INFO] [stdout] help: a function with a similar name exists
[INFO] [stdout]     |
[INFO] [stdout] 136 -         ffi::PEM_write_bio_DSAPrivateKey
[INFO] [stdout] 136 +         ffi::PEM_write_bio_PKCS8PrivateKey
[INFO] [stdout]     |
[INFO] [stdout] 
[INFO] [stdout] 
[INFO] [stdout] error[E0425]: cannot find function, tuple struct or tuple variant `PEM_read_bio_DSA_PUBKEY` in crate `ffi`
[INFO] [stdout]    --> /opt/rustwide/cargo-home/registry/src/index.crates.io-1949cf8c6b5b557f/rboring-4.9.1/src/dsa.rs:253:14
[INFO] [stdout]     |
[INFO] [stdout] 253 |         ffi::PEM_read_bio_DSA_PUBKEY
[INFO] [stdout]     |              ^^^^^^^^^^^^^^^^^^^^^^^ not found in `ffi`
[INFO] [stdout] 
[INFO] [stdout] 
[INFO] [stdout] error[E0425]: cannot find function, tuple struct or tuple variant `PEM_write_bio_ECPrivateKey` in crate `ffi`
[INFO] [stdout]    --> /opt/rustwide/cargo-home/registry/src/index.crates.io-1949cf8c6b5b557f/rboring-4.9.1/src/ec.rs:542:14
[INFO] [stdout]     |
[INFO] [stdout] 542 |         ffi::PEM_write_bio_ECPrivateKey
[INFO] [stdout]     |              ^^^^^^^^^^^^^^^^^^^^^^^^^^ not found in `ffi`
[INFO] [stdout]     |
[INFO] [stdout] note: similarly named function `PEM_write_bio_PKCS8PrivateKey` defined here
[INFO] [stdout]    --> /opt/rustwide/target/debug/build/rboring-sys/2b5b414817b10641/out/bindings.rs:3:775420
[INFO] [stdout]     |
[INFO] [stdout]   3 | ... { pub fn PEM_write_bio_PKCS8PrivateKey (arg1 :...:: c_void) -> :: std :: os :: raw :: c_int ; } ...
[INFO] [stdout]     |       ^^^^^^^^^^^^^^^^^^^^^^^^^^^^^^^^^^^^^^^^^^^^...^^^^^^^^^^^^^^^^^^^^^^^^^^^^^^^^^^^^^^^^^^^^
[INFO] [stdout] help: a function with a similar name exists
[INFO] [stdout]     |
[INFO] [stdout] 542 -         ffi::PEM_write_bio_ECPrivateKey
[INFO] [stdout] 542 +         ffi::PEM_write_bio_PKCS8PrivateKey
[INFO] [stdout]     |
[INFO] [stdout] 
[INFO] [stdout] 
[INFO] [stdout] error[E0425]: cannot find function, tuple struct or tuple variant `PEM_write_bio_EC_PUBKEY` in crate `ffi`
[INFO] [stdout]    --> /opt/rustwide/cargo-home/registry/src/index.crates.io-1949cf8c6b5b557f/rboring-4.9.1/src/ec.rs:593:14
[INFO] [stdout]     |
[INFO] [stdout] 593 |         ffi::PEM_write_bio_EC_PUBKEY
[INFO] [stdout]     |              ^^^^^^^^^^^^^^^^^^^^^^^ not found in `ffi`
[INFO] [stdout] 
[INFO] [stdout] 
[INFO] [stdout] error[E0425]: cannot find function, tuple struct or tuple variant `PEM_read_bio_EC_PUBKEY` in crate `ffi`
[INFO] [stdout]    --> /opt/rustwide/cargo-home/registry/src/index.crates.io-1949cf8c6b5b557f/rboring-4.9.1/src/ec.rs:752:14
[INFO] [stdout]     |
[INFO] [stdout] 752 |         ffi::PEM_read_bio_EC_PUBKEY
[INFO] [stdout]     |              ^^^^^^^^^^^^^^^^^^^^^^ not found in `ffi`
[INFO] [stdout] 
[INFO] [stdout] 
[INFO] [stdout] error[E0425]: cannot find function, tuple struct or tuple variant `PEM_read_bio_ECPrivateKey` in crate `ffi`
[INFO] [stdout]    --> /opt/rustwide/cargo-home/registry/src/index.crates.io-1949cf8c6b5b557f/rboring-4.9.1/src/ec.rs:834:14
[INFO] [stdout]     |
[INFO] [stdout] 834 |         ffi::PEM_read_bio_ECPrivateKey
[INFO] [stdout]     |              ^^^^^^^^^^^^^^^^^^^^^^^^^ not found in `ffi`
[INFO] [stdout]     |
[INFO] [stdout] note: similarly named function `PEM_write_bio_PKCS8PrivateKey` defined here
[INFO] [stdout]    --> /opt/rustwide/target/debug/build/rboring-sys/2b5b414817b10641/out/bindings.rs:3:775420
[INFO] [stdout]     |
[INFO] [stdout]   3 | ... { pub fn PEM_write_bio_PKCS8PrivateKey (arg1 :...:: c_void) -> :: std :: os :: raw :: c_int ; } ...
[INFO] [stdout]     |       ^^^^^^^^^^^^^^^^^^^^^^^^^^^^^^^^^^^^^^^^^^^^...^^^^^^^^^^^^^^^^^^^^^^^^^^^^^^^^^^^^^^^^^^^^
[INFO] [stdout] help: a function with a similar name exists
[INFO] [stdout]     |
[INFO] [stdout] 834 -         ffi::PEM_read_bio_ECPrivateKey
[INFO] [stdout] 834 +         ffi::PEM_write_bio_PKCS8PrivateKey
[INFO] [stdout]     |
[INFO] [stdout] 
[INFO] [stdout] 
[INFO] [stdout] error[E0425]: cannot find function, tuple struct or tuple variant `PEM_write_bio_PUBKEY` in crate `ffi`
[INFO] [stdout]    --> /opt/rustwide/cargo-home/registry/src/index.crates.io-1949cf8c6b5b557f/rboring-4.9.1/src/pkey.rs:219:14
[INFO] [stdout]     |
[INFO] [stdout] 219 |         ffi::PEM_write_bio_PUBKEY
[INFO] [stdout]     |              ^^^^^^^^^^^^^^^^^^^^ not found in `ffi`
[INFO] [stdout] 
[INFO] [stdout] 
[INFO] [stdout] error[E0425]: cannot find function, tuple struct or tuple variant `PEM_read_bio_PrivateKey` in crate `ffi`
[INFO] [stdout]    --> /opt/rustwide/cargo-home/registry/src/index.crates.io-1949cf8c6b5b557f/rboring-4.9.1/src/pkey.rs:389:14
[INFO] [stdout]     |
[INFO] [stdout] 389 |         ffi::PEM_read_bio_PrivateKey
[INFO] [stdout]     |              ^^^^^^^^^^^^^^^^^^^^^^^ not found in `ffi`
[INFO] [stdout] 
[INFO] [stdout] 
[INFO] [stdout] error[E0425]: cannot find function `d2i_PKCS8_PRIV_KEY_INFO` in crate `ffi`
[INFO] [stdout]    --> /opt/rustwide/cargo-home/registry/src/index.crates.io-1949cf8c6b5b557f/rboring-4.9.1/src/pkey.rs:415:36
[INFO] [stdout]     |
[INFO] [stdout] 415 |             let p8inf = cvt_p(ffi::d2i_PKCS8_PRIV_KEY_INFO(
[INFO] [stdout]     |                                    ^^^^^^^^^^^^^^^^^^^^^^^ not found in `ffi`
[INFO] [stdout]     |
[INFO] [stdout] note: similarly named function `d2i_PKCS8_PRIV_KEY_INFO_fp` defined here
[INFO] [stdout]    --> /opt/rustwide/target/debug/build/rboring-sys/2b5b414817b10641/out/bindings.rs:3:715265
[INFO] [stdout]     |
[INFO] [stdout]   3 | ... { pub fn d2i_PKCS8_PRIV_KEY_INFO_fp (fp : * mut FILE , p8inf : * mut * mut PKCS8_PRIV_KEY_INFO) -> * mut PKCS8_PRIV_KEY_INFO ; } ...
[INFO] [stdout]     |       ^^^^^^^^^^^^^^^^^^^^^^^^^^^^^^^^^^^^^^^^^^^^^^^^^^^^^^^^^^^^^^^^^^^^^^^^^^^^^^^^^^^^^^^^^^^^^^^^^^^^^^^^^^^^^^^^^^^^^^^^^^^^
[INFO] [stdout] help: a function with a similar name exists
[INFO] [stdout]     |
[INFO] [stdout] 415 |             let p8inf = cvt_p(ffi::d2i_PKCS8_PRIV_KEY_INFO_fp(
[INFO] [stdout]     |                                                           +++
[INFO] [stdout] 
[INFO] [stdout] 
[INFO] [stdout] error[E0425]: cannot find function, tuple struct or tuple variant `PKCS8_PRIV_KEY_INFO_free` in crate `ffi`
[INFO] [stdout]    --> /opt/rustwide/cargo-home/registry/src/index.crates.io-1949cf8c6b5b557f/rboring-4.9.1/src/pkey.rs:421:18
[INFO] [stdout]     |
[INFO] [stdout] 421 |             ffi::PKCS8_PRIV_KEY_INFO_free(p8inf);
[INFO] [stdout]     |                  ^^^^^^^^^^^^^^^^^^^^^^^^ not found in `ffi`
[INFO] [stdout]     |
[INFO] [stdout] note: similarly named function `d2i_PKCS8_PRIV_KEY_INFO_fp` defined here
[INFO] [stdout]    --> /opt/rustwide/target/debug/build/rboring-sys/2b5b414817b10641/out/bindings.rs:3:715265
[INFO] [stdout]     |
[INFO] [stdout]   3 | ... { pub fn d2i_PKCS8_PRIV_KEY_INFO_fp (fp : * mut FILE , p8inf : * mut * mut PKCS8_PRIV_KEY_INFO) -> * mut PKCS8_PRIV_KEY_INFO ; } ...
[INFO] [stdout]     |       ^^^^^^^^^^^^^^^^^^^^^^^^^^^^^^^^^^^^^^^^^^^^^^^^^^^^^^^^^^^^^^^^^^^^^^^^^^^^^^^^^^^^^^^^^^^^^^^^^^^^^^^^^^^^^^^^^^^^^^^^^^^^
[INFO] [stdout] help: a function with a similar name exists
[INFO] [stdout]     |
[INFO] [stdout] 421 -             ffi::PKCS8_PRIV_KEY_INFO_free(p8inf);
[INFO] [stdout] 421 +             ffi::d2i_PKCS8_PRIV_KEY_INFO_fp(p8inf);
[INFO] [stdout]     |
[INFO] [stdout] 
[INFO] [stdout] 
[INFO] [stdout] error[E0425]: cannot find function, tuple struct or tuple variant `PEM_read_bio_PUBKEY` in crate `ffi`
[INFO] [stdout]    --> /opt/rustwide/cargo-home/registry/src/index.crates.io-1949cf8c6b5b557f/rboring-4.9.1/src/pkey.rs:488:14
[INFO] [stdout]     |
[INFO] [stdout] 488 |         ffi::PEM_read_bio_PUBKEY
[INFO] [stdout]     |              ^^^^^^^^^^^^^^^^^^^ not found in `ffi`
[INFO] [stdout] 
[INFO] [stdout] 
[INFO] [stdout] error[E0425]: cannot find function, tuple struct or tuple variant `PEM_write_bio_RSAPrivateKey` in crate `ffi`
[INFO] [stdout]    --> /opt/rustwide/cargo-home/registry/src/index.crates.io-1949cf8c6b5b557f/rboring-4.9.1/src/rsa.rs:129:14
[INFO] [stdout]     |
[INFO] [stdout] 129 |         ffi::PEM_write_bio_RSAPrivateKey
[INFO] [stdout]     |              ^^^^^^^^^^^^^^^^^^^^^^^^^^^ not found in `ffi`
[INFO] [stdout]     |
[INFO] [stdout] note: similarly named function `PEM_write_bio_PKCS8PrivateKey` defined here
[INFO] [stdout]    --> /opt/rustwide/target/debug/build/rboring-sys/2b5b414817b10641/out/bindings.rs:3:775420
[INFO] [stdout]     |
[INFO] [stdout]   3 | ... { pub fn PEM_write_bio_PKCS8PrivateKey (arg1 :...:: c_void) -> :: std :: os :: raw :: c_int ; } ...
[INFO] [stdout]     |       ^^^^^^^^^^^^^^^^^^^^^^^^^^^^^^^^^^^^^^^^^^^^...^^^^^^^^^^^^^^^^^^^^^^^^^^^^^^^^^^^^^^^^^^^^
[INFO] [stdout] help: a function with a similar name exists
[INFO] [stdout]     |
[INFO] [stdout] 129 -         ffi::PEM_write_bio_RSAPrivateKey
[INFO] [stdout] 129 +         ffi::PEM_write_bio_PKCS8PrivateKey
[INFO] [stdout]     |
[INFO] [stdout] 
[INFO] [stdout] 
[INFO] [stdout] error[E0425]: cannot find function, tuple struct or tuple variant `PEM_write_bio_RSA_PUBKEY` in crate `ffi`
[INFO] [stdout]    --> /opt/rustwide/cargo-home/registry/src/index.crates.io-1949cf8c6b5b557f/rboring-4.9.1/src/rsa.rs:325:14
[INFO] [stdout]     |
[INFO] [stdout] 325 |         ffi::PEM_write_bio_RSA_PUBKEY
[INFO] [stdout]     |              ^^^^^^^^^^^^^^^^^^^^^^^^ not found in `ffi`
[INFO] [stdout] 
[INFO] [stdout] 
[INFO] [stdout] error[E0425]: cannot find function, tuple struct or tuple variant `PEM_write_bio_RSAPublicKey` in crate `ffi`
[INFO] [stdout]    --> /opt/rustwide/cargo-home/registry/src/index.crates.io-1949cf8c6b5b557f/rboring-4.9.1/src/rsa.rs:347:14
[INFO] [stdout]     |
[INFO] [stdout] 347 |         ffi::PEM_write_bio_RSAPublicKey
[INFO] [stdout]     |              ^^^^^^^^^^^^^^^^^^^^^^^^^^ not found in `ffi`
[INFO] [stdout] 
[INFO] [stdout] 
[INFO] [stdout] error[E0425]: cannot find function, tuple struct or tuple variant `PEM_read_bio_RSA_PUBKEY` in crate `ffi`
[INFO] [stdout]    --> /opt/rustwide/cargo-home/registry/src/index.crates.io-1949cf8c6b5b557f/rboring-4.9.1/src/rsa.rs:478:14
[INFO] [stdout]     |
[INFO] [stdout] 478 |         ffi::PEM_read_bio_RSA_PUBKEY
[INFO] [stdout]     |              ^^^^^^^^^^^^^^^^^^^^^^^ not found in `ffi`
[INFO] [stdout] 
[INFO] [stdout] 
[INFO] [stdout] error[E0425]: cannot find function, tuple struct or tuple variant `PEM_read_bio_RSAPublicKey` in crate `ffi`
[INFO] [stdout]    --> /opt/rustwide/cargo-home/registry/src/index.crates.io-1949cf8c6b5b557f/rboring-4.9.1/src/rsa.rs:491:14
[INFO] [stdout]     |
[INFO] [stdout] 491 |         ffi::PEM_read_bio_RSAPublicKey
[INFO] [stdout]     |              ^^^^^^^^^^^^^^^^^^^^^^^^^ not found in `ffi`
[INFO] [stdout] 
[INFO] [stdout] 
[INFO] [stdout] error[E0425]: cannot find function, tuple struct or tuple variant `PEM_read_bio_RSAPrivateKey` in crate `ffi`
[INFO] [stdout]    --> /opt/rustwide/cargo-home/registry/src/index.crates.io-1949cf8c6b5b557f/rboring-4.9.1/src/rsa.rs:672:14
[INFO] [stdout]     |
[INFO] [stdout] 672 |         ffi::PEM_read_bio_RSAPrivateKey
[INFO] [stdout]     |              ^^^^^^^^^^^^^^^^^^^^^^^^^^ not found in `ffi`
[INFO] [stdout]     |
[INFO] [stdout] note: similarly named function `PEM_write_bio_PKCS8PrivateKey` defined here
[INFO] [stdout]    --> /opt/rustwide/target/debug/build/rboring-sys/2b5b414817b10641/out/bindings.rs:3:775420
[INFO] [stdout]     |
[INFO] [stdout]   3 | ... { pub fn PEM_write_bio_PKCS8PrivateKey (arg1 :...:: c_void) -> :: std :: os :: raw :: c_int ; } ...
[INFO] [stdout]     |       ^^^^^^^^^^^^^^^^^^^^^^^^^^^^^^^^^^^^^^^^^^^^...^^^^^^^^^^^^^^^^^^^^^^^^^^^^^^^^^^^^^^^^^^^^
[INFO] [stdout] help: a function with a similar name exists
[INFO] [stdout]     |
[INFO] [stdout] 672 -         ffi::PEM_read_bio_RSAPrivateKey
[INFO] [stdout] 672 +         ffi::PEM_write_bio_PKCS8PrivateKey
[INFO] [stdout]     |
[INFO] [stdout] 
[INFO] [stdout] 
[INFO] [stdout] error[E0425]: cannot find function, tuple struct or tuple variant `PEM_write_bio_X509` in crate `ffi`
[INFO] [stdout]    --> /opt/rustwide/cargo-home/registry/src/index.crates.io-1949cf8c6b5b557f/rboring-4.9.1/src/x509/mod.rs:617:14
[INFO] [stdout]     |
[INFO] [stdout] 617 |         ffi::PEM_write_bio_X509
[INFO] [stdout]     |              ^^^^^^^^^^^^^^^^^^ not found in `ffi`
[INFO] [stdout]     |
[INFO] [stdout] note: similarly named function `PEM_write_bio` defined here
[INFO] [stdout]    --> /opt/rustwide/target/debug/build/rboring-sys/2b5b414817b10641/out/bindings.rs:3:772012
[INFO] [stdout]     |
[INFO] [stdout]   3 | ... { pub fn PEM_write_bio (bp : * mut BIO , name : * const :: std :: os :: raw :: c_char , hdr : * const :: std :: os :: raw :: c_char , data : * const :: std :: os :: raw :: c_uchar , len : :: std :: os :: raw :: c_long) -> :: std :: os :: raw :: c_int ; } ...
[INFO] [stdout]     |       ^^^^^^^^^^^^^^^^^^^^^^^^^^^^^^^^^^^^^^^^^^^^^^^^^^^^^^^^^^^^^^^^^^^^^^^^^^^^^^^^^^^^^^^^^^^^^^^^^^^^^^^^^^^^^^^^^^^^^^^^^^^^^^^^^^^^^^^^^^^^^^^^^^^^^^^^^^^^^^^^^^^^^^^^^^^^^^^^^^^^^^^^^^^^^^^^^^^^^^^^^^^^^^^^^^^^^^^^^^^^^^^^^^^^^^^^^^^^^^^^^^^^^^^^^^
[INFO] [stdout] help: a function with a similar name exists
[INFO] [stdout]     |
[INFO] [stdout] 617 -         ffi::PEM_write_bio_X509
[INFO] [stdout] 617 +         ffi::PEM_write_bio
[INFO] [stdout]     |
[INFO] [stdout] 
[INFO] [stdout] 
[INFO] [stdout] error[E0425]: cannot find function, tuple struct or tuple variant `PEM_read_bio_X509` in crate `ffi`
[INFO] [stdout]    --> /opt/rustwide/cargo-home/registry/src/index.crates.io-1949cf8c6b5b557f/rboring-4.9.1/src/x509/mod.rs:658:14
[INFO] [stdout]     |
[INFO] [stdout] 658 |         ffi::PEM_read_bio_X509
[INFO] [stdout]     |              ^^^^^^^^^^^^^^^^^ not found in `ffi`
[INFO] [stdout]     |
[INFO] [stdout] note: similarly named function `PEM_read_bio` defined here
[INFO] [stdout]    --> /opt/rustwide/target/debug/build/rboring-sys/2b5b414817b10641/out/bindings.rs:3:771726
[INFO] [stdout]     |
[INFO] [stdout]   3 | ... { pub fn PEM_read_bio (bp : * mut BIO , name :...:: c_long) -> :: std :: os :: raw :: c_int ; } ...
[INFO] [stdout]     |       ^^^^^^^^^^^^^^^^^^^^^^^^^^^^^^^^^^^^^^^^^^^^...^^^^^^^^^^^^^^^^^^^^^^^^^^^^^^^^^^^^^^^^^^^^
[INFO] [stdout] help: a function with a similar name exists
[INFO] [stdout]     |
[INFO] [stdout] 658 -         ffi::PEM_read_bio_X509
[INFO] [stdout] 658 +         ffi::PEM_read_bio
[INFO] [stdout]     |
[INFO] [stdout] 
[INFO] [stdout] 
[INFO] [stdout] error[E0425]: cannot find function, tuple struct or tuple variant `PEM_read_bio_X509` in crate `ffi`
[INFO] [stdout]    --> /opt/rustwide/cargo-home/registry/src/index.crates.io-1949cf8c6b5b557f/rboring-4.9.1/src/x509/mod.rs:682:26
[INFO] [stdout]     |
[INFO] [stdout] 682 |                     ffi::PEM_read_bio_X509(bio.as_ptr(), ptr::null_mut(), None, ptr::null_mut());
[INFO] [stdout]     |                          ^^^^^^^^^^^^^^^^^ not found in `ffi`
[INFO] [stdout]     |
[INFO] [stdout] note: similarly named function `PEM_read_bio` defined here
[INFO] [stdout]    --> /opt/rustwide/target/debug/build/rboring-sys/2b5b414817b10641/out/bindings.rs:3:771726
[INFO] [stdout]     |
[INFO] [stdout]   3 | ... { pub fn PEM_read_bio (bp : * mut BIO , name :...:: c_long) -> :: std :: os :: raw :: c_int ; } ...
[INFO] [stdout]     |       ^^^^^^^^^^^^^^^^^^^^^^^^^^^^^^^^^^^^^^^^^^^^...^^^^^^^^^^^^^^^^^^^^^^^^^^^^^^^^^^^^^^^^^^^^
[INFO] [stdout] help: a function with a similar name exists
[INFO] [stdout]     |
[INFO] [stdout] 682 -                     ffi::PEM_read_bio_X509(bio.as_ptr(), ptr::null_mut(), None, ptr::null_mut());
[INFO] [stdout] 682 +                     ffi::PEM_read_bio(bio.as_ptr(), ptr::null_mut(), None, ptr::null_mut());
[INFO] [stdout]     |
[INFO] [stdout] 
[INFO] [stdout] 
[INFO] [stdout] error[E0425]: cannot find function, tuple struct or tuple variant `PEM_read_bio_X509_REQ` in crate `ffi`
[INFO] [stdout]     --> /opt/rustwide/cargo-home/registry/src/index.crates.io-1949cf8c6b5b557f/rboring-4.9.1/src/x509/mod.rs:1296:14
[INFO] [stdout]      |
[INFO] [stdout] 1296 |         ffi::PEM_read_bio_X509_REQ
[INFO] [stdout]      |              ^^^^^^^^^^^^^^^^^^^^^ not found in `ffi`
[INFO] [stdout] 
[INFO] [stdout] 
[INFO] [stdout] error[E0425]: cannot find function, tuple struct or tuple variant `PEM_write_bio_X509_REQ` in crate `ffi`
[INFO] [stdout]     --> /opt/rustwide/cargo-home/registry/src/index.crates.io-1949cf8c6b5b557f/rboring-4.9.1/src/x509/mod.rs:1322:14
[INFO] [stdout]      |
[INFO] [stdout] 1322 |         ffi::PEM_write_bio_X509_REQ
[INFO] [stdout]      |              ^^^^^^^^^^^^^^^^^^^^^^ not found in `ffi`
[INFO] [stdout] 
[INFO] [stdout] 
[INFO] [stdout] error[E0425]: cannot find value `GENERAL_NAME_free` in crate `ffi`
[INFO] [stdout]     --> /opt/rustwide/cargo-home/registry/src/index.crates.io-1949cf8c6b5b557f/rboring-4.9.1/src/x509/mod.rs:1536:20
[INFO] [stdout]      |
[INFO] [stdout] 1536 |     fn drop = ffi::GENERAL_NAME_free;
[INFO] [stdout]      |                    ^^^^^^^^^^^^^^^^^ not found in `ffi`
[INFO] [stdout]      |
[INFO] [stdout] note: similarly named function `GENERAL_NAME_dup` defined here
[INFO] [stdout]     --> /opt/rustwide/target/debug/build/rboring-sys/2b5b414817b10641/out/bindings.rs:3:922173
[INFO] [stdout]      |
[INFO] [stdout]    3 | ..._purpose_st ; extern "C" { pub fn GENERAL_NAME_dup (a : * mut GENERAL_NAME) -> * mut GENERAL_NAME ; } extern "C" { pub fn i2v_G...
[INFO] [stdout]      |                               ^^^^^^^^^^^^^^^^^^^^^^^^^^^^^^^^^^^^^^^^^^^^^^^^^^^^^^^^^^^^^^^^^^^^^^^^
[INFO] [stdout] help: a function with a similar name exists
[INFO] [stdout]      |
[INFO] [stdout] 1536 -     fn drop = ffi::GENERAL_NAME_free;
[INFO] [stdout] 1536 +     fn drop = ffi::GENERAL_NAME_dup;
[INFO] [stdout]      |
[INFO] [stdout] 
[INFO] [stdout] 
[INFO] [stdout] error[E0425]: cannot find function, tuple struct or tuple variant `GENERAL_NAME_new` in crate `ffi`
[INFO] [stdout]     --> /opt/rustwide/cargo-home/registry/src/index.crates.io-1949cf8c6b5b557f/rboring-4.9.1/src/x509/mod.rs:1549:51
[INFO] [stdout]      |
[INFO] [stdout] 1549 |         let gn = GeneralName::from_ptr(cvt_p(ffi::GENERAL_NAME_new())?);
[INFO] [stdout]      |                                                   ^^^^^^^^^^^^^^^^ not found in `ffi`
[INFO] [stdout]      |
[INFO] [stdout] note: similarly named function `GENERAL_NAME_dup` defined here
[INFO] [stdout]     --> /opt/rustwide/target/debug/build/rboring-sys/2b5b414817b10641/out/bindings.rs:3:922173
[INFO] [stdout]      |
[INFO] [stdout]    3 | ..._purpose_st ; extern "C" { pub fn GENERAL_NAME_dup (a : * mut GENERAL_NAME) -> * mut GENERAL_NAME ; } extern "C" { pub fn i2v_G...
[INFO] [stdout]      |                               ^^^^^^^^^^^^^^^^^^^^^^^^^^^^^^^^^^^^^^^^^^^^^^^^^^^^^^^^^^^^^^^^^^^^^^^^
[INFO] [stdout] help: a function with a similar name exists
[INFO] [stdout]      |
[INFO] [stdout] 1549 -         let gn = GeneralName::from_ptr(cvt_p(ffi::GENERAL_NAME_new())?);
[INFO] [stdout] 1549 +         let gn = GeneralName::from_ptr(cvt_p(ffi::GENERAL_NAME_dup())?);
[INFO] [stdout]      |
[INFO] [stdout] 
[INFO] [stdout] 
[INFO] [stdout] error[E0425]: cannot find function, tuple struct or tuple variant `GENERAL_NAME_new` in crate `ffi`
[INFO] [stdout]     --> /opt/rustwide/cargo-home/registry/src/index.crates.io-1949cf8c6b5b557f/rboring-4.9.1/src/x509/mod.rs:1585:33
[INFO] [stdout]      |
[INFO] [stdout] 1585 |             let gn = cvt_p(ffi::GENERAL_NAME_new())?;
[INFO] [stdout]      |                                 ^^^^^^^^^^^^^^^^ not found in `ffi`
[INFO] [stdout]      |
[INFO] [stdout] note: similarly named function `GENERAL_NAME_dup` defined here
[INFO] [stdout]     --> /opt/rustwide/target/debug/build/rboring-sys/2b5b414817b10641/out/bindings.rs:3:922173
[INFO] [stdout]      |
[INFO] [stdout]    3 | ..._purpose_st ; extern "C" { pub fn GENERAL_NAME_dup (a : * mut GENERAL_NAME) -> * mut GENERAL_NAME ; } extern "C" { pub fn i2v_G...
[INFO] [stdout]      |                               ^^^^^^^^^^^^^^^^^^^^^^^^^^^^^^^^^^^^^^^^^^^^^^^^^^^^^^^^^^^^^^^^^^^^^^^^
[INFO] [stdout] help: a function with a similar name exists
[INFO] [stdout]      |
[INFO] [stdout] 1585 -             let gn = cvt_p(ffi::GENERAL_NAME_new())?;
[INFO] [stdout] 1585 +             let gn = cvt_p(ffi::GENERAL_NAME_dup())?;
[INFO] [stdout]      |
[INFO] [stdout] 
[INFO] [stdout] 
[INFO] [stdout] For more information about this error, try `rustc --explain E0425`.
[INFO] [stdout] 
[INFO] [stderr] error: could not compile `rboring` (lib) due to 28 previous errors
[INFO] running `Command { std: "docker" "inspect" "12648568bb016af4e98f82c53adfcab51a85aa613296abe4a8480bb44714ff8f", kill_on_drop: false }`
[INFO] running `Command { std: "docker" "rm" "-f" "12648568bb016af4e98f82c53adfcab51a85aa613296abe4a8480bb44714ff8f", kill_on_drop: false }`
[INFO] [stdout] 12648568bb016af4e98f82c53adfcab51a85aa613296abe4a8480bb44714ff8f
