[INFO] cloning repository https://github.com/chandan-droid/fluvio-collab-backend
[INFO] running `Command { std: "git" "-c" "credential.helper=" "-c" "credential.helper=/workspace/cargo-home/bin/git-credential-null" "clone" "--bare" "https://github.com/chandan-droid/fluvio-collab-backend" "/workspace/cache/git-repos/https%3A%2F%2Fgithub.com%2Fchandan-droid%2Ffluvio-collab-backend", kill_on_drop: false }`
[INFO] [stderr] Cloning into bare repository '/workspace/cache/git-repos/https%3A%2F%2Fgithub.com%2Fchandan-droid%2Ffluvio-collab-backend'...
[INFO] running `Command { std: "git" "rev-parse" "HEAD", kill_on_drop: false }`
[INFO] [stdout] d65be7541dd963def58fdebca1004dd883bc84e8
[INFO] documenting chandan-droid/fluvio-collab-backend against 1.99.0-beta.8 for beta-rustdoc-1.100-2
[INFO] running `Command { std: "git" "clone" "/workspace/cache/git-repos/https%3A%2F%2Fgithub.com%2Fchandan-droid%2Ffluvio-collab-backend" "/workspace/builds/worker-4-tc1/source", kill_on_drop: false }`
[INFO] [stderr] Cloning into '/workspace/builds/worker-4-tc1/source'...
[INFO] [stderr] done.
[INFO] started tweaking git repo https://github.com/chandan-droid/fluvio-collab-backend
[INFO] finished tweaking git repo https://github.com/chandan-droid/fluvio-collab-backend
[INFO] tweaked toml for git repo https://github.com/chandan-droid/fluvio-collab-backend written to /workspace/builds/worker-4-tc1/source/Cargo.toml
[INFO] validating manifest of git repo https://github.com/chandan-droid/fluvio-collab-backend on toolchain 1.99.0-beta.8
[INFO] running `Command { std: CARGO_HOME="/workspace/cargo-home" RUSTUP_HOME="/workspace/rustup-home" "/workspace/cargo-home/bin/cargo" "+1.99.0-beta.8" "metadata" "--manifest-path" "Cargo.toml" "--no-deps", kill_on_drop: false }`
[INFO] crate git repo https://github.com/chandan-droid/fluvio-collab-backend already has a lockfile, it will not be regenerated
[INFO] running `Command { std: CARGO_HOME="/workspace/cargo-home" RUSTUP_HOME="/workspace/rustup-home" "/workspace/cargo-home/bin/cargo" "+1.99.0-beta.8" "fetch" "--manifest-path" "Cargo.toml", kill_on_drop: false }`
[INFO] [stderr]     Updating crates.io index
[INFO] [stderr]  Downloading crates ...
[INFO] [stderr]   Downloaded errno v0.3.11
[INFO] [stderr]   Downloaded http-range-header v0.3.1
[INFO] [stderr]   Downloaded value-bag v1.11.1
[INFO] [stderr]   Downloaded content_inspector v0.2.4
[INFO] [stderr]   Downloaded hyper-tls v0.5.0
[INFO] [stderr]   Downloaded fluvio-protocol-derive v0.5.4
[INFO] [stderr]   Downloaded indenter v0.3.3
[INFO] [stderr]   Downloaded tower-http v0.4.4
[INFO] [stderr]   Downloaded fluvio-spu-schema v0.14.7
[INFO] [stderr]   Downloaded fluvio-smartmodule-derive v0.6.4
[INFO] [stderr]   Downloaded bytesize v1.3.3
[INFO] [stderr]   Downloaded fluvio-types v0.4.6
[INFO] [stderr]   Downloaded derive_builder_macro v0.12.0
[INFO] [stderr]   Downloaded async-channel v2.3.1
[INFO] [stderr]   Downloaded async-rwlock v1.3.1
[INFO] [stderr]   Downloaded async_io_stream v0.3.3
[INFO] [stderr]   Downloaded crc32c v0.6.8
[INFO] [stderr]   Downloaded darling_macro v0.14.4
[INFO] [stderr]   Downloaded enum-ordinalize v3.1.15
[INFO] [stderr]   Downloaded fluvio-compression v0.3.5
[INFO] [stderr]   Downloaded async-mutex v1.4.1
[INFO] [stderr]   Downloaded send_wrapper v0.6.0
[INFO] [stderr]   Downloaded pin-project-internal v1.1.10
[INFO] [stderr]   Downloaded fluvio-types v0.5.3
[INFO] [stderr]   Downloaded ws_stream_wasm v0.7.4
[INFO] [stderr]   Downloaded fluvio-wasm-timer v0.2.5
[INFO] [stderr]   Downloaded humantime-serde v1.1.1
[INFO] [stderr]   Downloaded fluvio-stream-model v0.9.3
[INFO] [stderr]   Downloaded async-signal v0.2.10
[INFO] [stderr]   Downloaded flv-util v0.5.2
[INFO] [stderr]   Downloaded derive_builder_core v0.12.0
[INFO] [stderr]   Downloaded darling v0.14.4
[INFO] [stderr]   Downloaded blocking v1.6.1
[INFO] [stderr]   Downloaded fluvio-sc-schema v0.19.2
[INFO] [stderr]   Downloaded humantime v2.2.0
[INFO] [stderr]   Downloaded async-lock v2.8.0
[INFO] [stderr]   Downloaded parking_lot_core v0.8.6
[INFO] [stderr]   Downloaded async-net v1.8.0
[INFO] [stderr]   Downloaded async-executor v1.13.1
[INFO] [stderr]   Downloaded pin-project v1.1.10
[INFO] [stderr]   Downloaded event-listener v3.1.0
[INFO] [stderr]   Downloaded pharos v0.5.3
[INFO] [stderr]   Downloaded futures-lite v2.6.0
[INFO] [stderr]   Downloaded eyre v0.6.12
[INFO] [stderr]   Downloaded educe v0.4.23
[INFO] [stderr]   Downloaded async-process v2.3.0
[INFO] [stderr]   Downloaded async-lock v3.4.0
[INFO] [stderr]   Downloaded fluvio-future v0.5.1
[INFO] [stderr]   Downloaded async-io v1.13.0
[INFO] [stderr]   Downloaded io-lifetimes v1.0.11
[INFO] [stderr]   Downloaded lz4_flex v0.11.3
[INFO] [stderr]   Downloaded cc v1.2.19
[INFO] [stderr]   Downloaded derive_builder v0.12.0
[INFO] [stderr]   Downloaded fluvio-socket v0.14.11
[INFO] [stderr]   Downloaded polling v2.8.0
[INFO] [stderr]   Downloaded fluvio-future v0.7.2
[INFO] [stderr]   Downloaded toml v0.7.8
[INFO] [stderr]   Downloaded async-io v2.4.0
[INFO] [stderr]   Downloaded parking_lot v0.11.2
[INFO] [stderr]   Downloaded fluvio-controlplane-metadata v0.22.4
[INFO] [stderr]   Downloaded fluvio v0.19.3
[INFO] [stderr]   Downloaded polling v3.7.4
[INFO] [stderr]   Downloaded openssl-sys v0.9.107
[INFO] [stderr]   Downloaded fluvio-future v0.6.2
[INFO] [stderr]   Downloaded darling_core v0.14.4
[INFO] [stderr]   Downloaded fluvio-smartmodule v0.7.5
[INFO] [stderr]   Downloaded fluvio-protocol v0.11.0
[INFO] [stderr]   Downloaded fluvio-protocol v0.10.15
[INFO] [stderr]   Downloaded h2 v0.3.26
[INFO] [stderr]   Downloaded winnow v0.7.6
[INFO] [stderr]   Downloaded async-std v1.13.1
[INFO] [stderr]   Downloaded openssl v0.10.72
[INFO] [stderr]   Downloaded rustix v0.37.28
[INFO] [stderr]   Downloaded zstd-sys v2.0.15+zstd.1.5.7
[INFO] [stderr]   Downloaded linux-raw-sys v0.3.8
[INFO] running `Command { std: "docker" "create" "-v" "/var/lib/crater-agent-workspace/builds/worker-4-tc1/source:/opt/rustwide/workdir:ro,Z" "-v" "/var/lib/crater-agent-workspace/builds/worker-4-tc1/target:/opt/rustwide/target:rw,Z" "-v" "/var/lib/crater-agent-workspace/cargo-home:/opt/rustwide/cargo-home:ro,Z" "-v" "/var/lib/crater-agent-workspace/rustup-home:/opt/rustwide/rustup-home:ro,Z" "-m" "1610612736" "--network" "none" "ghcr.io/rust-lang/crates-build-env/linux@sha256:77db811e55d90add9212f6832c23229e3de5f1c1f9905e8cb07319ea15df73ac" "sleep" "infinity", kill_on_drop: false }`
[INFO] [stdout] 0b7ee0d7c48fc9a4dcc354652344d31d5bfa24e144579874b1978229b1f90c37
[INFO] running `Command { std: "docker" "start" "0b7ee0d7c48fc9a4dcc354652344d31d5bfa24e144579874b1978229b1f90c37", kill_on_drop: false }`
[INFO] running `Command { std: "docker" "inspect" "0b7ee0d7c48fc9a4dcc354652344d31d5bfa24e144579874b1978229b1f90c37", kill_on_drop: false }`
[INFO] running `Command { std: "docker" "exec" "-e" "SOURCE_DIR=/opt/rustwide/workdir" "-e" "CARGO_HOME=/opt/rustwide/cargo-home" "-e" "RUSTUP_HOME=/opt/rustwide/rustup-home" "-e" "CARGO_TARGET_DIR=/opt/rustwide/target" "-w" "/opt/rustwide/workdir" "--user" "0:0" "0b7ee0d7c48fc9a4dcc354652344d31d5bfa24e144579874b1978229b1f90c37" "/opt/rustwide/cargo-home/bin/cargo" "+1.99.0-beta.8" "metadata" "--no-deps" "--format-version=1", kill_on_drop: false }`
[INFO] running `Command { std: "docker" "inspect" "0b7ee0d7c48fc9a4dcc354652344d31d5bfa24e144579874b1978229b1f90c37", kill_on_drop: false }`
[INFO] running `Command { std: "docker" "exec" "-e" "SOURCE_DIR=/opt/rustwide/workdir" "-e" "CARGO_HOME=/opt/rustwide/cargo-home" "-e" "RUSTUP_HOME=/opt/rustwide/rustup-home" "-e" "CARGO_TARGET_DIR=/opt/rustwide/target" "-e" "CARGO_INCREMENTAL=0" "-e" "RUST_BACKTRACE=full" "-e" "RUSTFLAGS=--cap-lints=warn" "-e" "RUSTDOCFLAGS=--cap-lints=warn" "-w" "/opt/rustwide/workdir" "--user" "0:0" "0b7ee0d7c48fc9a4dcc354652344d31d5bfa24e144579874b1978229b1f90c37" "/opt/rustwide/cargo-home/bin/cargo" "+1.99.0-beta.8" "doc" "--frozen" "--no-deps" "--document-private-items" "--message-format=json", kill_on_drop: false }`
[INFO] [stderr]    Compiling proc-macro2 v1.0.95
[INFO] [stderr]    Compiling libc v0.2.172
[INFO] [stderr]     Checking value-bag v1.11.1
[INFO] [stderr]    Compiling serde v1.0.219
[INFO] [stderr]     Checking smallvec v1.15.0
[INFO] [stderr]     Checking concurrent-queue v2.5.0
[INFO] [stderr]     Checking hashbrown v0.15.2
[INFO] [stderr]     Checking bitflags v2.9.0
[INFO] [stderr]     Checking log v0.4.27
[INFO] [stderr]    Compiling syn v1.0.109
[INFO] [stderr]     Checking event-listener v5.4.0
[INFO] [stderr]     Checking fastrand v2.3.0
[INFO] [stderr]     Checking futures-lite v2.6.0
[INFO] [stderr]    Compiling rustix v0.38.44
[INFO] [stderr]    Compiling semver v1.0.26
[INFO] [stderr]     Checking event-listener-strategy v0.5.4
[INFO] [stderr]     Checking event-listener v2.5.3
[INFO] [stderr]     Checking indexmap v2.9.0
[INFO] [stderr]     Checking linux-raw-sys v0.4.15
[INFO] [stderr]     Checking async-task v4.7.1
[INFO] [stderr]    Compiling quote v1.0.40
[INFO] [stderr]    Compiling syn v2.0.100
[INFO] [stderr]    Compiling jobserver v0.1.33
[INFO] [stderr]     Checking winnow v0.7.6
[INFO] [stderr]    Compiling thiserror v1.0.69
[INFO] [stderr]     Checking async-lock v3.4.0
[INFO] [stderr]    Compiling cc v1.2.19
[INFO] [stderr]     Checking async-channel v2.3.1
[INFO] [stderr]    Compiling zstd-safe v7.2.4
[INFO] [stderr]     Checking piper v0.2.4
[INFO] [stderr]    Compiling rustc_version v0.4.1
[INFO] [stderr]     Checking signal-hook-registry v1.4.2
[INFO] [stderr]     Checking socket2 v0.5.9
[INFO] [stderr]     Checking parking_lot_core v0.9.10
[INFO] [stderr]     Checking mio v1.0.3
[INFO] [stderr]     Checking parking_lot v0.12.3
[INFO] [stderr]     Checking miniz_oxide v0.8.8
[INFO] [stderr]     Checking twox-hash v1.6.3
[INFO] [stderr]    Compiling crc32c v0.6.8
[INFO] [stderr]    Compiling openssl-src v300.5.0+3.5.0
[INFO] [stderr]     Checking blocking v1.6.1
[INFO] [stderr]    Compiling anyhow v1.0.98
[INFO] [stderr]    Compiling strsim v0.10.0
[INFO] [stderr]    Compiling fnv v1.0.7
[INFO] [stderr]    Compiling eyre v0.6.12
[INFO] [stderr]    Compiling openssl v0.10.72
[INFO] [stderr]     Checking flate2 v1.1.1
[INFO] [stderr]     Checking lz4_flex v0.11.3
[INFO] [stderr]     Checking indenter v0.3.3
[INFO] [stderr]    Compiling io-lifetimes v1.0.11
[INFO] [stderr]     Checking async-executor v1.13.1
[INFO] [stderr]     Checking content_inspector v0.2.4
[INFO] [stderr]    Compiling zstd-sys v2.0.15+zstd.1.5.7
[INFO] [stderr]    Compiling openssl-sys v0.9.107
[INFO] [stderr]    Compiling ring v0.17.14
[INFO] [stderr]    Compiling polling v2.8.0
[INFO] [stderr]    Compiling rustix v0.37.28
[INFO] [stderr]    Compiling num-traits v0.2.19
[INFO] [stderr]     Checking getrandom v0.2.15
[INFO] [stderr]     Checking async-channel v1.9.0
[INFO] [stderr]     Checking http v0.2.12
[INFO] [stderr]     Checking kv-log-macro v1.0.7
[INFO] [stderr]     Checking event-listener v3.1.0
[INFO] [stderr]     Checking futures-channel v0.3.31
[INFO] [stderr]    Compiling async-io v1.13.0
[INFO] [stderr]     Checking linux-raw-sys v0.3.8
[INFO] [stderr]    Compiling darling_core v0.14.4
[INFO] [stderr]     Checking waker-fn v1.2.0
[INFO] [stderr]     Checking fastrand v1.9.0
[INFO] [stderr]    Compiling synstructure v0.13.1
[INFO] [stderr]     Checking futures-lite v1.13.0
[INFO] [stderr]     Checking socket2 v0.4.10
[INFO] [stderr]     Checking async-lock v2.8.0
[INFO] [stderr]    Compiling darling_macro v0.14.4
[INFO] [stderr]    Compiling cfg_aliases v0.2.1
[INFO] [stderr]    Compiling darling v0.14.4
[INFO] [stderr]    Compiling nix v0.29.0
[INFO] [stderr]    Compiling derive_builder_core v0.12.0
[INFO] [stderr]    Compiling num-integer v0.1.46
[INFO] [stderr]    Compiling tracing-attributes v0.1.28
[INFO] [stderr]    Compiling serde_derive v1.0.219
[INFO] [stderr]    Compiling tokio-macros v2.5.0
[INFO] [stderr]    Compiling futures-macro v0.3.31
[INFO] [stderr]     Checking tokio v1.44.2
[INFO] [stderr]    Compiling zerofrom-derive v0.1.6
[INFO] [stderr]     Checking futures-util v0.3.31
[INFO] [stderr]     Checking tracing v0.1.41
[INFO] [stderr]    Compiling yoke-derive v0.7.5
[INFO] [stderr]     Checking zerofrom v0.1.6
[INFO] [stderr]     Checking polling v3.7.4
[INFO] [stderr]     Checking yoke v0.7.5
[INFO] [stderr]    Compiling thiserror-impl v2.0.12
[INFO] [stderr]    Compiling thiserror-impl v1.0.69
[INFO] [stderr]    Compiling zerovec-derive v0.10.3
[INFO] [stderr]     Checking async-io v2.4.0
[INFO] [stderr]    Compiling displaydoc v0.2.5
[INFO] [stderr]     Checking zerovec v0.10.4
[INFO] [stderr]     Checking thiserror v2.0.12
[INFO] [stderr]    Compiling openssl-macros v0.1.1
[INFO] [stderr]    Compiling fluvio-protocol-derive v0.5.4
[INFO] [stderr]     Checking async-signal v0.2.10
[INFO] [stderr]     Checking flv-util v0.5.2
[INFO] [stderr]    Compiling icu_provider_macros v1.5.0
[INFO] [stderr]    Compiling async-trait v0.1.88
[INFO] [stderr]     Checking tokio-util v0.7.14
[INFO] [stderr]     Checking async-process v2.3.0
[INFO] [stderr]     Checking tinystr v0.7.6
[INFO] [stderr]     Checking async-global-executor v2.4.1
[INFO] [stderr]     Checking icu_locid v1.5.0
[INFO] [stderr]    Compiling pin-project-internal v1.1.10
[INFO] [stderr]     Checking async-std v1.13.1
[INFO] [stderr]     Checking icu_collections v1.5.0
[INFO] [stderr]     Checking icu_provider v1.5.0
[INFO] [stderr]     Checking fluvio-future v0.6.2
[INFO] [stderr]    Compiling derive_builder_macro v0.12.0
[INFO] [stderr]     Checking icu_locid_transform v1.5.0
[INFO] [stderr]     Checking pin-project v1.1.10
[INFO] [stderr]     Checking http-body v0.4.6
[INFO] [stderr]     Checking async-mutex v1.4.1
[INFO] [stderr]     Checking toml_datetime v0.6.8
[INFO] [stderr]     Checking serde_spanned v0.6.8
[INFO] [stderr]     Checking icu_properties v1.5.1
[INFO] [stderr]     Checking toml_edit v0.22.24
[INFO] [stderr]     Checking winnow v0.5.40
[INFO] [stderr]     Checking lenient_semver_version_builder v0.4.2
[INFO] [stderr]    Compiling rustls v0.21.12
[INFO] [stderr]     Checking lenient_semver_parser v0.4.2
[INFO] [stderr]     Checking sct v0.7.1
[INFO] [stderr]     Checking rustls-webpki v0.101.7
[INFO] [stderr]    Compiling fluvio-socket v0.14.11
[INFO] [stderr]     Checking async-rwlock v1.3.1
[INFO] [stderr]     Checking async-net v1.8.0
[INFO] [stderr]     Checking derive_builder v0.12.0
[INFO] [stderr]     Checking h2 v0.3.26
[INFO] [stderr]     Checking async-net v2.0.0
[INFO] [stderr]    Compiling num-bigint v0.4.6
[INFO] [stderr]    Compiling rustversion v1.0.20
[INFO] [stderr]     Checking toml v0.8.20
[INFO] [stderr]     Checking humantime v2.2.0
[INFO] [stderr]     Checking humantime-serde v1.1.1
[INFO] [stderr]     Checking toml_edit v0.19.15
[INFO] [stderr]     Checking serde_yaml v0.9.34+deprecated
[INFO] [stderr]     Checking fluvio-types v0.5.3
[INFO] [stderr]     Checking fluvio-types v0.4.6
[INFO] [stderr]     Checking icu_normalizer v1.5.0
[INFO] [stderr]     Checking idna_adapter v1.2.0
[INFO] [stderr]     Checking fluvio-future v0.7.2
[INFO] [stderr]    Compiling enum-ordinalize v3.1.15
[INFO] [stderr]     Checking fluvio-stream-model v0.9.3
[INFO] [stderr]     Checking lenient_semver v0.4.2
[INFO] [stderr]     Checking serde_json v1.0.140
[INFO] [stderr]     Checking bytesize v1.3.3
[INFO] [stderr]     Checking toml v0.7.8
[INFO] [stderr]    Compiling fluvio-smartmodule-derive v0.6.4
[INFO] [stderr]     Checking dirs-sys v0.4.1
[INFO] [stderr]    Compiling educe v0.4.23
[INFO] [stderr]     Checking idna v1.0.3
[INFO] [stderr]     Checking serde_urlencoded v0.7.1
[INFO] [stderr]     Checking hyper v1.6.0
[INFO] [stderr]     Checking tokio-rustls v0.24.1
[INFO] [stderr]     Checking zstd v0.13.3
[INFO] [stderr]    Compiling fluvio v0.19.3
[INFO] [stderr]     Checking iana-time-zone v0.1.63
[INFO] [stderr]     Checking hyper v0.14.32
[INFO] [stderr]     Checking fluvio-compression v0.3.5
[INFO] [stderr]     Checking axum-core v0.4.5
[INFO] [stderr]     Checking url v2.5.4
[INFO] [stderr]     Checking chrono v0.4.40
[INFO] [stderr]     Checking hyper-util v0.1.11
[INFO] [stderr]     Checking fluvio-protocol v0.11.0
[INFO] [stderr]     Checking fluvio-protocol v0.10.15
[INFO] [stderr]     Checking dirs v5.0.1
[INFO] [stderr]     Checking tower v0.5.2
[INFO] [stderr]     Checking rustls-pemfile v1.0.4
[INFO] [stderr]     Checking serde_path_to_error v0.1.17
[INFO] [stderr]     Checking matchit v0.7.3
[INFO] [stderr]     Checking sync_wrapper v0.1.2
[INFO] [stderr]     Checking webpki-roots v0.25.4
[INFO] [stderr]     Checking http-range-header v0.3.1
[INFO] [stderr]     Checking uuid v1.16.0
[INFO] [stderr]     Checking tower-http v0.4.4
[INFO] [stderr]     Checking fluvio-smartmodule v0.7.5
[INFO] [stderr]     Checking fluvio-spu-schema v0.14.7
[INFO] [stdout] error[E0599]: no method named `encode` found for struct `SmartModuleExtraParams` in the current scope
[INFO] [stdout]   --> /opt/rustwide/cargo-home/registry/src/index.crates.io-1949cf8c6b5b557f/fluvio-spu-schema-0.14.7/src/server/smartmodule.rs:19:33
[INFO] [stdout]    |
[INFO] [stdout] 19 | #[derive(Debug, Default, Clone, Encoder, Decoder)]
[INFO] [stdout]    |                                 ^^^^^^^
[INFO] [stdout]    |
[INFO] [stdout] note: there are multiple different versions of crate `fluvio_protocol` in the dependency graph
[INFO] [stdout]   --> /opt/rustwide/cargo-home/registry/src/index.crates.io-1949cf8c6b5b557f/fluvio-protocol-0.11.0/src/core/encoder.rs:20:1
[INFO] [stdout]    |
[INFO] [stdout] 20 | pub trait Encoder {
[INFO] [stdout]    | ^^^^^^^^^^^^^^^^^ this is the expected trait
[INFO] [stdout]    |
[INFO] [stdout]   ::: /opt/rustwide/cargo-home/registry/src/index.crates.io-1949cf8c6b5b557f/fluvio-protocol-0.10.15/src/core/encoder.rs:20:1
[INFO] [stdout]    |
[INFO] [stdout] 20 | pub trait Encoder {
[INFO] [stdout]    | ----------------- this is the trait that was imported
[INFO] [stdout]    = help: you can use `cargo tree` to explore your dependency tree
[INFO] [stdout]    = note: this error originates in the derive macro `Encoder` (in Nightly builds, run with -Z macro-backtrace for more info)
[INFO] [stdout] 
[INFO] [stdout] 
[INFO] [stdout] error[E0599]: no method named `write_size` found for struct `SmartModuleExtraParams` in the current scope
[INFO] [stdout]   --> /opt/rustwide/cargo-home/registry/src/index.crates.io-1949cf8c6b5b557f/fluvio-spu-schema-0.14.7/src/server/smartmodule.rs:19:33
[INFO] [stdout]    |
[INFO] [stdout] 19 | #[derive(Debug, Default, Clone, Encoder, Decoder)]
[INFO] [stdout]    |                                 ^^^^^^^ method not found in `SmartModuleExtraParams`
[INFO] [stdout]    |
[INFO] [stdout] note: there are multiple different versions of crate `fluvio_protocol` in the dependency graph
[INFO] [stdout]   --> /opt/rustwide/cargo-home/registry/src/index.crates.io-1949cf8c6b5b557f/fluvio-protocol-0.11.0/src/core/encoder.rs:20:1
[INFO] [stdout]    |
[INFO] [stdout] 20 | pub trait Encoder {
[INFO] [stdout]    | ^^^^^^^^^^^^^^^^^ this is the expected trait
[INFO] [stdout]    |
[INFO] [stdout]   ::: /opt/rustwide/cargo-home/registry/src/index.crates.io-1949cf8c6b5b557f/fluvio-protocol-0.10.15/src/core/encoder.rs:20:1
[INFO] [stdout]    |
[INFO] [stdout] 20 | pub trait Encoder {
[INFO] [stdout]    | ----------------- this is the trait that was imported
[INFO] [stdout]    = help: you can use `cargo tree` to explore your dependency tree
[INFO] [stdout]    = note: this error originates in the derive macro `Encoder` (in Nightly builds, run with -Z macro-backtrace for more info)
[INFO] [stdout] 
[INFO] [stdout] 
[INFO] [stdout] error[E0599]: no method named `decode` found for struct `SmartModuleExtraParams` in the current scope
[INFO] [stdout]   --> /opt/rustwide/cargo-home/registry/src/index.crates.io-1949cf8c6b5b557f/fluvio-spu-schema-0.14.7/src/server/smartmodule.rs:19:42
[INFO] [stdout]    |
[INFO] [stdout] 19 | #[derive(Debug, Default, Clone, Encoder, Decoder)]
[INFO] [stdout]    |                                          ^^^^^^^
[INFO] [stdout]    |
[INFO] [stdout] note: there are multiple different versions of crate `fluvio_protocol` in the dependency graph
[INFO] [stdout]   --> /opt/rustwide/cargo-home/registry/src/index.crates.io-1949cf8c6b5b557f/fluvio-protocol-0.11.0/src/core/decoder.rs:17:1
[INFO] [stdout]    |
[INFO] [stdout] 17 | pub trait Decoder: Sized + Default {
[INFO] [stdout]    | ^^^^^^^^^^^^^^^^^^^^^^^^^^^^^^^^^^ this is the expected trait
[INFO] [stdout]    |
[INFO] [stdout]   ::: /opt/rustwide/cargo-home/registry/src/index.crates.io-1949cf8c6b5b557f/fluvio-protocol-0.10.15/src/core/decoder.rs:17:1
[INFO] [stdout]    |
[INFO] [stdout] 17 | pub trait Decoder: Sized + Default {
[INFO] [stdout]    | ---------------------------------- this is the trait that was imported
[INFO] [stdout]    = help: you can use `cargo tree` to explore your dependency tree
[INFO] [stdout]    = note: this error originates in the derive macro `Decoder` (in Nightly builds, run with -Z macro-backtrace for more info)
[INFO] [stdout] 
[INFO] [stdout] 
[INFO] [stdout] error[E0599]: no method named `encode` found for struct `SmartModuleExtraParams` in the current scope
[INFO] [stdout]   --> /opt/rustwide/cargo-home/registry/src/index.crates.io-1949cf8c6b5b557f/fluvio-spu-schema-0.14.7/src/server/smartmodule.rs:34:33
[INFO] [stdout]    |
[INFO] [stdout] 34 | #[derive(Debug, Default, Clone, Encoder, Decoder)]
[INFO] [stdout]    |                                 ^^^^^^^
[INFO] [stdout]    |
[INFO] [stdout] note: there are multiple different versions of crate `fluvio_protocol` in the dependency graph
[INFO] [stdout]   --> /opt/rustwide/cargo-home/registry/src/index.crates.io-1949cf8c6b5b557f/fluvio-protocol-0.11.0/src/core/encoder.rs:20:1
[INFO] [stdout]    |
[INFO] [stdout] 20 | pub trait Encoder {
[INFO] [stdout]    | ^^^^^^^^^^^^^^^^^ this is the expected trait
[INFO] [stdout]    |
[INFO] [stdout]   ::: /opt/rustwide/cargo-home/registry/src/index.crates.io-1949cf8c6b5b557f/fluvio-protocol-0.10.15/src/core/encoder.rs:20:1
[INFO] [stdout]    |
[INFO] [stdout] 20 | pub trait Encoder {
[INFO] [stdout]    | ----------------- this is the trait that was imported
[INFO] [stdout]    = help: you can use `cargo tree` to explore your dependency tree
[INFO] [stdout]    = note: this error originates in the derive macro `Encoder` (in Nightly builds, run with -Z macro-backtrace for more info)
[INFO] [stdout] 
[INFO] [stdout] 
[INFO] [stdout] error[E0599]: no method named `write_size` found for struct `SmartModuleExtraParams` in the current scope
[INFO] [stdout]   --> /opt/rustwide/cargo-home/registry/src/index.crates.io-1949cf8c6b5b557f/fluvio-spu-schema-0.14.7/src/server/smartmodule.rs:34:33
[INFO] [stdout]    |
[INFO] [stdout] 34 | #[derive(Debug, Default, Clone, Encoder, Decoder)]
[INFO] [stdout]    |                                 ^^^^^^^ method not found in `SmartModuleExtraParams`
[INFO] [stdout]    |
[INFO] [stdout] note: there are multiple different versions of crate `fluvio_protocol` in the dependency graph
[INFO] [stdout]   --> /opt/rustwide/cargo-home/registry/src/index.crates.io-1949cf8c6b5b557f/fluvio-protocol-0.11.0/src/core/encoder.rs:20:1
[INFO] [stdout]    |
[INFO] [stdout] 20 | pub trait Encoder {
[INFO] [stdout]    | ^^^^^^^^^^^^^^^^^ this is the expected trait
[INFO] [stdout]    |
[INFO] [stdout]   ::: /opt/rustwide/cargo-home/registry/src/index.crates.io-1949cf8c6b5b557f/fluvio-protocol-0.10.15/src/core/encoder.rs:20:1
[INFO] [stdout]    |
[INFO] [stdout] 20 | pub trait Encoder {
[INFO] [stdout]    | ----------------- this is the trait that was imported
[INFO] [stdout]    = help: you can use `cargo tree` to explore your dependency tree
[INFO] [stdout]    = note: this error originates in the derive macro `Encoder` (in Nightly builds, run with -Z macro-backtrace for more info)
[INFO] [stdout] 
[INFO] [stdout] 
[INFO] [stdout] error[E0599]: no method named `decode` found for struct `SmartModuleExtraParams` in the current scope
[INFO] [stdout]   --> /opt/rustwide/cargo-home/registry/src/index.crates.io-1949cf8c6b5b557f/fluvio-spu-schema-0.14.7/src/server/smartmodule.rs:34:42
[INFO] [stdout]    |
[INFO] [stdout] 34 | #[derive(Debug, Default, Clone, Encoder, Decoder)]
[INFO] [stdout]    |                                          ^^^^^^^
[INFO] [stdout]    |
[INFO] [stdout] note: there are multiple different versions of crate `fluvio_protocol` in the dependency graph
[INFO] [stdout]   --> /opt/rustwide/cargo-home/registry/src/index.crates.io-1949cf8c6b5b557f/fluvio-protocol-0.11.0/src/core/decoder.rs:17:1
[INFO] [stdout]    |
[INFO] [stdout] 17 | pub trait Decoder: Sized + Default {
[INFO] [stdout]    | ^^^^^^^^^^^^^^^^^^^^^^^^^^^^^^^^^^ this is the expected trait
[INFO] [stdout]    |
[INFO] [stdout]   ::: /opt/rustwide/cargo-home/registry/src/index.crates.io-1949cf8c6b5b557f/fluvio-protocol-0.10.15/src/core/decoder.rs:17:1
[INFO] [stdout]    |
[INFO] [stdout] 17 | pub trait Decoder: Sized + Default {
[INFO] [stdout]    | ---------------------------------- this is the trait that was imported
[INFO] [stdout]    = help: you can use `cargo tree` to explore your dependency tree
[INFO] [stdout]    = note: this error originates in the derive macro `Decoder` (in Nightly builds, run with -Z macro-backtrace for more info)
[INFO] [stdout] 
[INFO] [stdout] 
[INFO] [stdout] error[E0599]: no method named `encode` found for struct `SmartModuleExtraParams` in the current scope
[INFO] [stdout]    --> /opt/rustwide/cargo-home/registry/src/index.crates.io-1949cf8c6b5b557f/fluvio-spu-schema-0.14.7/src/server/stream_fetch.rs:115:33
[INFO] [stdout]     |
[INFO] [stdout] 115 | #[derive(Debug, Default, Clone, Encoder, Decoder)]
[INFO] [stdout]     |                                 ^^^^^^^
[INFO] [stdout]     |
[INFO] [stdout] note: there are multiple different versions of crate `fluvio_protocol` in the dependency graph
[INFO] [stdout]    --> /opt/rustwide/cargo-home/registry/src/index.crates.io-1949cf8c6b5b557f/fluvio-protocol-0.11.0/src/core/encoder.rs:20:1
[INFO] [stdout]     |
[INFO] [stdout]  20 | pub trait Encoder {
[INFO] [stdout]     | ^^^^^^^^^^^^^^^^^ this is the expected trait
[INFO] [stdout]     |
[INFO] [stdout]    ::: /opt/rustwide/cargo-home/registry/src/index.crates.io-1949cf8c6b5b557f/fluvio-protocol-0.10.15/src/core/encoder.rs:20:1
[INFO] [stdout]     |
[INFO] [stdout]  20 | pub trait Encoder {
[INFO] [stdout]     | ----------------- this is the trait that was imported
[INFO] [stdout]     = help: you can use `cargo tree` to explore your dependency tree
[INFO] [stdout]     = note: this error originates in the derive macro `Encoder` (in Nightly builds, run with -Z macro-backtrace for more info)
[INFO] [stdout] 
[INFO] [stdout] 
[INFO] [stdout] error[E0599]: no method named `write_size` found for struct `SmartModuleExtraParams` in the current scope
[INFO] [stdout]    --> /opt/rustwide/cargo-home/registry/src/index.crates.io-1949cf8c6b5b557f/fluvio-spu-schema-0.14.7/src/server/stream_fetch.rs:115:33
[INFO] [stdout]     |
[INFO] [stdout] 115 | #[derive(Debug, Default, Clone, Encoder, Decoder)]
[INFO] [stdout]     |                                 ^^^^^^^ method not found in `SmartModuleExtraParams`
[INFO] [stdout]     |
[INFO] [stdout] note: there are multiple different versions of crate `fluvio_protocol` in the dependency graph
[INFO] [stdout]    --> /opt/rustwide/cargo-home/registry/src/index.crates.io-1949cf8c6b5b557f/fluvio-protocol-0.11.0/src/core/encoder.rs:20:1
[INFO] [stdout]     |
[INFO] [stdout]  20 | pub trait Encoder {
[INFO] [stdout]     | ^^^^^^^^^^^^^^^^^ this is the expected trait
[INFO] [stdout]     |
[INFO] [stdout]    ::: /opt/rustwide/cargo-home/registry/src/index.crates.io-1949cf8c6b5b557f/fluvio-protocol-0.10.15/src/core/encoder.rs:20:1
[INFO] [stdout]     |
[INFO] [stdout]  20 | pub trait Encoder {
[INFO] [stdout]     | ----------------- this is the trait that was imported
[INFO] [stdout]     = help: you can use `cargo tree` to explore your dependency tree
[INFO] [stdout]     = note: this error originates in the derive macro `Encoder` (in Nightly builds, run with -Z macro-backtrace for more info)
[INFO] [stdout] 
[INFO] [stdout] 
[INFO] [stdout] error[E0599]: no method named `decode` found for struct `SmartModuleExtraParams` in the current scope
[INFO] [stdout]    --> /opt/rustwide/cargo-home/registry/src/index.crates.io-1949cf8c6b5b557f/fluvio-spu-schema-0.14.7/src/server/stream_fetch.rs:115:42
[INFO] [stdout]     |
[INFO] [stdout] 115 | #[derive(Debug, Default, Clone, Encoder, Decoder)]
[INFO] [stdout]     |                                          ^^^^^^^
[INFO] [stdout]     |
[INFO] [stdout] note: there are multiple different versions of crate `fluvio_protocol` in the dependency graph
[INFO] [stdout]    --> /opt/rustwide/cargo-home/registry/src/index.crates.io-1949cf8c6b5b557f/fluvio-protocol-0.11.0/src/core/decoder.rs:17:1
[INFO] [stdout]     |
[INFO] [stdout]  17 | pub trait Decoder: Sized + Default {
[INFO] [stdout]     | ^^^^^^^^^^^^^^^^^^^^^^^^^^^^^^^^^^ this is the expected trait
[INFO] [stdout]     |
[INFO] [stdout]    ::: /opt/rustwide/cargo-home/registry/src/index.crates.io-1949cf8c6b5b557f/fluvio-protocol-0.10.15/src/core/decoder.rs:17:1
[INFO] [stdout]     |
[INFO] [stdout]  17 | pub trait Decoder: Sized + Default {
[INFO] [stdout]     | ---------------------------------- this is the trait that was imported
[INFO] [stdout]     = help: you can use `cargo tree` to explore your dependency tree
[INFO] [stdout]     = note: this error originates in the derive macro `Decoder` (in Nightly builds, run with -Z macro-backtrace for more info)
[INFO] [stdout] 
[INFO] [stdout] 
[INFO] [stderr]     Checking axum v0.7.9
[INFO] [stdout] For more information about this error, try `rustc --explain E0599`.
[INFO] [stdout] 
[INFO] [stderr] error: could not compile `fluvio-spu-schema` (lib) due to 9 previous errors
[INFO] [stderr] warning: build failed, waiting for other jobs to finish...
[INFO] running `Command { std: "docker" "inspect" "0b7ee0d7c48fc9a4dcc354652344d31d5bfa24e144579874b1978229b1f90c37", kill_on_drop: false }`
[INFO] running `Command { std: "docker" "rm" "-f" "0b7ee0d7c48fc9a4dcc354652344d31d5bfa24e144579874b1978229b1f90c37", kill_on_drop: false }`
[INFO] [stdout] 0b7ee0d7c48fc9a4dcc354652344d31d5bfa24e144579874b1978229b1f90c37
