[INFO] cloning repository https://github.com/The-Briel-Deal/gf-bar
[INFO] running `Command { std: "git" "-c" "credential.helper=" "-c" "credential.helper=/workspace/cargo-home/bin/git-credential-null" "clone" "--bare" "https://github.com/The-Briel-Deal/gf-bar" "/workspace/cache/git-repos/https%3A%2F%2Fgithub.com%2FThe-Briel-Deal%2Fgf-bar", kill_on_drop: false }`
[INFO] [stderr] Cloning into bare repository '/workspace/cache/git-repos/https%3A%2F%2Fgithub.com%2FThe-Briel-Deal%2Fgf-bar'...
[INFO] running `Command { std: "git" "rev-parse" "HEAD", kill_on_drop: false }`
[INFO] [stdout] 31dea62a5a43844b0e9d6f231e1bbe3d1f41573a
[INFO] documenting The-Briel-Deal/gf-bar against 1.99.0-beta.8 for beta-rustdoc-1.100-2
[INFO] running `Command { std: "git" "clone" "/workspace/cache/git-repos/https%3A%2F%2Fgithub.com%2FThe-Briel-Deal%2Fgf-bar" "/workspace/builds/worker-3-tc1/source", kill_on_drop: false }`
[INFO] [stderr] Cloning into '/workspace/builds/worker-3-tc1/source'...
[INFO] [stderr] done.
[INFO] started tweaking git repo https://github.com/The-Briel-Deal/gf-bar
[INFO] finished tweaking git repo https://github.com/The-Briel-Deal/gf-bar
[INFO] tweaked toml for git repo https://github.com/The-Briel-Deal/gf-bar written to /workspace/builds/worker-3-tc1/source/Cargo.toml
[INFO] validating manifest of git repo https://github.com/The-Briel-Deal/gf-bar on toolchain 1.99.0-beta.8
[INFO] running `Command { std: CARGO_HOME="/workspace/cargo-home" RUSTUP_HOME="/workspace/rustup-home" "/workspace/cargo-home/bin/cargo" "+1.99.0-beta.8" "metadata" "--manifest-path" "Cargo.toml" "--no-deps", kill_on_drop: false }`
[INFO] crate git repo https://github.com/The-Briel-Deal/gf-bar already has a lockfile, it will not be regenerated
[INFO] running `Command { std: CARGO_HOME="/workspace/cargo-home" RUSTUP_HOME="/workspace/rustup-home" "/workspace/cargo-home/bin/cargo" "+1.99.0-beta.8" "fetch" "--manifest-path" "Cargo.toml", kill_on_drop: false }`
[INFO] [stderr]     Updating crates.io index
[INFO] [stderr]  Downloading crates ...
[INFO] [stderr]   Downloaded wayland-client v0.31.6
[INFO] [stderr]   Downloaded wayland-sys v0.31.5
[INFO] [stderr]   Downloaded sys-locale v0.3.1
[INFO] [stderr]   Downloaded wayland-cursor v0.31.6
[INFO] [stderr]   Downloaded xcursor v0.3.8
[INFO] [stderr]   Downloaded downcast-rs v1.2.1
[INFO] [stderr]   Downloaded unicode-ccc v0.2.0
[INFO] [stderr]   Downloaded self_cell v1.0.4
[INFO] [stderr]   Downloaded unicode-linebreak v0.1.5
[INFO] [stderr]   Downloaded wayland-csd-frame v0.3.0
[INFO] [stderr]   Downloaded calloop-wayland-source v0.3.0
[INFO] [stderr]   Downloaded env_filter v0.1.2
[INFO] [stderr]   Downloaded bytemuck_derive v1.7.1
[INFO] [stderr]   Downloaded memmap2 v0.8.0
[INFO] [stderr]   Downloaded memmap2 v0.9.4
[INFO] [stderr]   Downloaded wayland-protocols-wlr v0.3.4
[INFO] [stderr]   Downloaded yazi v0.1.6
[INFO] [stderr]   Downloaded env_logger v0.11.5
[INFO] [stderr]   Downloaded colored v2.1.0
[INFO] [stderr]   Downloaded wayland-scanner v0.31.5
[INFO] [stderr]   Downloaded unicode-bidi-mirroring v0.2.0
[INFO] [stderr]   Downloaded unicode-script v0.5.6
[INFO] [stderr]   Downloaded font-types v0.6.0
[INFO] [stderr]   Downloaded libloading v0.8.5
[INFO] [stderr]   Downloaded zeno v0.2.3
[INFO] [stderr]   Downloaded fontconfig-parser v0.5.7
[INFO] [stderr]   Downloaded once_cell v1.20.0
[INFO] [stderr]   Downloaded wayland-backend v0.3.7
[INFO] [stderr]   Downloaded xkbcommon v0.7.0
[INFO] [stderr]   Downloaded polling v3.7.3
[INFO] [stderr]   Downloaded rangemap v1.5.1
[INFO] [stderr]   Downloaded roxmltree v0.20.0
[INFO] [stderr]   Downloaded calloop v0.13.0
[INFO] [stderr]   Downloaded quick-xml v0.36.1
[INFO] [stderr]   Downloaded smithay-client-toolkit v0.19.2
[INFO] [stderr]   Downloaded xkeysym v0.2.1
[INFO] [stderr]   Downloaded fontdb v0.16.2
[INFO] [stderr]   Downloaded wayland-protocols v0.32.4
[INFO] [stderr]   Downloaded ttf-parser v0.21.1
[INFO] [stderr]   Downloaded skrifa v0.20.0
[INFO] [stderr]   Downloaded swash v0.1.18
[INFO] [stderr]   Downloaded rustybuzz v0.14.1
[INFO] [stderr]   Downloaded read-fonts v0.20.0
[INFO] [stderr]   Downloaded cosmic-text v0.12.1
[INFO] running `Command { std: "docker" "create" "-v" "/var/lib/crater-agent-workspace/builds/worker-3-tc1/source:/opt/rustwide/workdir:ro,Z" "-v" "/var/lib/crater-agent-workspace/builds/worker-3-tc1/target:/opt/rustwide/target:rw,Z" "-v" "/var/lib/crater-agent-workspace/cargo-home:/opt/rustwide/cargo-home:ro,Z" "-v" "/var/lib/crater-agent-workspace/rustup-home:/opt/rustwide/rustup-home:ro,Z" "-m" "1610612736" "--network" "none" "ghcr.io/rust-lang/crates-build-env/linux@sha256:77db811e55d90add9212f6832c23229e3de5f1c1f9905e8cb07319ea15df73ac" "sleep" "infinity", kill_on_drop: false }`
[INFO] [stdout] b31e3d2d2c0acb0b3096151d0138e242ba46cd718defff888db1fa087224ad96
[INFO] running `Command { std: "docker" "start" "b31e3d2d2c0acb0b3096151d0138e242ba46cd718defff888db1fa087224ad96", kill_on_drop: false }`
[INFO] running `Command { std: "docker" "inspect" "b31e3d2d2c0acb0b3096151d0138e242ba46cd718defff888db1fa087224ad96", kill_on_drop: false }`
[INFO] running `Command { std: "docker" "exec" "-e" "SOURCE_DIR=/opt/rustwide/workdir" "-e" "CARGO_HOME=/opt/rustwide/cargo-home" "-e" "RUSTUP_HOME=/opt/rustwide/rustup-home" "-e" "CARGO_TARGET_DIR=/opt/rustwide/target" "-w" "/opt/rustwide/workdir" "--user" "0:0" "b31e3d2d2c0acb0b3096151d0138e242ba46cd718defff888db1fa087224ad96" "/opt/rustwide/cargo-home/bin/cargo" "+1.99.0-beta.8" "metadata" "--no-deps" "--format-version=1", kill_on_drop: false }`
[INFO] running `Command { std: "docker" "inspect" "b31e3d2d2c0acb0b3096151d0138e242ba46cd718defff888db1fa087224ad96", kill_on_drop: false }`
[INFO] running `Command { std: "docker" "exec" "-e" "SOURCE_DIR=/opt/rustwide/workdir" "-e" "CARGO_HOME=/opt/rustwide/cargo-home" "-e" "RUSTUP_HOME=/opt/rustwide/rustup-home" "-e" "CARGO_TARGET_DIR=/opt/rustwide/target" "-e" "CARGO_INCREMENTAL=0" "-e" "RUST_BACKTRACE=full" "-e" "RUSTFLAGS=--cap-lints=warn" "-e" "RUSTDOCFLAGS=--cap-lints=warn" "-w" "/opt/rustwide/workdir" "--user" "0:0" "b31e3d2d2c0acb0b3096151d0138e242ba46cd718defff888db1fa087224ad96" "/opt/rustwide/cargo-home/bin/cargo" "+1.99.0-beta.8" "doc" "--frozen" "--no-deps" "--document-private-items" "--message-format=json", kill_on_drop: false }`
[INFO] [stderr]    Compiling proc-macro2 v1.0.86
[INFO] [stderr]    Compiling unicode-ident v1.0.12
[INFO] [stderr]     Checking log v0.4.22
[INFO] [stderr]    Compiling pkg-config v0.3.30
[INFO] [stderr]     Checking bitflags v2.6.0
[INFO] [stderr]    Compiling rustix v0.38.36
[INFO] [stderr]     Checking linux-raw-sys v0.4.14
[INFO] [stderr]    Compiling shlex v1.3.0
[INFO] [stderr]    Compiling autocfg v1.3.0
[INFO] [stderr]     Checking smallvec v1.13.2
[INFO] [stderr]    Compiling memchr v2.7.4
[INFO] [stderr]     Checking downcast-rs v1.2.1
[INFO] [stderr]    Compiling libc v0.2.158
[INFO] [stderr]     Checking scoped-tls v1.0.1
[INFO] [stderr]    Compiling wayland-client v0.31.6
[INFO] [stderr]     Checking libloading v0.8.5
[INFO] [stderr]    Compiling crossbeam-utils v0.8.20
[INFO] [stderr]    Compiling cc v1.1.18
[INFO] [stderr]    Compiling thiserror v1.0.63
[INFO] [stderr]     Checking tracing-core v0.1.32
[INFO] [stderr]     Checking pin-project-lite v0.2.14
[INFO] [stderr]    Compiling slotmap v1.0.7
[INFO] [stderr]    Compiling libm v0.2.8
[INFO] [stderr]    Compiling rayon-core v1.12.1
[INFO] [stderr]     Checking dlib v0.5.2
[INFO] [stderr]     Checking regex-syntax v0.8.4
[INFO] [stderr]     Checking utf8parse v0.2.2
[INFO] [stderr]     Checking roxmltree v0.20.0
[INFO] [stderr]     Checking tinyvec_macros v0.1.1
[INFO] [stderr]     Checking anstyle-parse v0.2.5
[INFO] [stderr]     Checking tinyvec v1.8.0
[INFO] [stderr]    Compiling slab v0.4.9
[INFO] [stderr]    Compiling num-traits v0.2.19
[INFO] [stderr]    Compiling wayland-sys v0.31.5
[INFO] [stderr]    Compiling smithay-client-toolkit v0.19.2
[INFO] [stderr]    Compiling quick-xml v0.36.1
[INFO] [stderr]     Checking colorchoice v1.0.2
[INFO] [stderr]     Checking anstyle v1.0.8
[INFO] [stderr]     Checking fontconfig-parser v0.5.7
[INFO] [stderr]     Checking tracing v0.1.40
[INFO] [stderr]     Checking anstyle-query v1.1.1
[INFO] [stderr]     Checking unicode-properties v0.1.2
[INFO] [stderr]     Checking zeno v0.2.3
[INFO] [stderr]     Checking unicode-ccc v0.2.0
[INFO] [stderr]     Checking xcursor v0.3.8
[INFO] [stderr]     Checking crossbeam-epoch v0.9.18
[INFO] [stderr]     Checking unicode-bidi-mirroring v0.2.0
[INFO] [stderr]     Checking ttf-parser v0.21.1
[INFO] [stderr]     Checking yazi v0.1.6
[INFO] [stderr]     Checking unicode-script v0.5.6
[INFO] [stderr]     Checking either v1.13.0
[INFO] [stderr]     Checking cursor-icon v1.1.0
[INFO] [stderr]     Checking memmap2 v0.9.4
[INFO] [stderr]     Checking crossbeam-deque v0.8.5
[INFO] [stderr]     Checking aho-corasick v1.1.3
[INFO] [stderr]     Checking memmap2 v0.8.0
[INFO] [stderr]    Compiling quote v1.0.37
[INFO] [stderr]     Checking ttf-parser v0.20.0
[INFO] [stderr]     Checking is_terminal_polyfill v1.70.1
[INFO] [stderr]     Checking iana-time-zone v0.1.60
[INFO] [stderr]     Checking anstream v0.6.15
[INFO] [stderr]     Checking humantime v2.1.0
[INFO] [stderr]     Checking rustc-hash v1.1.0
[INFO] [stderr]    Compiling syn v2.0.77
[INFO] [stderr]     Checking unicode-linebreak v0.1.5
[INFO] [stderr]     Checking unicode-bidi v0.3.15
[INFO] [stderr]     Checking unicode-segmentation v1.11.0
[INFO] [stderr]     Checking sys-locale v0.3.1
[INFO] [stderr]     Checking self_cell v1.0.4
[INFO] [stderr]     Checking rangemap v1.5.1
[INFO] [stderr]     Checking lazy_static v1.5.0
[INFO] [stderr]     Checking colored v2.1.0
[INFO] [stderr]    Compiling wayland-backend v0.3.7
[INFO] [stderr]    Compiling wayland-scanner v0.31.5
[INFO] [stderr]     Checking rayon v1.10.0
[INFO] [stderr]     Checking chrono v0.4.38
[INFO] [stderr]     Checking regex-automata v0.4.7
[INFO] [stderr]     Checking fontdb v0.16.2
[INFO] [stderr]    Compiling bytemuck_derive v1.7.1
[INFO] [stderr]    Compiling thiserror-impl v1.0.63
[INFO] [stderr]     Checking regex v1.10.6
[INFO] [stderr]     Checking bytemuck v1.18.0
[INFO] [stderr]     Checking env_filter v0.1.2
[INFO] [stderr]     Checking font-types v0.6.0
[INFO] [stderr]     Checking xkeysym v0.2.1
[INFO] [stderr]     Checking rustybuzz v0.14.1
[INFO] [stderr]     Checking env_logger v0.11.5
[INFO] [stderr]     Checking read-fonts v0.20.0
[INFO] [stderr]     Checking xkbcommon v0.7.0
[INFO] [stderr]     Checking polling v3.7.3
[INFO] [stderr]     Checking calloop v0.13.0
[INFO] [stderr]     Checking wayland-csd-frame v0.3.0
[INFO] [stderr]     Checking wayland-protocols v0.32.4
[INFO] [stderr]     Checking wayland-cursor v0.31.6
[INFO] [stderr]     Checking calloop-wayland-source v0.3.0
[INFO] [stderr]     Checking skrifa v0.20.0
[INFO] [stderr]     Checking wayland-protocols-wlr v0.3.4
[INFO] [stderr]     Checking swash v0.1.18
[INFO] [stderr]     Checking cosmic-text v0.12.1
[INFO] [stderr]  Documenting gf-bar v0.1.0 (/opt/rustwide/workdir)
[INFO] [stderr]     Finished `dev` profile [unoptimized + debuginfo] target(s) in 29.14s
[INFO] [stderr]    Generated /opt/rustwide/target/doc/gf_bar/index.html
[INFO] running `Command { std: "docker" "inspect" "b31e3d2d2c0acb0b3096151d0138e242ba46cd718defff888db1fa087224ad96", kill_on_drop: false }`
[INFO] running `Command { std: "docker" "exec" "-e" "SOURCE_DIR=/opt/rustwide/workdir" "-e" "CARGO_HOME=/opt/rustwide/cargo-home" "-e" "RUSTUP_HOME=/opt/rustwide/rustup-home" "-e" "CARGO_TARGET_DIR=/opt/rustwide/target" "-e" "CARGO_INCREMENTAL=0" "-e" "RUST_BACKTRACE=full" "-e" "RUSTFLAGS=--cap-lints=warn" "-e" "RUSTDOCFLAGS=--cap-lints=warn" "-e" "DOCS_RS=1" "-e" "RUSTC_BOOTSTRAP=1" "-w" "/opt/rustwide/workdir" "--user" "0:0" "b31e3d2d2c0acb0b3096151d0138e242ba46cd718defff888db1fa087224ad96" "/opt/rustwide/cargo-home/bin/cargo" "+1.99.0-beta.8" "rustdoc" "--lib" "-Zrustdoc-map" "--config" "build.rustdocflags=[\"--cfg\", \"docsrs\", \"-Z\", \"unstable-options\", \"--document-private-items\"]" "--frozen" "--message-format=json", kill_on_drop: false }`
[INFO] [stderr]    Compiling proc-macro2 v1.0.86
[INFO] [stderr]    Compiling thiserror v1.0.63
[INFO] [stdout] error[E0425]: cannot find type `SourceFile` in crate `proc_macro`
[INFO] [stdout]    --> /opt/rustwide/cargo-home/registry/src/index.crates.io-1949cf8c6b5b557f/proc-macro2-1.0.86/src/wrapper.rs:365:26
[INFO] [stdout]     |
[INFO] [stdout] 365 |     Compiler(proc_macro::SourceFile),
[INFO] [stdout]     |                          ^^^^^^^^^^ not found in `proc_macro`
[INFO] [stdout]     |
[INFO] [stdout] help: consider importing one of these structs
[INFO] [stdout]     |
[INFO] [stdout]   1 + use crate::SourceFile;
[INFO] [stdout]     |
[INFO] [stdout]   1 + use crate::fallback::SourceFile;
[INFO] [stdout]     |
[INFO] [stdout] help: if you import `SourceFile`, refer to it directly
[INFO] [stdout]     |
[INFO] [stdout] 365 -     Compiler(proc_macro::SourceFile),
[INFO] [stdout] 365 +     Compiler(SourceFile),
[INFO] [stdout]     |
[INFO] [stdout] 
[INFO] [stdout] 
[INFO] [stdout] error[E0425]: cannot find type `SourceFile` in crate `proc_macro`
[INFO] [stdout]    --> /opt/rustwide/cargo-home/registry/src/index.crates.io-1949cf8c6b5b557f/proc-macro2-1.0.86/src/wrapper.rs:371:32
[INFO] [stdout]     |
[INFO] [stdout] 371 |     fn nightly(sf: proc_macro::SourceFile) -> Self {
[INFO] [stdout]     |                                ^^^^^^^^^^ not found in `proc_macro`
[INFO] [stdout]     |
[INFO] [stdout] help: consider importing one of these structs
[INFO] [stdout]     |
[INFO] [stdout]   1 + use crate::SourceFile;
[INFO] [stdout]     |
[INFO] [stdout]   1 + use crate::fallback::SourceFile;
[INFO] [stdout]     |
[INFO] [stdout] help: if you import `SourceFile`, refer to it directly
[INFO] [stdout]     |
[INFO] [stdout] 371 -     fn nightly(sf: proc_macro::SourceFile) -> Self {
[INFO] [stdout] 371 +     fn nightly(sf: SourceFile) -> Self {
[INFO] [stdout]     |
[INFO] [stdout] 
[INFO] [stdout] 
[INFO] [stdout] error[E0599]: no method named `source_file` found for reference `&proc_macro::Span` in the current scope
[INFO] [stdout]    --> /opt/rustwide/cargo-home/registry/src/index.crates.io-1949cf8c6b5b557f/proc-macro2-1.0.86/src/wrapper.rs:461:56
[INFO] [stdout]     |
[INFO] [stdout] 461 |             Span::Compiler(s) => SourceFile::nightly(s.source_file()),
[INFO] [stdout]     |                                                        ^^^^^^^^^^^
[INFO] [stdout]     |
[INFO] [stdout] help: there is a method `source` with a similar name
[INFO] [stdout]     |
[INFO] [stdout] 461 -             Span::Compiler(s) => SourceFile::nightly(s.source_file()),
[INFO] [stdout] 461 +             Span::Compiler(s) => SourceFile::nightly(s.source()),
[INFO] [stdout]     |
[INFO] [stdout] 
[INFO] [stdout] 
[INFO] [stdout] Some errors have detailed explanations: E0425, E0599.
[INFO] [stdout] 
[INFO] [stdout] For more information about an error, try `rustc --explain E0425`.
[INFO] [stdout] 
[INFO] [stderr] error: could not compile `proc-macro2` (lib) due to 3 previous errors
[INFO] running `Command { std: "docker" "inspect" "b31e3d2d2c0acb0b3096151d0138e242ba46cd718defff888db1fa087224ad96", kill_on_drop: false }`
[INFO] running `Command { std: "docker" "rm" "-f" "b31e3d2d2c0acb0b3096151d0138e242ba46cd718defff888db1fa087224ad96", kill_on_drop: false }`
[INFO] [stdout] b31e3d2d2c0acb0b3096151d0138e242ba46cd718defff888db1fa087224ad96
