[INFO] cloning repository https://github.com/TTsdzb/bjc-downloader
[INFO] running `Command { std: "git" "-c" "credential.helper=" "-c" "credential.helper=/workspace/cargo-home/bin/git-credential-null" "clone" "--bare" "https://github.com/TTsdzb/bjc-downloader" "/workspace/cache/git-repos/https%3A%2F%2Fgithub.com%2FTTsdzb%2Fbjc-downloader", kill_on_drop: false }`
[INFO] [stderr] Cloning into bare repository '/workspace/cache/git-repos/https%3A%2F%2Fgithub.com%2FTTsdzb%2Fbjc-downloader'...
[INFO] running `Command { std: "git" "rev-parse" "HEAD", kill_on_drop: false }`
[INFO] [stdout] 27949f30836ddb4e27ce3135e2db5dcc45c3f845
[INFO] documenting TTsdzb/bjc-downloader against 1.99.0-beta.8 for beta-rustdoc-1.100-2
[INFO] running `Command { std: "git" "clone" "/workspace/cache/git-repos/https%3A%2F%2Fgithub.com%2FTTsdzb%2Fbjc-downloader" "/workspace/builds/worker-6-tc1/source", kill_on_drop: false }`
[INFO] [stderr] Cloning into '/workspace/builds/worker-6-tc1/source'...
[INFO] [stderr] done.
[INFO] started tweaking git repo https://github.com/TTsdzb/bjc-downloader
[INFO] finished tweaking git repo https://github.com/TTsdzb/bjc-downloader
[INFO] tweaked toml for git repo https://github.com/TTsdzb/bjc-downloader written to /workspace/builds/worker-6-tc1/source/Cargo.toml
[INFO] validating manifest of git repo https://github.com/TTsdzb/bjc-downloader on toolchain 1.99.0-beta.8
[INFO] running `Command { std: CARGO_HOME="/workspace/cargo-home" RUSTUP_HOME="/workspace/rustup-home" "/workspace/cargo-home/bin/cargo" "+1.99.0-beta.8" "metadata" "--manifest-path" "Cargo.toml" "--no-deps", kill_on_drop: false }`
[INFO] crate git repo https://github.com/TTsdzb/bjc-downloader already has a lockfile, it will not be regenerated
[INFO] running `Command { std: CARGO_HOME="/workspace/cargo-home" RUSTUP_HOME="/workspace/rustup-home" "/workspace/cargo-home/bin/cargo" "+1.99.0-beta.8" "fetch" "--manifest-path" "Cargo.toml", kill_on_drop: false }`
[INFO] [stderr]     Updating crates.io index
[INFO] [stderr]  Downloading crates ...
[INFO] [stderr]   Downloaded url v2.5.2
[INFO] [stderr]   Downloaded unicode-bidi v0.3.15
[INFO] [stderr]   Downloaded winreg v0.52.0
[INFO] [stderr]   Downloaded futures-task v0.3.30
[INFO] [stderr]   Downloaded hyper-tls v0.6.0
[INFO] [stderr]   Downloaded sync_wrapper v1.0.1
[INFO] [stderr]   Downloaded tower-layer v0.3.2
[INFO] [stderr]   Downloaded futures-sink v0.3.30
[INFO] [stderr]   Downloaded indicatif-log-bridge v0.2.2
[INFO] [stderr]   Downloaded native-tls v0.2.12
[INFO] [stderr]   Downloaded http-body-util v0.1.2
[INFO] [stderr]   Downloaded colored v2.1.0
[INFO] [stderr]   Downloaded rustls-pki-types v1.8.0
[INFO] [stderr]   Downloaded env_filter v0.1.2
[INFO] [stderr]   Downloaded env_logger v0.11.5
[INFO] [stderr]   Downloaded clap_derive v4.5.13
[INFO] [stderr]   Downloaded security-framework-sys v2.11.1
[INFO] [stderr]   Downloaded futures-channel v0.3.30
[INFO] [stderr]   Downloaded tempfile v3.12.0
[INFO] [stderr]   Downloaded rustls-pemfile v2.1.3
[INFO] [stderr]   Downloaded httparse v1.9.4
[INFO] [stderr]   Downloaded console v0.15.8
[INFO] [stderr]   Downloaded colog v1.3.0
[INFO] [stderr]   Downloaded addr2line v0.22.0
[INFO] [stderr]   Downloaded tokio-rustls v0.26.0
[INFO] [stderr]   Downloaded schannel v0.1.23
[INFO] [stderr]   Downloaded serde_derive v1.0.205
[INFO] [stderr]   Downloaded clap v4.5.13
[INFO] [stderr]   Downloaded hyper-rustls v0.27.2
[INFO] [stderr]   Downloaded indicatif v0.17.8
[INFO] [stderr]   Downloaded unicode-normalization v0.1.23
[INFO] [stderr]   Downloaded backtrace v0.3.73
[INFO] [stderr]   Downloaded hyper-util v0.1.7
[INFO] [stderr]   Downloaded cc v1.1.8
[INFO] [stderr]   Downloaded openssl-sys v0.9.103
[INFO] [stderr]   Downloaded serde v1.0.205
[INFO] [stderr]   Downloaded http v1.1.0
[INFO] [stderr]   Downloaded reqwest v0.12.5
[INFO] [stderr]   Downloaded mio v1.0.1
[INFO] [stderr]   Downloaded tokio-util v0.7.11
[INFO] [stderr]   Downloaded portable-atomic v1.7.0
[INFO] [stderr]   Downloaded hyper v1.4.1
[INFO] [stderr]   Downloaded clap_builder v4.5.13
[INFO] [stderr]   Downloaded futures-util v0.3.30
[INFO] [stderr]   Downloaded h2 v0.4.5
[INFO] [stderr]   Downloaded rustls-webpki v0.102.6
[INFO] [stderr]   Downloaded gimli v0.29.0
[INFO] [stderr]   Downloaded openssl v0.10.66
[INFO] [stderr]   Downloaded object v0.36.3
[INFO] [stderr]   Downloaded rustls v0.23.12
[INFO] [stderr]   Downloaded tokio v1.39.2
[INFO] [stderr]   Downloaded encoding_rs v0.8.34
[INFO] [stderr]   Downloaded ring v0.17.8
[INFO] running `Command { std: "docker" "create" "-v" "/var/lib/crater-agent-workspace/builds/worker-6-tc1/source:/opt/rustwide/workdir:ro,Z" "-v" "/var/lib/crater-agent-workspace/builds/worker-6-tc1/target:/opt/rustwide/target:rw,Z" "-v" "/var/lib/crater-agent-workspace/cargo-home:/opt/rustwide/cargo-home:ro,Z" "-v" "/var/lib/crater-agent-workspace/rustup-home:/opt/rustwide/rustup-home:ro,Z" "-m" "1610612736" "--network" "none" "ghcr.io/rust-lang/crates-build-env/linux@sha256:77db811e55d90add9212f6832c23229e3de5f1c1f9905e8cb07319ea15df73ac" "sleep" "infinity", kill_on_drop: false }`
[INFO] [stdout] 2bc4a5a317fc8781c3067157c0b2e686c7c1cf0e77e4b72d44b7864856bfb83e
[INFO] running `Command { std: "docker" "start" "2bc4a5a317fc8781c3067157c0b2e686c7c1cf0e77e4b72d44b7864856bfb83e", kill_on_drop: false }`
[INFO] running `Command { std: "docker" "inspect" "2bc4a5a317fc8781c3067157c0b2e686c7c1cf0e77e4b72d44b7864856bfb83e", kill_on_drop: false }`
[INFO] running `Command { std: "docker" "exec" "-e" "SOURCE_DIR=/opt/rustwide/workdir" "-e" "CARGO_HOME=/opt/rustwide/cargo-home" "-e" "RUSTUP_HOME=/opt/rustwide/rustup-home" "-e" "CARGO_TARGET_DIR=/opt/rustwide/target" "-w" "/opt/rustwide/workdir" "--user" "0:0" "2bc4a5a317fc8781c3067157c0b2e686c7c1cf0e77e4b72d44b7864856bfb83e" "/opt/rustwide/cargo-home/bin/cargo" "+1.99.0-beta.8" "metadata" "--no-deps" "--format-version=1", kill_on_drop: false }`
[INFO] running `Command { std: "docker" "inspect" "2bc4a5a317fc8781c3067157c0b2e686c7c1cf0e77e4b72d44b7864856bfb83e", kill_on_drop: false }`
[INFO] running `Command { std: "docker" "exec" "-e" "SOURCE_DIR=/opt/rustwide/workdir" "-e" "CARGO_HOME=/opt/rustwide/cargo-home" "-e" "RUSTUP_HOME=/opt/rustwide/rustup-home" "-e" "CARGO_TARGET_DIR=/opt/rustwide/target" "-e" "CARGO_INCREMENTAL=0" "-e" "RUST_BACKTRACE=full" "-e" "RUSTFLAGS=--cap-lints=warn" "-e" "RUSTDOCFLAGS=--cap-lints=warn" "-w" "/opt/rustwide/workdir" "--user" "0:0" "2bc4a5a317fc8781c3067157c0b2e686c7c1cf0e77e4b72d44b7864856bfb83e" "/opt/rustwide/cargo-home/bin/cargo" "+1.99.0-beta.8" "doc" "--frozen" "--no-deps" "--document-private-items" "--message-format=json", kill_on_drop: false }`
[INFO] [stderr]    Compiling libc v0.2.155
[INFO] [stderr]    Compiling proc-macro2 v1.0.86
[INFO] [stderr]    Compiling unicode-ident v1.0.12
[INFO] [stderr]     Checking memchr v2.7.4
[INFO] [stderr]     Checking pin-project-lite v0.2.14
[INFO] [stderr]     Checking bytes v1.7.1
[INFO] [stderr]    Compiling autocfg v1.3.0
[INFO] [stderr]     Checking futures-sink v0.3.30
[INFO] [stderr]     Checking futures-core v0.3.30
[INFO] [stderr]    Compiling cc v1.1.8
[INFO] [stderr]    Compiling pkg-config v0.3.30
[INFO] [stderr]     Checking once_cell v1.19.0
[INFO] [stderr]     Checking itoa v1.0.11
[INFO] [stderr]     Checking log v0.4.22
[INFO] [stderr]    Compiling slab v0.4.9
[INFO] [stderr]     Checking fnv v1.0.7
[INFO] [stderr]     Checking http v1.1.0
[INFO] [stderr]     Checking futures-io v0.3.30
[INFO] [stderr]     Checking futures-task v0.3.30
[INFO] [stderr]     Checking tracing-core v0.1.32
[INFO] [stderr]     Checking equivalent v1.0.1
[INFO] [stderr]     Checking futures-util v0.3.30
[INFO] [stderr]    Compiling httparse v1.9.4
[INFO] [stderr]     Checking utf8parse v0.2.2
[INFO] [stderr]    Compiling openssl v0.10.66
[INFO] [stderr]     Checking hashbrown v0.14.5
[INFO] [stderr]     Checking tracing v0.1.40
[INFO] [stderr]     Checking anstyle-parse v0.2.5
[INFO] [stderr]    Compiling quote v1.0.36
[INFO] [stderr]     Checking socket2 v0.5.7
[INFO] [stderr]     Checking mio v1.0.1
[INFO] [stderr]     Checking aho-corasick v1.1.3
[INFO] [stderr]     Checking try-lock v0.2.5
[INFO] [stderr]    Compiling syn v2.0.72
[INFO] [stderr]     Checking http-body v1.0.1
[INFO] [stderr]     Checking bitflags v2.6.0
[INFO] [stderr]     Checking regex-syntax v0.8.4
[INFO] [stderr]     Checking anstyle-query v1.1.1
[INFO] [stderr]     Checking indexmap v2.3.0
[INFO] [stderr]     Checking is_terminal_polyfill v1.70.1
[INFO] [stderr]     Checking colorchoice v1.0.2
[INFO] [stderr]    Compiling native-tls v0.2.12
[INFO] [stderr]     Checking tokio v1.39.2
[INFO] [stderr]    Compiling openssl-sys v0.9.103
[INFO] [stderr]     Checking anstyle v1.0.8
[INFO] [stderr]     Checking anstream v0.6.15
[INFO] [stderr]     Checking tinyvec v1.8.0
[INFO] [stderr]     Checking want v0.3.1
[INFO] [stderr]     Checking futures-channel v0.3.30
[INFO] [stderr]     Checking openssl-probe v0.1.5
[INFO] [stderr]     Checking tower-service v0.3.2
[INFO] [stderr]     Checking tower-layer v0.3.2
[INFO] [stderr]    Compiling portable-atomic v1.7.0
[INFO] [stderr]     Checking regex-automata v0.4.7
[INFO] [stderr]     Checking percent-encoding v2.3.1
[INFO] [stderr]     Checking smallvec v1.13.2
[INFO] [stderr]    Compiling serde v1.0.205
[INFO] [stderr]     Checking form_urlencoded v1.2.1
[INFO] [stderr]     Checking unicode-normalization v0.1.23
[INFO] [stderr]     Checking unicode-bidi v0.3.15
[INFO] [stderr]     Checking unicode-width v0.1.13
[INFO] [stderr]     Checking console v0.15.8
[INFO] [stderr]     Checking idna v0.5.0
[INFO] [stderr]    Compiling thiserror v1.0.63
[INFO] [stderr]     Checking number_prefix v0.4.0
[INFO] [stderr]     Checking rustls-pki-types v1.8.0
[INFO] [stderr]     Checking strsim v0.11.1
[INFO] [stderr]     Checking http-body-util v0.1.2
[INFO] [stderr]     Checking clap_lex v0.7.2
[INFO] [stderr]     Checking ryu v1.0.18
[INFO] [stderr]     Checking clap_builder v4.5.13
[INFO] [stderr]     Checking indicatif v0.17.8
[INFO] [stderr]     Checking rustls-pemfile v2.1.3
[INFO] [stderr]     Checking url v2.5.2
[INFO] [stderr]     Checking colored v2.1.0
[INFO] [stderr]     Checking encoding_rs v0.8.34
[INFO] [stderr]     Checking ipnet v2.9.0
[INFO] [stderr]     Checking sync_wrapper v1.0.1
[INFO] [stderr]     Checking indicatif-log-bridge v0.2.2
[INFO] [stderr]     Checking regex v1.10.6
[INFO] [stderr]     Checking env_filter v0.1.2
[INFO] [stderr]     Checking env_logger v0.11.5
[INFO] [stderr]     Checking colog v1.3.0
[INFO] [stderr]     Checking tokio-util v0.7.11
[INFO] [stderr]    Compiling openssl-macros v0.1.1
[INFO] [stderr]    Compiling pin-project-internal v1.1.5
[INFO] [stderr]    Compiling clap_derive v4.5.13
[INFO] [stderr]    Compiling thiserror-impl v1.0.63
[INFO] [stderr]     Checking h2 v0.4.5
[INFO] [stderr]     Checking pin-project v1.1.5
[INFO] [stderr]     Checking tower v0.4.13
[INFO] [stderr]     Checking serde_urlencoded v0.7.1
[INFO] [stderr]     Checking clap v4.5.13
[INFO] [stderr]     Checking hyper v1.4.1
[INFO] [stderr]     Checking tokio-native-tls v0.3.1
[INFO] [stderr]     Checking hyper-util v0.1.7
[INFO] [stderr]     Checking hyper-tls v0.6.0
[INFO] [stderr]     Checking reqwest v0.12.5
[INFO] [stderr]  Documenting bjc-downloader v0.1.1 (/opt/rustwide/workdir)
[INFO] [stderr]     Finished `dev` profile [unoptimized + debuginfo] target(s) in 32.48s
[INFO] [stderr]    Generated /opt/rustwide/target/doc/bjc_downloader/index.html
[INFO] running `Command { std: "docker" "inspect" "2bc4a5a317fc8781c3067157c0b2e686c7c1cf0e77e4b72d44b7864856bfb83e", kill_on_drop: false }`
[INFO] running `Command { std: "docker" "exec" "-e" "SOURCE_DIR=/opt/rustwide/workdir" "-e" "CARGO_HOME=/opt/rustwide/cargo-home" "-e" "RUSTUP_HOME=/opt/rustwide/rustup-home" "-e" "CARGO_TARGET_DIR=/opt/rustwide/target" "-e" "CARGO_INCREMENTAL=0" "-e" "RUST_BACKTRACE=full" "-e" "RUSTFLAGS=--cap-lints=warn" "-e" "RUSTDOCFLAGS=--cap-lints=warn" "-e" "RUSTC_BOOTSTRAP=1" "-e" "DOCS_RS=1" "-w" "/opt/rustwide/workdir" "--user" "0:0" "2bc4a5a317fc8781c3067157c0b2e686c7c1cf0e77e4b72d44b7864856bfb83e" "/opt/rustwide/cargo-home/bin/cargo" "+1.99.0-beta.8" "rustdoc" "--lib" "-Zrustdoc-map" "--config" "build.rustdocflags=[\"--cfg\", \"docsrs\", \"-Z\", \"unstable-options\", \"--document-private-items\"]" "--frozen" "--message-format=json", kill_on_drop: false }`
[INFO] [stderr]    Compiling proc-macro2 v1.0.86
[INFO] [stderr]    Compiling thiserror v1.0.63
[INFO] [stdout] error[E0425]: cannot find type `SourceFile` in crate `proc_macro`
[INFO] [stdout]    --> /opt/rustwide/cargo-home/registry/src/index.crates.io-1949cf8c6b5b557f/proc-macro2-1.0.86/src/wrapper.rs:365:26
[INFO] [stdout]     |
[INFO] [stdout] 365 |     Compiler(proc_macro::SourceFile),
[INFO] [stdout]     |                          ^^^^^^^^^^ not found in `proc_macro`
[INFO] [stdout]     |
[INFO] [stdout] help: consider importing one of these structs
[INFO] [stdout]     |
[INFO] [stdout]   1 + use crate::SourceFile;
[INFO] [stdout]     |
[INFO] [stdout]   1 + use crate::fallback::SourceFile;
[INFO] [stdout]     |
[INFO] [stdout] help: if you import `SourceFile`, refer to it directly
[INFO] [stdout]     |
[INFO] [stdout] 365 -     Compiler(proc_macro::SourceFile),
[INFO] [stdout] 365 +     Compiler(SourceFile),
[INFO] [stdout]     |
[INFO] [stdout] 
[INFO] [stdout] 
[INFO] [stdout] error[E0425]: cannot find type `SourceFile` in crate `proc_macro`
[INFO] [stdout]    --> /opt/rustwide/cargo-home/registry/src/index.crates.io-1949cf8c6b5b557f/proc-macro2-1.0.86/src/wrapper.rs:371:32
[INFO] [stdout]     |
[INFO] [stdout] 371 |     fn nightly(sf: proc_macro::SourceFile) -> Self {
[INFO] [stdout]     |                                ^^^^^^^^^^ not found in `proc_macro`
[INFO] [stdout]     |
[INFO] [stdout] help: consider importing one of these structs
[INFO] [stdout]     |
[INFO] [stdout]   1 + use crate::SourceFile;
[INFO] [stdout]     |
[INFO] [stdout]   1 + use crate::fallback::SourceFile;
[INFO] [stdout]     |
[INFO] [stdout] help: if you import `SourceFile`, refer to it directly
[INFO] [stdout]     |
[INFO] [stdout] 371 -     fn nightly(sf: proc_macro::SourceFile) -> Self {
[INFO] [stdout] 371 +     fn nightly(sf: SourceFile) -> Self {
[INFO] [stdout]     |
[INFO] [stdout] 
[INFO] [stdout] 
[INFO] [stdout] error[E0599]: no method named `source_file` found for reference `&proc_macro::Span` in the current scope
[INFO] [stdout]    --> /opt/rustwide/cargo-home/registry/src/index.crates.io-1949cf8c6b5b557f/proc-macro2-1.0.86/src/wrapper.rs:461:56
[INFO] [stdout]     |
[INFO] [stdout] 461 |             Span::Compiler(s) => SourceFile::nightly(s.source_file()),
[INFO] [stdout]     |                                                        ^^^^^^^^^^^
[INFO] [stdout]     |
[INFO] [stdout] help: there is a method `source` with a similar name
[INFO] [stdout]     |
[INFO] [stdout] 461 -             Span::Compiler(s) => SourceFile::nightly(s.source_file()),
[INFO] [stdout] 461 +             Span::Compiler(s) => SourceFile::nightly(s.source()),
[INFO] [stdout]     |
[INFO] [stdout] 
[INFO] [stdout] 
[INFO] [stdout] Some errors have detailed explanations: E0425, E0599.
[INFO] [stdout] 
[INFO] [stdout] For more information about an error, try `rustc --explain E0425`.
[INFO] [stdout] 
[INFO] [stderr] error: could not compile `proc-macro2` (lib) due to 3 previous errors
[INFO] running `Command { std: "docker" "inspect" "2bc4a5a317fc8781c3067157c0b2e686c7c1cf0e77e4b72d44b7864856bfb83e", kill_on_drop: false }`
[INFO] running `Command { std: "docker" "rm" "-f" "2bc4a5a317fc8781c3067157c0b2e686c7c1cf0e77e4b72d44b7864856bfb83e", kill_on_drop: false }`
[INFO] [stdout] 2bc4a5a317fc8781c3067157c0b2e686c7c1cf0e77e4b72d44b7864856bfb83e
