[INFO] fetching crate adenosine-pds 0.4.0...
[INFO] documenting adenosine-pds-0.4.0 against 1.100.0-beta.1 for beta-rustdoc-1.100-2
[INFO] extracting crate adenosine-pds 0.4.0 into /workspace/builds/worker-1-tc2/source
[INFO] started tweaking crates.io crate adenosine-pds 0.4.0
[INFO] finished tweaking crates.io crate adenosine-pds 0.4.0
[INFO] tweaked toml for crates.io crate adenosine-pds 0.4.0 written to /workspace/builds/worker-1-tc2/source/Cargo.toml
[INFO] validating manifest of crates.io crate adenosine-pds 0.4.0 on toolchain 1.100.0-beta.1
[INFO] running `Command { std: CARGO_HOME="/workspace/cargo-home" RUSTUP_HOME="/workspace/rustup-home" "/workspace/cargo-home/bin/cargo" "+1.100.0-beta.1" "metadata" "--manifest-path" "Cargo.toml" "--no-deps", kill_on_drop: false }`
[INFO] crate crates.io crate adenosine-pds 0.4.0 already has a lockfile, it will not be regenerated
[INFO] running `Command { std: CARGO_HOME="/workspace/cargo-home" RUSTUP_HOME="/workspace/rustup-home" "/workspace/cargo-home/bin/cargo" "+1.100.0-beta.1" "fetch" "--manifest-path" "Cargo.toml", kill_on_drop: false }`
[INFO] running `Command { std: "docker" "create" "-v" "/var/lib/crater-agent-workspace/builds/worker-1-tc2/source:/opt/rustwide/workdir:ro,Z" "-v" "/var/lib/crater-agent-workspace/builds/worker-1-tc2/target:/opt/rustwide/target:rw,Z" "-v" "/var/lib/crater-agent-workspace/cargo-home:/opt/rustwide/cargo-home:ro,Z" "-v" "/var/lib/crater-agent-workspace/rustup-home:/opt/rustwide/rustup-home:ro,Z" "-m" "1610612736" "--network" "none" "ghcr.io/rust-lang/crates-build-env/linux@sha256:77db811e55d90add9212f6832c23229e3de5f1c1f9905e8cb07319ea15df73ac" "sleep" "infinity", kill_on_drop: false }`
[INFO] [stdout] 9553fed62941648d044b0f732101f46297ebb03314ecb33810494c318e3ea200
[INFO] running `Command { std: "docker" "start" "9553fed62941648d044b0f732101f46297ebb03314ecb33810494c318e3ea200", kill_on_drop: false }`
[INFO] running `Command { std: "docker" "inspect" "9553fed62941648d044b0f732101f46297ebb03314ecb33810494c318e3ea200", kill_on_drop: false }`
[INFO] running `Command { std: "docker" "exec" "-e" "SOURCE_DIR=/opt/rustwide/workdir" "-e" "CARGO_HOME=/opt/rustwide/cargo-home" "-e" "RUSTUP_HOME=/opt/rustwide/rustup-home" "-e" "CARGO_TARGET_DIR=/opt/rustwide/target" "-w" "/opt/rustwide/workdir" "--user" "0:0" "9553fed62941648d044b0f732101f46297ebb03314ecb33810494c318e3ea200" "/opt/rustwide/cargo-home/bin/cargo" "+1.100.0-beta.1" "metadata" "--no-deps" "--format-version=1", kill_on_drop: false }`
[INFO] running `Command { std: "docker" "inspect" "9553fed62941648d044b0f732101f46297ebb03314ecb33810494c318e3ea200", kill_on_drop: false }`
[INFO] running `Command { std: "docker" "exec" "-e" "SOURCE_DIR=/opt/rustwide/workdir" "-e" "CARGO_HOME=/opt/rustwide/cargo-home" "-e" "RUSTUP_HOME=/opt/rustwide/rustup-home" "-e" "CARGO_TARGET_DIR=/opt/rustwide/target" "-e" "CARGO_INCREMENTAL=0" "-e" "RUST_BACKTRACE=full" "-e" "RUSTFLAGS=--cap-lints=warn" "-e" "RUSTDOCFLAGS=--cap-lints=warn" "-w" "/opt/rustwide/workdir" "--user" "0:0" "9553fed62941648d044b0f732101f46297ebb03314ecb33810494c318e3ea200" "/opt/rustwide/cargo-home/bin/cargo" "+1.100.0-beta.1" "doc" "--frozen" "--no-deps" "--document-private-items" "--message-format=json", kill_on_drop: false }`
[INFO] [stderr]    Compiling libc v0.2.147
[INFO] [stderr]    Compiling proc-macro2 v1.0.66
[INFO] [stderr]    Compiling unicode-ident v1.0.11
[INFO] [stderr]    Compiling memchr v2.5.0
[INFO] [stderr]    Compiling syn v1.0.109
[INFO] [stderr]    Compiling serde v1.0.183
[INFO] [stderr]    Compiling serde_derive v1.0.183
[INFO] [stderr]     Checking subtle v2.5.0
[INFO] [stderr]     Checking crypto-common v0.1.6
[INFO] [stderr]     Checking pin-project-lite v0.2.12
[INFO] [stderr]     Checking once_cell v1.18.0
[INFO] [stderr]     Checking digest v0.10.7
[INFO] [stderr]     Checking value-bag v1.4.1
[INFO] [stderr]    Compiling anyhow v1.0.75
[INFO] [stderr]     Checking smallvec v1.11.0
[INFO] [stderr]     Checking log v0.4.20
[INFO] [stderr]     Checking itoa v1.0.9
[INFO] [stderr]    Compiling pkg-config v0.3.27
[INFO] [stderr]    Compiling thiserror v1.0.47
[INFO] [stderr]    Compiling lock_api v0.4.10
[INFO] [stderr]    Compiling quote v1.0.33
[INFO] [stderr]     Checking futures-io v0.3.28
[INFO] [stderr]    Compiling syn v2.0.29
[INFO] [stderr]    Compiling proc-macro-error-attr v1.0.4
[INFO] [stderr]    Compiling indexmap v1.9.3
[INFO] [stderr]    Compiling parking_lot_core v0.9.8
[INFO] [stderr]     Checking cpufeatures v0.2.9
[INFO] [stderr]     Checking sha2 v0.10.7
[INFO] [stderr]    Compiling cc v1.0.83
[INFO] [stderr]     Checking getrandom v0.2.10
[INFO] [stderr]    Compiling serde_json v1.0.105
[INFO] [stderr]     Checking rand_core v0.6.4
[INFO] [stderr]    Compiling unicode-xid v0.2.4
[INFO] [stderr]     Checking arrayref v0.3.7
[INFO] [stderr]     Checking arrayvec v0.7.4
[INFO] [stderr]    Compiling rustix v0.38.8
[INFO] [stderr]     Checking constant_time_eq v0.2.6
[INFO] [stderr]    Compiling data-encoding v2.4.0
[INFO] [stderr]     Checking num_cpus v1.16.0
[INFO] [stderr]     Checking parking_lot v0.12.1
[INFO] [stderr]     Checking keccak v0.1.4
[INFO] [stderr]     Checking constant_time_eq v0.3.0
[INFO] [stderr]     Checking zeroize v1.6.0
[INFO] [stderr]     Checking sha3 v0.10.8
[INFO] [stderr]    Compiling blake3 v1.4.1
[INFO] [stderr]     Checking blake2b_simd v1.0.1
[INFO] [stderr]     Checking blake2s_simd v1.0.1
[INFO] [stderr]    Compiling itertools v0.10.5
[INFO] [stderr]     Checking core2 v0.4.0
[INFO] [stderr]     Checking ryu v1.0.15
[INFO] [stderr]     Checking serde-big-array v0.3.3
[INFO] [stderr]     Checking base-x v0.2.11
[INFO] [stderr]    Compiling futures-channel v0.3.28
[INFO] [stderr]     Checking unsigned-varint v0.7.1
[INFO] [stderr]    Compiling crossbeam-utils v0.8.16
[INFO] [stderr]     Checking serde_bytes v0.11.12
[INFO] [stderr]    Compiling openssl-sys v0.9.91
[INFO] [stderr]    Compiling unicase v2.6.0
[INFO] [stderr]     Checking signal-hook-registry v1.4.1
[INFO] [stderr]     Checking mio v0.8.8
[INFO] [stderr]     Checking socket2 v0.5.3
[INFO] [stderr]    Compiling toml v0.5.11
[INFO] [stderr]    Compiling ahash v0.7.6
[INFO] [stderr]    Compiling futures-util v0.3.28
[INFO] [stderr]    Compiling mime_guess v2.0.4
[INFO] [stderr]    Compiling cmake v0.1.50
[INFO] [stderr]    Compiling aho-corasick v1.0.4
[INFO] [stderr]    Compiling which v4.4.0
[INFO] [stderr]    Compiling num-traits v0.2.16
[INFO] [stderr]    Compiling bitflags v2.4.0
[INFO] [stderr]    Compiling regex-syntax v0.7.4
[INFO] [stderr]     Checking const-oid v0.9.5
[INFO] [stderr]     Checking percent-encoding v2.3.0
[INFO] [stderr]    Compiling linux-raw-sys v0.4.5
[INFO] [stderr]     Checking der v0.6.1
[INFO] [stderr]    Compiling proc-macro-error v1.0.4
[INFO] [stderr]    Compiling synstructure v0.12.6
[INFO] [stderr]    Compiling prost-build v0.10.4
[INFO] [stderr]     Checking concurrent-queue v2.2.0
[INFO] [stderr]     Checking socket2 v0.4.9
[INFO] [stderr]     Checking tracing-core v0.1.31
[INFO] [stderr]     Checking base64ct v1.6.0
[INFO] [stderr]     Checking waker-fn v1.1.0
[INFO] [stderr]     Checking parking v2.1.0
[INFO] [stderr]     Checking fastrand v1.9.0
[INFO] [stderr]    Compiling fastrand v2.0.0
[INFO] [stderr]    Compiling async-trait v0.1.73
[INFO] [stderr]    Compiling io-lifetimes v1.0.11
[INFO] [stderr]    Compiling petgraph v0.6.3
[INFO] [stderr]     Checking futures-lite v1.13.0
[INFO] [stderr]     Checking spki v0.6.0
[INFO] [stderr]     Checking hashbrown v0.11.2
[INFO] [stderr]    Compiling regex-automata v0.3.6
[INFO] [stderr]     Checking async-lock v2.8.0
[INFO] [stderr]    Compiling data-encoding-macro-internal v0.1.11
[INFO] [stderr]    Compiling prost-derive v0.10.1
[INFO] [stderr]    Compiling thiserror-impl v1.0.47
[INFO] [stderr]    Compiling tokio-macros v2.1.0
[INFO] [stderr]     Checking data-encoding-macro v0.1.13
[INFO] [stderr]     Checking multibase v0.9.1
[INFO] [stderr]    Compiling futures-macro v0.3.28
[INFO] [stderr]    Compiling tracing-attributes v0.1.26
[INFO] [stderr]    Compiling tempfile v3.8.0
[INFO] [stderr]     Checking tokio v1.32.0
[INFO] [stderr]    Compiling polling v2.8.0
[INFO] [stderr]    Compiling rustix v0.37.23
[INFO] [stderr]    Compiling multimap v0.8.3
[INFO] [stderr]    Compiling openssl v0.10.56
[INFO] [stderr]    Compiling openssl-macros v0.1.1
[INFO] [stderr]    Compiling proc-macro-crate v1.1.3
[INFO] [stderr]     Checking pkcs8 v0.9.0
[INFO] [stderr]    Compiling prost v0.10.4
[INFO] [stderr]     Checking unicode-normalization v0.1.22
[INFO] [stderr]    Compiling multihash-derive v0.8.1
[INFO] [stderr]    Compiling prost-types v0.10.1
[INFO] [stderr]     Checking tracing v0.1.37
[INFO] [stderr]     Checking form_urlencoded v1.2.0
[INFO] [stderr]     Checking http v0.2.9
[INFO] [stderr]    Compiling libsqlite3-sys v0.23.2
[INFO] [stderr]     Checking multihash v0.16.3
[INFO] [stderr]     Checking crypto-bigint v0.4.9
[INFO] [stderr]     Checking cid v0.8.6
[INFO] [stderr]     Checking libipld-core v0.14.0
[INFO] [stderr]    Compiling regex v1.9.3
[INFO] [stderr]     Checking ff v0.12.1
[INFO] [stderr]    Compiling async-io v1.13.0
[INFO] [stderr]     Checking base16ct v0.1.1
[INFO] [stderr]    Compiling native-tls v0.2.11
[INFO] [stderr]     Checking unicode-bidi v0.3.13
[INFO] [stderr]     Checking byteorder v1.4.3
[INFO] [stderr]     Checking async-task v4.4.0
[INFO] [stderr]     Checking linux-raw-sys v0.3.8
[INFO] [stderr]     Checking idna v0.4.0
[INFO] [stderr]     Checking sec1 v0.3.0
[INFO] [stderr]     Checking rand_chacha v0.3.1
[INFO] [stderr]     Checking group v0.12.1
[INFO] [stderr]     Checking async-channel v1.9.0
[INFO] [stderr]     Checking hmac v0.12.1
[INFO] [stderr]     Checking instant v0.1.12
[INFO] [stderr]    Compiling libipld-pb v0.14.0
[INFO] [stderr]     Checking atomic-waker v1.1.1
[INFO] [stderr]     Checking quick-error v1.2.3
[INFO] [stderr]     Checking openssl-probe v0.1.5
[INFO] [stderr]     Checking try-lock v0.2.4
[INFO] [stderr]     Checking want v0.3.1
[INFO] [stderr]     Checking blocking v1.3.1
[INFO] [stderr]     Checking rfc6979 v0.3.1
[INFO] [stderr]     Checking rand v0.8.5
[INFO] [stderr]     Checking tokio-util v0.7.8
[INFO] [stderr]     Checking elliptic-curve v0.12.3
[INFO] [stderr]     Checking url v2.4.0
[INFO] [stderr]     Checking async-executor v1.5.1
[INFO] [stderr]     Checking h2 v0.3.20
[INFO] [stderr]     Checking libipld-json v0.14.0
[INFO] [stderr]     Checking http-body v0.4.5
[INFO] [stderr]     Checking hashlink v0.7.0
[INFO] [stderr]     Checking signature v1.6.4
[INFO] [stderr]     Checking atty v0.2.14
[INFO] [stderr]     Checking fallible-iterator v0.2.0
[INFO] [stderr]     Checking fallible-streaming-iterator v0.1.9
[INFO] [stderr]     Checking tokio-native-tls v0.3.1
[INFO] [stderr]    Compiling nom v7.1.3
[INFO] [stderr]     Checking ecdsa v0.14.8
[INFO] [stderr]     Checking async-global-executor v2.3.1
[INFO] [stderr]     Checking parking_lot_core v0.8.6
[INFO] [stderr]     Checking futures-executor v0.3.28
[INFO] [stderr]     Checking libipld-cbor v0.14.0
[INFO] [stderr]     Checking libipld-macro v0.14.0
[INFO] [stderr]    Compiling libipld-cbor-derive v0.14.0
[INFO] [stderr]     Checking cached v0.30.0
[INFO] [stderr]     Checking kv-log-macro v1.0.7
[INFO] [stderr]     Checking inout v0.1.3
[INFO] [stderr]    Compiling humansize v1.1.1
[INFO] [stderr]    Compiling askama_escape v0.10.3
[INFO] [stderr]     Checking hyper v0.14.27
[INFO] [stderr]     Checking unicode-width v0.1.10
[INFO] [stderr]     Checking num_threads v0.1.6
[INFO] [stderr]     Checking safemem v0.3.3
[INFO] [stderr]    Compiling derive_more v0.99.17
[INFO] [stderr]     Checking time v0.3.17
[INFO] [stderr]     Checking buf_redux v0.8.4
[INFO] [stderr]     Checking textwrap v0.11.0
[INFO] [stderr]    Compiling heck v0.3.3
[INFO] [stderr]     Checking cipher v0.4.4
[INFO] [stderr]    Compiling askama_shared v0.12.2
[INFO] [stderr]     Checking async-std v1.12.0
[INFO] [stderr]     Checking libipld v0.14.0
[INFO] [stderr]     Checking futures v0.3.28
[INFO] [stderr]     Checking parking_lot v0.11.2
[INFO] [stderr]     Checking gzip-header v1.0.0
[INFO] [stderr]    Compiling strum_macros v0.24.3
[INFO] [stderr]     Checking humantime v1.3.0
[INFO] [stderr]     Checking hyper-tls v0.5.0
[INFO] [stderr]     Checking serde_urlencoded v0.7.1
[INFO] [stderr]    Compiling async-recursion v1.0.4
[INFO] [stderr]     Checking twoway v0.1.8
[INFO] [stderr]     Checking encoding_rs v0.8.32
[INFO] [stderr]     Checking strsim v0.8.0
[INFO] [stderr]     Checking iana-time-zone v0.1.57
[INFO] [stderr]     Checking ascii v1.1.0
[INFO] [stderr]     Checking chunked_transfer v1.4.1
[INFO] [stderr]     Checking base64 v0.21.2
[INFO] [stderr]     Checking ansi_term v0.12.1
[INFO] [stderr]     Checking termcolor v1.2.0
[INFO] [stderr]     Checking ipnet v2.8.0
[INFO] [stderr]     Checking bs58 v0.4.0
[INFO] [stderr]     Checking vec_map v0.8.2
[INFO] [stderr]     Checking strum v0.24.1
[INFO] [stderr]     Checking sha256 v1.3.0
[INFO] [stderr]     Checking deflate v1.0.0
[INFO] [stderr]     Checking ucan v0.7.0-alpha.1
[INFO] [stderr]     Checking clap v2.34.0
[INFO] [stderr]     Checking env_logger v0.7.1
[INFO] [stderr]     Checking reqwest v0.11.18
[INFO] [stderr]     Checking tiny_http v0.12.0
[INFO] [stderr]     Checking chrono v0.4.26
[INFO] [stderr]     Checking multipart v0.18.0
[INFO] [stderr]     Checking blowfish v0.9.1
[INFO] [stderr]    Compiling askama_derive v0.11.2
[INFO] [stderr]    Compiling structopt-derive v0.4.18
[INFO] [stderr]     Checking p256 v0.11.1
[INFO] [stderr]     Checking k256 v0.11.6
[INFO] [stderr]     Checking integer-encoding v3.0.4
[INFO] [stderr]     Checking threadpool v1.8.1
[INFO] [stderr]     Checking filetime v0.2.22
[INFO] [stderr]     Checking sha1_smol v1.0.0
[INFO] [stderr]     Checking bcrypt v0.13.0
[INFO] [stderr]     Checking pretty_env_logger v0.4.0
[INFO] [stderr]     Checking rouille v3.6.2
[INFO] [stderr]     Checking structopt v0.3.26
[INFO] [stderr]     Checking rusqlite v0.26.3
[INFO] [stderr]     Checking askama v0.11.1
[INFO] [stderr]     Checking ipfs-sqlite-block-store v0.13.0
[INFO] [stderr]     Checking rusqlite_migration v1.0.2
[INFO] [stderr]     Checking adenosine v0.4.0
[INFO] [stdout] error[E0277]: the trait bound `!: libipld::prelude::Decode<DagCborCodec>` is not satisfied
[INFO] [stdout]   --> /opt/rustwide/cargo-home/registry/src/index.crates.io-1949cf8c6b5b557f/adenosine-0.4.0/src/mst.rs:25:17
[INFO] [stdout]    |
[INFO] [stdout] 25 | #[derive(Debug, DagCbor, PartialEq, Eq)]
[INFO] [stdout]    |                 ^^^^^^^ the trait `libipld::prelude::Decode<DagCborCodec>` is not implemented for `!`
[INFO] [stdout]    |
[INFO] [stdout]    = help: the following other types implement trait `libipld::prelude::Decode<C>`:
[INFO] [stdout]              ()
[INFO] [stdout]              (A,)
[INFO] [stdout]              (A, B)
[INFO] [stdout]              (A, B, C)
[INFO] [stdout]              (A, B, C, D)
[INFO] [stdout]              Arc<T>
[INFO] [stdout]              BTreeMap<K, T>
[INFO] [stdout]              Box<[u8]>
[INFO] [stdout]            and 24 others
[INFO] [stdout]    = note: this error might have been caused by changes to Rust's type-inference algorithm (see issue #148922 <https://github.com/rust-lang/rust/issues/148922> for more information)
[INFO] [stdout]    = help: you might have intended to use the type `()` here instead
[INFO] [stdout]    = note: this error originates in the derive macro `DagCbor` (in Nightly builds, run with -Z macro-backtrace for more info)
[INFO] [stdout] 
[INFO] [stdout] 
[INFO] [stdout] error[E0277]: the trait bound `!: libipld::prelude::Decode<DagCborCodec>` is not satisfied
[INFO] [stdout]   --> /opt/rustwide/cargo-home/registry/src/index.crates.io-1949cf8c6b5b557f/adenosine-0.4.0/src/mst.rs:34:17
[INFO] [stdout]    |
[INFO] [stdout] 34 | #[derive(Debug, DagCbor, PartialEq, Eq)]
[INFO] [stdout]    |                 ^^^^^^^ the trait `libipld::prelude::Decode<DagCborCodec>` is not implemented for `!`
[INFO] [stdout]    |
[INFO] [stdout]    = help: the following other types implement trait `libipld::prelude::Decode<C>`:
[INFO] [stdout]              ()
[INFO] [stdout]              (A,)
[INFO] [stdout]              (A, B)
[INFO] [stdout]              (A, B, C)
[INFO] [stdout]              (A, B, C, D)
[INFO] [stdout]              Arc<T>
[INFO] [stdout]              BTreeMap<K, T>
[INFO] [stdout]              Box<[u8]>
[INFO] [stdout]            and 24 others
[INFO] [stdout]    = note: this error might have been caused by changes to Rust's type-inference algorithm (see issue #148922 <https://github.com/rust-lang/rust/issues/148922> for more information)
[INFO] [stdout]    = help: you might have intended to use the type `()` here instead
[INFO] [stdout]    = note: this error originates in the derive macro `DagCbor` (in Nightly builds, run with -Z macro-backtrace for more info)
[INFO] [stdout] 
[INFO] [stdout] 
[INFO] [stdout] error[E0277]: the trait bound `!: libipld::prelude::Decode<DagCborCodec>` is not satisfied
[INFO] [stdout]   --> /opt/rustwide/cargo-home/registry/src/index.crates.io-1949cf8c6b5b557f/adenosine-0.4.0/src/mst.rs:42:17
[INFO] [stdout]    |
[INFO] [stdout] 42 | #[derive(Debug, DagCbor, PartialEq, Eq)]
[INFO] [stdout]    |                 ^^^^^^^ the trait `libipld::prelude::Decode<DagCborCodec>` is not implemented for `!`
[INFO] [stdout]    |
[INFO] [stdout]    = help: the following other types implement trait `libipld::prelude::Decode<C>`:
[INFO] [stdout]              ()
[INFO] [stdout]              (A,)
[INFO] [stdout]              (A, B)
[INFO] [stdout]              (A, B, C)
[INFO] [stdout]              (A, B, C, D)
[INFO] [stdout]              Arc<T>
[INFO] [stdout]              BTreeMap<K, T>
[INFO] [stdout]              Box<[u8]>
[INFO] [stdout]            and 24 others
[INFO] [stdout]    = note: this error might have been caused by changes to Rust's type-inference algorithm (see issue #148922 <https://github.com/rust-lang/rust/issues/148922> for more information)
[INFO] [stdout]    = help: you might have intended to use the type `()` here instead
[INFO] [stdout]    = note: this error originates in the derive macro `DagCbor` (in Nightly builds, run with -Z macro-backtrace for more info)
[INFO] [stdout] 
[INFO] [stdout] 
[INFO] [stdout] error[E0277]: the trait bound `!: libipld::prelude::Decode<DagCborCodec>` is not satisfied
[INFO] [stdout]   --> /opt/rustwide/cargo-home/registry/src/index.crates.io-1949cf8c6b5b557f/adenosine-0.4.0/src/mst.rs:50:17
[INFO] [stdout]    |
[INFO] [stdout] 50 | #[derive(Debug, DagCbor, PartialEq)]
[INFO] [stdout]    |                 ^^^^^^^ the trait `libipld::prelude::Decode<DagCborCodec>` is not implemented for `!`
[INFO] [stdout]    |
[INFO] [stdout]    = help: the following other types implement trait `libipld::prelude::Decode<C>`:
[INFO] [stdout]              ()
[INFO] [stdout]              (A,)
[INFO] [stdout]              (A, B)
[INFO] [stdout]              (A, B, C)
[INFO] [stdout]              (A, B, C, D)
[INFO] [stdout]              Arc<T>
[INFO] [stdout]              BTreeMap<K, T>
[INFO] [stdout]              Box<[u8]>
[INFO] [stdout]            and 24 others
[INFO] [stdout]    = note: this error might have been caused by changes to Rust's type-inference algorithm (see issue #148922 <https://github.com/rust-lang/rust/issues/148922> for more information)
[INFO] [stdout]    = help: you might have intended to use the type `()` here instead
[INFO] [stdout]    = note: this error originates in the derive macro `DagCbor` (in Nightly builds, run with -Z macro-backtrace for more info)
[INFO] [stdout] 
[INFO] [stdout] 
[INFO] [stdout] error[E0277]: the trait bound `!: libipld::prelude::Decode<DagCborCodec>` is not satisfied
[INFO] [stdout]   --> /opt/rustwide/cargo-home/registry/src/index.crates.io-1949cf8c6b5b557f/adenosine-0.4.0/src/plc.rs:16:17
[INFO] [stdout]    |
[INFO] [stdout] 16 | #[derive(Debug, DagCbor, PartialEq, Eq, Clone)]
[INFO] [stdout]    |                 ^^^^^^^ the trait `libipld::prelude::Decode<DagCborCodec>` is not implemented for `!`
[INFO] [stdout]    |
[INFO] [stdout]    = help: the following other types implement trait `libipld::prelude::Decode<C>`:
[INFO] [stdout]              ()
[INFO] [stdout]              (A,)
[INFO] [stdout]              (A, B)
[INFO] [stdout]              (A, B, C)
[INFO] [stdout]              (A, B, C, D)
[INFO] [stdout]              Arc<T>
[INFO] [stdout]              BTreeMap<K, T>
[INFO] [stdout]              Box<[u8]>
[INFO] [stdout]            and 23 others
[INFO] [stdout]    = note: this error might have been caused by changes to Rust's type-inference algorithm (see issue #148922 <https://github.com/rust-lang/rust/issues/148922> for more information)
[INFO] [stdout]    = help: you might have intended to use the type `()` here instead
[INFO] [stdout]    = note: this error originates in the derive macro `DagCbor` (in Nightly builds, run with -Z macro-backtrace for more info)
[INFO] [stdout] 
[INFO] [stdout] 
[INFO] [stdout] error[E0277]: the trait bound `!: libipld::prelude::Decode<DagCborCodec>` is not satisfied
[INFO] [stdout]   --> /opt/rustwide/cargo-home/registry/src/index.crates.io-1949cf8c6b5b557f/adenosine-0.4.0/src/plc.rs:29:17
[INFO] [stdout]    |
[INFO] [stdout] 29 | #[derive(Debug, DagCbor, PartialEq, Eq, Clone)]
[INFO] [stdout]    |                 ^^^^^^^ the trait `libipld::prelude::Decode<DagCborCodec>` is not implemented for `!`
[INFO] [stdout]    |
[INFO] [stdout]    = help: the following other types implement trait `libipld::prelude::Decode<C>`:
[INFO] [stdout]              ()
[INFO] [stdout]              (A,)
[INFO] [stdout]              (A, B)
[INFO] [stdout]              (A, B, C)
[INFO] [stdout]              (A, B, C, D)
[INFO] [stdout]              Arc<T>
[INFO] [stdout]              BTreeMap<K, T>
[INFO] [stdout]              Box<[u8]>
[INFO] [stdout]            and 23 others
[INFO] [stdout]    = note: this error might have been caused by changes to Rust's type-inference algorithm (see issue #148922 <https://github.com/rust-lang/rust/issues/148922> for more information)
[INFO] [stdout]    = help: you might have intended to use the type `()` here instead
[INFO] [stdout]    = note: this error originates in the derive macro `DagCbor` (in Nightly builds, run with -Z macro-backtrace for more info)
[INFO] [stdout] 
[INFO] [stdout] 
[INFO] [stdout] error[E0277]: the trait bound `!: libipld::prelude::Decode<DagCborCodec>` is not satisfied
[INFO] [stdout]   --> /opt/rustwide/cargo-home/registry/src/index.crates.io-1949cf8c6b5b557f/adenosine-0.4.0/src/vendored/iroh_car/header.rs:63:33
[INFO] [stdout]    |
[INFO] [stdout] 63 | #[derive(Debug, Clone, Default, libipld::DagCbor, PartialEq, Eq)]
[INFO] [stdout]    |                                 ^^^^^^^^^^^^^^^^ the trait `libipld::prelude::Decode<DagCborCodec>` is not implemented for `!`
[INFO] [stdout]    |
[INFO] [stdout]    = help: the following other types implement trait `libipld::prelude::Decode<C>`:
[INFO] [stdout]              ()
[INFO] [stdout]              (A,)
[INFO] [stdout]              (A, B)
[INFO] [stdout]              (A, B, C)
[INFO] [stdout]              (A, B, C, D)
[INFO] [stdout]              Arc<T>
[INFO] [stdout]              BTreeMap<K, T>
[INFO] [stdout]              Box<[u8]>
[INFO] [stdout]            and 22 others
[INFO] [stdout]    = note: this error might have been caused by changes to Rust's type-inference algorithm (see issue #148922 <https://github.com/rust-lang/rust/issues/148922> for more information)
[INFO] [stdout]    = help: you might have intended to use the type `()` here instead
[INFO] [stdout]    = note: this error originates in the derive macro `libipld::DagCbor` (in Nightly builds, run with -Z macro-backtrace for more info)
[INFO] [stdout] 
[INFO] [stdout] 
[INFO] [stdout] For more information about this error, try `rustc --explain E0277`.
[INFO] [stdout] 
[INFO] [stderr] error: could not compile `adenosine` (lib) due to 7 previous errors
[INFO] running `Command { std: "docker" "inspect" "9553fed62941648d044b0f732101f46297ebb03314ecb33810494c318e3ea200", kill_on_drop: false }`
[INFO] running `Command { std: "docker" "rm" "-f" "9553fed62941648d044b0f732101f46297ebb03314ecb33810494c318e3ea200", kill_on_drop: false }`
[INFO] [stdout] 9553fed62941648d044b0f732101f46297ebb03314ecb33810494c318e3ea200
