[INFO] cloning repository https://github.com/sumoduduk/lemonsqueezy-store-backend
[INFO] running `Command { std: "git" "-c" "credential.helper=" "-c" "credential.helper=/workspace/cargo-home/bin/git-credential-null" "clone" "--bare" "https://github.com/sumoduduk/lemonsqueezy-store-backend" "/workspace/cache/git-repos/https%3A%2F%2Fgithub.com%2Fsumoduduk%2Flemonsqueezy-store-backend", kill_on_drop: false }`
[INFO] [stderr] Cloning into bare repository '/workspace/cache/git-repos/https%3A%2F%2Fgithub.com%2Fsumoduduk%2Flemonsqueezy-store-backend'...
[INFO] running `Command { std: "git" "rev-parse" "HEAD", kill_on_drop: false }`
[INFO] [stdout] 842fffa5572282b5695e214211a2dac03bf0910a
[INFO] documenting sumoduduk/lemonsqueezy-store-backend against 1.100.0-beta.1 for beta-rustdoc-1.100-2
[INFO] running `Command { std: "git" "clone" "/workspace/cache/git-repos/https%3A%2F%2Fgithub.com%2Fsumoduduk%2Flemonsqueezy-store-backend" "/workspace/builds/worker-2-tc2/source", kill_on_drop: false }`
[INFO] [stderr] Cloning into '/workspace/builds/worker-2-tc2/source'...
[INFO] [stderr] done.
[INFO] started tweaking git repo https://github.com/sumoduduk/lemonsqueezy-store-backend
[INFO] finished tweaking git repo https://github.com/sumoduduk/lemonsqueezy-store-backend
[INFO] tweaked toml for git repo https://github.com/sumoduduk/lemonsqueezy-store-backend written to /workspace/builds/worker-2-tc2/source/Cargo.toml
[INFO] validating manifest of git repo https://github.com/sumoduduk/lemonsqueezy-store-backend on toolchain 1.100.0-beta.1
[INFO] running `Command { std: CARGO_HOME="/workspace/cargo-home" RUSTUP_HOME="/workspace/rustup-home" "/workspace/cargo-home/bin/cargo" "+1.100.0-beta.1" "metadata" "--manifest-path" "Cargo.toml" "--no-deps", kill_on_drop: false }`
[INFO] crate git repo https://github.com/sumoduduk/lemonsqueezy-store-backend already has a lockfile, it will not be regenerated
[INFO] running `Command { std: CARGO_HOME="/workspace/cargo-home" RUSTUP_HOME="/workspace/rustup-home" "/workspace/cargo-home/bin/cargo" "+1.100.0-beta.1" "fetch" "--manifest-path" "Cargo.toml", kill_on_drop: false }`
[INFO] running `Command { std: "docker" "create" "-v" "/var/lib/crater-agent-workspace/builds/worker-2-tc2/source:/opt/rustwide/workdir:ro,Z" "-v" "/var/lib/crater-agent-workspace/builds/worker-2-tc2/target:/opt/rustwide/target:rw,Z" "-v" "/var/lib/crater-agent-workspace/cargo-home:/opt/rustwide/cargo-home:ro,Z" "-v" "/var/lib/crater-agent-workspace/rustup-home:/opt/rustwide/rustup-home:ro,Z" "-m" "1610612736" "--network" "none" "ghcr.io/rust-lang/crates-build-env/linux@sha256:77db811e55d90add9212f6832c23229e3de5f1c1f9905e8cb07319ea15df73ac" "sleep" "infinity", kill_on_drop: false }`
[INFO] [stdout] 69f3a6aefd20c638d2af7613c632cdd3d15930a2d56264e62a7ea838b3d89476
[INFO] running `Command { std: "docker" "start" "69f3a6aefd20c638d2af7613c632cdd3d15930a2d56264e62a7ea838b3d89476", kill_on_drop: false }`
[INFO] running `Command { std: "docker" "inspect" "69f3a6aefd20c638d2af7613c632cdd3d15930a2d56264e62a7ea838b3d89476", kill_on_drop: false }`
[INFO] running `Command { std: "docker" "exec" "-e" "SOURCE_DIR=/opt/rustwide/workdir" "-e" "CARGO_HOME=/opt/rustwide/cargo-home" "-e" "RUSTUP_HOME=/opt/rustwide/rustup-home" "-e" "CARGO_TARGET_DIR=/opt/rustwide/target" "-w" "/opt/rustwide/workdir" "--user" "0:0" "69f3a6aefd20c638d2af7613c632cdd3d15930a2d56264e62a7ea838b3d89476" "/opt/rustwide/cargo-home/bin/cargo" "+1.100.0-beta.1" "metadata" "--no-deps" "--format-version=1", kill_on_drop: false }`
[INFO] running `Command { std: "docker" "inspect" "69f3a6aefd20c638d2af7613c632cdd3d15930a2d56264e62a7ea838b3d89476", kill_on_drop: false }`
[INFO] running `Command { std: "docker" "exec" "-e" "SOURCE_DIR=/opt/rustwide/workdir" "-e" "CARGO_HOME=/opt/rustwide/cargo-home" "-e" "RUSTUP_HOME=/opt/rustwide/rustup-home" "-e" "CARGO_TARGET_DIR=/opt/rustwide/target" "-e" "CARGO_INCREMENTAL=0" "-e" "RUST_BACKTRACE=full" "-e" "RUSTFLAGS=--cap-lints=warn" "-e" "RUSTDOCFLAGS=--cap-lints=warn" "-w" "/opt/rustwide/workdir" "--user" "0:0" "69f3a6aefd20c638d2af7613c632cdd3d15930a2d56264e62a7ea838b3d89476" "/opt/rustwide/cargo-home/bin/cargo" "+1.100.0-beta.1" "doc" "--frozen" "--no-deps" "--document-private-items" "--message-format=json", kill_on_drop: false }`
[INFO] [stderr]    Compiling futures-core v0.3.29
[INFO] [stderr]    Compiling serde v1.0.190
[INFO] [stderr]    Compiling futures-task v0.3.29
[INFO] [stderr]    Compiling futures-util v0.3.29
[INFO] [stderr]    Compiling ahash v0.8.6
[INFO] [stderr]     Checking mio v0.8.9
[INFO] [stderr]     Checking socket2 v0.5.5
[INFO] [stderr]     Checking futures-sink v0.3.29
[INFO] [stderr]    Compiling serde_json v1.0.108
[INFO] [stderr]     Checking tracing-core v0.1.32
[INFO] [stderr]    Compiling serde_derive v1.0.190
[INFO] [stderr]    Compiling tracing-attributes v0.1.27
[INFO] [stderr]     Checking futures-io v0.3.29
[INFO] [stderr]    Compiling thiserror v1.0.50
[INFO] [stderr]    Compiling thiserror-impl v1.0.50
[INFO] [stderr]    Compiling futures-channel v0.3.29
[INFO] [stderr]    Compiling zerocopy v0.7.21
[INFO] [stderr]    Compiling rustls v0.21.7
[INFO] [stderr]    Compiling indexmap v1.9.3
[INFO] [stderr]     Checking base64 v0.21.5
[INFO] [stderr]    Compiling cpufeatures v0.2.11
[INFO] [stderr]    Compiling rustix v0.38.21
[INFO] [stderr]     Checking tokio v1.33.0
[INFO] [stderr]    Compiling bitflags v2.4.1
[INFO] [stderr]    Compiling crc-catalog v2.3.0
[INFO] [stderr]    Compiling iana-time-zone v0.1.58
[INFO] [stderr]    Compiling hashbrown v0.14.2
[INFO] [stderr]    Compiling crc v3.0.1
[INFO] [stderr]    Compiling chrono v0.4.31
[INFO] [stderr]    Compiling rustls-pemfile v1.0.3
[INFO] [stderr]     Checking url v2.4.1
[INFO] [stderr]    Compiling futures-intrusive v0.5.0
[INFO] [stderr]    Compiling sha2 v0.10.8
[INFO] [stderr]     Checking socket2 v0.4.10
[INFO] [stderr]     Checking tracing v0.1.40
[INFO] [stderr]    Compiling indexmap v2.1.0
[INFO] [stderr]    Compiling hashlink v0.8.4
[INFO] [stderr]    Compiling uuid v1.5.0
[INFO] [stderr]    Compiling sha1 v0.10.6
[INFO] [stderr]    Compiling async-trait v0.1.74
[INFO] [stderr]     Checking hmac v0.12.1
[INFO] [stderr]    Compiling ring v0.17.5
[INFO] [stderr]     Checking hkdf v0.12.3
[INFO] [stderr]     Checking encoding_rs v0.8.33
[INFO] [stderr]    Compiling eyre v0.6.8
[INFO] [stderr]     Checking webpki-roots v0.25.2
[INFO] [stderr]     Checking ipnet v2.9.0
[INFO] [stderr]     Checking http-range-header v0.3.1
[INFO] [stderr]     Checking indenter v0.3.3
[INFO] [stderr]     Checking derive v1.0.0
[INFO] [stderr]    Compiling tempfile v3.8.1
[INFO] [stderr]     Checking axum-core v0.3.4
[INFO] [stderr]     Checking tokio-util v0.7.10
[INFO] [stderr]     Checking tokio-stream v0.1.14
[INFO] [stderr]     Checking tokio-rustls v0.24.1
[INFO] [stderr]     Checking tower v0.4.13
[INFO] [stderr]     Checking either v1.9.0
[INFO] [stderr]     Checking serde_urlencoded v0.7.1
[INFO] [stderr]     Checking serde_path_to_error v0.1.14
[INFO] [stderr]     Checking h2 v0.3.21
[INFO] [stderr]     Checking tower-http v0.4.4
[INFO] [stderr]     Checking itertools v0.11.0
[INFO] [stderr]     Checking sqlformat v0.2.2
[INFO] [stderr]     Checking jsonwebtoken v9.1.0
[INFO] [stderr]     Checking hyper v0.14.27
[INFO] [stderr]     Checking sqlx-core v0.7.2
[INFO] [stderr]     Checking sqlx-postgres v0.7.2
[INFO] [stdout] error[E0277]: the trait bound `!: sqlx_core::io::Decode<'_>` is not satisfied
[INFO] [stdout]   --> /opt/rustwide/cargo-home/registry/src/index.crates.io-1949cf8c6b5b557f/sqlx-postgres-0.7.2/src/connection/executor.rs:68:10
[INFO] [stdout]    |
[INFO] [stdout] 68 |         .recv_expect(MessageFormat::ParseComplete)
[INFO] [stdout]    |          ^^^^^^^^^^^ the trait `sqlx_core::io::Decode<'_>` is not implemented for `!`
[INFO] [stdout]    |
[INFO] [stdout]    = help: the following other types implement trait `sqlx_core::io::Decode<'de, Context>`:
[INFO] [stdout]              ()
[INFO] [stdout]              Authentication
[INFO] [stdout]              AuthenticationSaslContinue
[INFO] [stdout]              AuthenticationSaslFinal
[INFO] [stdout]              BackendKeyData
[INFO] [stdout]              CommandComplete
[INFO] [stdout]              CopyData<sqlx_core::bytes::Bytes>
[INFO] [stdout]              CopyDone
[INFO] [stdout]            and 10 others
[INFO] [stdout]    = note: this error might have been caused by changes to Rust's type-inference algorithm (see issue #148922 <https://github.com/rust-lang/rust/issues/148922> for more information)
[INFO] [stdout]    = help: you might have intended to use the type `()` here instead
[INFO] [stdout] note: required by a bound in `PgStream::recv_expect`
[INFO] [stdout]   --> /opt/rustwide/cargo-home/registry/src/index.crates.io-1949cf8c6b5b557f/sqlx-postgres-0.7.2/src/connection/stream.rs:68:45
[INFO] [stdout]    |
[INFO] [stdout] 41 | impl PgStream {
[INFO] [stdout] ...
[INFO] [stdout] 68 |     pub(crate) async fn recv_expect<'de, T: Decode<'de>>(
[INFO] [stdout]    |                                             ^^^^^^^^^^^ required by this bound in `PgStream::recv_expect`
[INFO] [stdout] 
[INFO] [stdout] 
[INFO] [stdout] error[E0277]: the trait bound `!: sqlx_core::io::Decode<'_>` is not satisfied
[INFO] [stdout]   --> /opt/rustwide/cargo-home/registry/src/index.crates.io-1949cf8c6b5b557f/sqlx-postgres-0.7.2/src/connection/executor.rs:66:13
[INFO] [stdout]    |
[INFO] [stdout] 66 |       let _ = conn
[INFO] [stdout]    |  _____________^
[INFO] [stdout] 67 | |         .stream
[INFO] [stdout] 68 | |         .recv_expect(MessageFormat::ParseComplete)
[INFO] [stdout]    | |__________________________________________________^ the trait `sqlx_core::io::Decode<'_>` is not implemented for `!`
[INFO] [stdout]    |
[INFO] [stdout]    = help: the following other types implement trait `sqlx_core::io::Decode<'de, Context>`:
[INFO] [stdout]              ()
[INFO] [stdout]              Authentication
[INFO] [stdout]              AuthenticationSaslContinue
[INFO] [stdout]              AuthenticationSaslFinal
[INFO] [stdout]              BackendKeyData
[INFO] [stdout]              CommandComplete
[INFO] [stdout]              CopyData<sqlx_core::bytes::Bytes>
[INFO] [stdout]              CopyDone
[INFO] [stdout]            and 10 others
[INFO] [stdout]    = note: this error might have been caused by changes to Rust's type-inference algorithm (see issue #148922 <https://github.com/rust-lang/rust/issues/148922> for more information)
[INFO] [stdout]    = help: you might have intended to use the type `()` here instead
[INFO] [stdout] note: required by a bound in `PgStream::recv_expect`
[INFO] [stdout]   --> /opt/rustwide/cargo-home/registry/src/index.crates.io-1949cf8c6b5b557f/sqlx-postgres-0.7.2/src/connection/stream.rs:68:45
[INFO] [stdout]    |
[INFO] [stdout] 41 | impl PgStream {
[INFO] [stdout] ...
[INFO] [stdout] 68 |     pub(crate) async fn recv_expect<'de, T: Decode<'de>>(
[INFO] [stdout]    |                                             ^^^^^^^^^^^ required by this bound in `PgStream::recv_expect`
[INFO] [stdout] 
[INFO] [stdout] 
[INFO] [stdout] error[E0277]: the trait bound `!: sqlx_core::io::Decode<'_>` is not satisfied
[INFO] [stdout]   --> /opt/rustwide/cargo-home/registry/src/index.crates.io-1949cf8c6b5b557f/sqlx-postgres-0.7.2/src/connection/executor.rs:69:10
[INFO] [stdout]    |
[INFO] [stdout] 69 |         .await?;
[INFO] [stdout]    |          ^^^^^ the trait `sqlx_core::io::Decode<'_>` is not implemented for `!`
[INFO] [stdout]    |
[INFO] [stdout]    = help: the following other types implement trait `sqlx_core::io::Decode<'de, Context>`:
[INFO] [stdout]              ()
[INFO] [stdout]              Authentication
[INFO] [stdout]              AuthenticationSaslContinue
[INFO] [stdout]              AuthenticationSaslFinal
[INFO] [stdout]              BackendKeyData
[INFO] [stdout]              CommandComplete
[INFO] [stdout]              CopyData<sqlx_core::bytes::Bytes>
[INFO] [stdout]              CopyDone
[INFO] [stdout]            and 10 others
[INFO] [stdout]    = note: this error might have been caused by changes to Rust's type-inference algorithm (see issue #148922 <https://github.com/rust-lang/rust/issues/148922> for more information)
[INFO] [stdout]    = help: you might have intended to use the type `()` here instead
[INFO] [stdout] note: required by a bound in `PgStream::recv_expect`
[INFO] [stdout]   --> /opt/rustwide/cargo-home/registry/src/index.crates.io-1949cf8c6b5b557f/sqlx-postgres-0.7.2/src/connection/stream.rs:68:45
[INFO] [stdout]    |
[INFO] [stdout] 41 | impl PgStream {
[INFO] [stdout] ...
[INFO] [stdout] 68 |     pub(crate) async fn recv_expect<'de, T: Decode<'de>>(
[INFO] [stdout]    |                                             ^^^^^^^^^^^ required by this bound in `PgStream::recv_expect`
[INFO] [stdout] 
[INFO] [stdout] 
[INFO] [stdout] error[E0277]: the trait bound `!: sqlx_core::io::Decode<'_>` is not satisfied
[INFO] [stdout]    --> /opt/rustwide/cargo-home/registry/src/index.crates.io-1949cf8c6b5b557f/sqlx-postgres-0.7.2/src/copy.rs:284:30
[INFO] [stdout]     |
[INFO] [stdout] 284 | ...                   .recv_expect(MessageFormat::ReadyForQuery)
[INFO] [stdout]     |                        ^^^^^^^^^^^ the trait `sqlx_core::io::Decode<'_>` is not implemented for `!`
[INFO] [stdout]     |
[INFO] [stdout]     = help: the following other types implement trait `sqlx_core::io::Decode<'de, Context>`:
[INFO] [stdout]               ()
[INFO] [stdout]               Authentication
[INFO] [stdout]               AuthenticationSaslContinue
[INFO] [stdout]               AuthenticationSaslFinal
[INFO] [stdout]               BackendKeyData
[INFO] [stdout]               CommandComplete
[INFO] [stdout]               CopyData<sqlx_core::bytes::Bytes>
[INFO] [stdout]               CopyDone
[INFO] [stdout]             and 10 others
[INFO] [stdout]     = note: this error might have been caused by changes to Rust's type-inference algorithm (see issue #148922 <https://github.com/rust-lang/rust/issues/148922> for more information)
[INFO] [stdout]     = help: you might have intended to use the type `()` here instead
[INFO] [stdout] note: required by a bound in `PgStream::recv_expect`
[INFO] [stdout]    --> /opt/rustwide/cargo-home/registry/src/index.crates.io-1949cf8c6b5b557f/sqlx-postgres-0.7.2/src/connection/stream.rs:68:45
[INFO] [stdout]     |
[INFO] [stdout]  41 | impl PgStream {
[INFO] [stdout] ...
[INFO] [stdout]  68 |     pub(crate) async fn recv_expect<'de, T: Decode<'de>>(
[INFO] [stdout]     |                                             ^^^^^^^^^^^ required by this bound in `PgStream::recv_expect`
[INFO] [stdout] 
[INFO] [stdout] 
[INFO] [stdout] error[E0277]: the trait bound `!: sqlx_core::io::Decode<'_>` is not satisfied
[INFO] [stdout]    --> /opt/rustwide/cargo-home/registry/src/index.crates.io-1949cf8c6b5b557f/sqlx-postgres-0.7.2/src/copy.rs:283:25
[INFO] [stdout]     |
[INFO] [stdout] 283 | /                         conn.stream
[INFO] [stdout] 284 | |                             .recv_expect(MessageFormat::ReadyForQuery)
[INFO] [stdout]     | |______________________________________________________________________^ the trait `sqlx_core::io::Decode<'_>` is not implemented for `!`
[INFO] [stdout]     |
[INFO] [stdout]     = help: the following other types implement trait `sqlx_core::io::Decode<'de, Context>`:
[INFO] [stdout]               ()
[INFO] [stdout]               Authentication
[INFO] [stdout]               AuthenticationSaslContinue
[INFO] [stdout]               AuthenticationSaslFinal
[INFO] [stdout]               BackendKeyData
[INFO] [stdout]               CommandComplete
[INFO] [stdout]               CopyData<sqlx_core::bytes::Bytes>
[INFO] [stdout]               CopyDone
[INFO] [stdout]             and 10 others
[INFO] [stdout]     = note: this error might have been caused by changes to Rust's type-inference algorithm (see issue #148922 <https://github.com/rust-lang/rust/issues/148922> for more information)
[INFO] [stdout]     = help: you might have intended to use the type `()` here instead
[INFO] [stdout] note: required by a bound in `PgStream::recv_expect`
[INFO] [stdout]    --> /opt/rustwide/cargo-home/registry/src/index.crates.io-1949cf8c6b5b557f/sqlx-postgres-0.7.2/src/connection/stream.rs:68:45
[INFO] [stdout]     |
[INFO] [stdout]  41 | impl PgStream {
[INFO] [stdout] ...
[INFO] [stdout]  68 |     pub(crate) async fn recv_expect<'de, T: Decode<'de>>(
[INFO] [stdout]     |                                             ^^^^^^^^^^^ required by this bound in `PgStream::recv_expect`
[INFO] [stdout] 
[INFO] [stdout] 
[INFO] [stdout] error[E0277]: the trait bound `!: sqlx_core::io::Decode<'_>` is not satisfied
[INFO] [stdout]    --> /opt/rustwide/cargo-home/registry/src/index.crates.io-1949cf8c6b5b557f/sqlx-postgres-0.7.2/src/copy.rs:285:30
[INFO] [stdout]     |
[INFO] [stdout] 285 | ...                   .await?;
[INFO] [stdout]     |                        ^^^^^ the trait `sqlx_core::io::Decode<'_>` is not implemented for `!`
[INFO] [stdout]     |
[INFO] [stdout]     = help: the following other types implement trait `sqlx_core::io::Decode<'de, Context>`:
[INFO] [stdout]               ()
[INFO] [stdout]               Authentication
[INFO] [stdout]               AuthenticationSaslContinue
[INFO] [stdout]               AuthenticationSaslFinal
[INFO] [stdout]               BackendKeyData
[INFO] [stdout]               CommandComplete
[INFO] [stdout]               CopyData<sqlx_core::bytes::Bytes>
[INFO] [stdout]               CopyDone
[INFO] [stdout]             and 10 others
[INFO] [stdout]     = note: this error might have been caused by changes to Rust's type-inference algorithm (see issue #148922 <https://github.com/rust-lang/rust/issues/148922> for more information)
[INFO] [stdout]     = help: you might have intended to use the type `()` here instead
[INFO] [stdout] note: required by a bound in `PgStream::recv_expect`
[INFO] [stdout]    --> /opt/rustwide/cargo-home/registry/src/index.crates.io-1949cf8c6b5b557f/sqlx-postgres-0.7.2/src/connection/stream.rs:68:45
[INFO] [stdout]     |
[INFO] [stdout]  41 | impl PgStream {
[INFO] [stdout] ...
[INFO] [stdout]  68 |     pub(crate) async fn recv_expect<'de, T: Decode<'de>>(
[INFO] [stdout]     |                                             ^^^^^^^^^^^ required by this bound in `PgStream::recv_expect`
[INFO] [stdout] 
[INFO] [stdout] 
[INFO] [stdout] error[E0277]: the trait bound `!: sqlx_core::io::Decode<'_>` is not satisfied
[INFO] [stdout]    --> /opt/rustwide/cargo-home/registry/src/index.crates.io-1949cf8c6b5b557f/sqlx-postgres-0.7.2/src/copy.rs:318:14
[INFO] [stdout]     |
[INFO] [stdout] 318 |             .recv_expect(MessageFormat::ReadyForQuery)
[INFO] [stdout]     |              ^^^^^^^^^^^ the trait `sqlx_core::io::Decode<'_>` is not implemented for `!`
[INFO] [stdout]     |
[INFO] [stdout]     = help: the following other types implement trait `sqlx_core::io::Decode<'de, Context>`:
[INFO] [stdout]               ()
[INFO] [stdout]               Authentication
[INFO] [stdout]               AuthenticationSaslContinue
[INFO] [stdout]               AuthenticationSaslFinal
[INFO] [stdout]               BackendKeyData
[INFO] [stdout]               CommandComplete
[INFO] [stdout]               CopyData<sqlx_core::bytes::Bytes>
[INFO] [stdout]               CopyDone
[INFO] [stdout]             and 10 others
[INFO] [stdout]     = note: this error might have been caused by changes to Rust's type-inference algorithm (see issue #148922 <https://github.com/rust-lang/rust/issues/148922> for more information)
[INFO] [stdout]     = help: you might have intended to use the type `()` here instead
[INFO] [stdout] note: required by a bound in `PgStream::recv_expect`
[INFO] [stdout]    --> /opt/rustwide/cargo-home/registry/src/index.crates.io-1949cf8c6b5b557f/sqlx-postgres-0.7.2/src/connection/stream.rs:68:45
[INFO] [stdout]     |
[INFO] [stdout]  41 | impl PgStream {
[INFO] [stdout] ...
[INFO] [stdout]  68 |     pub(crate) async fn recv_expect<'de, T: Decode<'de>>(
[INFO] [stdout]     |                                             ^^^^^^^^^^^ required by this bound in `PgStream::recv_expect`
[INFO] [stdout] 
[INFO] [stdout] 
[INFO] [stdout] error[E0277]: the trait bound `!: sqlx_core::io::Decode<'_>` is not satisfied
[INFO] [stdout]    --> /opt/rustwide/cargo-home/registry/src/index.crates.io-1949cf8c6b5b557f/sqlx-postgres-0.7.2/src/copy.rs:317:9
[INFO] [stdout]     |
[INFO] [stdout] 317 | /         conn.stream
[INFO] [stdout] 318 | |             .recv_expect(MessageFormat::ReadyForQuery)
[INFO] [stdout]     | |______________________________________________________^ the trait `sqlx_core::io::Decode<'_>` is not implemented for `!`
[INFO] [stdout]     |
[INFO] [stdout]     = help: the following other types implement trait `sqlx_core::io::Decode<'de, Context>`:
[INFO] [stdout]               ()
[INFO] [stdout]               Authentication
[INFO] [stdout]               AuthenticationSaslContinue
[INFO] [stdout]               AuthenticationSaslFinal
[INFO] [stdout]               BackendKeyData
[INFO] [stdout]               CommandComplete
[INFO] [stdout]               CopyData<sqlx_core::bytes::Bytes>
[INFO] [stdout]               CopyDone
[INFO] [stdout]             and 10 others
[INFO] [stdout]     = note: this error might have been caused by changes to Rust's type-inference algorithm (see issue #148922 <https://github.com/rust-lang/rust/issues/148922> for more information)
[INFO] [stdout]     = help: you might have intended to use the type `()` here instead
[INFO] [stdout] note: required by a bound in `PgStream::recv_expect`
[INFO] [stdout]    --> /opt/rustwide/cargo-home/registry/src/index.crates.io-1949cf8c6b5b557f/sqlx-postgres-0.7.2/src/connection/stream.rs:68:45
[INFO] [stdout]     |
[INFO] [stdout]  41 | impl PgStream {
[INFO] [stdout] ...
[INFO] [stdout]  68 |     pub(crate) async fn recv_expect<'de, T: Decode<'de>>(
[INFO] [stdout]     |                                             ^^^^^^^^^^^ required by this bound in `PgStream::recv_expect`
[INFO] [stdout] 
[INFO] [stdout] 
[INFO] [stdout] error[E0277]: the trait bound `!: sqlx_core::io::Decode<'_>` is not satisfied
[INFO] [stdout]    --> /opt/rustwide/cargo-home/registry/src/index.crates.io-1949cf8c6b5b557f/sqlx-postgres-0.7.2/src/copy.rs:319:14
[INFO] [stdout]     |
[INFO] [stdout] 319 |             .await?;
[INFO] [stdout]     |              ^^^^^ the trait `sqlx_core::io::Decode<'_>` is not implemented for `!`
[INFO] [stdout]     |
[INFO] [stdout]     = help: the following other types implement trait `sqlx_core::io::Decode<'de, Context>`:
[INFO] [stdout]               ()
[INFO] [stdout]               Authentication
[INFO] [stdout]               AuthenticationSaslContinue
[INFO] [stdout]               AuthenticationSaslFinal
[INFO] [stdout]               BackendKeyData
[INFO] [stdout]               CommandComplete
[INFO] [stdout]               CopyData<sqlx_core::bytes::Bytes>
[INFO] [stdout]               CopyDone
[INFO] [stdout]             and 10 others
[INFO] [stdout]     = note: this error might have been caused by changes to Rust's type-inference algorithm (see issue #148922 <https://github.com/rust-lang/rust/issues/148922> for more information)
[INFO] [stdout]     = help: you might have intended to use the type `()` here instead
[INFO] [stdout] note: required by a bound in `PgStream::recv_expect`
[INFO] [stdout]    --> /opt/rustwide/cargo-home/registry/src/index.crates.io-1949cf8c6b5b557f/sqlx-postgres-0.7.2/src/connection/stream.rs:68:45
[INFO] [stdout]     |
[INFO] [stdout]  41 | impl PgStream {
[INFO] [stdout] ...
[INFO] [stdout]  68 |     pub(crate) async fn recv_expect<'de, T: Decode<'de>>(
[INFO] [stdout]     |                                             ^^^^^^^^^^^ required by this bound in `PgStream::recv_expect`
[INFO] [stdout] 
[INFO] [stdout] 
[INFO] [stdout] error[E0277]: the trait bound `!: sqlx_core::io::Decode<'_>` is not satisfied
[INFO] [stdout]    --> /opt/rustwide/cargo-home/registry/src/index.crates.io-1949cf8c6b5b557f/sqlx-postgres-0.7.2/src/copy.rs:354:33
[INFO] [stdout]     |
[INFO] [stdout] 354 |                     conn.stream.recv_expect(MessageFormat::CommandComplete).await?;
[INFO] [stdout]     |                                 ^^^^^^^^^^^ the trait `sqlx_core::io::Decode<'_>` is not implemented for `!`
[INFO] [stdout]     |
[INFO] [stdout]     = help: the following other types implement trait `sqlx_core::io::Decode<'de, Context>`:
[INFO] [stdout]               ()
[INFO] [stdout]               Authentication
[INFO] [stdout]               AuthenticationSaslContinue
[INFO] [stdout]               AuthenticationSaslFinal
[INFO] [stdout]               BackendKeyData
[INFO] [stdout]               CommandComplete
[INFO] [stdout]               CopyData<sqlx_core::bytes::Bytes>
[INFO] [stdout]               CopyDone
[INFO] [stdout]             and 10 others
[INFO] [stdout]     = note: this error might have been caused by changes to Rust's type-inference algorithm (see issue #148922 <https://github.com/rust-lang/rust/issues/148922> for more information)
[INFO] [stdout]     = help: you might have intended to use the type `()` here instead
[INFO] [stdout] note: required by a bound in `PgStream::recv_expect`
[INFO] [stdout]    --> /opt/rustwide/cargo-home/registry/src/index.crates.io-1949cf8c6b5b557f/sqlx-postgres-0.7.2/src/connection/stream.rs:68:45
[INFO] [stdout]     |
[INFO] [stdout]  41 | impl PgStream {
[INFO] [stdout] ...
[INFO] [stdout]  68 |     pub(crate) async fn recv_expect<'de, T: Decode<'de>>(
[INFO] [stdout]     |                                             ^^^^^^^^^^^ required by this bound in `PgStream::recv_expect`
[INFO] [stdout] 
[INFO] [stdout] 
[INFO] [stdout] error[E0277]: the trait bound `!: sqlx_core::io::Decode<'_>` is not satisfied
[INFO] [stdout]    --> /opt/rustwide/cargo-home/registry/src/index.crates.io-1949cf8c6b5b557f/sqlx-postgres-0.7.2/src/copy.rs:354:21
[INFO] [stdout]     |
[INFO] [stdout] 354 |                     conn.stream.recv_expect(MessageFormat::CommandComplete).await?;
[INFO] [stdout]     |                     ^^^^^^^^^^^^^^^^^^^^^^^^^^^^^^^^^^^^^^^^^^^^^^^^^^^^^^^ the trait `sqlx_core::io::Decode<'_>` is not implemented for `!`
[INFO] [stdout]     |
[INFO] [stdout]     = help: the following other types implement trait `sqlx_core::io::Decode<'de, Context>`:
[INFO] [stdout]               ()
[INFO] [stdout]               Authentication
[INFO] [stdout]               AuthenticationSaslContinue
[INFO] [stdout]               AuthenticationSaslFinal
[INFO] [stdout]               BackendKeyData
[INFO] [stdout]               CommandComplete
[INFO] [stdout]               CopyData<sqlx_core::bytes::Bytes>
[INFO] [stdout]               CopyDone
[INFO] [stdout]             and 10 others
[INFO] [stdout]     = note: this error might have been caused by changes to Rust's type-inference algorithm (see issue #148922 <https://github.com/rust-lang/rust/issues/148922> for more information)
[INFO] [stdout]     = help: you might have intended to use the type `()` here instead
[INFO] [stdout] note: required by a bound in `PgStream::recv_expect`
[INFO] [stdout]    --> /opt/rustwide/cargo-home/registry/src/index.crates.io-1949cf8c6b5b557f/sqlx-postgres-0.7.2/src/connection/stream.rs:68:45
[INFO] [stdout]     |
[INFO] [stdout]  41 | impl PgStream {
[INFO] [stdout] ...
[INFO] [stdout]  68 |     pub(crate) async fn recv_expect<'de, T: Decode<'de>>(
[INFO] [stdout]     |                                             ^^^^^^^^^^^ required by this bound in `PgStream::recv_expect`
[INFO] [stdout] 
[INFO] [stdout] 
[INFO] [stdout] error[E0277]: the trait bound `!: sqlx_core::io::Decode<'_>` is not satisfied
[INFO] [stdout]    --> /opt/rustwide/cargo-home/registry/src/index.crates.io-1949cf8c6b5b557f/sqlx-postgres-0.7.2/src/copy.rs:355:33
[INFO] [stdout]     |
[INFO] [stdout] 355 |                     conn.stream.recv_expect(MessageFormat::ReadyForQuery).await?;
[INFO] [stdout]     |                                 ^^^^^^^^^^^ the trait `sqlx_core::io::Decode<'_>` is not implemented for `!`
[INFO] [stdout]     |
[INFO] [stdout]     = help: the following other types implement trait `sqlx_core::io::Decode<'de, Context>`:
[INFO] [stdout]               ()
[INFO] [stdout]               Authentication
[INFO] [stdout]               AuthenticationSaslContinue
[INFO] [stdout]               AuthenticationSaslFinal
[INFO] [stdout]               BackendKeyData
[INFO] [stdout]               CommandComplete
[INFO] [stdout]               CopyData<sqlx_core::bytes::Bytes>
[INFO] [stdout]               CopyDone
[INFO] [stdout]             and 10 others
[INFO] [stdout]     = note: this error might have been caused by changes to Rust's type-inference algorithm (see issue #148922 <https://github.com/rust-lang/rust/issues/148922> for more information)
[INFO] [stdout]     = help: you might have intended to use the type `()` here instead
[INFO] [stdout] note: required by a bound in `PgStream::recv_expect`
[INFO] [stdout]    --> /opt/rustwide/cargo-home/registry/src/index.crates.io-1949cf8c6b5b557f/sqlx-postgres-0.7.2/src/connection/stream.rs:68:45
[INFO] [stdout]     |
[INFO] [stdout]  41 | impl PgStream {
[INFO] [stdout] ...
[INFO] [stdout]  68 |     pub(crate) async fn recv_expect<'de, T: Decode<'de>>(
[INFO] [stdout]     |                                             ^^^^^^^^^^^ required by this bound in `PgStream::recv_expect`
[INFO] [stdout] 
[INFO] [stdout] 
[INFO] [stdout] error[E0277]: the trait bound `!: sqlx_core::io::Decode<'_>` is not satisfied
[INFO] [stdout]    --> /opt/rustwide/cargo-home/registry/src/index.crates.io-1949cf8c6b5b557f/sqlx-postgres-0.7.2/src/copy.rs:355:21
[INFO] [stdout]     |
[INFO] [stdout] 355 |                     conn.stream.recv_expect(MessageFormat::ReadyForQuery).await?;
[INFO] [stdout]     |                     ^^^^^^^^^^^^^^^^^^^^^^^^^^^^^^^^^^^^^^^^^^^^^^^^^^^^^ the trait `sqlx_core::io::Decode<'_>` is not implemented for `!`
[INFO] [stdout]     |
[INFO] [stdout]     = help: the following other types implement trait `sqlx_core::io::Decode<'de, Context>`:
[INFO] [stdout]               ()
[INFO] [stdout]               Authentication
[INFO] [stdout]               AuthenticationSaslContinue
[INFO] [stdout]               AuthenticationSaslFinal
[INFO] [stdout]               BackendKeyData
[INFO] [stdout]               CommandComplete
[INFO] [stdout]               CopyData<sqlx_core::bytes::Bytes>
[INFO] [stdout]               CopyDone
[INFO] [stdout]             and 10 others
[INFO] [stdout]     = note: this error might have been caused by changes to Rust's type-inference algorithm (see issue #148922 <https://github.com/rust-lang/rust/issues/148922> for more information)
[INFO] [stdout]     = help: you might have intended to use the type `()` here instead
[INFO] [stdout] note: required by a bound in `PgStream::recv_expect`
[INFO] [stdout]    --> /opt/rustwide/cargo-home/registry/src/index.crates.io-1949cf8c6b5b557f/sqlx-postgres-0.7.2/src/connection/stream.rs:68:45
[INFO] [stdout]     |
[INFO] [stdout]  41 | impl PgStream {
[INFO] [stdout] ...
[INFO] [stdout]  68 |     pub(crate) async fn recv_expect<'de, T: Decode<'de>>(
[INFO] [stdout]     |                                             ^^^^^^^^^^^ required by this bound in `PgStream::recv_expect`
[INFO] [stdout] 
[INFO] [stdout] 
[INFO] [stdout] error[E0277]: the trait bound `!: sqlx_core::io::Decode<'_>` is not satisfied
[INFO] [stdout]    --> /opt/rustwide/cargo-home/registry/src/index.crates.io-1949cf8c6b5b557f/sqlx-postgres-0.7.2/src/copy.rs:354:77
[INFO] [stdout]     |
[INFO] [stdout] 354 |                     conn.stream.recv_expect(MessageFormat::CommandComplete).await?;
[INFO] [stdout]     |                                                                             ^^^^^ the trait `sqlx_core::io::Decode<'_>` is not implemented for `!`
[INFO] [stdout]     |
[INFO] [stdout]     = help: the following other types implement trait `sqlx_core::io::Decode<'de, Context>`:
[INFO] [stdout]               ()
[INFO] [stdout]               Authentication
[INFO] [stdout]               AuthenticationSaslContinue
[INFO] [stdout]               AuthenticationSaslFinal
[INFO] [stdout]               BackendKeyData
[INFO] [stdout]               CommandComplete
[INFO] [stdout]               CopyData<sqlx_core::bytes::Bytes>
[INFO] [stdout]               CopyDone
[INFO] [stdout]             and 10 others
[INFO] [stdout]     = note: this error might have been caused by changes to Rust's type-inference algorithm (see issue #148922 <https://github.com/rust-lang/rust/issues/148922> for more information)
[INFO] [stdout]     = help: you might have intended to use the type `()` here instead
[INFO] [stdout] note: required by a bound in `PgStream::recv_expect`
[INFO] [stdout]    --> /opt/rustwide/cargo-home/registry/src/index.crates.io-1949cf8c6b5b557f/sqlx-postgres-0.7.2/src/connection/stream.rs:68:45
[INFO] [stdout]     |
[INFO] [stdout]  41 | impl PgStream {
[INFO] [stdout] ...
[INFO] [stdout]  68 |     pub(crate) async fn recv_expect<'de, T: Decode<'de>>(
[INFO] [stdout]     |                                             ^^^^^^^^^^^ required by this bound in `PgStream::recv_expect`
[INFO] [stdout] 
[INFO] [stdout] 
[INFO] [stdout] error[E0277]: the trait bound `!: sqlx_core::io::Decode<'_>` is not satisfied
[INFO] [stdout]    --> /opt/rustwide/cargo-home/registry/src/index.crates.io-1949cf8c6b5b557f/sqlx-postgres-0.7.2/src/copy.rs:355:75
[INFO] [stdout]     |
[INFO] [stdout] 355 |                     conn.stream.recv_expect(MessageFormat::ReadyForQuery).await?;
[INFO] [stdout]     |                                                                           ^^^^^ the trait `sqlx_core::io::Decode<'_>` is not implemented for `!`
[INFO] [stdout]     |
[INFO] [stdout]     = help: the following other types implement trait `sqlx_core::io::Decode<'de, Context>`:
[INFO] [stdout]               ()
[INFO] [stdout]               Authentication
[INFO] [stdout]               AuthenticationSaslContinue
[INFO] [stdout]               AuthenticationSaslFinal
[INFO] [stdout]               BackendKeyData
[INFO] [stdout]               CommandComplete
[INFO] [stdout]               CopyData<sqlx_core::bytes::Bytes>
[INFO] [stdout]               CopyDone
[INFO] [stdout]             and 10 others
[INFO] [stdout]     = note: this error might have been caused by changes to Rust's type-inference algorithm (see issue #148922 <https://github.com/rust-lang/rust/issues/148922> for more information)
[INFO] [stdout]     = help: you might have intended to use the type `()` here instead
[INFO] [stdout] note: required by a bound in `PgStream::recv_expect`
[INFO] [stdout]    --> /opt/rustwide/cargo-home/registry/src/index.crates.io-1949cf8c6b5b557f/sqlx-postgres-0.7.2/src/connection/stream.rs:68:45
[INFO] [stdout]     |
[INFO] [stdout]  41 | impl PgStream {
[INFO] [stdout] ...
[INFO] [stdout]  68 |     pub(crate) async fn recv_expect<'de, T: Decode<'de>>(
[INFO] [stdout]     |                                             ^^^^^^^^^^^ required by this bound in `PgStream::recv_expect`
[INFO] [stdout] 
[INFO] [stdout] 
[INFO] [stderr]     Checking hyper-rustls v0.24.2
[INFO] [stderr]     Checking axum v0.6.20
[INFO] [stderr]     Checking reqwest v0.11.22
[INFO] [stderr]     Checking lemonsqueezy v0.1.1 (https://github.com/sumoduduk/lemonsqueezy.rs.git?rev=044f280eb7b13cf3f21d457692b6ee07f53cedb2#044f280e)
[INFO] [stdout] For more information about this error, try `rustc --explain E0277`.
[INFO] [stdout] 
[INFO] [stderr] error: could not compile `sqlx-postgres` (lib) due to 15 previous errors
[INFO] [stderr] warning: build failed, waiting for other jobs to finish...
[INFO] [stdout] error[E0277]: the trait bound `!: sqlx_core::io::Decode<'_>` is not satisfied
[INFO] [stdout]   --> /opt/rustwide/cargo-home/registry/src/index.crates.io-1949cf8c6b5b557f/sqlx-postgres-0.7.2/src/connection/executor.rs:68:10
[INFO] [stdout]    |
[INFO] [stdout] 68 |         .recv_expect(MessageFormat::ParseComplete)
[INFO] [stdout]    |          ^^^^^^^^^^^ the trait `sqlx_core::io::Decode<'_>` is not implemented for `!`
[INFO] [stdout]    |
[INFO] [stdout]    = help: the following other types implement trait `sqlx_core::io::Decode<'de, Context>`:
[INFO] [stdout]              ()
[INFO] [stdout]              Authentication
[INFO] [stdout]              AuthenticationSaslContinue
[INFO] [stdout]              AuthenticationSaslFinal
[INFO] [stdout]              BackendKeyData
[INFO] [stdout]              CommandComplete
[INFO] [stdout]              CopyData<sqlx_core::bytes::Bytes>
[INFO] [stdout]              CopyDone
[INFO] [stdout]            and 10 others
[INFO] [stdout]    = note: this error might have been caused by changes to Rust's type-inference algorithm (see issue #148922 <https://github.com/rust-lang/rust/issues/148922> for more information)
[INFO] [stdout]    = help: you might have intended to use the type `()` here instead
[INFO] [stdout] note: required by a bound in `PgStream::recv_expect`
[INFO] [stdout]   --> /opt/rustwide/cargo-home/registry/src/index.crates.io-1949cf8c6b5b557f/sqlx-postgres-0.7.2/src/connection/stream.rs:68:45
[INFO] [stdout]    |
[INFO] [stdout] 41 | impl PgStream {
[INFO] [stdout] ...
[INFO] [stdout] 68 |     pub(crate) async fn recv_expect<'de, T: Decode<'de>>(
[INFO] [stdout]    |                                             ^^^^^^^^^^^ required by this bound in `PgStream::recv_expect`
[INFO] [stdout] 
[INFO] [stdout] 
[INFO] [stdout] error[E0277]: the trait bound `!: sqlx_core::io::Decode<'_>` is not satisfied
[INFO] [stdout]   --> /opt/rustwide/cargo-home/registry/src/index.crates.io-1949cf8c6b5b557f/sqlx-postgres-0.7.2/src/connection/executor.rs:66:13
[INFO] [stdout]    |
[INFO] [stdout] 66 |       let _ = conn
[INFO] [stdout]    |  _____________^
[INFO] [stdout] 67 | |         .stream
[INFO] [stdout] 68 | |         .recv_expect(MessageFormat::ParseComplete)
[INFO] [stdout]    | |__________________________________________________^ the trait `sqlx_core::io::Decode<'_>` is not implemented for `!`
[INFO] [stdout]    |
[INFO] [stdout]    = help: the following other types implement trait `sqlx_core::io::Decode<'de, Context>`:
[INFO] [stdout]              ()
[INFO] [stdout]              Authentication
[INFO] [stdout]              AuthenticationSaslContinue
[INFO] [stdout]              AuthenticationSaslFinal
[INFO] [stdout]              BackendKeyData
[INFO] [stdout]              CommandComplete
[INFO] [stdout]              CopyData<sqlx_core::bytes::Bytes>
[INFO] [stdout]              CopyDone
[INFO] [stdout]            and 10 others
[INFO] [stdout]    = note: this error might have been caused by changes to Rust's type-inference algorithm (see issue #148922 <https://github.com/rust-lang/rust/issues/148922> for more information)
[INFO] [stdout]    = help: you might have intended to use the type `()` here instead
[INFO] [stdout] note: required by a bound in `PgStream::recv_expect`
[INFO] [stdout]   --> /opt/rustwide/cargo-home/registry/src/index.crates.io-1949cf8c6b5b557f/sqlx-postgres-0.7.2/src/connection/stream.rs:68:45
[INFO] [stdout]    |
[INFO] [stdout] 41 | impl PgStream {
[INFO] [stdout] ...
[INFO] [stdout] 68 |     pub(crate) async fn recv_expect<'de, T: Decode<'de>>(
[INFO] [stdout]    |                                             ^^^^^^^^^^^ required by this bound in `PgStream::recv_expect`
[INFO] [stdout] 
[INFO] [stdout] 
[INFO] [stdout] error[E0277]: the trait bound `!: sqlx_core::io::Decode<'_>` is not satisfied
[INFO] [stdout]   --> /opt/rustwide/cargo-home/registry/src/index.crates.io-1949cf8c6b5b557f/sqlx-postgres-0.7.2/src/connection/executor.rs:69:10
[INFO] [stdout]    |
[INFO] [stdout] 69 |         .await?;
[INFO] [stdout]    |          ^^^^^ the trait `sqlx_core::io::Decode<'_>` is not implemented for `!`
[INFO] [stdout]    |
[INFO] [stdout]    = help: the following other types implement trait `sqlx_core::io::Decode<'de, Context>`:
[INFO] [stdout]              ()
[INFO] [stdout]              Authentication
[INFO] [stdout]              AuthenticationSaslContinue
[INFO] [stdout]              AuthenticationSaslFinal
[INFO] [stdout]              BackendKeyData
[INFO] [stdout]              CommandComplete
[INFO] [stdout]              CopyData<sqlx_core::bytes::Bytes>
[INFO] [stdout]              CopyDone
[INFO] [stdout]            and 10 others
[INFO] [stdout]    = note: this error might have been caused by changes to Rust's type-inference algorithm (see issue #148922 <https://github.com/rust-lang/rust/issues/148922> for more information)
[INFO] [stdout]    = help: you might have intended to use the type `()` here instead
[INFO] [stdout] note: required by a bound in `PgStream::recv_expect`
[INFO] [stdout]   --> /opt/rustwide/cargo-home/registry/src/index.crates.io-1949cf8c6b5b557f/sqlx-postgres-0.7.2/src/connection/stream.rs:68:45
[INFO] [stdout]    |
[INFO] [stdout] 41 | impl PgStream {
[INFO] [stdout] ...
[INFO] [stdout] 68 |     pub(crate) async fn recv_expect<'de, T: Decode<'de>>(
[INFO] [stdout]    |                                             ^^^^^^^^^^^ required by this bound in `PgStream::recv_expect`
[INFO] [stdout] 
[INFO] [stdout] 
[INFO] [stdout] error[E0277]: the trait bound `!: sqlx_core::io::Decode<'_>` is not satisfied
[INFO] [stdout]    --> /opt/rustwide/cargo-home/registry/src/index.crates.io-1949cf8c6b5b557f/sqlx-postgres-0.7.2/src/copy.rs:284:30
[INFO] [stdout]     |
[INFO] [stdout] 284 | ...                   .recv_expect(MessageFormat::ReadyForQuery)
[INFO] [stdout]     |                        ^^^^^^^^^^^ the trait `sqlx_core::io::Decode<'_>` is not implemented for `!`
[INFO] [stdout]     |
[INFO] [stdout]     = help: the following other types implement trait `sqlx_core::io::Decode<'de, Context>`:
[INFO] [stdout]               ()
[INFO] [stdout]               Authentication
[INFO] [stdout]               AuthenticationSaslContinue
[INFO] [stdout]               AuthenticationSaslFinal
[INFO] [stdout]               BackendKeyData
[INFO] [stdout]               CommandComplete
[INFO] [stdout]               CopyData<sqlx_core::bytes::Bytes>
[INFO] [stdout]               CopyDone
[INFO] [stdout]             and 10 others
[INFO] [stdout]     = note: this error might have been caused by changes to Rust's type-inference algorithm (see issue #148922 <https://github.com/rust-lang/rust/issues/148922> for more information)
[INFO] [stdout]     = help: you might have intended to use the type `()` here instead
[INFO] [stdout] note: required by a bound in `PgStream::recv_expect`
[INFO] [stdout]    --> /opt/rustwide/cargo-home/registry/src/index.crates.io-1949cf8c6b5b557f/sqlx-postgres-0.7.2/src/connection/stream.rs:68:45
[INFO] [stdout]     |
[INFO] [stdout]  41 | impl PgStream {
[INFO] [stdout] ...
[INFO] [stdout]  68 |     pub(crate) async fn recv_expect<'de, T: Decode<'de>>(
[INFO] [stdout]     |                                             ^^^^^^^^^^^ required by this bound in `PgStream::recv_expect`
[INFO] [stdout] 
[INFO] [stdout] 
[INFO] [stdout] error[E0277]: the trait bound `!: sqlx_core::io::Decode<'_>` is not satisfied
[INFO] [stdout]    --> /opt/rustwide/cargo-home/registry/src/index.crates.io-1949cf8c6b5b557f/sqlx-postgres-0.7.2/src/copy.rs:283:25
[INFO] [stdout]     |
[INFO] [stdout] 283 | /                         conn.stream
[INFO] [stdout] 284 | |                             .recv_expect(MessageFormat::ReadyForQuery)
[INFO] [stdout]     | |______________________________________________________________________^ the trait `sqlx_core::io::Decode<'_>` is not implemented for `!`
[INFO] [stdout]     |
[INFO] [stdout]     = help: the following other types implement trait `sqlx_core::io::Decode<'de, Context>`:
[INFO] [stdout]               ()
[INFO] [stdout]               Authentication
[INFO] [stdout]               AuthenticationSaslContinue
[INFO] [stdout]               AuthenticationSaslFinal
[INFO] [stdout]               BackendKeyData
[INFO] [stdout]               CommandComplete
[INFO] [stdout]               CopyData<sqlx_core::bytes::Bytes>
[INFO] [stdout]               CopyDone
[INFO] [stdout]             and 10 others
[INFO] [stdout]     = note: this error might have been caused by changes to Rust's type-inference algorithm (see issue #148922 <https://github.com/rust-lang/rust/issues/148922> for more information)
[INFO] [stdout]     = help: you might have intended to use the type `()` here instead
[INFO] [stdout] note: required by a bound in `PgStream::recv_expect`
[INFO] [stdout]    --> /opt/rustwide/cargo-home/registry/src/index.crates.io-1949cf8c6b5b557f/sqlx-postgres-0.7.2/src/connection/stream.rs:68:45
[INFO] [stdout]     |
[INFO] [stdout]  41 | impl PgStream {
[INFO] [stdout] ...
[INFO] [stdout]  68 |     pub(crate) async fn recv_expect<'de, T: Decode<'de>>(
[INFO] [stdout]     |                                             ^^^^^^^^^^^ required by this bound in `PgStream::recv_expect`
[INFO] [stdout] 
[INFO] [stdout] 
[INFO] [stdout] error[E0277]: the trait bound `!: sqlx_core::io::Decode<'_>` is not satisfied
[INFO] [stdout]    --> /opt/rustwide/cargo-home/registry/src/index.crates.io-1949cf8c6b5b557f/sqlx-postgres-0.7.2/src/copy.rs:285:30
[INFO] [stdout]     |
[INFO] [stdout] 285 | ...                   .await?;
[INFO] [stdout]     |                        ^^^^^ the trait `sqlx_core::io::Decode<'_>` is not implemented for `!`
[INFO] [stdout]     |
[INFO] [stdout]     = help: the following other types implement trait `sqlx_core::io::Decode<'de, Context>`:
[INFO] [stdout]               ()
[INFO] [stdout]               Authentication
[INFO] [stdout]               AuthenticationSaslContinue
[INFO] [stdout]               AuthenticationSaslFinal
[INFO] [stdout]               BackendKeyData
[INFO] [stdout]               CommandComplete
[INFO] [stdout]               CopyData<sqlx_core::bytes::Bytes>
[INFO] [stdout]               CopyDone
[INFO] [stdout]             and 10 others
[INFO] [stdout]     = note: this error might have been caused by changes to Rust's type-inference algorithm (see issue #148922 <https://github.com/rust-lang/rust/issues/148922> for more information)
[INFO] [stdout]     = help: you might have intended to use the type `()` here instead
[INFO] [stdout] note: required by a bound in `PgStream::recv_expect`
[INFO] [stdout]    --> /opt/rustwide/cargo-home/registry/src/index.crates.io-1949cf8c6b5b557f/sqlx-postgres-0.7.2/src/connection/stream.rs:68:45
[INFO] [stdout]     |
[INFO] [stdout]  41 | impl PgStream {
[INFO] [stdout] ...
[INFO] [stdout]  68 |     pub(crate) async fn recv_expect<'de, T: Decode<'de>>(
[INFO] [stdout]     |                                             ^^^^^^^^^^^ required by this bound in `PgStream::recv_expect`
[INFO] [stdout] 
[INFO] [stdout] 
[INFO] [stdout] error[E0277]: the trait bound `!: sqlx_core::io::Decode<'_>` is not satisfied
[INFO] [stdout]    --> /opt/rustwide/cargo-home/registry/src/index.crates.io-1949cf8c6b5b557f/sqlx-postgres-0.7.2/src/copy.rs:318:14
[INFO] [stdout]     |
[INFO] [stdout] 318 |             .recv_expect(MessageFormat::ReadyForQuery)
[INFO] [stdout]     |              ^^^^^^^^^^^ the trait `sqlx_core::io::Decode<'_>` is not implemented for `!`
[INFO] [stdout]     |
[INFO] [stdout]     = help: the following other types implement trait `sqlx_core::io::Decode<'de, Context>`:
[INFO] [stdout]               ()
[INFO] [stdout]               Authentication
[INFO] [stdout]               AuthenticationSaslContinue
[INFO] [stdout]               AuthenticationSaslFinal
[INFO] [stdout]               BackendKeyData
[INFO] [stdout]               CommandComplete
[INFO] [stdout]               CopyData<sqlx_core::bytes::Bytes>
[INFO] [stdout]               CopyDone
[INFO] [stdout]             and 10 others
[INFO] [stdout]     = note: this error might have been caused by changes to Rust's type-inference algorithm (see issue #148922 <https://github.com/rust-lang/rust/issues/148922> for more information)
[INFO] [stdout]     = help: you might have intended to use the type `()` here instead
[INFO] [stdout] note: required by a bound in `PgStream::recv_expect`
[INFO] [stdout]    --> /opt/rustwide/cargo-home/registry/src/index.crates.io-1949cf8c6b5b557f/sqlx-postgres-0.7.2/src/connection/stream.rs:68:45
[INFO] [stdout]     |
[INFO] [stdout]  41 | impl PgStream {
[INFO] [stdout] ...
[INFO] [stdout]  68 |     pub(crate) async fn recv_expect<'de, T: Decode<'de>>(
[INFO] [stdout]     |                                             ^^^^^^^^^^^ required by this bound in `PgStream::recv_expect`
[INFO] [stdout] 
[INFO] [stdout] 
[INFO] [stdout] error[E0277]: the trait bound `!: sqlx_core::io::Decode<'_>` is not satisfied
[INFO] [stdout]    --> /opt/rustwide/cargo-home/registry/src/index.crates.io-1949cf8c6b5b557f/sqlx-postgres-0.7.2/src/copy.rs:317:9
[INFO] [stdout]     |
[INFO] [stdout] 317 | /         conn.stream
[INFO] [stdout] 318 | |             .recv_expect(MessageFormat::ReadyForQuery)
[INFO] [stdout]     | |______________________________________________________^ the trait `sqlx_core::io::Decode<'_>` is not implemented for `!`
[INFO] [stdout]     |
[INFO] [stdout]     = help: the following other types implement trait `sqlx_core::io::Decode<'de, Context>`:
[INFO] [stdout]               ()
[INFO] [stdout]               Authentication
[INFO] [stdout]               AuthenticationSaslContinue
[INFO] [stdout]               AuthenticationSaslFinal
[INFO] [stdout]               BackendKeyData
[INFO] [stdout]               CommandComplete
[INFO] [stdout]               CopyData<sqlx_core::bytes::Bytes>
[INFO] [stdout]               CopyDone
[INFO] [stdout]             and 10 others
[INFO] [stdout]     = note: this error might have been caused by changes to Rust's type-inference algorithm (see issue #148922 <https://github.com/rust-lang/rust/issues/148922> for more information)
[INFO] [stdout]     = help: you might have intended to use the type `()` here instead
[INFO] [stdout] note: required by a bound in `PgStream::recv_expect`
[INFO] [stdout]    --> /opt/rustwide/cargo-home/registry/src/index.crates.io-1949cf8c6b5b557f/sqlx-postgres-0.7.2/src/connection/stream.rs:68:45
[INFO] [stdout]     |
[INFO] [stdout]  41 | impl PgStream {
[INFO] [stdout] ...
[INFO] [stdout]  68 |     pub(crate) async fn recv_expect<'de, T: Decode<'de>>(
[INFO] [stdout]     |                                             ^^^^^^^^^^^ required by this bound in `PgStream::recv_expect`
[INFO] [stdout] 
[INFO] [stdout] 
[INFO] [stdout] error[E0277]: the trait bound `!: sqlx_core::io::Decode<'_>` is not satisfied
[INFO] [stdout]    --> /opt/rustwide/cargo-home/registry/src/index.crates.io-1949cf8c6b5b557f/sqlx-postgres-0.7.2/src/copy.rs:319:14
[INFO] [stdout]     |
[INFO] [stdout] 319 |             .await?;
[INFO] [stdout]     |              ^^^^^ the trait `sqlx_core::io::Decode<'_>` is not implemented for `!`
[INFO] [stdout]     |
[INFO] [stdout]     = help: the following other types implement trait `sqlx_core::io::Decode<'de, Context>`:
[INFO] [stdout]               ()
[INFO] [stdout]               Authentication
[INFO] [stdout]               AuthenticationSaslContinue
[INFO] [stdout]               AuthenticationSaslFinal
[INFO] [stdout]               BackendKeyData
[INFO] [stdout]               CommandComplete
[INFO] [stdout]               CopyData<sqlx_core::bytes::Bytes>
[INFO] [stdout]               CopyDone
[INFO] [stdout]             and 10 others
[INFO] [stdout]     = note: this error might have been caused by changes to Rust's type-inference algorithm (see issue #148922 <https://github.com/rust-lang/rust/issues/148922> for more information)
[INFO] [stdout]     = help: you might have intended to use the type `()` here instead
[INFO] [stdout] note: required by a bound in `PgStream::recv_expect`
[INFO] [stdout]    --> /opt/rustwide/cargo-home/registry/src/index.crates.io-1949cf8c6b5b557f/sqlx-postgres-0.7.2/src/connection/stream.rs:68:45
[INFO] [stdout]     |
[INFO] [stdout]  41 | impl PgStream {
[INFO] [stdout] ...
[INFO] [stdout]  68 |     pub(crate) async fn recv_expect<'de, T: Decode<'de>>(
[INFO] [stdout]     |                                             ^^^^^^^^^^^ required by this bound in `PgStream::recv_expect`
[INFO] [stdout] 
[INFO] [stdout] 
[INFO] [stdout] error[E0277]: the trait bound `!: sqlx_core::io::Decode<'_>` is not satisfied
[INFO] [stdout]    --> /opt/rustwide/cargo-home/registry/src/index.crates.io-1949cf8c6b5b557f/sqlx-postgres-0.7.2/src/copy.rs:354:33
[INFO] [stdout]     |
[INFO] [stdout] 354 |                     conn.stream.recv_expect(MessageFormat::CommandComplete).await?;
[INFO] [stdout]     |                                 ^^^^^^^^^^^ the trait `sqlx_core::io::Decode<'_>` is not implemented for `!`
[INFO] [stdout]     |
[INFO] [stdout]     = help: the following other types implement trait `sqlx_core::io::Decode<'de, Context>`:
[INFO] [stdout]               ()
[INFO] [stdout]               Authentication
[INFO] [stdout]               AuthenticationSaslContinue
[INFO] [stdout]               AuthenticationSaslFinal
[INFO] [stdout]               BackendKeyData
[INFO] [stdout]               CommandComplete
[INFO] [stdout]               CopyData<sqlx_core::bytes::Bytes>
[INFO] [stdout]               CopyDone
[INFO] [stdout]             and 10 others
[INFO] [stdout]     = note: this error might have been caused by changes to Rust's type-inference algorithm (see issue #148922 <https://github.com/rust-lang/rust/issues/148922> for more information)
[INFO] [stdout]     = help: you might have intended to use the type `()` here instead
[INFO] [stdout] note: required by a bound in `PgStream::recv_expect`
[INFO] [stdout]    --> /opt/rustwide/cargo-home/registry/src/index.crates.io-1949cf8c6b5b557f/sqlx-postgres-0.7.2/src/connection/stream.rs:68:45
[INFO] [stdout]     |
[INFO] [stdout]  41 | impl PgStream {
[INFO] [stdout] ...
[INFO] [stdout]  68 |     pub(crate) async fn recv_expect<'de, T: Decode<'de>>(
[INFO] [stdout]     |                                             ^^^^^^^^^^^ required by this bound in `PgStream::recv_expect`
[INFO] [stdout] 
[INFO] [stdout] 
[INFO] [stdout] error[E0277]: the trait bound `!: sqlx_core::io::Decode<'_>` is not satisfied
[INFO] [stdout]    --> /opt/rustwide/cargo-home/registry/src/index.crates.io-1949cf8c6b5b557f/sqlx-postgres-0.7.2/src/copy.rs:354:21
[INFO] [stdout]     |
[INFO] [stdout] 354 |                     conn.stream.recv_expect(MessageFormat::CommandComplete).await?;
[INFO] [stdout]     |                     ^^^^^^^^^^^^^^^^^^^^^^^^^^^^^^^^^^^^^^^^^^^^^^^^^^^^^^^ the trait `sqlx_core::io::Decode<'_>` is not implemented for `!`
[INFO] [stdout]     |
[INFO] [stdout]     = help: the following other types implement trait `sqlx_core::io::Decode<'de, Context>`:
[INFO] [stdout]               ()
[INFO] [stdout]               Authentication
[INFO] [stdout]               AuthenticationSaslContinue
[INFO] [stdout]               AuthenticationSaslFinal
[INFO] [stdout]               BackendKeyData
[INFO] [stdout]               CommandComplete
[INFO] [stdout]               CopyData<sqlx_core::bytes::Bytes>
[INFO] [stdout]               CopyDone
[INFO] [stdout]             and 10 others
[INFO] [stdout]     = note: this error might have been caused by changes to Rust's type-inference algorithm (see issue #148922 <https://github.com/rust-lang/rust/issues/148922> for more information)
[INFO] [stdout]     = help: you might have intended to use the type `()` here instead
[INFO] [stdout] note: required by a bound in `PgStream::recv_expect`
[INFO] [stdout]    --> /opt/rustwide/cargo-home/registry/src/index.crates.io-1949cf8c6b5b557f/sqlx-postgres-0.7.2/src/connection/stream.rs:68:45
[INFO] [stdout]     |
[INFO] [stdout]  41 | impl PgStream {
[INFO] [stdout] ...
[INFO] [stdout]  68 |     pub(crate) async fn recv_expect<'de, T: Decode<'de>>(
[INFO] [stdout]     |                                             ^^^^^^^^^^^ required by this bound in `PgStream::recv_expect`
[INFO] [stdout] 
[INFO] [stdout] 
[INFO] [stdout] error[E0277]: the trait bound `!: sqlx_core::io::Decode<'_>` is not satisfied
[INFO] [stdout]    --> /opt/rustwide/cargo-home/registry/src/index.crates.io-1949cf8c6b5b557f/sqlx-postgres-0.7.2/src/copy.rs:355:33
[INFO] [stdout]     |
[INFO] [stdout] 355 |                     conn.stream.recv_expect(MessageFormat::ReadyForQuery).await?;
[INFO] [stdout]     |                                 ^^^^^^^^^^^ the trait `sqlx_core::io::Decode<'_>` is not implemented for `!`
[INFO] [stdout]     |
[INFO] [stdout]     = help: the following other types implement trait `sqlx_core::io::Decode<'de, Context>`:
[INFO] [stdout]               ()
[INFO] [stdout]               Authentication
[INFO] [stdout]               AuthenticationSaslContinue
[INFO] [stdout]               AuthenticationSaslFinal
[INFO] [stdout]               BackendKeyData
[INFO] [stdout]               CommandComplete
[INFO] [stdout]               CopyData<sqlx_core::bytes::Bytes>
[INFO] [stdout]               CopyDone
[INFO] [stdout]             and 10 others
[INFO] [stdout]     = note: this error might have been caused by changes to Rust's type-inference algorithm (see issue #148922 <https://github.com/rust-lang/rust/issues/148922> for more information)
[INFO] [stdout]     = help: you might have intended to use the type `()` here instead
[INFO] [stdout] note: required by a bound in `PgStream::recv_expect`
[INFO] [stdout]    --> /opt/rustwide/cargo-home/registry/src/index.crates.io-1949cf8c6b5b557f/sqlx-postgres-0.7.2/src/connection/stream.rs:68:45
[INFO] [stdout]     |
[INFO] [stdout]  41 | impl PgStream {
[INFO] [stdout] ...
[INFO] [stdout]  68 |     pub(crate) async fn recv_expect<'de, T: Decode<'de>>(
[INFO] [stdout]     |                                             ^^^^^^^^^^^ required by this bound in `PgStream::recv_expect`
[INFO] [stdout] 
[INFO] [stdout] 
[INFO] [stdout] error[E0277]: the trait bound `!: sqlx_core::io::Decode<'_>` is not satisfied
[INFO] [stdout]    --> /opt/rustwide/cargo-home/registry/src/index.crates.io-1949cf8c6b5b557f/sqlx-postgres-0.7.2/src/copy.rs:355:21
[INFO] [stdout]     |
[INFO] [stdout] 355 |                     conn.stream.recv_expect(MessageFormat::ReadyForQuery).await?;
[INFO] [stdout]     |                     ^^^^^^^^^^^^^^^^^^^^^^^^^^^^^^^^^^^^^^^^^^^^^^^^^^^^^ the trait `sqlx_core::io::Decode<'_>` is not implemented for `!`
[INFO] [stdout]     |
[INFO] [stdout]     = help: the following other types implement trait `sqlx_core::io::Decode<'de, Context>`:
[INFO] [stdout]               ()
[INFO] [stdout]               Authentication
[INFO] [stdout]               AuthenticationSaslContinue
[INFO] [stdout]               AuthenticationSaslFinal
[INFO] [stdout]               BackendKeyData
[INFO] [stdout]               CommandComplete
[INFO] [stdout]               CopyData<sqlx_core::bytes::Bytes>
[INFO] [stdout]               CopyDone
[INFO] [stdout]             and 10 others
[INFO] [stdout]     = note: this error might have been caused by changes to Rust's type-inference algorithm (see issue #148922 <https://github.com/rust-lang/rust/issues/148922> for more information)
[INFO] [stdout]     = help: you might have intended to use the type `()` here instead
[INFO] [stdout] note: required by a bound in `PgStream::recv_expect`
[INFO] [stdout]    --> /opt/rustwide/cargo-home/registry/src/index.crates.io-1949cf8c6b5b557f/sqlx-postgres-0.7.2/src/connection/stream.rs:68:45
[INFO] [stdout]     |
[INFO] [stdout]  41 | impl PgStream {
[INFO] [stdout] ...
[INFO] [stdout]  68 |     pub(crate) async fn recv_expect<'de, T: Decode<'de>>(
[INFO] [stdout]     |                                             ^^^^^^^^^^^ required by this bound in `PgStream::recv_expect`
[INFO] [stdout] 
[INFO] [stdout] 
[INFO] [stdout] error[E0277]: the trait bound `!: sqlx_core::io::Decode<'_>` is not satisfied
[INFO] [stdout]    --> /opt/rustwide/cargo-home/registry/src/index.crates.io-1949cf8c6b5b557f/sqlx-postgres-0.7.2/src/copy.rs:354:77
[INFO] [stdout]     |
[INFO] [stdout] 354 |                     conn.stream.recv_expect(MessageFormat::CommandComplete).await?;
[INFO] [stdout]     |                                                                             ^^^^^ the trait `sqlx_core::io::Decode<'_>` is not implemented for `!`
[INFO] [stdout]     |
[INFO] [stdout]     = help: the following other types implement trait `sqlx_core::io::Decode<'de, Context>`:
[INFO] [stdout]               ()
[INFO] [stdout]               Authentication
[INFO] [stdout]               AuthenticationSaslContinue
[INFO] [stdout]               AuthenticationSaslFinal
[INFO] [stdout]               BackendKeyData
[INFO] [stdout]               CommandComplete
[INFO] [stdout]               CopyData<sqlx_core::bytes::Bytes>
[INFO] [stdout]               CopyDone
[INFO] [stdout]             and 10 others
[INFO] [stdout]     = note: this error might have been caused by changes to Rust's type-inference algorithm (see issue #148922 <https://github.com/rust-lang/rust/issues/148922> for more information)
[INFO] [stdout]     = help: you might have intended to use the type `()` here instead
[INFO] [stdout] note: required by a bound in `PgStream::recv_expect`
[INFO] [stdout]    --> /opt/rustwide/cargo-home/registry/src/index.crates.io-1949cf8c6b5b557f/sqlx-postgres-0.7.2/src/connection/stream.rs:68:45
[INFO] [stdout]     |
[INFO] [stdout]  41 | impl PgStream {
[INFO] [stdout] ...
[INFO] [stdout]  68 |     pub(crate) async fn recv_expect<'de, T: Decode<'de>>(
[INFO] [stdout]     |                                             ^^^^^^^^^^^ required by this bound in `PgStream::recv_expect`
[INFO] [stdout] 
[INFO] [stdout] 
[INFO] [stdout] error[E0277]: the trait bound `!: sqlx_core::io::Decode<'_>` is not satisfied
[INFO] [stdout]    --> /opt/rustwide/cargo-home/registry/src/index.crates.io-1949cf8c6b5b557f/sqlx-postgres-0.7.2/src/copy.rs:355:75
[INFO] [stdout]     |
[INFO] [stdout] 355 |                     conn.stream.recv_expect(MessageFormat::ReadyForQuery).await?;
[INFO] [stdout]     |                                                                           ^^^^^ the trait `sqlx_core::io::Decode<'_>` is not implemented for `!`
[INFO] [stdout]     |
[INFO] [stdout]     = help: the following other types implement trait `sqlx_core::io::Decode<'de, Context>`:
[INFO] [stdout]               ()
[INFO] [stdout]               Authentication
[INFO] [stdout]               AuthenticationSaslContinue
[INFO] [stdout]               AuthenticationSaslFinal
[INFO] [stdout]               BackendKeyData
[INFO] [stdout]               CommandComplete
[INFO] [stdout]               CopyData<sqlx_core::bytes::Bytes>
[INFO] [stdout]               CopyDone
[INFO] [stdout]             and 10 others
[INFO] [stdout]     = note: this error might have been caused by changes to Rust's type-inference algorithm (see issue #148922 <https://github.com/rust-lang/rust/issues/148922> for more information)
[INFO] [stdout]     = help: you might have intended to use the type `()` here instead
[INFO] [stdout] note: required by a bound in `PgStream::recv_expect`
[INFO] [stdout]    --> /opt/rustwide/cargo-home/registry/src/index.crates.io-1949cf8c6b5b557f/sqlx-postgres-0.7.2/src/connection/stream.rs:68:45
[INFO] [stdout]     |
[INFO] [stdout]  41 | impl PgStream {
[INFO] [stdout] ...
[INFO] [stdout]  68 |     pub(crate) async fn recv_expect<'de, T: Decode<'de>>(
[INFO] [stdout]     |                                             ^^^^^^^^^^^ required by this bound in `PgStream::recv_expect`
[INFO] [stdout] 
[INFO] [stdout] 
[INFO] [stdout] error[E0277]: the trait bound `for<'de> !: Deserialize<'de>` is not satisfied
[INFO] [stdout]    --> /opt/rustwide/cargo-home/git/checkouts/lemonsqueezy.rs-563d96150154a234/044f280/src/modules/webhook.rs:77:14
[INFO] [stdout]     |
[INFO] [stdout]  77 |             .delete(&format!("/v1/webhooks/{}", webhook_id))
[INFO] [stdout]     |              ^^^^^^ the trait `for<'de> Deserialize<'de>` is not implemented for `!`
[INFO] [stdout]     |
[INFO] [stdout]     = help: the following other types implement trait `Deserialize<'de>`:
[INFO] [stdout]               &'a Path
[INFO] [stdout]               &'a RawValue
[INFO] [stdout]               &'a [u8]
[INFO] [stdout]               &'a str
[INFO] [stdout]               ()
[INFO] [stdout]               (T0, T1)
[INFO] [stdout]               (T0, T1, T2)
[INFO] [stdout]               (T0, T1, T2, T3)
[INFO] [stdout]             and 206 others
[INFO] [stdout]     = note: this error might have been caused by changes to Rust's type-inference algorithm (see issue #148922 <https://github.com/rust-lang/rust/issues/148922> for more information)
[INFO] [stdout]     = help: you might have intended to use the type `()` here instead
[INFO] [stdout] note: required by a bound in `LemonSqueezy::delete`
[INFO] [stdout]    --> /opt/rustwide/cargo-home/git/checkouts/lemonsqueezy.rs-563d96150154a234/044f280/src/lib.rs:124:28
[INFO] [stdout]     |
[INFO] [stdout]  19 | impl LemonSqueezy {
[INFO] [stdout] ...
[INFO] [stdout] 124 |     pub async fn delete<V: for<'de> serde::Deserialize<'de>>(
[INFO] [stdout]     |                            ^^^^^^^^^^^^^^^^^^^^^^^^^^^^^^^^ required by this bound in `LemonSqueezy::delete`
[INFO] [stdout] 
[INFO] [stdout] 
[INFO] [stdout] For more information about this error, try `rustc --explain E0277`.
[INFO] [stdout] 
[INFO] [stderr] error: could not compile `sqlx-postgres` (lib) due to 15 previous errors
[INFO] [stdout] For more information about this error, try `rustc --explain E0277`.
[INFO] [stdout] 
[INFO] [stderr] error: could not compile `lemonsqueezy` (lib) due to 1 previous error
[INFO] running `Command { std: "docker" "inspect" "69f3a6aefd20c638d2af7613c632cdd3d15930a2d56264e62a7ea838b3d89476", kill_on_drop: false }`
[INFO] running `Command { std: "docker" "rm" "-f" "69f3a6aefd20c638d2af7613c632cdd3d15930a2d56264e62a7ea838b3d89476", kill_on_drop: false }`
[INFO] [stdout] 69f3a6aefd20c638d2af7613c632cdd3d15930a2d56264e62a7ea838b3d89476
