[INFO] cloning repository https://github.com/splitgraph/delta-rs-write-profiling
[INFO] running `Command { std: "git" "-c" "credential.helper=" "-c" "credential.helper=/workspace/cargo-home/bin/git-credential-null" "clone" "--bare" "https://github.com/splitgraph/delta-rs-write-profiling" "/workspace/cache/git-repos/https%3A%2F%2Fgithub.com%2Fsplitgraph%2Fdelta-rs-write-profiling", kill_on_drop: false }`
[INFO] [stderr] Cloning into bare repository '/workspace/cache/git-repos/https%3A%2F%2Fgithub.com%2Fsplitgraph%2Fdelta-rs-write-profiling'...
[INFO] running `Command { std: "git" "rev-parse" "HEAD", kill_on_drop: false }`
[INFO] [stdout] 00ce1e57a6906e711a477123068e451b192fcb61
[INFO] documenting splitgraph/delta-rs-write-profiling against 1.100.0-beta.1 for beta-rustdoc-1.100-2
[INFO] running `Command { std: "git" "clone" "/workspace/cache/git-repos/https%3A%2F%2Fgithub.com%2Fsplitgraph%2Fdelta-rs-write-profiling" "/workspace/builds/worker-4-tc2/source", kill_on_drop: false }`
[INFO] [stderr] Cloning into '/workspace/builds/worker-4-tc2/source'...
[INFO] [stderr] done.
[INFO] started tweaking git repo https://github.com/splitgraph/delta-rs-write-profiling
[INFO] finished tweaking git repo https://github.com/splitgraph/delta-rs-write-profiling
[INFO] tweaked toml for git repo https://github.com/splitgraph/delta-rs-write-profiling written to /workspace/builds/worker-4-tc2/source/Cargo.toml
[INFO] validating manifest of git repo https://github.com/splitgraph/delta-rs-write-profiling on toolchain 1.100.0-beta.1
[INFO] running `Command { std: CARGO_HOME="/workspace/cargo-home" RUSTUP_HOME="/workspace/rustup-home" "/workspace/cargo-home/bin/cargo" "+1.100.0-beta.1" "metadata" "--manifest-path" "Cargo.toml" "--no-deps", kill_on_drop: false }`
[INFO] crate git repo https://github.com/splitgraph/delta-rs-write-profiling already has a lockfile, it will not be regenerated
[INFO] running `Command { std: CARGO_HOME="/workspace/cargo-home" RUSTUP_HOME="/workspace/rustup-home" "/workspace/cargo-home/bin/cargo" "+1.100.0-beta.1" "fetch" "--manifest-path" "Cargo.toml", kill_on_drop: false }`
[INFO] running `Command { std: "docker" "create" "-v" "/var/lib/crater-agent-workspace/builds/worker-4-tc2/source:/opt/rustwide/workdir:ro,Z" "-v" "/var/lib/crater-agent-workspace/builds/worker-4-tc2/target:/opt/rustwide/target:rw,Z" "-v" "/var/lib/crater-agent-workspace/cargo-home:/opt/rustwide/cargo-home:ro,Z" "-v" "/var/lib/crater-agent-workspace/rustup-home:/opt/rustwide/rustup-home:ro,Z" "-m" "1610612736" "--network" "none" "ghcr.io/rust-lang/crates-build-env/linux@sha256:77db811e55d90add9212f6832c23229e3de5f1c1f9905e8cb07319ea15df73ac" "sleep" "infinity", kill_on_drop: false }`
[INFO] [stdout] a17310f4264fa4e7dd467a64f8b227cb3e6ed6545ed6be6b263d74540f301faf
[INFO] running `Command { std: "docker" "start" "a17310f4264fa4e7dd467a64f8b227cb3e6ed6545ed6be6b263d74540f301faf", kill_on_drop: false }`
[INFO] running `Command { std: "docker" "inspect" "a17310f4264fa4e7dd467a64f8b227cb3e6ed6545ed6be6b263d74540f301faf", kill_on_drop: false }`
[INFO] running `Command { std: "docker" "exec" "-e" "SOURCE_DIR=/opt/rustwide/workdir" "-e" "CARGO_HOME=/opt/rustwide/cargo-home" "-e" "RUSTUP_HOME=/opt/rustwide/rustup-home" "-e" "CARGO_TARGET_DIR=/opt/rustwide/target" "-w" "/opt/rustwide/workdir" "--user" "0:0" "a17310f4264fa4e7dd467a64f8b227cb3e6ed6545ed6be6b263d74540f301faf" "/opt/rustwide/cargo-home/bin/cargo" "+1.100.0-beta.1" "metadata" "--no-deps" "--format-version=1", kill_on_drop: false }`
[INFO] running `Command { std: "docker" "inspect" "a17310f4264fa4e7dd467a64f8b227cb3e6ed6545ed6be6b263d74540f301faf", kill_on_drop: false }`
[INFO] running `Command { std: "docker" "exec" "-e" "SOURCE_DIR=/opt/rustwide/workdir" "-e" "CARGO_HOME=/opt/rustwide/cargo-home" "-e" "RUSTUP_HOME=/opt/rustwide/rustup-home" "-e" "CARGO_TARGET_DIR=/opt/rustwide/target" "-e" "CARGO_INCREMENTAL=0" "-e" "RUST_BACKTRACE=full" "-e" "RUSTFLAGS=--cap-lints=warn" "-e" "RUSTDOCFLAGS=--cap-lints=warn" "-w" "/opt/rustwide/workdir" "--user" "0:0" "a17310f4264fa4e7dd467a64f8b227cb3e6ed6545ed6be6b263d74540f301faf" "/opt/rustwide/cargo-home/bin/cargo" "+1.100.0-beta.1" "doc" "--frozen" "--no-deps" "--document-private-items" "--message-format=json", kill_on_drop: false }`
[INFO] [stderr]    Compiling libc v0.2.147
[INFO] [stderr]    Compiling proc-macro2 v1.0.66
[INFO] [stderr]    Compiling unicode-ident v1.0.11
[INFO] [stderr]    Compiling num-traits v0.2.16
[INFO] [stderr]    Compiling num-integer v0.1.45
[INFO] [stderr]    Compiling siphasher v0.3.10
[INFO] [stderr]    Compiling rand_core v0.6.4
[INFO] [stderr]    Compiling regex-syntax v0.7.4
[INFO] [stderr]    Compiling num-bigint v0.4.3
[INFO] [stderr]    Compiling num-iter v0.1.43
[INFO] [stderr]    Compiling num-rational v0.4.1
[INFO] [stderr]    Compiling ahash v0.8.3
[INFO] [stderr]     Checking allocator-api2 v0.2.16
[INFO] [stderr]     Checking iana-time-zone v0.1.57
[INFO] [stderr]    Compiling heck v0.4.1
[INFO] [stderr]    Compiling phf_shared v0.11.2
[INFO] [stderr]     Checking arrow-schema v43.0.0
[INFO] [stderr]    Compiling rand v0.8.5
[INFO] [stderr]     Checking lexical-util v0.8.5
[INFO] [stderr]    Compiling semver v1.0.18
[INFO] [stderr]     Checking pin-project-lite v0.2.12
[INFO] [stderr]    Compiling serde v1.0.183
[INFO] [stderr]     Checking smallvec v1.11.0
[INFO] [stderr]     Checking lock_api v0.4.10
[INFO] [stderr]     Checking strum v0.24.1
[INFO] [stderr]    Compiling phf v0.11.2
[INFO] [stderr]     Checking futures-sink v0.3.28
[INFO] [stderr]     Checking unicode-width v0.1.10
[INFO] [stderr]    Compiling serde_derive v1.0.183
[INFO] [stderr]    Compiling futures-channel v0.3.28
[INFO] [stderr]     Checking aho-corasick v1.0.4
[INFO] [stderr]     Checking futures-io v0.3.28
[INFO] [stderr]    Compiling zstd-safe v6.0.6
[INFO] [stderr]     Checking itoa v1.0.9
[INFO] [stderr]    Compiling doc-comment v0.3.3
[INFO] [stderr]     Checking ryu v1.0.15
[INFO] [stderr]     Checking unicode-normalization v0.1.22
[INFO] [stderr]    Compiling rustc_version v0.4.0
[INFO] [stderr]     Checking unicode-bidi v0.3.13
[INFO] [stderr]     Checking either v1.9.0
[INFO] [stderr]    Compiling serde_json v1.0.104
[INFO] [stderr]     Checking lexical-parse-integer v0.8.6
[INFO] [stderr]     Checking lexical-write-integer v0.8.5
[INFO] [stderr]     Checking getrandom v0.2.10
[INFO] [stderr]     Checking parking_lot_core v0.9.8
[INFO] [stderr]    Compiling phf_generator v0.11.2
[INFO] [stderr]     Checking num_cpus v1.16.0
[INFO] [stderr]    Compiling async-trait v0.1.73
[INFO] [stderr]     Checking lexical-parse-float v0.8.5
[INFO] [stderr]     Checking lexical-write-float v0.8.5
[INFO] [stderr]    Compiling flatbuffers v23.5.26
[INFO] [stderr]    Compiling phf_codegen v0.11.2
[INFO] [stderr]     Checking hashbrown v0.14.0
[INFO] [stderr]     Checking parking_lot v0.12.1
[INFO] [stderr]    Compiling quote v1.0.32
[INFO] [stderr]     Checking miniz_oxide v0.7.1
[INFO] [stderr]     Checking csv-core v0.1.10
[INFO] [stderr]    Compiling syn v2.0.28
[INFO] [stderr]    Compiling jobserver v0.1.26
[INFO] [stderr]    Compiling syn v1.0.109
[INFO] [stderr]     Checking idna v0.4.0
[INFO] [stderr]     Checking tracing-core v0.1.31
[INFO] [stderr]    Compiling paste v1.0.14
[INFO] [stderr]    Compiling cc v1.0.82
[INFO] [stderr]     Checking num-complex v0.4.4
[INFO] [stderr]     Checking half v2.3.1
[INFO] [stderr]     Checking chrono v0.4.26
[INFO] [stderr]    Compiling snap v1.1.0
[INFO] [stderr]     Checking walkdir v2.3.3
[INFO] [stderr]     Checking indexmap v2.0.0
[INFO] [stderr]     Checking url v2.4.0
[INFO] [stderr]     Checking flate2 v1.0.27
[INFO] [stderr]     Checking lexical-core v0.8.5
[INFO] [stderr]     Checking ordered-float v2.10.0
[INFO] [stderr]     Checking brotli-decompressor v2.3.4
[INFO] [stderr]     Checking itertools v0.10.5
[INFO] [stderr]     Checking integer-encoding v3.0.4
[INFO] [stderr]     Checking log v0.4.20
[INFO] [stderr]     Checking thrift v0.17.0
[INFO] [stderr]     Checking twox-hash v1.6.3
[INFO] [stderr]    Compiling seq-macro v0.3.5
[INFO] [stderr]     Checking digest v0.10.7
[INFO] [stderr]    Compiling rustix v0.38.8
[INFO] [stderr]    Compiling indexmap v1.9.3
[INFO] [stderr]     Checking bitflags v2.4.0
[INFO] [stderr]    Compiling regex-automata v0.3.6
[INFO] [stderr]     Checking linux-raw-sys v0.4.5
[INFO] [stderr]     Checking rand_chacha v0.3.1
[INFO] [stderr]     Checking arrayvec v0.7.4
[INFO] [stderr]    Compiling anyhow v1.0.73
[INFO] [stderr]     Checking sha2 v0.10.7
[INFO] [stderr]     Checking brotli v3.3.4
[INFO] [stderr]     Checking md-5 v0.10.5
[INFO] [stderr]     Checking blake2 v0.10.6
[INFO] [stderr]     Checking itertools v0.11.0
[INFO] [stderr]     Checking fastrand v2.0.0
[INFO] [stderr]     Checking unicode-segmentation v1.10.1
[INFO] [stderr]     Checking petgraph v0.6.3
[INFO] [stderr]    Compiling zstd-sys v2.0.8+zstd.1.5.5
[INFO] [stderr]    Compiling lz4-sys v1.9.4
[INFO] [stderr]    Compiling lzma-sys v0.1.20
[INFO] [stderr]    Compiling bzip2-sys v0.1.11+1.0.8
[INFO] [stderr]     Checking num v0.4.1
[INFO] [stderr]     Checking arrow-buffer v43.0.0
[INFO] [stderr]    Compiling blake3 v1.4.1
[INFO] [stderr]     Checking bzip2 v0.4.4
[INFO] [stderr]     Checking xz2 v0.1.7
[INFO] [stderr]     Checking dashmap v5.5.0
[INFO] [stderr]    Compiling thiserror v1.0.45
[INFO] [stderr]     Checking glob v0.3.1
[INFO] [stderr]     Checking arrow-data v43.0.0
[INFO] [stderr]     Checking errno v0.3.2
[INFO] [stderr]     Checking termcolor v1.2.0
[INFO] [stderr]     Checking csv v1.2.2
[INFO] [stderr]     Checking uuid v1.4.1
[INFO] [stderr]    Compiling regex v1.9.3
[INFO] [stderr]     Checking tempfile v3.7.1
[INFO] [stderr]     Checking is-terminal v0.4.9
[INFO] [stderr]    Compiling parse-zoneinfo v0.3.0
[INFO] [stderr]     Checking env_logger v0.10.0
[INFO] [stderr]    Compiling chrono-tz-build v0.2.0
[INFO] [stderr]    Compiling tokio-macros v2.1.0
[INFO] [stderr]    Compiling futures-macro v0.3.28
[INFO] [stderr]    Compiling tracing-attributes v0.1.26
[INFO] [stderr]    Compiling strum_macros v0.25.2
[INFO] [stderr]    Compiling thiserror-impl v1.0.45
[INFO] [stderr]    Compiling chrono-tz v0.8.3
[INFO] [stderr]    Compiling strum_macros v0.24.3
[INFO] [stderr]    Compiling snafu-derive v0.7.5
[INFO] [stderr]    Compiling sqlparser_derive v0.1.1
[INFO] [stderr]    Compiling prost-derive v0.11.9
[INFO] [stderr]     Checking tokio v1.31.0
[INFO] [stderr]     Checking sqlparser v0.35.0
[INFO] [stderr]     Checking futures-util v0.3.28
[INFO] [stderr]     Checking tracing v0.1.37
[INFO] [stderr]     Checking comfy-table v7.0.1
[INFO] [stderr]     Checking strum v0.25.0
[INFO] [stderr]     Checking prost v0.11.9
[INFO] [stderr]     Checking snafu v0.7.5
[INFO] [stderr]     Checking tokio-util v0.7.8
[INFO] [stderr]     Checking futures-executor v0.3.28
[INFO] [stderr]     Checking arrow-array v43.0.0
[INFO] [stderr]     Checking futures v0.3.28
[INFO] [stderr]     Checking object_store v0.6.1
[INFO] [stderr]     Checking zstd v0.12.4
[INFO] [stderr]     Checking async-compression v0.4.1
[INFO] [stderr]     Checking arrow-select v43.0.0
[INFO] [stderr]     Checking arrow-row v43.0.0
[INFO] [stderr]     Checking arrow-arith v43.0.0
[INFO] [stderr]     Checking arrow-cast v43.0.0
[INFO] [stderr]     Checking arrow-ord v43.0.0
[INFO] [stderr]     Checking arrow-string v43.0.0
[INFO] [stderr]     Checking arrow-ipc v43.0.0
[INFO] [stderr]     Checking arrow-json v43.0.0
[INFO] [stderr]     Checking arrow-csv v43.0.0
[INFO] [stderr]     Checking lz4 v1.24.0
[INFO] [stderr]     Checking parquet v43.0.0
[INFO] [stderr]     Checking arrow v43.0.0
[INFO] [stderr]     Checking datafusion-common v28.0.0
[INFO] [stderr]     Checking datafusion-expr v28.0.0
[INFO] [stderr]     Checking datafusion-physical-expr v28.0.0
[INFO] [stderr]     Checking datafusion-execution v28.0.0
[INFO] [stderr]     Checking datafusion-sql v28.0.0
[INFO] [stderr]     Checking datafusion-optimizer v28.0.0
[INFO] [stderr]     Checking datafusion v28.0.0
[INFO] [stdout] error[E0277]: the trait bound `!: std::default::Default` is not satisfied
[INFO] [stdout]    --> /opt/rustwide/cargo-home/registry/src/index.crates.io-1949cf8c6b5b557f/datafusion-28.0.0/src/datasource/physical_plan/parquet.rs:657:18
[INFO] [stdout]     |
[INFO] [stdout] 657 |                 .try_collect()
[INFO] [stdout]     |                  ^^^^^^^^^^^ the trait `std::default::Default` is not implemented for `!`
[INFO] [stdout]     |
[INFO] [stdout]     = note: this error might have been caused by changes to Rust's type-inference algorithm (see issue #148922 <https://github.com/rust-lang/rust/issues/148922> for more information)
[INFO] [stdout]     = help: you might have intended to use the type `()` here instead
[INFO] [stdout] note: required by a bound in `futures::TryStreamExt::try_collect`
[INFO] [stdout]    --> /opt/rustwide/cargo-home/registry/src/index.crates.io-1949cf8c6b5b557f/futures-util-0.3.28/src/stream/try_stream/mod.rs:589:23
[INFO] [stdout]     |
[INFO] [stdout] 166 | pub trait TryStreamExt: TryStream {
[INFO] [stdout] ...
[INFO] [stdout] 589 |     fn try_collect<C: Default + Extend<Self::Ok>>(self) -> TryCollect<Self, C>
[INFO] [stdout]     |                       ^^^^^^^ required by this bound in `TryStreamExt::try_collect`
[INFO] [stdout] 
[INFO] [stdout] 
[INFO] [stdout] error[E0277]: the trait bound `!: Extend<()>` is not satisfied
[INFO] [stdout]    --> /opt/rustwide/cargo-home/registry/src/index.crates.io-1949cf8c6b5b557f/datafusion-28.0.0/src/datasource/physical_plan/parquet.rs:657:18
[INFO] [stdout]     |
[INFO] [stdout] 657 |                 .try_collect()
[INFO] [stdout]     |                  ^^^^^^^^^^^ the trait `Extend<()>` is not implemented for `!`
[INFO] [stdout]     |
[INFO] [stdout] help: the trait `Extend<()>` is implemented for `()`
[INFO] [stdout]    --> /rustc/e3feeb59cd1bdd011a2bfcc0747b55125d9b8527/library/core/src/iter/traits/collect.rs:454:0
[INFO] [stdout]     = note: this error might have been caused by changes to Rust's type-inference algorithm (see issue #148922 <https://github.com/rust-lang/rust/issues/148922> for more information)
[INFO] [stdout]     = help: you might have intended to use the type `()` here instead
[INFO] [stdout] note: the method call chain might not have had the expected associated types
[INFO] [stdout]    --> /opt/rustwide/cargo-home/registry/src/index.crates.io-1949cf8c6b5b557f/datafusion-28.0.0/src/datasource/physical_plan/parquet.rs:656:18
[INFO] [stdout]     |
[INFO] [stdout] 653 |         let stream = plan.execute(i, task_ctx.clone())?;
[INFO] [stdout]     |                      ---------------------------------- this expression has type `Pin<Box<dyn RecordBatchStream + Send>>`
[INFO] [stdout] ...
[INFO] [stdout] 656 |                 .map(|batch| writer.write(&batch?).map_err(DataFusionError::ParquetError))
[INFO] [stdout]     |                  ^^^^^^^^^^^^^^^^^^^^^^^^^^^^^^^^^^^^^^^^^^^^^^^^^^^^^^^^^^^^^^^^^^^^^^^^^ `TryStream::Ok` is `()` here
[INFO] [stdout] note: required by a bound in `futures::TryStreamExt::try_collect`
[INFO] [stdout]    --> /opt/rustwide/cargo-home/registry/src/index.crates.io-1949cf8c6b5b557f/futures-util-0.3.28/src/stream/try_stream/mod.rs:589:33
[INFO] [stdout]     |
[INFO] [stdout] 166 | pub trait TryStreamExt: TryStream {
[INFO] [stdout] ...
[INFO] [stdout] 589 |     fn try_collect<C: Default + Extend<Self::Ok>>(self) -> TryCollect<Self, C>
[INFO] [stdout]     |                                 ^^^^^^^^^^^^^^^^ required by this bound in `TryStreamExt::try_collect`
[INFO] [stdout] 
[INFO] [stdout] 
[INFO] [stdout] error[E0277]: the trait bound `!: std::default::Default` is not satisfied
[INFO] [stdout]    --> /opt/rustwide/cargo-home/registry/src/index.crates.io-1949cf8c6b5b557f/datafusion-28.0.0/src/datasource/physical_plan/parquet.rs:658:18
[INFO] [stdout]     |
[INFO] [stdout] 658 |                 .await
[INFO] [stdout]     |                  ^^^^^ the trait `std::default::Default` is not implemented for `!`
[INFO] [stdout]     |
[INFO] [stdout]     = note: this error might have been caused by changes to Rust's type-inference algorithm (see issue #148922 <https://github.com/rust-lang/rust/issues/148922> for more information)
[INFO] [stdout]     = help: you might have intended to use the type `()` here instead
[INFO] [stdout]     = note: required for `TryCollect<Map<Pin<Box<_>>, {closure@...}>, !>` to implement `futures::Future`
[INFO] [stdout]     = note: the full name for the type has been written to '/opt/rustwide/target/debug/build/datafusion/69977b34a2bbb05f/out/datafusion-69977b34a2bbb05f.long-type-5658459638247090138.txt'
[INFO] [stdout]     = note: consider using `--verbose` to print the full type name to the console
[INFO] [stdout] 
[INFO] [stdout] 
[INFO] [stdout] error[E0277]: the trait bound `!: Extend<()>` is not satisfied
[INFO] [stdout]    --> /opt/rustwide/cargo-home/registry/src/index.crates.io-1949cf8c6b5b557f/datafusion-28.0.0/src/datasource/physical_plan/parquet.rs:658:18
[INFO] [stdout]     |
[INFO] [stdout] 658 |                 .await
[INFO] [stdout]     |                  ^^^^^ the trait `Extend<()>` is not implemented for `!`
[INFO] [stdout]     |
[INFO] [stdout] help: the trait `Extend<()>` is implemented for `()`
[INFO] [stdout]    --> /rustc/e3feeb59cd1bdd011a2bfcc0747b55125d9b8527/library/core/src/iter/traits/collect.rs:454:0
[INFO] [stdout]     = note: this error might have been caused by changes to Rust's type-inference algorithm (see issue #148922 <https://github.com/rust-lang/rust/issues/148922> for more information)
[INFO] [stdout]     = help: you might have intended to use the type `()` here instead
[INFO] [stdout]     = note: required for `TryCollect<Map<Pin<Box<_>>, {closure@...}>, !>` to implement `futures::Future`
[INFO] [stdout]     = note: the full name for the type has been written to '/opt/rustwide/target/debug/build/datafusion/69977b34a2bbb05f/out/datafusion-69977b34a2bbb05f.long-type-5658459638247090138.txt'
[INFO] [stdout]     = note: consider using `--verbose` to print the full type name to the console
[INFO] [stdout] 
[INFO] [stdout] 
[INFO] [stdout] For more information about this error, try `rustc --explain E0277`.
[INFO] [stdout] 
[INFO] [stderr] error: could not compile `datafusion` (lib) due to 4 previous errors
[INFO] running `Command { std: "docker" "inspect" "a17310f4264fa4e7dd467a64f8b227cb3e6ed6545ed6be6b263d74540f301faf", kill_on_drop: false }`
[INFO] running `Command { std: "docker" "rm" "-f" "a17310f4264fa4e7dd467a64f8b227cb3e6ed6545ed6be6b263d74540f301faf", kill_on_drop: false }`
[INFO] [stdout] a17310f4264fa4e7dd467a64f8b227cb3e6ed6545ed6be6b263d74540f301faf
